[INFO] cloning repository https://github.com/Shnitz/aoc
[INFO] running `Command { std: "git" "-c" "credential.helper=" "-c" "credential.helper=/workspace/cargo-home/bin/git-credential-null" "clone" "--bare" "https://github.com/Shnitz/aoc" "/workspace/cache/git-repos/https%3A%2F%2Fgithub.com%2FShnitz%2Faoc", kill_on_drop: false }`
[INFO] [stderr] Cloning into bare repository '/workspace/cache/git-repos/https%3A%2F%2Fgithub.com%2FShnitz%2Faoc'...
[INFO] running `Command { std: "git" "rev-parse" "HEAD", kill_on_drop: false }`
[INFO] [stdout] 4b33beef3bfb2e820ebb19eeab4b20f5cc0ed42a
[INFO] documenting Shnitz/aoc against 1.75.0 for beta-1.76-rustdoc-1
[INFO] running `Command { std: "git" "clone" "/workspace/cache/git-repos/https%3A%2F%2Fgithub.com%2FShnitz%2Faoc" "/workspace/builds/worker-7-tc1/source", kill_on_drop: false }`
[INFO] [stderr] Cloning into '/workspace/builds/worker-7-tc1/source'...
[INFO] [stderr] done.
[INFO] validating manifest of git repo https://github.com/Shnitz/aoc on toolchain 1.75.0
[INFO] running `Command { std: CARGO_HOME="/workspace/cargo-home" RUSTUP_HOME="/workspace/rustup-home" "/workspace/cargo-home/bin/cargo" "+1.75.0" "metadata" "--manifest-path" "Cargo.toml" "--no-deps", kill_on_drop: false }`
[INFO] started tweaking git repo https://github.com/Shnitz/aoc
[INFO] finished tweaking git repo https://github.com/Shnitz/aoc
[INFO] tweaked toml for git repo https://github.com/Shnitz/aoc written to /workspace/builds/worker-7-tc1/source/Cargo.toml
[INFO] crate git repo https://github.com/Shnitz/aoc already has a lockfile, it will not be regenerated
[INFO] running `Command { std: CARGO_HOME="/workspace/cargo-home" RUSTUP_HOME="/workspace/rustup-home" "/workspace/cargo-home/bin/cargo" "+1.75.0" "fetch" "--manifest-path" "Cargo.toml", kill_on_drop: false }`
[INFO] [stderr]  Downloading crates ...
[INFO] [stderr]   Downloaded alga v0.5.2
[INFO] [stderr]   Downloaded fixedbitset v0.1.8
[INFO] [stderr]   Downloaded petgraph v0.4.10
[INFO] [stderr]   Downloaded ordermap v0.3.2
[INFO] [stderr]   Downloaded nalgebra v0.13.1
[INFO] [stderr]   Downloaded roots v0.0.2
[INFO] running `Command { std: "docker" "create" "-v" "/var/lib/crater-agent-workspace/builds/worker-7-tc1/target:/opt/rustwide/target:rw,Z" "-v" "/var/lib/crater-agent-workspace/builds/worker-7-tc1/source:/opt/rustwide/workdir:ro,Z" "-v" "/var/lib/crater-agent-workspace/cargo-home:/opt/rustwide/cargo-home:ro,Z" "-v" "/var/lib/crater-agent-workspace/rustup-home:/opt/rustwide/rustup-home:ro,Z" "-e" "SOURCE_DIR=/opt/rustwide/workdir" "-e" "CARGO_TARGET_DIR=/opt/rustwide/target" "-e" "CARGO_HOME=/opt/rustwide/cargo-home" "-e" "RUSTUP_HOME=/opt/rustwide/rustup-home" "-w" "/opt/rustwide/workdir" "-m" "1610612736" "--user" "0:0" "--network" "none" "ghcr.io/rust-lang/crates-build-env/linux@sha256:2788e3201cd34a07e3172128adcd8b3090168a8e3bcc40d7c032b9dda1df7d1c" "/opt/rustwide/cargo-home/bin/cargo" "+1.75.0" "metadata" "--no-deps" "--format-version=1", kill_on_drop: false }`
[INFO] [stdout] 34bebcb1ccaa43128b1160373f5ab71fb2925dacc044ceef5d9a3598068d2f3a
[INFO] running `Command { std: "docker" "start" "-a" "34bebcb1ccaa43128b1160373f5ab71fb2925dacc044ceef5d9a3598068d2f3a", kill_on_drop: false }`
[INFO] running `Command { std: "docker" "inspect" "34bebcb1ccaa43128b1160373f5ab71fb2925dacc044ceef5d9a3598068d2f3a", kill_on_drop: false }`
[INFO] running `Command { std: "docker" "rm" "-f" "34bebcb1ccaa43128b1160373f5ab71fb2925dacc044ceef5d9a3598068d2f3a", kill_on_drop: false }`
[INFO] [stdout] 34bebcb1ccaa43128b1160373f5ab71fb2925dacc044ceef5d9a3598068d2f3a
[INFO] running `Command { std: "docker" "create" "-v" "/var/lib/crater-agent-workspace/builds/worker-7-tc1/target:/opt/rustwide/target:rw,Z" "-v" "/var/lib/crater-agent-workspace/builds/worker-7-tc1/source:/opt/rustwide/workdir:ro,Z" "-v" "/var/lib/crater-agent-workspace/cargo-home:/opt/rustwide/cargo-home:ro,Z" "-v" "/var/lib/crater-agent-workspace/rustup-home:/opt/rustwide/rustup-home:ro,Z" "-e" "SOURCE_DIR=/opt/rustwide/workdir" "-e" "CARGO_TARGET_DIR=/opt/rustwide/target" "-e" "CARGO_INCREMENTAL=0" "-e" "RUST_BACKTRACE=full" "-e" "RUSTFLAGS=--cap-lints=warn" "-e" "RUSTDOCFLAGS=--cap-lints=warn" "-e" "CARGO_HOME=/opt/rustwide/cargo-home" "-e" "RUSTUP_HOME=/opt/rustwide/rustup-home" "-w" "/opt/rustwide/workdir" "-m" "1610612736" "--user" "0:0" "--network" "none" "ghcr.io/rust-lang/crates-build-env/linux@sha256:2788e3201cd34a07e3172128adcd8b3090168a8e3bcc40d7c032b9dda1df7d1c" "/opt/rustwide/cargo-home/bin/cargo" "+1.75.0" "doc" "--frozen" "--no-deps" "--document-private-items" "--message-format=json", kill_on_drop: false }`
[INFO] [stdout] d280f9b2751ae5d827da13190c99a8adc680bff842d676ea303eee4e86f0a13f
[INFO] running `Command { std: "docker" "start" "-a" "d280f9b2751ae5d827da13190c99a8adc680bff842d676ea303eee4e86f0a13f", kill_on_drop: false }`
[INFO] [stderr]     Checking libc v0.2.34
[INFO] [stderr]    Compiling typenum v1.9.0
[INFO] [stderr]    Compiling matrixmultiply v0.1.14
[INFO] [stderr]     Checking num-traits v0.1.41
[INFO] [stderr]     Checking rustc-serialize v0.3.24
[INFO] [stderr]     Checking approx v0.1.1
[INFO] [stderr]     Checking nodrop v0.1.12
[INFO] [stderr]     Checking rawpointer v0.1.0
[INFO] [stderr]     Checking ordermap v0.3.2
[INFO] [stderr]     Checking fixedbitset v0.1.8
[INFO] [stderr]     Checking roots v0.0.2
[INFO] [stderr]     Checking rand v0.3.18
[INFO] [stderr]     Checking memchr v1.0.2
[INFO] [stderr]     Checking petgraph v0.4.10
[INFO] [stderr]     Checking nom v3.2.1
[INFO] [stdout] error[E0034]: multiple applicable items in scope
[INFO] [stdout]     --> /opt/rustwide/cargo-home/registry/src/index.crates.io-6f17d22bba15001f/petgraph-0.4.10/src/graph_impl/stable_graph/mod.rs:1173:19
[INFO] [stdout]      |
[INFO] [stdout] 1173 |         self.iter.find_map(|(i, node)| {
[INFO] [stdout]      |                   ^^^^^^^^ multiple `find_map` found
[INFO] [stdout]      |
[INFO] [stdout] note: candidate #1 is defined in an impl of the trait `IterUtilsExt` for the type `I`
[INFO] [stdout]     --> /opt/rustwide/cargo-home/registry/src/index.crates.io-6f17d22bba15001f/petgraph-0.4.10/src/iter_utils.rs:5:5
[INFO] [stdout]      |
[INFO] [stdout] 5    | /     fn find_map<F, R>(&mut self, mut f: F) -> Option<R>
[INFO] [stdout] 6    | |         where F: FnMut(Self::Item) -> Option<R>
[INFO] [stdout]      | |_______________________________________________^
[INFO] [stdout]      = note: candidate #2 is defined in an impl of the trait `Iterator` for the type `Enumerate<I>`
[INFO] [stdout] help: disambiguate the method for candidate #1
[INFO] [stdout]      |
[INFO] [stdout] 1173 ~         IterUtilsExt::find_map(&mut self.iter, |(i, node)| {
[INFO] [stdout] 1174 +             node.weight.as_ref().map(move |w| (node_index(i), w))
[INFO] [stdout] 1175 +         })
[INFO] [stdout]      |
[INFO] [stdout] help: disambiguate the method for candidate #2
[INFO] [stdout]      |
[INFO] [stdout] 1173 ~         Iterator::find_map(&mut self.iter, |(i, node)| {
[INFO] [stdout] 1174 +             node.weight.as_ref().map(move |w| (node_index(i), w))
[INFO] [stdout] 1175 +         })
[INFO] [stdout]      |
[INFO] [stdout] 
[INFO] [stdout] 
[INFO] [stdout] error[E0034]: multiple applicable items in scope
[INFO] [stdout]     --> /opt/rustwide/cargo-home/registry/src/index.crates.io-6f17d22bba15001f/petgraph-0.4.10/src/graph_impl/stable_graph/mod.rs:1365:19
[INFO] [stdout]      |
[INFO] [stdout] 1365 |         self.iter.find_map(|(i, edge)|
[INFO] [stdout]      |                   ^^^^^^^^ multiple `find_map` found
[INFO] [stdout]      |
[INFO] [stdout] note: candidate #1 is defined in an impl of the trait `IterUtilsExt` for the type `I`
[INFO] [stdout]     --> /opt/rustwide/cargo-home/registry/src/index.crates.io-6f17d22bba15001f/petgraph-0.4.10/src/iter_utils.rs:5:5
[INFO] [stdout]      |
[INFO] [stdout] 5    | /     fn find_map<F, R>(&mut self, mut f: F) -> Option<R>
[INFO] [stdout] 6    | |         where F: FnMut(Self::Item) -> Option<R>
[INFO] [stdout]      | |_______________________________________________^
[INFO] [stdout]      = note: candidate #2 is defined in an impl of the trait `Iterator` for the type `Enumerate<I>`
[INFO] [stdout] help: disambiguate the method for candidate #1
[INFO] [stdout]      |
[INFO] [stdout] 1365 ~         IterUtilsExt::find_map(&mut self.iter, |(i, edge)|
[INFO] [stdout] 1366 +             edge.weight.as_ref().map(move |weight| {
[INFO] [stdout] 1367 +                 EdgeReference {
[INFO] [stdout] 1368 +                     index: edge_index(i),
[INFO] [stdout] 1369 +                     node: edge.node,
[INFO] [stdout] 1370 +                     weight: weight,
[INFO] [stdout] 1371 +                 }
[INFO] [stdout] 1372 +             }))
[INFO] [stdout]      |
[INFO] [stdout] help: disambiguate the method for candidate #2
[INFO] [stdout]      |
[INFO] [stdout] 1365 ~         Iterator::find_map(&mut self.iter, |(i, edge)|
[INFO] [stdout] 1366 +             edge.weight.as_ref().map(move |weight| {
[INFO] [stdout] 1367 +                 EdgeReference {
[INFO] [stdout] 1368 +                     index: edge_index(i),
[INFO] [stdout] 1369 +                     node: edge.node,
[INFO] [stdout] 1370 +                     weight: weight,
[INFO] [stdout] 1371 +                 }
[INFO] [stdout] 1372 +             }))
[INFO] [stdout]      |
[INFO] [stdout] 
[INFO] [stdout] 
[INFO] [stdout] error[E0034]: multiple applicable items in scope
[INFO] [stdout]     --> /opt/rustwide/cargo-home/registry/src/index.crates.io-6f17d22bba15001f/petgraph-0.4.10/src/graph_impl/stable_graph/mod.rs:1529:19
[INFO] [stdout]      |
[INFO] [stdout] 1529 |         self.iter.find_map(|(i, node)| {
[INFO] [stdout]      |                   ^^^^^^^^ multiple `find_map` found
[INFO] [stdout]      |
[INFO] [stdout] note: candidate #1 is defined in an impl of the trait `IterUtilsExt` for the type `I`
[INFO] [stdout]     --> /opt/rustwide/cargo-home/registry/src/index.crates.io-6f17d22bba15001f/petgraph-0.4.10/src/iter_utils.rs:5:5
[INFO] [stdout]      |
[INFO] [stdout] 5    | /     fn find_map<F, R>(&mut self, mut f: F) -> Option<R>
[INFO] [stdout] 6    | |         where F: FnMut(Self::Item) -> Option<R>
[INFO] [stdout]      | |_______________________________________________^
[INFO] [stdout]      = note: candidate #2 is defined in an impl of the trait `Iterator` for the type `Enumerate<I>`
[INFO] [stdout] help: disambiguate the method for candidate #1
[INFO] [stdout]      |
[INFO] [stdout] 1529 ~         IterUtilsExt::find_map(&mut self.iter, |(i, node)| {
[INFO] [stdout] 1530 +             if node.weight.is_some() {
[INFO] [stdout] 1531 +                 Some(node_index(i))
[INFO] [stdout] 1532 +             } else { None }
[INFO] [stdout] 1533 +         })
[INFO] [stdout]      |
[INFO] [stdout] help: disambiguate the method for candidate #2
[INFO] [stdout]      |
[INFO] [stdout] 1529 ~         Iterator::find_map(&mut self.iter, |(i, node)| {
[INFO] [stdout] 1530 +             if node.weight.is_some() {
[INFO] [stdout] 1531 +                 Some(node_index(i))
[INFO] [stdout] 1532 +             } else { None }
[INFO] [stdout] 1533 +         })
[INFO] [stdout]      |
[INFO] [stdout] 
[INFO] [stdout] 
[INFO] [stdout] error[E0034]: multiple applicable items in scope
[INFO] [stdout]     --> /opt/rustwide/cargo-home/registry/src/index.crates.io-6f17d22bba15001f/petgraph-0.4.10/src/graph_impl/stable_graph/mod.rs:1575:19
[INFO] [stdout]      |
[INFO] [stdout] 1575 |         self.iter.find_map(|(i, node)| {
[INFO] [stdout]      |                   ^^^^^^^^ multiple `find_map` found
[INFO] [stdout]      |
[INFO] [stdout] note: candidate #1 is defined in an impl of the trait `IterUtilsExt` for the type `I`
[INFO] [stdout]     --> /opt/rustwide/cargo-home/registry/src/index.crates.io-6f17d22bba15001f/petgraph-0.4.10/src/iter_utils.rs:5:5
[INFO] [stdout]      |
[INFO] [stdout] 5    | /     fn find_map<F, R>(&mut self, mut f: F) -> Option<R>
[INFO] [stdout] 6    | |         where F: FnMut(Self::Item) -> Option<R>
[INFO] [stdout]      | |_______________________________________________^
[INFO] [stdout]      = note: candidate #2 is defined in an impl of the trait `Iterator` for the type `Enumerate<I>`
[INFO] [stdout] help: disambiguate the method for candidate #1
[INFO] [stdout]      |
[INFO] [stdout] 1575 ~         IterUtilsExt::find_map(&mut self.iter, |(i, node)| {
[INFO] [stdout] 1576 +             if node.weight.is_some() {
[INFO] [stdout] 1577 +                 Some(edge_index(i))
[INFO] [stdout] 1578 +             } else { None }
[INFO] [stdout] 1579 +         })
[INFO] [stdout]      |
[INFO] [stdout] help: disambiguate the method for candidate #2
[INFO] [stdout]      |
[INFO] [stdout] 1575 ~         Iterator::find_map(&mut self.iter, |(i, node)| {
[INFO] [stdout] 1576 +             if node.weight.is_some() {
[INFO] [stdout] 1577 +                 Some(edge_index(i))
[INFO] [stdout] 1578 +             } else { None }
[INFO] [stdout] 1579 +         })
[INFO] [stdout]      |
[INFO] [stdout] 
[INFO] [stdout] 
[INFO] [stdout] error: aborting due to 4 previous errors
[INFO] [stdout] 
[INFO] [stdout] 
[INFO] [stdout] For more information about this error, try `rustc --explain E0034`.
[INFO] [stdout] 
[INFO] [stderr] error: could not compile `petgraph` (lib) due to 5 previous errors
[INFO] [stderr] warning: build failed, waiting for other jobs to finish...
[INFO] running `Command { std: "docker" "inspect" "d280f9b2751ae5d827da13190c99a8adc680bff842d676ea303eee4e86f0a13f", kill_on_drop: false }`
[INFO] running `Command { std: "docker" "rm" "-f" "d280f9b2751ae5d827da13190c99a8adc680bff842d676ea303eee4e86f0a13f", kill_on_drop: false }`
[INFO] [stdout] d280f9b2751ae5d827da13190c99a8adc680bff842d676ea303eee4e86f0a13f
[INFO] documenting Shnitz/aoc against beta-2023-12-22 for beta-1.76-rustdoc-1
[INFO] running `Command { std: "git" "clone" "/workspace/cache/git-repos/https%3A%2F%2Fgithub.com%2FShnitz%2Faoc" "/workspace/builds/worker-7-tc2/source", kill_on_drop: false }`
[INFO] [stderr] Cloning into '/workspace/builds/worker-7-tc2/source'...
[INFO] [stderr] done.
[INFO] validating manifest of git repo https://github.com/Shnitz/aoc on toolchain beta-2023-12-22
[INFO] running `Command { std: CARGO_HOME="/workspace/cargo-home" RUSTUP_HOME="/workspace/rustup-home" "/workspace/cargo-home/bin/cargo" "+beta-2023-12-22" "metadata" "--manifest-path" "Cargo.toml" "--no-deps", kill_on_drop: false }`
[INFO] started tweaking git repo https://github.com/Shnitz/aoc
[INFO] finished tweaking git repo https://github.com/Shnitz/aoc
[INFO] tweaked toml for git repo https://github.com/Shnitz/aoc written to /workspace/builds/worker-7-tc2/source/Cargo.toml
[INFO] crate git repo https://github.com/Shnitz/aoc already has a lockfile, it will not be regenerated
[INFO] running `Command { std: CARGO_HOME="/workspace/cargo-home" RUSTUP_HOME="/workspace/rustup-home" "/workspace/cargo-home/bin/cargo" "+beta-2023-12-22" "fetch" "--manifest-path" "Cargo.toml", kill_on_drop: false }`
[INFO] running `Command { std: "docker" "create" "-v" "/var/lib/crater-agent-workspace/builds/worker-7-tc2/target:/opt/rustwide/target:rw,Z" "-v" "/var/lib/crater-agent-workspace/builds/worker-7-tc2/source:/opt/rustwide/workdir:ro,Z" "-v" "/var/lib/crater-agent-workspace/cargo-home:/opt/rustwide/cargo-home:ro,Z" "-v" "/var/lib/crater-agent-workspace/rustup-home:/opt/rustwide/rustup-home:ro,Z" "-e" "SOURCE_DIR=/opt/rustwide/workdir" "-e" "CARGO_TARGET_DIR=/opt/rustwide/target" "-e" "CARGO_HOME=/opt/rustwide/cargo-home" "-e" "RUSTUP_HOME=/opt/rustwide/rustup-home" "-w" "/opt/rustwide/workdir" "-m" "1610612736" "--user" "0:0" "--network" "none" "ghcr.io/rust-lang/crates-build-env/linux@sha256:2788e3201cd34a07e3172128adcd8b3090168a8e3bcc40d7c032b9dda1df7d1c" "/opt/rustwide/cargo-home/bin/cargo" "+beta-2023-12-22" "metadata" "--no-deps" "--format-version=1", kill_on_drop: false }`
[INFO] [stdout] 36c188a0ea0d227299c557a12e0b8719566bd6817da901e6fd12b09fb09d9b8f
[INFO] running `Command { std: "docker" "start" "-a" "36c188a0ea0d227299c557a12e0b8719566bd6817da901e6fd12b09fb09d9b8f", kill_on_drop: false }`
[INFO] running `Command { std: "docker" "inspect" "36c188a0ea0d227299c557a12e0b8719566bd6817da901e6fd12b09fb09d9b8f", kill_on_drop: false }`
[INFO] running `Command { std: "docker" "rm" "-f" "36c188a0ea0d227299c557a12e0b8719566bd6817da901e6fd12b09fb09d9b8f", kill_on_drop: false }`
[INFO] [stdout] 36c188a0ea0d227299c557a12e0b8719566bd6817da901e6fd12b09fb09d9b8f
[INFO] running `Command { std: "docker" "create" "-v" "/var/lib/crater-agent-workspace/builds/worker-7-tc2/target:/opt/rustwide/target:rw,Z" "-v" "/var/lib/crater-agent-workspace/builds/worker-7-tc2/source:/opt/rustwide/workdir:ro,Z" "-v" "/var/lib/crater-agent-workspace/cargo-home:/opt/rustwide/cargo-home:ro,Z" "-v" "/var/lib/crater-agent-workspace/rustup-home:/opt/rustwide/rustup-home:ro,Z" "-e" "SOURCE_DIR=/opt/rustwide/workdir" "-e" "CARGO_TARGET_DIR=/opt/rustwide/target" "-e" "CARGO_INCREMENTAL=0" "-e" "RUST_BACKTRACE=full" "-e" "RUSTFLAGS=--cap-lints=warn" "-e" "RUSTDOCFLAGS=--cap-lints=warn" "-e" "CARGO_HOME=/opt/rustwide/cargo-home" "-e" "RUSTUP_HOME=/opt/rustwide/rustup-home" "-w" "/opt/rustwide/workdir" "-m" "1610612736" "--user" "0:0" "--network" "none" "ghcr.io/rust-lang/crates-build-env/linux@sha256:2788e3201cd34a07e3172128adcd8b3090168a8e3bcc40d7c032b9dda1df7d1c" "/opt/rustwide/cargo-home/bin/cargo" "+beta-2023-12-22" "doc" "--frozen" "--no-deps" "--document-private-items" "--message-format=json", kill_on_drop: false }`
[INFO] [stdout] 973cbd7183a19824d2b2df78d0b8eb964f7f92e9707e5544bbd9fa7ba639d720
[INFO] running `Command { std: "docker" "start" "-a" "973cbd7183a19824d2b2df78d0b8eb964f7f92e9707e5544bbd9fa7ba639d720", kill_on_drop: false }`
[INFO] [stderr]    Compiling typenum v1.9.0
[INFO] [stderr]     Checking libc v0.2.34
[INFO] [stderr]     Checking rustc-serialize v0.3.24
[INFO] [stderr]    Compiling matrixmultiply v0.1.14
[INFO] [stderr]     Checking num-traits v0.1.41
[INFO] [stderr]     Checking approx v0.1.1
[INFO] [stderr]     Checking nodrop v0.1.12
[INFO] [stderr]     Checking rawpointer v0.1.0
[INFO] [stderr]     Checking fixedbitset v0.1.8
[INFO] [stderr]     Checking ordermap v0.3.2
[INFO] [stderr]     Checking roots v0.0.2
[INFO] [stdout] error[E0310]: the parameter type `T` may not live long enough
[INFO] [stdout]     --> /opt/rustwide/cargo-home/registry/src/index.crates.io-6f17d22bba15001f/rustc-serialize-0.3.24/src/serialize.rs:1155:5
[INFO] [stdout]      |
[INFO] [stdout] 1155 |     fn decode<D: Decoder>(d: &mut D) -> Result<Cow<'static, T>, D::Error> {
[INFO] [stdout]      |     ^^^^^^^^^^^^^^^^^^^^^^^^^^^^^^^^^^^^^^^^^^^^^^^^^^^^^^^^^^^^^^^^^^^^^
[INFO] [stdout]      |     |
[INFO] [stdout]      |     the parameter type `T` must be valid for the static lifetime...
[INFO] [stdout]      |     ...so that the type `T` will meet its required lifetime bounds...
[INFO] [stdout]      |
[INFO] [stdout] note: ...that is required by this bound
[INFO] [stdout]     --> /rustc/0e09125c6c3c2fd70d7de961bcf0e51575235fad/library/alloc/src/borrow.rs:180:30
[INFO] [stdout] help: consider adding an explicit lifetime bound
[INFO] [stdout]      |
[INFO] [stdout] 1151 | impl<'a, T: ?Sized + 'static> Decodable for Cow<'a, T>
[INFO] [stdout]      |                    +++++++++
[INFO] [stdout] 
[INFO] [stdout] 
[INFO] [stderr]     Checking petgraph v0.4.10
[INFO] [stderr]     Checking rand v0.3.18
[INFO] [stderr]     Checking memchr v1.0.2
[INFO] [stderr]     Checking nom v3.2.1
[INFO] [stdout] error[E0034]: multiple applicable items in scope
[INFO] [stdout]     --> /opt/rustwide/cargo-home/registry/src/index.crates.io-6f17d22bba15001f/petgraph-0.4.10/src/graph_impl/stable_graph/mod.rs:1173:19
[INFO] [stdout]      |
[INFO] [stdout] 1173 |         self.iter.find_map(|(i, node)| {
[INFO] [stdout]      |                   ^^^^^^^^ multiple `find_map` found
[INFO] [stdout]      |
[INFO] [stdout] note: candidate #1 is defined in an impl of the trait `IterUtilsExt` for the type `I`
[INFO] [stdout]     --> /opt/rustwide/cargo-home/registry/src/index.crates.io-6f17d22bba15001f/petgraph-0.4.10/src/iter_utils.rs:5:5
[INFO] [stdout]      |
[INFO] [stdout] 5    | /     fn find_map<F, R>(&mut self, mut f: F) -> Option<R>
[INFO] [stdout] 6    | |         where F: FnMut(Self::Item) -> Option<R>
[INFO] [stdout]      | |_______________________________________________^
[INFO] [stdout]      = note: candidate #2 is defined in an impl of the trait `Iterator` for the type `Enumerate<I>`
[INFO] [stdout] help: disambiguate the method for candidate #1
[INFO] [stdout]      |
[INFO] [stdout] 1173 ~         IterUtilsExt::find_map(&mut self.iter, |(i, node)| {
[INFO] [stdout] 1174 +             node.weight.as_ref().map(move |w| (node_index(i), w))
[INFO] [stdout] 1175 +         })
[INFO] [stdout]      |
[INFO] [stdout] help: disambiguate the method for candidate #2
[INFO] [stdout]      |
[INFO] [stdout] 1173 ~         Iterator::find_map(&mut self.iter, |(i, node)| {
[INFO] [stdout] 1174 +             node.weight.as_ref().map(move |w| (node_index(i), w))
[INFO] [stdout] 1175 +         })
[INFO] [stdout]      |
[INFO] [stdout] 
[INFO] [stdout] 
[INFO] [stdout] error[E0034]: multiple applicable items in scope
[INFO] [stdout]     --> /opt/rustwide/cargo-home/registry/src/index.crates.io-6f17d22bba15001f/petgraph-0.4.10/src/graph_impl/stable_graph/mod.rs:1365:19
[INFO] [stdout]      |
[INFO] [stdout] 1365 |         self.iter.find_map(|(i, edge)|
[INFO] [stdout]      |                   ^^^^^^^^ multiple `find_map` found
[INFO] [stdout]      |
[INFO] [stdout] note: candidate #1 is defined in an impl of the trait `IterUtilsExt` for the type `I`
[INFO] [stdout]     --> /opt/rustwide/cargo-home/registry/src/index.crates.io-6f17d22bba15001f/petgraph-0.4.10/src/iter_utils.rs:5:5
[INFO] [stdout]      |
[INFO] [stdout] 5    | /     fn find_map<F, R>(&mut self, mut f: F) -> Option<R>
[INFO] [stdout] 6    | |         where F: FnMut(Self::Item) -> Option<R>
[INFO] [stdout]      | |_______________________________________________^
[INFO] [stdout]      = note: candidate #2 is defined in an impl of the trait `Iterator` for the type `Enumerate<I>`
[INFO] [stdout] help: disambiguate the method for candidate #1
[INFO] [stdout]      |
[INFO] [stdout] 1365 ~         IterUtilsExt::find_map(&mut self.iter, |(i, edge)|
[INFO] [stdout] 1366 +             edge.weight.as_ref().map(move |weight| {
[INFO] [stdout] 1367 +                 EdgeReference {
[INFO] [stdout] 1368 +                     index: edge_index(i),
[INFO] [stdout] 1369 +                     node: edge.node,
[INFO] [stdout] 1370 +                     weight: weight,
[INFO] [stdout] 1371 +                 }
[INFO] [stdout] 1372 +             }))
[INFO] [stdout]      |
[INFO] [stdout] help: disambiguate the method for candidate #2
[INFO] [stdout]      |
[INFO] [stdout] 1365 ~         Iterator::find_map(&mut self.iter, |(i, edge)|
[INFO] [stdout] 1366 +             edge.weight.as_ref().map(move |weight| {
[INFO] [stdout] 1367 +                 EdgeReference {
[INFO] [stdout] 1368 +                     index: edge_index(i),
[INFO] [stdout] 1369 +                     node: edge.node,
[INFO] [stdout] 1370 +                     weight: weight,
[INFO] [stdout] 1371 +                 }
[INFO] [stdout] 1372 +             }))
[INFO] [stdout]      |
[INFO] [stdout] 
[INFO] [stdout] 
[INFO] [stdout] error[E0034]: multiple applicable items in scope
[INFO] [stdout]     --> /opt/rustwide/cargo-home/registry/src/index.crates.io-6f17d22bba15001f/petgraph-0.4.10/src/graph_impl/stable_graph/mod.rs:1529:19
[INFO] [stdout]      |
[INFO] [stdout] 1529 |         self.iter.find_map(|(i, node)| {
[INFO] [stdout]      |                   ^^^^^^^^ multiple `find_map` found
[INFO] [stdout]      |
[INFO] [stdout] note: candidate #1 is defined in an impl of the trait `IterUtilsExt` for the type `I`
[INFO] [stdout]     --> /opt/rustwide/cargo-home/registry/src/index.crates.io-6f17d22bba15001f/petgraph-0.4.10/src/iter_utils.rs:5:5
[INFO] [stdout]      |
[INFO] [stdout] 5    | /     fn find_map<F, R>(&mut self, mut f: F) -> Option<R>
[INFO] [stdout] 6    | |         where F: FnMut(Self::Item) -> Option<R>
[INFO] [stdout]      | |_______________________________________________^
[INFO] [stdout]      = note: candidate #2 is defined in an impl of the trait `Iterator` for the type `Enumerate<I>`
[INFO] [stdout] help: disambiguate the method for candidate #1
[INFO] [stdout]      |
[INFO] [stdout] 1529 ~         IterUtilsExt::find_map(&mut self.iter, |(i, node)| {
[INFO] [stdout] 1530 +             if node.weight.is_some() {
[INFO] [stdout] 1531 +                 Some(node_index(i))
[INFO] [stdout] 1532 +             } else { None }
[INFO] [stdout] 1533 +         })
[INFO] [stdout]      |
[INFO] [stdout] help: disambiguate the method for candidate #2
[INFO] [stdout]      |
[INFO] [stdout] 1529 ~         Iterator::find_map(&mut self.iter, |(i, node)| {
[INFO] [stdout] 1530 +             if node.weight.is_some() {
[INFO] [stdout] 1531 +                 Some(node_index(i))
[INFO] [stdout] 1532 +             } else { None }
[INFO] [stdout] 1533 +         })
[INFO] [stdout]      |
[INFO] [stdout] 
[INFO] [stdout] 
[INFO] [stdout] error[E0034]: multiple applicable items in scope
[INFO] [stdout]     --> /opt/rustwide/cargo-home/registry/src/index.crates.io-6f17d22bba15001f/petgraph-0.4.10/src/graph_impl/stable_graph/mod.rs:1575:19
[INFO] [stdout]      |
[INFO] [stdout] 1575 |         self.iter.find_map(|(i, node)| {
[INFO] [stdout]      |                   ^^^^^^^^ multiple `find_map` found
[INFO] [stdout]      |
[INFO] [stdout] note: candidate #1 is defined in an impl of the trait `IterUtilsExt` for the type `I`
[INFO] [stdout]     --> /opt/rustwide/cargo-home/registry/src/index.crates.io-6f17d22bba15001f/petgraph-0.4.10/src/iter_utils.rs:5:5
[INFO] [stdout]      |
[INFO] [stdout] 5    | /     fn find_map<F, R>(&mut self, mut f: F) -> Option<R>
[INFO] [stdout] 6    | |         where F: FnMut(Self::Item) -> Option<R>
[INFO] [stdout]      | |_______________________________________________^
[INFO] [stdout]      = note: candidate #2 is defined in an impl of the trait `Iterator` for the type `Enumerate<I>`
[INFO] [stdout] help: disambiguate the method for candidate #1
[INFO] [stdout]      |
[INFO] [stdout] 1575 ~         IterUtilsExt::find_map(&mut self.iter, |(i, node)| {
[INFO] [stdout] 1576 +             if node.weight.is_some() {
[INFO] [stdout] 1577 +                 Some(edge_index(i))
[INFO] [stdout] 1578 +             } else { None }
[INFO] [stdout] 1579 +         })
[INFO] [stdout]      |
[INFO] [stdout] help: disambiguate the method for candidate #2
[INFO] [stdout]      |
[INFO] [stdout] 1575 ~         Iterator::find_map(&mut self.iter, |(i, node)| {
[INFO] [stdout] 1576 +             if node.weight.is_some() {
[INFO] [stdout] 1577 +                 Some(edge_index(i))
[INFO] [stdout] 1578 +             } else { None }
[INFO] [stdout] 1579 +         })
[INFO] [stdout]      |
[INFO] [stdout] 
[INFO] [stdout] 
[INFO] [stdout] error: aborting due to 1 previous error
[INFO] [stdout] 
[INFO] [stdout] 
[INFO] [stdout] For more information about this error, try `rustc --explain E0310`.
[INFO] [stdout] 
[INFO] [stderr] error: could not compile `rustc-serialize` (lib) due to 2 previous errors
[INFO] [stderr] warning: build failed, waiting for other jobs to finish...
[INFO] [stdout] error: aborting due to 4 previous errors
[INFO] [stdout] 
[INFO] [stdout] 
[INFO] [stdout] For more information about this error, try `rustc --explain E0034`.
[INFO] [stdout] 
[INFO] [stderr] error: could not compile `petgraph` (lib) due to 5 previous errors
[INFO] running `Command { std: "docker" "inspect" "973cbd7183a19824d2b2df78d0b8eb964f7f92e9707e5544bbd9fa7ba639d720", kill_on_drop: false }`
[INFO] running `Command { std: "docker" "rm" "-f" "973cbd7183a19824d2b2df78d0b8eb964f7f92e9707e5544bbd9fa7ba639d720", kill_on_drop: false }`
[INFO] [stdout] 973cbd7183a19824d2b2df78d0b8eb964f7f92e9707e5544bbd9fa7ba639d720
