[INFO] cloning repository https://github.com/Sherlock-Holo/private_share
[INFO] running `Command { std: "git" "-c" "credential.helper=" "-c" "credential.helper=/workspace/cargo-home/bin/git-credential-null" "clone" "--bare" "https://github.com/Sherlock-Holo/private_share" "/workspace/cache/git-repos/https%3A%2F%2Fgithub.com%2FSherlock-Holo%2Fprivate_share", kill_on_drop: false }`
[INFO] [stderr] Cloning into bare repository '/workspace/cache/git-repos/https%3A%2F%2Fgithub.com%2FSherlock-Holo%2Fprivate_share'...
[INFO] running `Command { std: "git" "rev-parse" "HEAD", kill_on_drop: false }`
[INFO] [stdout] 6e76f8f35450948b72380d94c28c9aa298ad847b
[INFO] documenting Sherlock-Holo/private_share against 1.75.0 for beta-1.76-rustdoc-1
[INFO] running `Command { std: "git" "clone" "/workspace/cache/git-repos/https%3A%2F%2Fgithub.com%2FSherlock-Holo%2Fprivate_share" "/workspace/builds/worker-2-tc1/source", kill_on_drop: false }`
[INFO] [stderr] Cloning into '/workspace/builds/worker-2-tc1/source'...
[INFO] [stderr] done.
[INFO] validating manifest of git repo https://github.com/Sherlock-Holo/private_share on toolchain 1.75.0
[INFO] running `Command { std: CARGO_HOME="/workspace/cargo-home" RUSTUP_HOME="/workspace/rustup-home" "/workspace/cargo-home/bin/cargo" "+1.75.0" "metadata" "--manifest-path" "Cargo.toml" "--no-deps", kill_on_drop: false }`
[INFO] started tweaking git repo https://github.com/Sherlock-Holo/private_share
[INFO] finished tweaking git repo https://github.com/Sherlock-Holo/private_share
[INFO] tweaked toml for git repo https://github.com/Sherlock-Holo/private_share written to /workspace/builds/worker-2-tc1/source/Cargo.toml
[INFO] crate git repo https://github.com/Sherlock-Holo/private_share already has a lockfile, it will not be regenerated
[INFO] running `Command { std: CARGO_HOME="/workspace/cargo-home" RUSTUP_HOME="/workspace/rustup-home" "/workspace/cargo-home/bin/cargo" "+1.75.0" "fetch" "--manifest-path" "Cargo.toml", kill_on_drop: false }`
[INFO] [stderr]     Updating crates.io index
[INFO] [stderr]  Downloading crates ...
[INFO] [stderr]   Downloaded rupnp v1.1.0
[INFO] [stderr]   Downloaded prost-types v0.11.6
[INFO] [stderr]   Downloaded serde_yaml v0.9.17
[INFO] [stderr]   Downloaded signature v2.0.0
[INFO] [stderr]   Downloaded prost-build v0.11.6
[INFO] [stderr]   Downloaded prettyplease v0.1.23
[INFO] [stderr]   Downloaded axum v0.6.7
[INFO] [stderr]   Downloaded snow v0.9.1
[INFO] [stderr]   Downloaded netlink-sys v0.8.4
[INFO] [stderr]   Downloaded unsafe-libyaml v0.2.5
[INFO] [stderr]   Downloaded ssdp-client v1.0.0
[INFO] [stderr]   Downloaded ed25519 v2.1.0
[INFO] [stderr]   Downloaded axum-core v0.3.2
[INFO] [stderr]   Downloaded http_dir v0.1.8
[INFO] [stderr]   Downloaded libp2p-auto-relay v0.1.2
[INFO] [stderr]   Downloaded curve25519-dalek v4.0.0-rc.0
[INFO] running `Command { std: "docker" "create" "-v" "/var/lib/crater-agent-workspace/builds/worker-2-tc1/target:/opt/rustwide/target:rw,Z" "-v" "/var/lib/crater-agent-workspace/builds/worker-2-tc1/source:/opt/rustwide/workdir:ro,Z" "-v" "/var/lib/crater-agent-workspace/cargo-home:/opt/rustwide/cargo-home:ro,Z" "-v" "/var/lib/crater-agent-workspace/rustup-home:/opt/rustwide/rustup-home:ro,Z" "-e" "SOURCE_DIR=/opt/rustwide/workdir" "-e" "CARGO_TARGET_DIR=/opt/rustwide/target" "-e" "CARGO_HOME=/opt/rustwide/cargo-home" "-e" "RUSTUP_HOME=/opt/rustwide/rustup-home" "-w" "/opt/rustwide/workdir" "-m" "1610612736" "--user" "0:0" "--network" "none" "ghcr.io/rust-lang/crates-build-env/linux@sha256:2788e3201cd34a07e3172128adcd8b3090168a8e3bcc40d7c032b9dda1df7d1c" "/opt/rustwide/cargo-home/bin/cargo" "+1.75.0" "metadata" "--no-deps" "--format-version=1", kill_on_drop: false }`
[INFO] [stdout] 6a4d74015408a7eaa4a1903018b87bfba4851051cf8da7523add271af2b90cdd
[INFO] running `Command { std: "docker" "start" "-a" "6a4d74015408a7eaa4a1903018b87bfba4851051cf8da7523add271af2b90cdd", kill_on_drop: false }`
[INFO] running `Command { std: "docker" "inspect" "6a4d74015408a7eaa4a1903018b87bfba4851051cf8da7523add271af2b90cdd", kill_on_drop: false }`
[INFO] running `Command { std: "docker" "rm" "-f" "6a4d74015408a7eaa4a1903018b87bfba4851051cf8da7523add271af2b90cdd", kill_on_drop: false }`
[INFO] [stdout] 6a4d74015408a7eaa4a1903018b87bfba4851051cf8da7523add271af2b90cdd
[INFO] running `Command { std: "docker" "create" "-v" "/var/lib/crater-agent-workspace/builds/worker-2-tc1/target:/opt/rustwide/target:rw,Z" "-v" "/var/lib/crater-agent-workspace/builds/worker-2-tc1/source:/opt/rustwide/workdir:ro,Z" "-v" "/var/lib/crater-agent-workspace/cargo-home:/opt/rustwide/cargo-home:ro,Z" "-v" "/var/lib/crater-agent-workspace/rustup-home:/opt/rustwide/rustup-home:ro,Z" "-e" "SOURCE_DIR=/opt/rustwide/workdir" "-e" "CARGO_TARGET_DIR=/opt/rustwide/target" "-e" "CARGO_INCREMENTAL=0" "-e" "RUST_BACKTRACE=full" "-e" "RUSTFLAGS=--cap-lints=warn" "-e" "RUSTDOCFLAGS=--cap-lints=warn" "-e" "CARGO_HOME=/opt/rustwide/cargo-home" "-e" "RUSTUP_HOME=/opt/rustwide/rustup-home" "-w" "/opt/rustwide/workdir" "-m" "1610612736" "--user" "0:0" "--network" "none" "ghcr.io/rust-lang/crates-build-env/linux@sha256:2788e3201cd34a07e3172128adcd8b3090168a8e3bcc40d7c032b9dda1df7d1c" "/opt/rustwide/cargo-home/bin/cargo" "+1.75.0" "doc" "--frozen" "--no-deps" "--document-private-items" "--message-format=json", kill_on_drop: false }`
[INFO] [stdout] 6c19dd128cc2a8849c3e3116b594d55c9011a7ea717546230b32b088ecec7c5b
[INFO] running `Command { std: "docker" "start" "-a" "6c19dd128cc2a8849c3e3116b594d55c9011a7ea717546230b32b088ecec7c5b", kill_on_drop: false }`
[INFO] [stderr]    Compiling proc-macro2 v1.0.51
[INFO] [stderr]    Compiling quote v1.0.23
[INFO] [stderr]    Compiling unicode-ident v1.0.6
[INFO] [stderr]    Compiling syn v1.0.107
[INFO] [stderr]    Compiling autocfg v1.1.0
[INFO] [stderr]     Checking cfg-if v1.0.0
[INFO] [stderr]    Compiling libc v0.2.139
[INFO] [stderr]    Compiling version_check v0.9.4
[INFO] [stderr]    Compiling memchr v2.5.0
[INFO] [stderr]    Compiling futures-core v0.3.26
[INFO] [stderr]     Checking pin-project-lite v0.2.9
[INFO] [stderr]    Compiling log v0.4.17
[INFO] [stderr]     Checking futures-sink v0.3.26
[INFO] [stderr]    Compiling futures-channel v0.3.26
[INFO] [stderr]    Compiling futures-task v0.3.26
[INFO] [stderr]    Compiling futures-util v0.3.26
[INFO] [stderr]     Checking futures-io v0.3.26
[INFO] [stderr]     Checking bytes v1.4.0
[INFO] [stderr]     Checking once_cell v1.17.1
[INFO] [stderr]     Checking pin-utils v0.1.0
[INFO] [stderr]    Compiling typenum v1.16.0
[INFO] [stderr]    Compiling anyhow v1.0.69
[INFO] [stderr]    Compiling cc v1.0.79
[INFO] [stderr]    Compiling either v1.8.1
[INFO] [stderr]    Compiling thiserror v1.0.38
[INFO] [stderr]    Compiling heck v0.4.1
[INFO] [stderr]    Compiling slab v0.4.7
[INFO] [stderr]    Compiling generic-array v0.14.6
[INFO] [stderr]    Compiling indexmap v1.9.2
[INFO] [stderr]    Compiling itertools v0.10.5
[INFO] [stderr]    Compiling tokio v1.25.0
[INFO] [stderr]    Compiling unicode-xid v0.2.4
[INFO] [stderr]     Checking ppv-lite86 v0.2.17
[INFO] [stderr]     Checking fnv v1.0.7
[INFO] [stderr]    Compiling prettyplease v0.1.23
[INFO] [stderr]     Checking byteorder v1.4.3
[INFO] [stderr]    Compiling hashbrown v0.12.3
[INFO] [stderr]    Compiling fastrand v1.9.0
[INFO] [stderr]    Compiling regex-syntax v0.6.28
[INFO] [stderr]    Compiling remove_dir_all v0.5.3
[INFO] [stderr]    Compiling fixedbitset v0.4.2
[INFO] [stderr]     Checking cpufeatures v0.2.5
[INFO] [stderr]     Checking tinyvec_macros v0.1.1
[INFO] [stderr]     Checking smallvec v1.10.0
[INFO] [stderr]    Compiling multimap v0.8.3
[INFO] [stderr]     Checking tinyvec v1.6.0
[INFO] [stderr]    Compiling serde_derive v1.0.152
[INFO] [stderr]     Checking percent-encoding v2.2.0
[INFO] [stderr]    Compiling serde v1.0.152
[INFO] [stderr]     Checking unicode-bidi v0.3.10
[INFO] [stderr]    Compiling proc-macro-error-attr v1.0.4
[INFO] [stderr]    Compiling lock_api v0.4.9
[INFO] [stderr]     Checking form_urlencoded v1.1.0
[INFO] [stderr]    Compiling getrandom v0.1.16
[INFO] [stderr]    Compiling which v4.4.0
[INFO] [stderr]    Compiling tempfile v3.3.0
[INFO] [stderr]    Compiling proc-macro-error v1.0.4
[INFO] [stderr]     Checking scopeguard v1.1.0
[INFO] [stderr]    Compiling parking_lot_core v0.9.7
[INFO] [stderr]     Checking num_cpus v1.15.0
[INFO] [stderr]     Checking getrandom v0.2.8
[INFO] [stderr]     Checking mio v0.8.6
[INFO] [stderr]     Checking socket2 v0.4.7
[INFO] [stderr]    Compiling petgraph v0.6.3
[INFO] [stderr]     Checking unicode-normalization v0.1.22
[INFO] [stderr]     Checking base64ct v1.5.3
[INFO] [stderr]    Compiling sha2-asm v0.6.2
[INFO] [stderr]     Checking rand_core v0.6.4
[INFO] [stderr]     Checking rand_core v0.5.1
[INFO] [stderr]     Checking const-oid v0.9.1
[INFO] [stderr]     Checking itoa v1.0.5
[INFO] [stderr]     Checking data-encoding v2.3.3
[INFO] [stderr]     Checking rand_chacha v0.3.1
[INFO] [stderr]     Checking opaque-debug v0.3.0
[INFO] [stderr]     Checking subtle v2.4.1
[INFO] [stderr]     Checking tracing-core v0.1.30
[INFO] [stderr]     Checking crypto-common v0.1.6
[INFO] [stderr]     Checking block-buffer v0.10.3
[INFO] [stderr]     Checking digest v0.9.0
[INFO] [stderr]     Checking pem-rfc7468 v0.6.0
[INFO] [stderr]     Checking block-buffer v0.9.0
[INFO] [stderr]     Checking rand v0.8.5
[INFO] [stderr]     Checking idna v0.3.0
[INFO] [stderr]     Checking parking_lot v0.12.1
[INFO] [stderr]     Checking instant v0.1.12
[INFO] [stderr]    Compiling regex v1.7.1
[INFO] [stderr]     Checking digest v0.10.6
[INFO] [stderr]     Checking static_assertions v1.1.0
[INFO] [stderr]     Checking rand_chacha v0.2.2
[INFO] [stderr]     Checking core2 v0.4.0
[INFO] [stderr]     Checking base-x v0.2.11
[INFO] [stderr]     Checking signature v1.6.4
[INFO] [stderr]     Checking sha2 v0.9.9
[INFO] [stderr]     Checking ed25519 v1.5.3
[INFO] [stderr]     Checking arrayref v0.3.6
[INFO] [stderr]     Checking base16ct v0.1.1
[INFO] [stderr]    Compiling ring v0.16.20
[INFO] [stderr]     Checking void v1.0.2
[INFO] [stderr]     Checking rand v0.7.3
[INFO] [stderr]     Checking sha2 v0.10.6
[INFO] [stderr]     Checking futures-timer v3.0.2
[INFO] [stderr]     Checking asn1_der v0.7.5
[INFO] [stderr]     Checking bs58 v0.4.0
[INFO] [stderr]     Checking url v2.3.1
[INFO] [stderr]    Compiling ahash v0.7.6
[INFO] [stderr]     Checking bitflags v1.3.2
[INFO] [stderr]     Checking http v0.2.9
[INFO] [stderr]    Compiling httparse v1.8.0
[INFO] [stderr]     Checking untrusted v0.7.1
[INFO] [stderr]    Compiling paste v1.0.11
[INFO] [stderr]     Checking spin v0.5.2
[INFO] [stderr]    Compiling crossbeam-utils v0.8.14
[INFO] [stderr]    Compiling async-trait v0.1.64
[INFO] [stderr]    Compiling unicase v2.6.0
[INFO] [stderr]    Compiling memoffset v0.7.1
[INFO] [stderr]    Compiling rustversion v1.0.11
[INFO] [stderr]    Compiling semver v1.0.16
[INFO] [stderr]    Compiling crossbeam-epoch v0.9.13
[INFO] [stderr]     Checking base64 v0.13.1
[INFO] [stderr]    Compiling pkg-config v0.3.26
[INFO] [stderr]     Checking tower-service v0.3.2
[INFO] [stderr]     Checking lazy_static v1.4.0
[INFO] [stderr]     Checking http-body v0.4.5
[INFO] [stderr]    Compiling crc32fast v1.3.2
[INFO] [stderr]     Checking ipnet v2.7.1
[INFO] [stderr]    Compiling ident_case v1.0.1
[INFO] [stderr]    Compiling parking_lot_core v0.8.6
[INFO] [stderr]    Compiling libm v0.1.4
[INFO] [stderr]    Compiling strsim v0.10.0
[INFO] [stderr]     Checking tower-layer v0.3.2
[INFO] [stderr]    Compiling rustls v0.20.8
[INFO] [stderr]     Checking matches v0.1.10
[INFO] [stderr]    Compiling io-lifetimes v1.0.5
[INFO] [stderr]    Compiling alloc-no-stdlib v2.0.4
[INFO] [stderr]    Compiling libz-sys v1.1.8
[INFO] [stderr]    Compiling packed_simd_2 v0.3.8
[INFO] [stderr]    Compiling rustc_version v0.4.0
[INFO] [stderr]     Checking mime v0.3.16
[INFO] [stderr]    Compiling rayon-core v1.10.2
[INFO] [stderr]     Checking match_cfg v0.1.0
[INFO] [stderr]    Compiling alloc-stdlib v0.2.2
[INFO] [stderr]    Compiling crossbeam-deque v0.8.2
[INFO] [stderr]     Checking hostname v0.3.1
[INFO] [stderr]     Checking idna v0.2.3
[INFO] [stderr]    Compiling crossbeam-channel v0.5.6
[INFO] [stderr]     Checking nix v0.24.3
[INFO] [stderr]     Checking inout v0.1.3
[INFO] [stderr]    Compiling ahash v0.8.3
[INFO] [stderr]     Checking linked-hash-map v0.5.6
[INFO] [stderr]    Compiling snow v0.9.1
[INFO] [stderr]     Checking ryu v1.0.12
[INFO] [stderr]     Checking quick-error v1.2.3
[INFO] [stderr]    Compiling rustix v0.36.8
[INFO] [stderr]     Checking httpdate v1.0.2
[INFO] [stderr]     Checking try-lock v0.2.4
[INFO] [stderr]     Checking parking_lot v0.11.2
[INFO] [stderr]     Checking want v0.3.0
[INFO] [stderr]     Checking flate2 v1.0.25
[INFO] [stderr]     Checking resolv-conf v0.7.0
[INFO] [stderr]     Checking lru-cache v0.1.2
[INFO] [stderr]     Checking cipher v0.4.3
[INFO] [stderr]    Compiling mime_guess v2.0.4
[INFO] [stderr]    Compiling axum-core v0.3.2
[INFO] [stderr]    Compiling brotli-decompressor v2.3.4
[INFO] [stderr]     Checking sha1 v0.10.5
[INFO] [stderr]     Checking sha-1 v0.9.8
[INFO] [stderr]     Checking aho-corasick v0.7.20
[INFO] [stderr]    Compiling multer v2.0.4
[INFO] [stderr]     Checking linux-raw-sys v0.1.4
[INFO] [stderr]     Checking dtoa v1.0.5
[INFO] [stderr]     Checking genawaiter-macro v0.99.1
[INFO] [stderr]     Checking nohash-hasher v0.2.0
[INFO] [stderr]     Checking keccak v0.1.3
[INFO] [stderr]     Checking http-range-header v0.3.0
[INFO] [stderr]    Compiling serde_json v1.0.93
[INFO] [stderr]    Compiling same-file v1.0.6
[INFO] [stderr]     Checking utf-8 v0.7.6
[INFO] [stderr]     Checking pin-project-lite v0.1.12
[INFO] [stderr]    Compiling walkdir v2.3.2
[INFO] [stderr]     Checking sha3 v0.10.6
[INFO] [stderr]     Checking quicksink v0.1.2
[INFO] [stderr]     Checking genawaiter v0.99.1
[INFO] [stderr]    Compiling toml v0.5.11
[INFO] [stderr]    Compiling synstructure v0.12.6
[INFO] [stderr]    Compiling darling_core v0.14.3
[INFO] [stderr]    Compiling rayon v1.6.1
[INFO] [stderr]     Checking salsa20 v0.10.2
[INFO] [stderr]    Compiling axum v0.6.7
[INFO] [stderr]     Checking lru v0.8.1
[INFO] [stderr]    Compiling include_dir_macros v0.7.3
[INFO] [stderr]     Checking encoding_rs v0.8.32
[INFO] [stderr]     Checking xmlparser v0.13.5
[INFO] [stderr]     Checking spin v0.9.5
[INFO] [stderr]     Checking hex_fmt v0.3.0
[INFO] [stdout] error[E0554]: `#![feature]` may not be used on the stable release channel
[INFO] [stdout]    --> /opt/rustwide/cargo-home/registry/src/index.crates.io-6f17d22bba15001f/packed_simd_2-0.3.8/src/lib.rs:214:1
[INFO] [stdout]     |
[INFO] [stdout] 214 | / #![feature(
[INFO] [stdout] 215 | |     adt_const_params,
[INFO] [stdout] 216 | |     repr_simd,
[INFO] [stdout] 217 | |     rustc_attrs,
[INFO] [stdout] ...   |
[INFO] [stdout] 224 | |     custom_inner_attributes,
[INFO] [stdout] 225 | | )]
[INFO] [stdout]     | |__^
[INFO] [stdout] 
[INFO] [stdout] 
[INFO] [stderr]     Checking os_str_bytes v6.4.1
[INFO] [stderr]     Checking c_linked_list v1.1.1
[INFO] [stderr]     Checking overload v0.1.1
[INFO] [stderr]     Checking get_if_addrs v0.5.3
[INFO] [stderr]     Checking nu-ansi-term v0.46.0
[INFO] [stderr]     Checking clap_lex v0.3.1
[INFO] [stderr]     Checking roxmltree v0.13.1
[INFO] [stderr]     Checking hashbrown v0.13.2
[INFO] [stderr]     Checking sharded-slab v0.1.4
[INFO] [stderr]     Checking include_dir v0.7.3
[INFO] [stderr]     Checking tracing-log v0.1.3
[INFO] [stderr]     Checking thread_local v1.1.7
[INFO] [stderr]     Checking matchit v0.7.0
[INFO] [stderr]     Checking is-terminal v0.4.3
[INFO] [stderr]     Checking utf8-width v0.1.6
[INFO] [stderr]     Checking signature v2.0.0
[INFO] [stderr]     Checking sync_wrapper v0.1.2
[INFO] [stderr]     Checking unsafe-libyaml v0.2.5
[INFO] [stdout] error[E0554]: `#![feature]` may not be used on the stable release channel
[INFO] [stdout]    --> /opt/rustwide/cargo-home/registry/src/index.crates.io-6f17d22bba15001f/packed_simd_2-0.3.8/src/lib.rs:219:5
[INFO] [stdout]     |
[INFO] [stdout] 219 |     stdsimd,
[INFO] [stdout]     |     ^^^^^^^
[INFO] [stdout] 
[INFO] [stdout] 
[INFO] [stdout] error[E0554]: `#![feature]` may not be used on the stable release channel
[INFO] [stdout]    --> /opt/rustwide/cargo-home/registry/src/index.crates.io-6f17d22bba15001f/packed_simd_2-0.3.8/src/lib.rs:222:5
[INFO] [stdout]     |
[INFO] [stdout] 222 |     core_intrinsics,
[INFO] [stdout]     |     ^^^^^^^^^^^^^^^
[INFO] [stdout] 
[INFO] [stdout] 
[INFO] [stderr]     Checking termcolor v1.2.0
[INFO] [stderr]     Checking base64 v0.21.0
[INFO] [stderr]     Checking tap v1.0.1
[INFO] [stderr]     Checking byte-unit v4.0.18
[INFO] [stderr]     Checking hex v0.4.3
[INFO] [stderr]     Checking tracing-subscriber v0.3.16
[INFO] [stderr]     Checking lru v0.9.0
[INFO] [stderr]     Checking xml-rs v0.8.4
[INFO] [stderr]     Checking humantime v2.1.0
[INFO] [stderr]     Checking webpki v0.22.0
[INFO] [stderr]     Checking sct v0.7.0
[INFO] [stderr]    Compiling futures-macro v0.3.26
[INFO] [stderr]    Compiling thiserror-impl v1.0.38
[INFO] [stderr]    Compiling prost-derive v0.11.6
[INFO] [stderr]    Compiling tokio-macros v1.8.2
[INFO] [stderr]    Compiling zeroize_derive v1.3.3
[INFO] [stderr]    Compiling pin-project-internal v1.0.12
[INFO] [stderr]    Compiling data-encoding-macro-internal v0.1.10
[INFO] [stderr]    Compiling tracing-attributes v0.1.23
[INFO] [stderr]    Compiling libp2p-swarm-derive v0.31.0
[INFO] [stdout] error: unrecognized platform-specific intrinsic function: `simd_shuffle2`
[INFO] [stdout]   --> /opt/rustwide/cargo-home/registry/src/index.crates.io-6f17d22bba15001f/packed_simd_2-0.3.8/src/codegen/llvm.rs:10:5
[INFO] [stdout]    |
[INFO] [stdout] 10 |     pub fn simd_shuffle2<T, U>(x: T, y: T, idx: [u32; 2]) -> U;
[INFO] [stdout]    |     ^^^^^^^^^^^^^^^^^^^^^^^^^^^^^^^^^^^^^^^^^^^^^^^^^^^^^^^^^^^
[INFO] [stdout] 
[INFO] [stdout] 
[INFO] [stdout] error: unrecognized platform-specific intrinsic function: `simd_shuffle4`
[INFO] [stdout]   --> /opt/rustwide/cargo-home/registry/src/index.crates.io-6f17d22bba15001f/packed_simd_2-0.3.8/src/codegen/llvm.rs:11:5
[INFO] [stdout]    |
[INFO] [stdout] 11 |     pub fn simd_shuffle4<T, U>(x: T, y: T, idx: [u32; 4]) -> U;
[INFO] [stdout]    |     ^^^^^^^^^^^^^^^^^^^^^^^^^^^^^^^^^^^^^^^^^^^^^^^^^^^^^^^^^^^
[INFO] [stdout] 
[INFO] [stdout] 
[INFO] [stdout] error: unrecognized platform-specific intrinsic function: `simd_shuffle8`
[INFO] [stdout]   --> /opt/rustwide/cargo-home/registry/src/index.crates.io-6f17d22bba15001f/packed_simd_2-0.3.8/src/codegen/llvm.rs:12:5
[INFO] [stdout]    |
[INFO] [stdout] 12 |     pub fn simd_shuffle8<T, U>(x: T, y: T, idx: [u32; 8]) -> U;
[INFO] [stdout]    |     ^^^^^^^^^^^^^^^^^^^^^^^^^^^^^^^^^^^^^^^^^^^^^^^^^^^^^^^^^^^
[INFO] [stdout] 
[INFO] [stdout] 
[INFO] [stdout] error: unrecognized platform-specific intrinsic function: `simd_shuffle16`
[INFO] [stdout]   --> /opt/rustwide/cargo-home/registry/src/index.crates.io-6f17d22bba15001f/packed_simd_2-0.3.8/src/codegen/llvm.rs:13:5
[INFO] [stdout]    |
[INFO] [stdout] 13 |     pub fn simd_shuffle16<T, U>(x: T, y: T, idx: [u32; 16]) -> U;
[INFO] [stdout]    |     ^^^^^^^^^^^^^^^^^^^^^^^^^^^^^^^^^^^^^^^^^^^^^^^^^^^^^^^^^^^^^
[INFO] [stdout] 
[INFO] [stdout] 
[INFO] [stdout] error: unrecognized platform-specific intrinsic function: `simd_shuffle32`
[INFO] [stdout]   --> /opt/rustwide/cargo-home/registry/src/index.crates.io-6f17d22bba15001f/packed_simd_2-0.3.8/src/codegen/llvm.rs:14:5
[INFO] [stdout]    |
[INFO] [stdout] 14 |     pub fn simd_shuffle32<T, U>(x: T, y: T, idx: [u32; 32]) -> U;
[INFO] [stdout]    |     ^^^^^^^^^^^^^^^^^^^^^^^^^^^^^^^^^^^^^^^^^^^^^^^^^^^^^^^^^^^^^
[INFO] [stdout] 
[INFO] [stdout] 
[INFO] [stdout] error: unrecognized platform-specific intrinsic function: `simd_shuffle64`
[INFO] [stdout]   --> /opt/rustwide/cargo-home/registry/src/index.crates.io-6f17d22bba15001f/packed_simd_2-0.3.8/src/codegen/llvm.rs:15:5
[INFO] [stdout]    |
[INFO] [stdout] 15 |     pub fn simd_shuffle64<T, U>(x: T, y: T, idx: [u32; 64]) -> U;
[INFO] [stdout]    |     ^^^^^^^^^^^^^^^^^^^^^^^^^^^^^^^^^^^^^^^^^^^^^^^^^^^^^^^^^^^^^
[INFO] [stdout] 
[INFO] [stdout] 
[INFO] [stderr]    Compiling darling_macro v0.14.3
[INFO] [stderr]    Compiling enum-as-inner v0.5.1
[INFO] [stderr]    Compiling prometheus-client-derive-text-encode v0.3.0
[INFO] [stderr]     Checking data-encoding-macro v0.1.12
[INFO] [stderr]     Checking multibase v0.9.1
[INFO] [stderr]     Checking webpki-roots v0.22.6
[INFO] [stderr]    Compiling clap_derive v4.1.0
[INFO] [stderr]    Compiling darling v0.14.3
[INFO] [stderr]    Compiling derive_builder_core v0.12.0
[INFO] [stderr]     Checking zeroize v1.5.7
[INFO] [stderr]     Checking der v0.6.1
[INFO] [stderr]     Checking curve25519-dalek v3.2.0
[INFO] [stderr]     Checking prometheus-client v0.18.1
[INFO] [stderr]     Checking tracing v0.1.37
[INFO] [stderr]     Checking x25519-dalek v1.1.1
[INFO] [stderr]    Compiling derive_builder_macro v0.12.0
[INFO] [stderr]     Checking pin-project v1.0.12
[INFO] [stderr]     Checking spki v0.6.0
[INFO] [stderr]    Compiling proc-macro-crate v1.1.3
[INFO] [stderr]     Checking netlink-packet-utils v0.5.2
[INFO] [stderr]     Checking tungstenite v0.18.0
[INFO] [stderr]     Checking pkcs8 v0.9.0
[INFO] [stderr]    Compiling prost v0.11.6
[INFO] [stderr]     Checking netlink-packet-core v0.4.2
[INFO] [stderr]     Checking sec1 v0.3.0
[INFO] [stderr]    Compiling multihash-derive v0.8.1
[INFO] [stderr]     Checking derive_builder v0.12.0
[INFO] [stderr]     Checking netlink-packet-route v0.12.0
[INFO] [stderr]     Checking futures-rustls v0.22.2
[INFO] [stderr]     Checking ed25519 v2.1.0
[INFO] [stderr]    Compiling prost-types v0.11.6
[INFO] [stderr]     Checking clap v4.1.6
[INFO] [stdout] error: aborting due to 9 previous errors
[INFO] [stdout] 
[INFO] [stdout] 
[INFO] [stdout] For more information about this error, try `rustc --explain E0554`.
[INFO] [stdout] 
[INFO] [stderr] error: could not compile `packed_simd_2` (lib) due to 10 previous errors
[INFO] [stderr] warning: build failed, waiting for other jobs to finish...
[INFO] running `Command { std: "docker" "inspect" "6c19dd128cc2a8849c3e3116b594d55c9011a7ea717546230b32b088ecec7c5b", kill_on_drop: false }`
[INFO] running `Command { std: "docker" "rm" "-f" "6c19dd128cc2a8849c3e3116b594d55c9011a7ea717546230b32b088ecec7c5b", kill_on_drop: false }`
[INFO] [stdout] 6c19dd128cc2a8849c3e3116b594d55c9011a7ea717546230b32b088ecec7c5b
[INFO] documenting Sherlock-Holo/private_share against beta-2023-12-22 for beta-1.76-rustdoc-1
[INFO] running `Command { std: "git" "clone" "/workspace/cache/git-repos/https%3A%2F%2Fgithub.com%2FSherlock-Holo%2Fprivate_share" "/workspace/builds/worker-2-tc2/source", kill_on_drop: false }`
[INFO] [stderr] Cloning into '/workspace/builds/worker-2-tc2/source'...
[INFO] [stderr] done.
[INFO] validating manifest of git repo https://github.com/Sherlock-Holo/private_share on toolchain beta-2023-12-22
[INFO] running `Command { std: CARGO_HOME="/workspace/cargo-home" RUSTUP_HOME="/workspace/rustup-home" "/workspace/cargo-home/bin/cargo" "+beta-2023-12-22" "metadata" "--manifest-path" "Cargo.toml" "--no-deps", kill_on_drop: false }`
[INFO] started tweaking git repo https://github.com/Sherlock-Holo/private_share
[INFO] finished tweaking git repo https://github.com/Sherlock-Holo/private_share
[INFO] tweaked toml for git repo https://github.com/Sherlock-Holo/private_share written to /workspace/builds/worker-2-tc2/source/Cargo.toml
[INFO] crate git repo https://github.com/Sherlock-Holo/private_share already has a lockfile, it will not be regenerated
[INFO] running `Command { std: CARGO_HOME="/workspace/cargo-home" RUSTUP_HOME="/workspace/rustup-home" "/workspace/cargo-home/bin/cargo" "+beta-2023-12-22" "fetch" "--manifest-path" "Cargo.toml", kill_on_drop: false }`
[INFO] running `Command { std: "docker" "create" "-v" "/var/lib/crater-agent-workspace/builds/worker-2-tc2/target:/opt/rustwide/target:rw,Z" "-v" "/var/lib/crater-agent-workspace/builds/worker-2-tc2/source:/opt/rustwide/workdir:ro,Z" "-v" "/var/lib/crater-agent-workspace/cargo-home:/opt/rustwide/cargo-home:ro,Z" "-v" "/var/lib/crater-agent-workspace/rustup-home:/opt/rustwide/rustup-home:ro,Z" "-e" "SOURCE_DIR=/opt/rustwide/workdir" "-e" "CARGO_TARGET_DIR=/opt/rustwide/target" "-e" "CARGO_HOME=/opt/rustwide/cargo-home" "-e" "RUSTUP_HOME=/opt/rustwide/rustup-home" "-w" "/opt/rustwide/workdir" "-m" "1610612736" "--user" "0:0" "--network" "none" "ghcr.io/rust-lang/crates-build-env/linux@sha256:2788e3201cd34a07e3172128adcd8b3090168a8e3bcc40d7c032b9dda1df7d1c" "/opt/rustwide/cargo-home/bin/cargo" "+beta-2023-12-22" "metadata" "--no-deps" "--format-version=1", kill_on_drop: false }`
[INFO] [stdout] aa090b878bd5a0b7c6d7cfa1ff9ea7483eccadef77494debb5a9a0206aa016f8
[INFO] running `Command { std: "docker" "start" "-a" "aa090b878bd5a0b7c6d7cfa1ff9ea7483eccadef77494debb5a9a0206aa016f8", kill_on_drop: false }`
[INFO] running `Command { std: "docker" "inspect" "aa090b878bd5a0b7c6d7cfa1ff9ea7483eccadef77494debb5a9a0206aa016f8", kill_on_drop: false }`
[INFO] running `Command { std: "docker" "rm" "-f" "aa090b878bd5a0b7c6d7cfa1ff9ea7483eccadef77494debb5a9a0206aa016f8", kill_on_drop: false }`
[INFO] [stdout] aa090b878bd5a0b7c6d7cfa1ff9ea7483eccadef77494debb5a9a0206aa016f8
[INFO] running `Command { std: "docker" "create" "-v" "/var/lib/crater-agent-workspace/builds/worker-2-tc2/target:/opt/rustwide/target:rw,Z" "-v" "/var/lib/crater-agent-workspace/builds/worker-2-tc2/source:/opt/rustwide/workdir:ro,Z" "-v" "/var/lib/crater-agent-workspace/cargo-home:/opt/rustwide/cargo-home:ro,Z" "-v" "/var/lib/crater-agent-workspace/rustup-home:/opt/rustwide/rustup-home:ro,Z" "-e" "SOURCE_DIR=/opt/rustwide/workdir" "-e" "CARGO_TARGET_DIR=/opt/rustwide/target" "-e" "CARGO_INCREMENTAL=0" "-e" "RUST_BACKTRACE=full" "-e" "RUSTFLAGS=--cap-lints=warn" "-e" "RUSTDOCFLAGS=--cap-lints=warn" "-e" "CARGO_HOME=/opt/rustwide/cargo-home" "-e" "RUSTUP_HOME=/opt/rustwide/rustup-home" "-w" "/opt/rustwide/workdir" "-m" "1610612736" "--user" "0:0" "--network" "none" "ghcr.io/rust-lang/crates-build-env/linux@sha256:2788e3201cd34a07e3172128adcd8b3090168a8e3bcc40d7c032b9dda1df7d1c" "/opt/rustwide/cargo-home/bin/cargo" "+beta-2023-12-22" "doc" "--frozen" "--no-deps" "--document-private-items" "--message-format=json", kill_on_drop: false }`
[INFO] [stdout] f07e79a144b5289ba309a3c4f37466df494e501f79aaa9ea9f8c0e6b0b727b85
[INFO] running `Command { std: "docker" "start" "-a" "f07e79a144b5289ba309a3c4f37466df494e501f79aaa9ea9f8c0e6b0b727b85", kill_on_drop: false }`
[INFO] [stderr]    Compiling proc-macro2 v1.0.51
[INFO] [stderr]    Compiling unicode-ident v1.0.6
[INFO] [stderr]    Compiling quote v1.0.23
[INFO] [stderr]    Compiling syn v1.0.107
[INFO] [stderr]    Compiling autocfg v1.1.0
[INFO] [stderr]    Compiling libc v0.2.139
[INFO] [stderr]     Checking cfg-if v1.0.0
[INFO] [stderr]    Compiling version_check v0.9.4
[INFO] [stderr]    Compiling memchr v2.5.0
[INFO] [stderr]    Compiling futures-core v0.3.26
[INFO] [stderr]     Checking pin-project-lite v0.2.9
[INFO] [stderr]     Checking futures-sink v0.3.26
[INFO] [stderr]    Compiling log v0.4.17
[INFO] [stderr]    Compiling futures-task v0.3.26
[INFO] [stderr]    Compiling futures-channel v0.3.26
[INFO] [stderr]    Compiling futures-util v0.3.26
[INFO] [stderr]     Checking futures-io v0.3.26
[INFO] [stderr]     Checking bytes v1.4.0
[INFO] [stderr]     Checking once_cell v1.17.1
[INFO] [stderr]     Checking pin-utils v0.1.0
[INFO] [stderr]    Compiling typenum v1.16.0
[INFO] [stderr]    Compiling anyhow v1.0.69
[INFO] [stderr]    Compiling cc v1.0.79
[INFO] [stderr]    Compiling either v1.8.1
[INFO] [stderr]    Compiling thiserror v1.0.38
[INFO] [stderr]    Compiling slab v0.4.7
[INFO] [stderr]    Compiling indexmap v1.9.2
[INFO] [stderr]    Compiling heck v0.4.1
[INFO] [stderr]    Compiling generic-array v0.14.6
[INFO] [stderr]    Compiling tokio v1.25.0
[INFO] [stderr]    Compiling itertools v0.10.5
[INFO] [stderr]    Compiling unicode-xid v0.2.4
[INFO] [stderr]    Compiling hashbrown v0.12.3
[INFO] [stderr]     Checking fnv v1.0.7
[INFO] [stderr]    Compiling prettyplease v0.1.23
[INFO] [stderr]     Checking byteorder v1.4.3
[INFO] [stderr]     Checking ppv-lite86 v0.2.17
[INFO] [stderr]    Compiling fastrand v1.9.0
[INFO] [stderr]    Compiling fixedbitset v0.4.2
[INFO] [stderr]    Compiling remove_dir_all v0.5.3
[INFO] [stderr]    Compiling regex-syntax v0.6.28
[INFO] [stderr]     Checking tinyvec_macros v0.1.1
[INFO] [stderr]     Checking cpufeatures v0.2.5
[INFO] [stderr]     Checking smallvec v1.10.0
[INFO] [stderr]    Compiling multimap v0.8.3
[INFO] [stderr]     Checking tinyvec v1.6.0
[INFO] [stderr]     Checking percent-encoding v2.2.0
[INFO] [stderr]    Compiling serde_derive v1.0.152
[INFO] [stderr]     Checking unicode-bidi v0.3.10
[INFO] [stderr]    Compiling serde v1.0.152
[INFO] [stderr]     Checking form_urlencoded v1.1.0
[INFO] [stderr]    Compiling proc-macro-error-attr v1.0.4
[INFO] [stderr]    Compiling tempfile v3.3.0
[INFO] [stderr]    Compiling which v4.4.0
[INFO] [stderr]    Compiling lock_api v0.4.9
[INFO] [stderr]    Compiling getrandom v0.1.16
[INFO] [stderr]    Compiling proc-macro-error v1.0.4
[INFO] [stderr]     Checking scopeguard v1.1.0
[INFO] [stderr]    Compiling parking_lot_core v0.9.7
[INFO] [stderr]     Checking base64ct v1.5.3
[INFO] [stderr]    Compiling sha2-asm v0.6.2
[INFO] [stderr]     Checking data-encoding v2.3.3
[INFO] [stderr]     Checking num_cpus v1.15.0
[INFO] [stderr]     Checking getrandom v0.2.8
[INFO] [stderr]     Checking socket2 v0.4.7
[INFO] [stderr]     Checking mio v0.8.6
[INFO] [stderr]    Compiling petgraph v0.6.3
[INFO] [stderr]     Checking unicode-normalization v0.1.22
[INFO] [stderr]     Checking rand_core v0.6.4
[INFO] [stderr]     Checking itoa v1.0.5
[INFO] [stderr]     Checking const-oid v0.9.1
[INFO] [stderr]     Checking rand_core v0.5.1
[INFO] [stderr]     Checking pem-rfc7468 v0.6.0
[INFO] [stderr]     Checking opaque-debug v0.3.0
[INFO] [stderr]     Checking rand_chacha v0.3.1
[INFO] [stderr]     Checking subtle v2.4.1
[INFO] [stderr]     Checking tracing-core v0.1.30
[INFO] [stderr]     Checking instant v0.1.12
[INFO] [stderr]     Checking static_assertions v1.1.0
[INFO] [stderr]     Checking parking_lot v0.12.1
[INFO] [stderr]     Checking rand_chacha v0.2.2
[INFO] [stderr]     Checking core2 v0.4.0
[INFO] [stderr]     Checking signature v1.6.4
[INFO] [stderr]     Checking base-x v0.2.11
[INFO] [stderr]     Checking rand v0.8.5
[INFO] [stderr]     Checking ed25519 v1.5.3
[INFO] [stderr]     Checking arrayref v0.3.6
[INFO] [stderr]     Checking base16ct v0.1.1
[INFO] [stderr]    Compiling ring v0.16.20
[INFO] [stderr]     Checking void v1.0.2
[INFO] [stderr]     Checking futures-timer v3.0.2
[INFO] [stderr]     Checking bs58 v0.4.0
[INFO] [stderr]     Checking asn1_der v0.7.5
[INFO] [stderr]     Checking rand v0.7.3
[INFO] [stderr]    Compiling ahash v0.7.6
[INFO] [stderr]    Compiling regex v1.7.1
[INFO] [stderr]     Checking bitflags v1.3.2
[INFO] [stderr]     Checking crypto-common v0.1.6
[INFO] [stderr]     Checking block-buffer v0.10.3
[INFO] [stderr]     Checking idna v0.3.0
[INFO] [stderr]     Checking digest v0.9.0
[INFO] [stderr]     Checking block-buffer v0.9.0
[INFO] [stderr]     Checking http v0.2.9
[INFO] [stderr]     Checking digest v0.10.6
[INFO] [stderr]    Compiling httparse v1.8.0
[INFO] [stderr]     Checking untrusted v0.7.1
[INFO] [stderr]     Checking sha2 v0.9.9
[INFO] [stderr]     Checking sha2 v0.10.6
[INFO] [stderr]    Compiling paste v1.0.11
[INFO] [stderr]     Checking spin v0.5.2
[INFO] [stderr]     Checking url v2.3.1
[INFO] [stderr]    Compiling async-trait v0.1.64
[INFO] [stderr]    Compiling crossbeam-utils v0.8.14
[INFO] [stderr]    Compiling unicase v2.6.0
[INFO] [stderr]    Compiling memoffset v0.7.1
[INFO] [stderr]    Compiling rustversion v1.0.11
[INFO] [stderr]    Compiling semver v1.0.16
[INFO] [stderr]    Compiling crossbeam-epoch v0.9.13
[INFO] [stderr]     Checking tower-service v0.3.2
[INFO] [stderr]    Compiling pkg-config v0.3.26
[INFO] [stderr]     Checking lazy_static v1.4.0
[INFO] [stderr]     Checking base64 v0.13.1
[INFO] [stderr]     Checking http-body v0.4.5
[INFO] [stderr]    Compiling ident_case v1.0.1
[INFO] [stderr]    Compiling crc32fast v1.3.2
[INFO] [stderr]    Compiling parking_lot_core v0.8.6
[INFO] [stderr]     Checking ipnet v2.7.1
[INFO] [stderr]    Compiling libm v0.1.4
[INFO] [stderr]    Compiling strsim v0.10.0
[INFO] [stderr]    Compiling rustc_version v0.4.0
[INFO] [stderr]    Compiling alloc-no-stdlib v2.0.4
[INFO] [stderr]    Compiling rustls v0.20.8
[INFO] [stderr]     Checking match_cfg v0.1.0
[INFO] [stderr]     Checking tower-layer v0.3.2
[INFO] [stderr]     Checking matches v0.1.10
[INFO] [stderr]    Compiling io-lifetimes v1.0.5
[INFO] [stderr]    Compiling rayon-core v1.10.2
[INFO] [stderr]     Checking mime v0.3.16
[INFO] [stderr]    Compiling packed_simd_2 v0.3.8
[INFO] [stderr]    Compiling libz-sys v1.1.8
[INFO] [stderr]     Checking idna v0.2.3
[INFO] [stderr]     Checking hostname v0.3.1
[INFO] [stderr]    Compiling alloc-stdlib v0.2.2
[INFO] [stderr]    Compiling crossbeam-deque v0.8.2
[INFO] [stderr]    Compiling snow v0.9.1
[INFO] [stderr]    Compiling crossbeam-channel v0.5.6
[INFO] [stderr]     Checking nix v0.24.3
[INFO] [stderr]     Checking inout v0.1.3
[INFO] [stderr]    Compiling ahash v0.8.3
[INFO] [stderr]    Compiling rustix v0.36.8
[INFO] [stderr]     Checking try-lock v0.2.4
[INFO] [stderr]     Checking httpdate v1.0.2
[INFO] [stderr]     Checking ryu v1.0.12
[INFO] [stderr]     Checking linked-hash-map v0.5.6
[INFO] [stderr]     Checking quick-error v1.2.3
[INFO] [stderr]    Compiling axum-core v0.3.2
[INFO] [stderr]     Checking resolv-conf v0.7.0
[INFO] [stderr]     Checking want v0.3.0
[INFO] [stderr]     Checking flate2 v1.0.25
[INFO] [stderr]     Checking parking_lot v0.11.2
[INFO] [stderr]     Checking cipher v0.4.3
[INFO] [stderr]    Compiling mime_guess v2.0.4
[INFO] [stderr]     Checking lru-cache v0.1.2
[INFO] [stderr]    Compiling brotli-decompressor v2.3.4
[INFO] [stderr]     Checking sha1 v0.10.5
[INFO] [stderr]     Checking sha-1 v0.9.8
[INFO] [stderr]     Checking aho-corasick v0.7.20
[INFO] [stderr]    Compiling multer v2.0.4
[INFO] [stderr]     Checking linux-raw-sys v0.1.4
[INFO] [stderr]     Checking http-range-header v0.3.0
[INFO] [stderr]     Checking genawaiter-macro v0.99.1
[INFO] [stderr]    Compiling serde_json v1.0.93
[INFO] [stderr]     Checking nohash-hasher v0.2.0
[INFO] [stderr]     Checking utf-8 v0.7.6
[INFO] [stderr]     Checking keccak v0.1.3
[INFO] [stderr]    Compiling toml v0.5.11
[INFO] [stderr]     Checking dtoa v1.0.5
[INFO] [stderr]     Checking pin-project-lite v0.1.12
[INFO] [stderr]    Compiling same-file v1.0.6
[INFO] [stderr]     Checking quicksink v0.1.2
[INFO] [stderr]     Checking sha3 v0.10.6
[INFO] [stderr]    Compiling walkdir v2.3.2
[INFO] [stderr]    Compiling rayon v1.6.1
[INFO] [stderr]     Checking genawaiter v0.99.1
[INFO] [stderr]     Checking salsa20 v0.10.2
[INFO] [stderr]    Compiling axum v0.6.7
[INFO] [stderr]     Checking lru v0.8.1
[INFO] [stderr]    Compiling include_dir_macros v0.7.3
[INFO] [stderr]     Checking encoding_rs v0.8.32
[INFO] [stderr]     Checking spin v0.9.5
[INFO] [stderr]     Checking os_str_bytes v6.4.1
[INFO] [stderr]     Checking overload v0.1.1
[INFO] [stderr]     Checking c_linked_list v1.1.1
[INFO] [stderr]     Checking hex_fmt v0.3.0
[INFO] [stderr]     Checking xmlparser v0.13.5
[INFO] [stderr]     Checking get_if_addrs v0.5.3
[INFO] [stderr]     Checking nu-ansi-term v0.46.0
[INFO] [stderr]     Checking hashbrown v0.13.2
[INFO] [stderr]    Compiling synstructure v0.12.6
[INFO] [stderr]    Compiling darling_core v0.14.3
[INFO] [stderr]     Checking include_dir v0.7.3
[INFO] [stdout] error[E0554]: `#![feature]` may not be used on the beta release channel
[INFO] [stdout]    --> /opt/rustwide/cargo-home/registry/src/index.crates.io-6f17d22bba15001f/packed_simd_2-0.3.8/src/lib.rs:214:1
[INFO] [stdout]     |
[INFO] [stdout] 214 | / #![feature(
[INFO] [stdout] 215 | |     adt_const_params,
[INFO] [stdout] 216 | |     repr_simd,
[INFO] [stdout] 217 | |     rustc_attrs,
[INFO] [stdout] ...   |
[INFO] [stdout] 224 | |     custom_inner_attributes,
[INFO] [stdout] 225 | | )]
[INFO] [stdout]     | |__^
[INFO] [stdout] 
[INFO] [stdout] 
[INFO] [stderr]     Checking roxmltree v0.13.1
[INFO] [stderr]     Checking clap_lex v0.3.1
[INFO] [stderr]     Checking sharded-slab v0.1.4
[INFO] [stderr]     Checking tracing-log v0.1.3
[INFO] [stderr]     Checking thread_local v1.1.7
[INFO] [stderr]     Checking tap v1.0.1
[INFO] [stderr]     Checking matchit v0.7.0
[INFO] [stderr]     Checking signature v2.0.0
[INFO] [stderr]     Checking unsafe-libyaml v0.2.5
[INFO] [stderr]     Checking sync_wrapper v0.1.2
[INFO] [stderr]     Checking utf8-width v0.1.6
[INFO] [stderr]     Checking base64 v0.21.0
[INFO] [stderr]     Checking is-terminal v0.4.3
[INFO] [stderr]     Checking termcolor v1.2.0
[INFO] [stderr]     Checking byte-unit v4.0.18
[INFO] [stderr]     Checking lru v0.9.0
[INFO] [stderr]     Checking humantime v2.1.0
[INFO] [stderr]     Checking xml-rs v0.8.4
[INFO] [stdout] error[E0554]: `#![feature]` may not be used on the beta release channel
[INFO] [stdout]    --> /opt/rustwide/cargo-home/registry/src/index.crates.io-6f17d22bba15001f/packed_simd_2-0.3.8/src/lib.rs:219:5
[INFO] [stdout]     |
[INFO] [stdout] 219 |     stdsimd,
[INFO] [stdout]     |     ^^^^^^^
[INFO] [stdout] 
[INFO] [stdout] 
[INFO] [stdout] error[E0554]: `#![feature]` may not be used on the beta release channel
[INFO] [stdout]    --> /opt/rustwide/cargo-home/registry/src/index.crates.io-6f17d22bba15001f/packed_simd_2-0.3.8/src/lib.rs:222:5
[INFO] [stdout]     |
[INFO] [stdout] 222 |     core_intrinsics,
[INFO] [stdout]     |     ^^^^^^^^^^^^^^^
[INFO] [stdout] 
[INFO] [stdout] 
[INFO] [stderr]     Checking hex v0.4.3
[INFO] [stderr]     Checking tracing-subscriber v0.3.16
[INFO] [stderr]     Checking webpki v0.22.0
[INFO] [stderr]     Checking sct v0.7.0
[INFO] [stderr]     Checking webpki-roots v0.22.6
[INFO] [stderr]    Compiling futures-macro v0.3.26
[INFO] [stderr]    Compiling thiserror-impl v1.0.38
[INFO] [stderr]    Compiling prost-derive v0.11.6
[INFO] [stderr]    Compiling tokio-macros v1.8.2
[INFO] [stderr]    Compiling zeroize_derive v1.3.3
[INFO] [stderr]    Compiling pin-project-internal v1.0.12
[INFO] [stderr]    Compiling data-encoding-macro-internal v0.1.10
[INFO] [stderr]    Compiling tracing-attributes v0.1.23
[INFO] [stdout] error: unrecognized platform-specific intrinsic function: `simd_shuffle2`
[INFO] [stdout]   --> /opt/rustwide/cargo-home/registry/src/index.crates.io-6f17d22bba15001f/packed_simd_2-0.3.8/src/codegen/llvm.rs:10:5
[INFO] [stdout]    |
[INFO] [stdout] 10 |     pub fn simd_shuffle2<T, U>(x: T, y: T, idx: [u32; 2]) -> U;
[INFO] [stdout]    |     ^^^^^^^^^^^^^^^^^^^^^^^^^^^^^^^^^^^^^^^^^^^^^^^^^^^^^^^^^^^
[INFO] [stdout] 
[INFO] [stdout] 
[INFO] [stdout] error: unrecognized platform-specific intrinsic function: `simd_shuffle4`
[INFO] [stdout]   --> /opt/rustwide/cargo-home/registry/src/index.crates.io-6f17d22bba15001f/packed_simd_2-0.3.8/src/codegen/llvm.rs:11:5
[INFO] [stdout]    |
[INFO] [stdout] 11 |     pub fn simd_shuffle4<T, U>(x: T, y: T, idx: [u32; 4]) -> U;
[INFO] [stdout]    |     ^^^^^^^^^^^^^^^^^^^^^^^^^^^^^^^^^^^^^^^^^^^^^^^^^^^^^^^^^^^
[INFO] [stdout] 
[INFO] [stdout] 
[INFO] [stdout] error: unrecognized platform-specific intrinsic function: `simd_shuffle8`
[INFO] [stdout]   --> /opt/rustwide/cargo-home/registry/src/index.crates.io-6f17d22bba15001f/packed_simd_2-0.3.8/src/codegen/llvm.rs:12:5
[INFO] [stdout]    |
[INFO] [stdout] 12 |     pub fn simd_shuffle8<T, U>(x: T, y: T, idx: [u32; 8]) -> U;
[INFO] [stdout]    |     ^^^^^^^^^^^^^^^^^^^^^^^^^^^^^^^^^^^^^^^^^^^^^^^^^^^^^^^^^^^
[INFO] [stdout] 
[INFO] [stdout] 
[INFO] [stdout] error: unrecognized platform-specific intrinsic function: `simd_shuffle16`
[INFO] [stdout]   --> /opt/rustwide/cargo-home/registry/src/index.crates.io-6f17d22bba15001f/packed_simd_2-0.3.8/src/codegen/llvm.rs:13:5
[INFO] [stdout]    |
[INFO] [stdout] 13 |     pub fn simd_shuffle16<T, U>(x: T, y: T, idx: [u32; 16]) -> U;
[INFO] [stdout]    |     ^^^^^^^^^^^^^^^^^^^^^^^^^^^^^^^^^^^^^^^^^^^^^^^^^^^^^^^^^^^^^
[INFO] [stdout] 
[INFO] [stdout] 
[INFO] [stdout] error: unrecognized platform-specific intrinsic function: `simd_shuffle32`
[INFO] [stdout]   --> /opt/rustwide/cargo-home/registry/src/index.crates.io-6f17d22bba15001f/packed_simd_2-0.3.8/src/codegen/llvm.rs:14:5
[INFO] [stdout]    |
[INFO] [stdout] 14 |     pub fn simd_shuffle32<T, U>(x: T, y: T, idx: [u32; 32]) -> U;
[INFO] [stdout]    |     ^^^^^^^^^^^^^^^^^^^^^^^^^^^^^^^^^^^^^^^^^^^^^^^^^^^^^^^^^^^^^
[INFO] [stdout] 
[INFO] [stdout] 
[INFO] [stdout] error: unrecognized platform-specific intrinsic function: `simd_shuffle64`
[INFO] [stdout]   --> /opt/rustwide/cargo-home/registry/src/index.crates.io-6f17d22bba15001f/packed_simd_2-0.3.8/src/codegen/llvm.rs:15:5
[INFO] [stdout]    |
[INFO] [stdout] 15 |     pub fn simd_shuffle64<T, U>(x: T, y: T, idx: [u32; 64]) -> U;
[INFO] [stdout]    |     ^^^^^^^^^^^^^^^^^^^^^^^^^^^^^^^^^^^^^^^^^^^^^^^^^^^^^^^^^^^^^
[INFO] [stdout] 
[INFO] [stdout] 
[INFO] [stderr]    Compiling libp2p-swarm-derive v0.31.0
[INFO] [stderr]    Compiling darling_macro v0.14.3
[INFO] [stderr]    Compiling enum-as-inner v0.5.1
[INFO] [stderr]    Compiling prometheus-client-derive-text-encode v0.3.0
[INFO] [stderr]     Checking data-encoding-macro v0.1.12
[INFO] [stderr]     Checking multibase v0.9.1
[INFO] [stderr]     Checking zeroize v1.5.7
[INFO] [stderr]    Compiling clap_derive v4.1.0
[INFO] [stderr]     Checking der v0.6.1
[INFO] [stderr]     Checking curve25519-dalek v3.2.0
[INFO] [stderr]    Compiling darling v0.14.3
[INFO] [stderr]    Compiling derive_builder_core v0.12.0
[INFO] [stderr]     Checking prometheus-client v0.18.1
[INFO] [stderr]     Checking pin-project v1.0.12
[INFO] [stderr]     Checking x25519-dalek v1.1.1
[INFO] [stderr]     Checking futures-rustls v0.22.2
[INFO] [stderr]     Checking spki v0.6.0
[INFO] [stderr]     Checking netlink-packet-utils v0.5.2
[INFO] [stderr]     Checking tungstenite v0.18.0
[INFO] [stderr]    Compiling derive_builder_macro v0.12.0
[INFO] [stderr]    Compiling proc-macro-crate v1.1.3
[INFO] [stderr]     Checking pkcs8 v0.9.0
[INFO] [stderr]     Checking netlink-packet-core v0.4.2
[INFO] [stderr]     Checking tracing v0.1.37
[INFO] [stderr]     Checking netlink-packet-route v0.12.0
[INFO] [stderr]     Checking sec1 v0.3.0
[INFO] [stderr]    Compiling multihash-derive v0.8.1
[INFO] [stderr]     Checking ed25519 v2.1.0
[INFO] [stderr]    Compiling prost v0.11.6
[INFO] [stderr]    Compiling prost-types v0.11.6
[INFO] [stderr]     Checking derive_builder v0.12.0
[INFO] [stderr]     Checking clap v4.1.6
[INFO] [stdout] error: aborting due to 9 previous errors
[INFO] [stdout] 
[INFO] [stdout] 
[INFO] [stdout] For more information about this error, try `rustc --explain E0554`.
[INFO] [stdout] 
[INFO] [stderr] error: could not compile `packed_simd_2` (lib) due to 10 previous errors
[INFO] [stderr] warning: build failed, waiting for other jobs to finish...
[INFO] running `Command { std: "docker" "inspect" "f07e79a144b5289ba309a3c4f37466df494e501f79aaa9ea9f8c0e6b0b727b85", kill_on_drop: false }`
[INFO] running `Command { std: "docker" "rm" "-f" "f07e79a144b5289ba309a3c4f37466df494e501f79aaa9ea9f8c0e6b0b727b85", kill_on_drop: false }`
[INFO] [stdout] f07e79a144b5289ba309a3c4f37466df494e501f79aaa9ea9f8c0e6b0b727b85
