[INFO] cloning repository https://github.com/Sherlock-Holo/mahiro
[INFO] running `Command { std: "git" "-c" "credential.helper=" "-c" "credential.helper=/workspace/cargo-home/bin/git-credential-null" "clone" "--bare" "https://github.com/Sherlock-Holo/mahiro" "/workspace/cache/git-repos/https%3A%2F%2Fgithub.com%2FSherlock-Holo%2Fmahiro", kill_on_drop: false }`
[INFO] [stderr] Cloning into bare repository '/workspace/cache/git-repos/https%3A%2F%2Fgithub.com%2FSherlock-Holo%2Fmahiro'...
[INFO] running `Command { std: "git" "rev-parse" "HEAD", kill_on_drop: false }`
[INFO] [stdout] 3c224505b989e1c43390383631339f93a4706a33
[INFO] documenting Sherlock-Holo/mahiro against 1.75.0 for beta-1.76-rustdoc-1
[INFO] running `Command { std: "git" "clone" "/workspace/cache/git-repos/https%3A%2F%2Fgithub.com%2FSherlock-Holo%2Fmahiro" "/workspace/builds/worker-2-tc1/source", kill_on_drop: false }`
[INFO] [stderr] Cloning into '/workspace/builds/worker-2-tc1/source'...
[INFO] [stderr] done.
[INFO] validating manifest of git repo https://github.com/Sherlock-Holo/mahiro on toolchain 1.75.0
[INFO] running `Command { std: CARGO_HOME="/workspace/cargo-home" RUSTUP_HOME="/workspace/rustup-home" "/workspace/cargo-home/bin/cargo" "+1.75.0" "metadata" "--manifest-path" "Cargo.toml" "--no-deps", kill_on_drop: false }`
[INFO] started tweaking git repo https://github.com/Sherlock-Holo/mahiro
[INFO] finished tweaking git repo https://github.com/Sherlock-Holo/mahiro
[INFO] tweaked toml for git repo https://github.com/Sherlock-Holo/mahiro written to /workspace/builds/worker-2-tc1/source/Cargo.toml
[INFO] crate git repo https://github.com/Sherlock-Holo/mahiro already has a lockfile, it will not be regenerated
[INFO] running `Command { std: CARGO_HOME="/workspace/cargo-home" RUSTUP_HOME="/workspace/rustup-home" "/workspace/cargo-home/bin/cargo" "+1.75.0" "fetch" "--manifest-path" "Cargo.toml", kill_on_drop: false }`
[INFO] [stderr]     Blocking waiting for file lock on package cache
[INFO] [stderr]     Updating git repository `https://github.com/aya-rs/aya`
[INFO] [stderr]     Updating crates.io index
[INFO] [stderr]     Updating git repository `https://github.com/zesterer/flume.git`
[INFO] [stderr]     Updating git repository `https://github.com/Sherlock-Holo/rust-tun.git`
[INFO] [stderr]  Downloading crates ...
[INFO] [stderr]   Downloaded quinn-udp v0.4.0
[INFO] [stderr]   Downloaded serde_with_macros v3.0.0
[INFO] [stderr]   Downloaded test-log v0.2.12
[INFO] [stderr]   Downloaded netlink-packet-route v0.17.0
[INFO] [stderr]   Downloaded allocator-api2 v0.2.15
[INFO] [stderr]   Downloaded ioctl-sys v0.6.0
[INFO] [stderr]   Downloaded netlink-packet-core v0.5.0
[INFO] [stderr]   Downloaded quinn v0.10.1
[INFO] [stderr]   Downloaded x509-parser v0.15.0
[INFO] [stderr]   Downloaded rustls-webpki v0.101.1
[INFO] [stderr]   Downloaded hyper-tungstenite v0.10.0
[INFO] [stderr]   Downloaded quinn-proto v0.10.1
[INFO] [stderr]   Downloaded netlink-packet-route v0.15.0
[INFO] [stderr]   Downloaded rustls v0.21.3
[INFO] [stderr]   Downloaded serde_with v3.0.0
[INFO] [stderr]   Downloaded rtnetlink v0.12.0
[INFO] [stderr]   Downloaded network-types v0.0.4
[INFO] [stderr]   Downloaded core-error v0.0.0
[INFO] [stderr]   Downloaded totp-rs v5.0.2
[INFO] [stderr]   Downloaded rtnetlink v0.13.0
[INFO] running `Command { std: "docker" "create" "-v" "/var/lib/crater-agent-workspace/builds/worker-2-tc1/target:/opt/rustwide/target:rw,Z" "-v" "/var/lib/crater-agent-workspace/builds/worker-2-tc1/source:/opt/rustwide/workdir:ro,Z" "-v" "/var/lib/crater-agent-workspace/cargo-home:/opt/rustwide/cargo-home:ro,Z" "-v" "/var/lib/crater-agent-workspace/rustup-home:/opt/rustwide/rustup-home:ro,Z" "-e" "SOURCE_DIR=/opt/rustwide/workdir" "-e" "CARGO_TARGET_DIR=/opt/rustwide/target" "-e" "CARGO_HOME=/opt/rustwide/cargo-home" "-e" "RUSTUP_HOME=/opt/rustwide/rustup-home" "-w" "/opt/rustwide/workdir" "-m" "1610612736" "--user" "0:0" "--network" "none" "ghcr.io/rust-lang/crates-build-env/linux@sha256:2788e3201cd34a07e3172128adcd8b3090168a8e3bcc40d7c032b9dda1df7d1c" "/opt/rustwide/cargo-home/bin/cargo" "+1.75.0" "metadata" "--no-deps" "--format-version=1", kill_on_drop: false }`
[INFO] [stdout] 2e51f72d1ea17b90a3eedf70b1104b9de5a32ba97c9250915ff1a88ad09ddc6b
[INFO] running `Command { std: "docker" "start" "-a" "2e51f72d1ea17b90a3eedf70b1104b9de5a32ba97c9250915ff1a88ad09ddc6b", kill_on_drop: false }`
[INFO] running `Command { std: "docker" "inspect" "2e51f72d1ea17b90a3eedf70b1104b9de5a32ba97c9250915ff1a88ad09ddc6b", kill_on_drop: false }`
[INFO] running `Command { std: "docker" "rm" "-f" "2e51f72d1ea17b90a3eedf70b1104b9de5a32ba97c9250915ff1a88ad09ddc6b", kill_on_drop: false }`
[INFO] [stdout] 2e51f72d1ea17b90a3eedf70b1104b9de5a32ba97c9250915ff1a88ad09ddc6b
[INFO] running `Command { std: "docker" "create" "-v" "/var/lib/crater-agent-workspace/builds/worker-2-tc1/target:/opt/rustwide/target:rw,Z" "-v" "/var/lib/crater-agent-workspace/builds/worker-2-tc1/source:/opt/rustwide/workdir:ro,Z" "-v" "/var/lib/crater-agent-workspace/cargo-home:/opt/rustwide/cargo-home:ro,Z" "-v" "/var/lib/crater-agent-workspace/rustup-home:/opt/rustwide/rustup-home:ro,Z" "-e" "SOURCE_DIR=/opt/rustwide/workdir" "-e" "CARGO_TARGET_DIR=/opt/rustwide/target" "-e" "CARGO_INCREMENTAL=0" "-e" "RUST_BACKTRACE=full" "-e" "RUSTFLAGS=--cap-lints=warn" "-e" "RUSTDOCFLAGS=--cap-lints=warn" "-e" "CARGO_HOME=/opt/rustwide/cargo-home" "-e" "RUSTUP_HOME=/opt/rustwide/rustup-home" "-w" "/opt/rustwide/workdir" "-m" "1610612736" "--user" "0:0" "--network" "none" "ghcr.io/rust-lang/crates-build-env/linux@sha256:2788e3201cd34a07e3172128adcd8b3090168a8e3bcc40d7c032b9dda1df7d1c" "/opt/rustwide/cargo-home/bin/cargo" "+1.75.0" "doc" "--frozen" "--no-deps" "--document-private-items" "--message-format=json", kill_on_drop: false }`
[INFO] [stdout] 6ed77b7a0910dc118f0f61c1d6cfb58295e100905d98615bf40bd33482bc871c
[INFO] running `Command { std: "docker" "start" "-a" "6ed77b7a0910dc118f0f61c1d6cfb58295e100905d98615bf40bd33482bc871c", kill_on_drop: false }`
[INFO] [stderr]    Compiling proc-macro2 v1.0.64
[INFO] [stderr]    Compiling thiserror v1.0.43
[INFO] [stderr]    Compiling tokio v1.29.1
[INFO] [stderr]     Checking signal-hook-registry v1.4.1
[INFO] [stderr]     Checking mio v0.8.8
[INFO] [stderr]     Checking itoa v1.0.8
[INFO] [stderr]    Compiling futures-channel v0.3.28
[INFO] [stderr]    Compiling ring v0.16.20
[INFO] [stderr]    Compiling futures-util v0.3.28
[INFO] [stderr]     Checking tracing-core v0.1.31
[INFO] [stderr]     Checking futures-io v0.3.28
[INFO] [stderr]    Compiling anyhow v1.0.71
[INFO] [stderr]     Checking getrandom v0.2.10
[INFO] [stderr]    Compiling syn v1.0.109
[INFO] [stderr]    Compiling rustls v0.21.3
[INFO] [stderr]    Compiling ahash v0.8.3
[INFO] [stderr]     Checking subtle v2.5.0
[INFO] [stderr]    Compiling time-core v0.1.1
[INFO] [stderr]     Checking http v0.2.9
[INFO] [stderr]    Compiling time-macros v0.2.10
[INFO] [stderr]     Checking digest v0.10.7
[INFO] [stderr]     Checking rand_core v0.6.4
[INFO] [stderr]     Checking smallvec v1.11.0
[INFO] [stderr]     Checking base64 v0.21.2
[INFO] [stderr]    Compiling quote v1.0.29
[INFO] [stderr]     Checking rand_chacha v0.3.1
[INFO] [stderr]    Compiling syn v2.0.25
[INFO] [stderr]     Checking rustls-pemfile v1.0.3
[INFO] [stderr]    Compiling indexmap v1.9.3
[INFO] [stderr]     Checking allocator-api2 v0.2.15
[INFO] [stderr]    Compiling rustversion v1.0.13
[INFO] [stderr]    Compiling unicode-xid v0.2.4
[INFO] [stderr]     Checking rustls-native-certs v0.6.3
[INFO] [stderr]     Checking rand v0.8.5
[INFO] [stderr]    Compiling core-error v0.0.0
[INFO] [stderr]     Checking hashbrown v0.14.0
[INFO] [stderr]    Compiling num-integer v0.1.45
[INFO] [stderr]    Compiling fnv v1.0.7
[INFO] [stderr]    Compiling strsim v0.10.0
[INFO] [stderr]    Compiling aya-bpf-cty v0.2.1 (https://github.com/aya-rs/aya?rev=5c86b7e#5c86b7ee)
[INFO] [stderr]    Compiling ident_case v1.0.1
[INFO] [stderr]     Checking is-terminal v0.4.9
[INFO] [stderr]     Checking parking_lot_core v0.9.8
[INFO] [stderr]     Checking rusticata-macros v4.1.0
[INFO] [stderr]     Checking sha1 v0.10.5
[INFO] [stderr]    Compiling num-bigint v0.4.3
[INFO] [stderr]     Checking data-encoding v2.4.0
[INFO] [stderr]    Compiling aya-bpf-bindings v0.1.0 (https://github.com/aya-rs/aya?rev=5c86b7e#5c86b7ee)
[INFO] [stderr]     Checking anstyle v1.0.1
[INFO] [stderr]    Compiling serde v1.0.171
[INFO] [stderr]     Checking want v0.3.1
[INFO] [stderr]     Checking anstream v0.3.2
[INFO] [stderr]    Compiling aya-bpf v0.1.0 (https://github.com/aya-rs/aya?rev=5c86b7e#5c86b7ee)
[INFO] [stderr]     Checking nix v0.26.2
[INFO] [stderr]     Checking time v0.3.23
[INFO] [stderr]     Checking http-body v0.4.5
[INFO] [stderr]     Checking object v0.31.1
[INFO] [stderr]    Compiling oid-registry v0.6.1
[INFO] [stderr]     Checking clap_lex v0.5.0
[INFO] [stderr]     Checking rustls-webpki v0.101.1
[INFO] [stderr]     Checking sct v0.7.0
[INFO] [stderr]     Checking webpki v0.22.0
[INFO] [stderr]    Compiling darling_core v0.20.1
[INFO] [stderr]     Checking clap_builder v4.3.11
[INFO] [stderr]     Checking parking_lot v0.12.1
[INFO] [stderr]     Checking tracing-log v0.1.3
[INFO] [stderr]     Checking sharded-slab v0.1.4
[INFO] [stderr]     Checking socket2 v0.5.3
[INFO] [stderr]    Compiling synstructure v0.12.6
[INFO] [stderr]    Compiling memoffset v0.8.0
[INFO] [stderr]     Checking thread_local v1.1.7
[INFO] [stderr]     Checking rustc-hash v1.1.0
[INFO] [stderr]     Checking equivalent v1.0.0
[INFO] [stderr]     Checking tracing-subscriber v0.3.17
[INFO] [stderr]     Checking indexmap v2.0.0
[INFO] [stderr]     Checking sha2 v0.10.7
[INFO] [stderr]     Checking spin v0.9.8
[INFO] [stderr]     Checking hmac v0.12.1
[INFO] [stderr]     Checking nanorand v0.7.0
[INFO] [stderr]     Checking ryu v1.0.14
[INFO] [stderr]     Checking ioctl-sys v0.6.0
[INFO] [stderr]     Checking urlencoding v2.1.2
[INFO] [stderr]     Checking base32 v0.4.0
[INFO] [stderr]     Checking constant_time_eq v0.2.6
[INFO] [stderr]     Checking network-types v0.0.4
[INFO] [stderr]     Checking tap v1.0.1
[INFO] [stderr]     Checking unsafe-libyaml v0.2.8
[INFO] [stderr]     Checking totp-rs v5.0.2
[INFO] [stderr]     Checking flume v0.10.14 (https://github.com/zesterer/flume.git?rev=bfa2a9b#bfa2a9bf)
[INFO] [stderr]    Compiling thiserror-impl v1.0.43
[INFO] [stderr]    Compiling tokio-macros v2.1.0
[INFO] [stderr]    Compiling futures-macro v0.3.28
[INFO] [stderr]    Compiling tracing-attributes v0.1.26
[INFO] [stderr]    Compiling num_enum_derive v0.6.1
[INFO] [stderr]    Compiling displaydoc v0.2.4
[INFO] [stderr]    Compiling darling_macro v0.20.1
[INFO] [stderr]    Compiling serde_derive v1.0.171
[INFO] [stderr]    Compiling asn1-rs-impl v0.1.0
[INFO] [stderr]    Compiling asn1-rs-derive v0.4.0
[INFO] [stderr]     Checking num_enum v0.6.1
[INFO] [stderr]     Checking netlink-packet-utils v0.5.2
[INFO] [stderr]    Compiling aya-log-common v0.1.13 (https://github.com/aya-rs/aya?rev=5c86b7e#5c86b7ee)
[INFO] [stderr]     Checking netlink-packet-core v0.7.0
[INFO] [stderr]    Compiling aya-log-parser v0.1.11-dev.0 (https://github.com/aya-rs/aya?rev=5c86b7e#5c86b7ee)
[INFO] [stderr]     Checking netlink-packet-core v0.5.0
[INFO] [stderr]     Checking aya-obj v0.1.0 (https://github.com/aya-rs/aya?rev=5c86b7e#5c86b7ee)
[INFO] [stderr]     Checking tungstenite v0.19.0
[INFO] [stderr]    Compiling darling v0.20.1
[INFO] [stderr]     Checking tracing v0.1.37
[INFO] [stderr]    Compiling pin-project-internal v1.1.2
[INFO] [stderr]    Compiling clap_derive v4.3.2
[INFO] [stderr]    Compiling aya-bpf-macros v0.1.0 (https://github.com/aya-rs/aya?rev=5c86b7e#5c86b7ee)
[INFO] [stderr]     Checking asn1-rs v0.5.2
[INFO] [stderr]     Checking quinn-udp v0.4.0
[INFO] [stderr]     Checking quinn-proto v0.10.1
[INFO] [stderr]     Checking futures-executor v0.3.28
[INFO] [stderr]     Checking futures v0.3.28
[INFO] [stderr]    Compiling serde_with_macros v3.0.0
[INFO] [stderr]     Checking pin-project v1.1.2
[INFO] [stderr]     Checking der-parser v8.2.0
[INFO] [stderr]     Checking netlink-packet-route v0.15.0
[INFO] [stderr]    Compiling aya-log-ebpf-macros v0.1.0 (https://github.com/aya-rs/aya?rev=5c86b7e#5c86b7ee)
[INFO] [stderr]     Checking tokio-util v0.7.8
[INFO] [stderr]     Checking netlink-sys v0.8.5
[INFO] [stderr]     Checking netlink-proto v0.11.2
[INFO] [stderr]     Checking h2 v0.3.20
[INFO] [stderr]     Checking tokio-rustls v0.24.1
[INFO] [stderr]     Checking tokio-tungstenite v0.19.0
[INFO] [stderr]     Checking tokio-stream v0.1.14
[INFO] [stderr]     Checking aya v0.11.0 (https://github.com/aya-rs/aya?rev=5c86b7e#5c86b7ee)
[INFO] [stderr]     Checking netlink-packet-route v0.17.0
[INFO] [stderr]     Checking clap v4.3.11
[INFO] [stderr]     Checking aya-log-ebpf v0.1.0 (https://github.com/aya-rs/aya?rev=5c86b7e#5c86b7ee)
[INFO] [stderr]     Checking tun v0.5.5 (https://github.com/Sherlock-Holo/rust-tun.git?branch=master#58b02a7d)
[INFO] [stderr]     Checking x509-parser v0.15.0
[INFO] [stderr]     Checking quinn v0.10.1
[INFO] [stderr]    Compiling derivative v2.2.0
[INFO] [stderr]     Checking rtnetlink v0.12.0
[INFO] [stdout] error[E0277]: the trait bound `RtnlMessage: netlink_packet_core::traits::NetlinkSerializable` is not satisfied
[INFO] [stdout]   --> /opt/rustwide/cargo-home/registry/src/index.crates.io-6f17d22bba15001f/rtnetlink-0.12.0/src/connection.rs:16:5
[INFO] [stdout]    |
[INFO] [stdout] 16 |     Connection<RtnlMessage>,
[INFO] [stdout]    |     ^^^^^^^^^^^^^^^^^^^^^^^ the trait `netlink_packet_core::traits::NetlinkSerializable` is not implemented for `RtnlMessage`
[INFO] [stdout]    |
[INFO] [stdout] note: required by a bound in `Connection`
[INFO] [stdout]   --> /opt/rustwide/cargo-home/registry/src/index.crates.io-6f17d22bba15001f/netlink-proto-0.11.2/src/connection.rs:38:16
[INFO] [stdout]    |
[INFO] [stdout] 36 | pub struct Connection<T, S = DefaultSocket, C = NetlinkCodec>
[INFO] [stdout]    |            ---------- required by a bound in this struct
[INFO] [stdout] 37 | where
[INFO] [stdout] 38 |     T: Debug + NetlinkSerializable + NetlinkDeserializable,
[INFO] [stdout]    |                ^^^^^^^^^^^^^^^^^^^ required by this bound in `Connection`
[INFO] [stdout] 
[INFO] [stdout] 
[INFO] [stdout] error[E0277]: the trait bound `RtnlMessage: netlink_packet_core::traits::NetlinkDeserializable` is not satisfied
[INFO] [stdout]   --> /opt/rustwide/cargo-home/registry/src/index.crates.io-6f17d22bba15001f/rtnetlink-0.12.0/src/connection.rs:16:5
[INFO] [stdout]    |
[INFO] [stdout] 16 |     Connection<RtnlMessage>,
[INFO] [stdout]    |     ^^^^^^^^^^^^^^^^^^^^^^^ the trait `netlink_packet_core::traits::NetlinkDeserializable` is not implemented for `RtnlMessage`
[INFO] [stdout]    |
[INFO] [stdout] note: required by a bound in `Connection`
[INFO] [stdout]   --> /opt/rustwide/cargo-home/registry/src/index.crates.io-6f17d22bba15001f/netlink-proto-0.11.2/src/connection.rs:38:38
[INFO] [stdout]    |
[INFO] [stdout] 36 | pub struct Connection<T, S = DefaultSocket, C = NetlinkCodec>
[INFO] [stdout]    |            ---------- required by a bound in this struct
[INFO] [stdout] 37 | where
[INFO] [stdout] 38 |     T: Debug + NetlinkSerializable + NetlinkDeserializable,
[INFO] [stdout]    |                                      ^^^^^^^^^^^^^^^^^^^^^ required by this bound in `Connection`
[INFO] [stdout] 
[INFO] [stdout] 
[INFO] [stdout] error[E0277]: the trait bound `RtnlMessage: netlink_packet_core::traits::NetlinkSerializable` is not satisfied
[INFO] [stdout]   --> /opt/rustwide/cargo-home/registry/src/index.crates.io-6f17d22bba15001f/rtnetlink-0.12.0/src/connection.rs:25:5
[INFO] [stdout]    |
[INFO] [stdout] 25 |     Connection<RtnlMessage, S>,
[INFO] [stdout]    |     ^^^^^^^^^^^^^^^^^^^^^^^^^^ the trait `netlink_packet_core::traits::NetlinkSerializable` is not implemented for `RtnlMessage`
[INFO] [stdout]    |
[INFO] [stdout] note: required by a bound in `Connection`
[INFO] [stdout]   --> /opt/rustwide/cargo-home/registry/src/index.crates.io-6f17d22bba15001f/netlink-proto-0.11.2/src/connection.rs:38:16
[INFO] [stdout]    |
[INFO] [stdout] 36 | pub struct Connection<T, S = DefaultSocket, C = NetlinkCodec>
[INFO] [stdout]    |            ---------- required by a bound in this struct
[INFO] [stdout] 37 | where
[INFO] [stdout] 38 |     T: Debug + NetlinkSerializable + NetlinkDeserializable,
[INFO] [stdout]    |                ^^^^^^^^^^^^^^^^^^^ required by this bound in `Connection`
[INFO] [stdout] 
[INFO] [stdout] 
[INFO] [stdout] error[E0277]: the trait bound `RtnlMessage: netlink_packet_core::traits::NetlinkDeserializable` is not satisfied
[INFO] [stdout]   --> /opt/rustwide/cargo-home/registry/src/index.crates.io-6f17d22bba15001f/rtnetlink-0.12.0/src/connection.rs:25:5
[INFO] [stdout]    |
[INFO] [stdout] 25 |     Connection<RtnlMessage, S>,
[INFO] [stdout]    |     ^^^^^^^^^^^^^^^^^^^^^^^^^^ the trait `netlink_packet_core::traits::NetlinkDeserializable` is not implemented for `RtnlMessage`
[INFO] [stdout]    |
[INFO] [stdout] note: required by a bound in `Connection`
[INFO] [stdout]   --> /opt/rustwide/cargo-home/registry/src/index.crates.io-6f17d22bba15001f/netlink-proto-0.11.2/src/connection.rs:38:38
[INFO] [stdout]    |
[INFO] [stdout] 36 | pub struct Connection<T, S = DefaultSocket, C = NetlinkCodec>
[INFO] [stdout]    |            ---------- required by a bound in this struct
[INFO] [stdout] 37 | where
[INFO] [stdout] 38 |     T: Debug + NetlinkSerializable + NetlinkDeserializable,
[INFO] [stdout]    |                                      ^^^^^^^^^^^^^^^^^^^^^ required by this bound in `Connection`
[INFO] [stdout] 
[INFO] [stdout] 
[INFO] [stderr]     Checking dashmap v5.4.0
[INFO] [stdout] error[E0308]: mismatched types
[INFO] [stdout]   --> /opt/rustwide/cargo-home/registry/src/index.crates.io-6f17d22bba15001f/rtnetlink-0.12.0/src/handle.rs:27:22
[INFO] [stdout]    |
[INFO] [stdout] 27 |             .request(message, SocketAddr::new(0, 0))
[INFO] [stdout]    |              ------- ^^^^^^^ expected `NetlinkMessage<RtnlMessage>`, found a different `NetlinkMessage<RtnlMessage>`
[INFO] [stdout]    |              |
[INFO] [stdout]    |              arguments to this method are incorrect
[INFO] [stdout]    |
[INFO] [stdout]    = note: `NetlinkMessage<RtnlMessage>` and `NetlinkMessage<RtnlMessage>` have similar names, but are actually distinct types
[INFO] [stdout] note: `NetlinkMessage<RtnlMessage>` is defined in crate `netlink_packet_core`
[INFO] [stdout]   --> /opt/rustwide/cargo-home/registry/src/index.crates.io-6f17d22bba15001f/netlink-packet-core-0.5.0/src/message.rs:18:1
[INFO] [stdout]    |
[INFO] [stdout] 18 | pub struct NetlinkMessage<I> {
[INFO] [stdout]    | ^^^^^^^^^^^^^^^^^^^^^^^^^^^^
[INFO] [stdout] note: `NetlinkMessage<RtnlMessage>` is defined in crate `netlink_packet_core`
[INFO] [stdout]   --> /opt/rustwide/cargo-home/registry/src/index.crates.io-6f17d22bba15001f/netlink-packet-core-0.7.0/src/message.rs:18:1
[INFO] [stdout]    |
[INFO] [stdout] 18 | pub struct NetlinkMessage<I> {
[INFO] [stdout]    | ^^^^^^^^^^^^^^^^^^^^^^^^^^^^
[INFO] [stdout]    = note: perhaps two different versions of crate `netlink_packet_core` are being used?
[INFO] [stdout] note: method defined here
[INFO] [stdout]   --> /opt/rustwide/cargo-home/registry/src/index.crates.io-6f17d22bba15001f/netlink-proto-0.11.2/src/handle.rs:37:12
[INFO] [stdout]    |
[INFO] [stdout] 37 |     pub fn request(
[INFO] [stdout]    |            ^^^^^^^
[INFO] [stdout] 
[INFO] [stdout] 
[INFO] [stdout] error[E0271]: type mismatch resolving `<impl Stream<Item = NetlinkMessage<RtnlMessage>> as Stream>::Item == NetlinkMessage<RtnlMessage>`
[INFO] [stdout]   --> /opt/rustwide/cargo-home/registry/src/index.crates.io-6f17d22bba15001f/rtnetlink-0.12.0/src/handle.rs:25:17
[INFO] [stdout]    |
[INFO] [stdout] 25 |       ) -> Result<impl Stream<Item = NetlinkMessage<RtnlMessage>>, Error> {
[INFO] [stdout]    |                   ^^^^^^^^^^^^^^^^^^^^^^^^^^^^^^^^^^^^^^^^^^^^^^^ expected `NetlinkMessage<RtnlMessage>`, found a different `NetlinkMessage<RtnlMessage>`
[INFO] [stdout] 26 | /         self.0
[INFO] [stdout] 27 | |             .request(message, SocketAddr::new(0, 0))
[INFO] [stdout] 28 | |             .map_err(|_| Error::RequestFailed)
[INFO] [stdout]    | |______________________________________________- return type was inferred to be `Result<impl Stream<Item = NetlinkMessage<RtnlMessage>>, Error>` here
[INFO] [stdout]    |
[INFO] [stdout]    = note: `NetlinkMessage<RtnlMessage>` and `NetlinkMessage<RtnlMessage>` have similar names, but are actually distinct types
[INFO] [stdout] note: `NetlinkMessage<RtnlMessage>` is defined in crate `netlink_packet_core`
[INFO] [stdout]   --> /opt/rustwide/cargo-home/registry/src/index.crates.io-6f17d22bba15001f/netlink-packet-core-0.5.0/src/message.rs:18:1
[INFO] [stdout]    |
[INFO] [stdout] 18 | pub struct NetlinkMessage<I> {
[INFO] [stdout]    | ^^^^^^^^^^^^^^^^^^^^^^^^^^^^
[INFO] [stdout] note: `NetlinkMessage<RtnlMessage>` is defined in crate `netlink_packet_core`
[INFO] [stdout]   --> /opt/rustwide/cargo-home/registry/src/index.crates.io-6f17d22bba15001f/netlink-packet-core-0.7.0/src/message.rs:18:1
[INFO] [stdout]    |
[INFO] [stdout] 18 | pub struct NetlinkMessage<I> {
[INFO] [stdout]    | ^^^^^^^^^^^^^^^^^^^^^^^^^^^^
[INFO] [stdout]    = note: perhaps two different versions of crate `netlink_packet_core` are being used?
[INFO] [stdout] 
[INFO] [stdout] 
[INFO] [stdout] error: aborting due to 6 previous errors
[INFO] [stdout] 
[INFO] [stdout] 
[INFO] [stdout] Some errors have detailed explanations: E0271, E0277, E0308.
[INFO] [stdout] 
[INFO] [stdout] For more information about an error, try `rustc --explain E0271`.
[INFO] [stdout] 
[INFO] [stderr] error: could not compile `rtnetlink` (lib) due to 7 previous errors
[INFO] [stderr] warning: build failed, waiting for other jobs to finish...
[INFO] running `Command { std: "docker" "inspect" "6ed77b7a0910dc118f0f61c1d6cfb58295e100905d98615bf40bd33482bc871c", kill_on_drop: false }`
[INFO] running `Command { std: "docker" "rm" "-f" "6ed77b7a0910dc118f0f61c1d6cfb58295e100905d98615bf40bd33482bc871c", kill_on_drop: false }`
[INFO] [stdout] 6ed77b7a0910dc118f0f61c1d6cfb58295e100905d98615bf40bd33482bc871c
[INFO] documenting Sherlock-Holo/mahiro against beta-2023-12-22 for beta-1.76-rustdoc-1
[INFO] running `Command { std: "git" "clone" "/workspace/cache/git-repos/https%3A%2F%2Fgithub.com%2FSherlock-Holo%2Fmahiro" "/workspace/builds/worker-2-tc2/source", kill_on_drop: false }`
[INFO] [stderr] Cloning into '/workspace/builds/worker-2-tc2/source'...
[INFO] [stderr] done.
[INFO] validating manifest of git repo https://github.com/Sherlock-Holo/mahiro on toolchain beta-2023-12-22
[INFO] running `Command { std: CARGO_HOME="/workspace/cargo-home" RUSTUP_HOME="/workspace/rustup-home" "/workspace/cargo-home/bin/cargo" "+beta-2023-12-22" "metadata" "--manifest-path" "Cargo.toml" "--no-deps", kill_on_drop: false }`
[INFO] started tweaking git repo https://github.com/Sherlock-Holo/mahiro
[INFO] finished tweaking git repo https://github.com/Sherlock-Holo/mahiro
[INFO] tweaked toml for git repo https://github.com/Sherlock-Holo/mahiro written to /workspace/builds/worker-2-tc2/source/Cargo.toml
[INFO] crate git repo https://github.com/Sherlock-Holo/mahiro already has a lockfile, it will not be regenerated
[INFO] running `Command { std: CARGO_HOME="/workspace/cargo-home" RUSTUP_HOME="/workspace/rustup-home" "/workspace/cargo-home/bin/cargo" "+beta-2023-12-22" "fetch" "--manifest-path" "Cargo.toml", kill_on_drop: false }`
[INFO] running `Command { std: "docker" "create" "-v" "/var/lib/crater-agent-workspace/builds/worker-2-tc2/target:/opt/rustwide/target:rw,Z" "-v" "/var/lib/crater-agent-workspace/builds/worker-2-tc2/source:/opt/rustwide/workdir:ro,Z" "-v" "/var/lib/crater-agent-workspace/cargo-home:/opt/rustwide/cargo-home:ro,Z" "-v" "/var/lib/crater-agent-workspace/rustup-home:/opt/rustwide/rustup-home:ro,Z" "-e" "SOURCE_DIR=/opt/rustwide/workdir" "-e" "CARGO_TARGET_DIR=/opt/rustwide/target" "-e" "CARGO_HOME=/opt/rustwide/cargo-home" "-e" "RUSTUP_HOME=/opt/rustwide/rustup-home" "-w" "/opt/rustwide/workdir" "-m" "1610612736" "--user" "0:0" "--network" "none" "ghcr.io/rust-lang/crates-build-env/linux@sha256:2788e3201cd34a07e3172128adcd8b3090168a8e3bcc40d7c032b9dda1df7d1c" "/opt/rustwide/cargo-home/bin/cargo" "+beta-2023-12-22" "metadata" "--no-deps" "--format-version=1", kill_on_drop: false }`
[INFO] [stdout] 8b95867f0128d79594baf61bc501ec7cd07867fc7e6c0aacf21bd4d9d1321756
[INFO] running `Command { std: "docker" "start" "-a" "8b95867f0128d79594baf61bc501ec7cd07867fc7e6c0aacf21bd4d9d1321756", kill_on_drop: false }`
[INFO] running `Command { std: "docker" "inspect" "8b95867f0128d79594baf61bc501ec7cd07867fc7e6c0aacf21bd4d9d1321756", kill_on_drop: false }`
[INFO] running `Command { std: "docker" "rm" "-f" "8b95867f0128d79594baf61bc501ec7cd07867fc7e6c0aacf21bd4d9d1321756", kill_on_drop: false }`
[INFO] [stdout] 8b95867f0128d79594baf61bc501ec7cd07867fc7e6c0aacf21bd4d9d1321756
[INFO] running `Command { std: "docker" "create" "-v" "/var/lib/crater-agent-workspace/builds/worker-2-tc2/target:/opt/rustwide/target:rw,Z" "-v" "/var/lib/crater-agent-workspace/builds/worker-2-tc2/source:/opt/rustwide/workdir:ro,Z" "-v" "/var/lib/crater-agent-workspace/cargo-home:/opt/rustwide/cargo-home:ro,Z" "-v" "/var/lib/crater-agent-workspace/rustup-home:/opt/rustwide/rustup-home:ro,Z" "-e" "SOURCE_DIR=/opt/rustwide/workdir" "-e" "CARGO_TARGET_DIR=/opt/rustwide/target" "-e" "CARGO_INCREMENTAL=0" "-e" "RUST_BACKTRACE=full" "-e" "RUSTFLAGS=--cap-lints=warn" "-e" "RUSTDOCFLAGS=--cap-lints=warn" "-e" "CARGO_HOME=/opt/rustwide/cargo-home" "-e" "RUSTUP_HOME=/opt/rustwide/rustup-home" "-w" "/opt/rustwide/workdir" "-m" "1610612736" "--user" "0:0" "--network" "none" "ghcr.io/rust-lang/crates-build-env/linux@sha256:2788e3201cd34a07e3172128adcd8b3090168a8e3bcc40d7c032b9dda1df7d1c" "/opt/rustwide/cargo-home/bin/cargo" "+beta-2023-12-22" "doc" "--frozen" "--no-deps" "--document-private-items" "--message-format=json", kill_on_drop: false }`
[INFO] [stdout] 2beef5a0336193a2ddad4dfa6180763ee9e2f551f654dea2b0ecaec51a7aa67b
[INFO] running `Command { std: "docker" "start" "-a" "2beef5a0336193a2ddad4dfa6180763ee9e2f551f654dea2b0ecaec51a7aa67b", kill_on_drop: false }`
[INFO] [stderr]    Compiling proc-macro2 v1.0.64
[INFO] [stderr]    Compiling thiserror v1.0.43
[INFO] [stderr]    Compiling tokio v1.29.1
[INFO] [stderr]     Checking mio v0.8.8
[INFO] [stderr]     Checking signal-hook-registry v1.4.1
[INFO] [stderr]     Checking itoa v1.0.8
[INFO] [stderr]    Compiling futures-channel v0.3.28
[INFO] [stderr]    Compiling ring v0.16.20
[INFO] [stderr]    Compiling futures-util v0.3.28
[INFO] [stderr]     Checking tracing-core v0.1.31
[INFO] [stderr]     Checking futures-io v0.3.28
[INFO] [stderr]    Compiling anyhow v1.0.71
[INFO] [stderr]     Checking getrandom v0.2.10
[INFO] [stderr]    Compiling syn v1.0.109
[INFO] [stderr]    Compiling rustls v0.21.3
[INFO] [stderr]    Compiling ahash v0.8.3
[INFO] [stderr]     Checking subtle v2.5.0
[INFO] [stderr]    Compiling time-core v0.1.1
[INFO] [stderr]     Checking digest v0.10.7
[INFO] [stderr]    Compiling time-macros v0.2.10
[INFO] [stderr]     Checking http v0.2.9
[INFO] [stderr]     Checking rand_core v0.6.4
[INFO] [stderr]    Compiling quote v1.0.29
[INFO] [stderr]     Checking base64 v0.21.2
[INFO] [stderr]    Compiling syn v2.0.25
[INFO] [stderr]     Checking smallvec v1.11.0
[INFO] [stderr]     Checking rand_chacha v0.3.1
[INFO] [stderr]     Checking rustls-pemfile v1.0.3
[INFO] [stderr]    Compiling indexmap v1.9.3
[INFO] [stderr]    Compiling unicode-xid v0.2.4
[INFO] [stderr]     Checking allocator-api2 v0.2.15
[INFO] [stderr]    Compiling rustversion v1.0.13
[INFO] [stderr]     Checking rustls-native-certs v0.6.3
[INFO] [stderr]     Checking rand v0.8.5
[INFO] [stderr]    Compiling core-error v0.0.0
[INFO] [stderr]     Checking hashbrown v0.14.0
[INFO] [stderr]    Compiling num-integer v0.1.45
[INFO] [stderr]    Compiling ident_case v1.0.1
[INFO] [stderr]    Compiling strsim v0.10.0
[INFO] [stderr]    Compiling aya-bpf-cty v0.2.1 (https://github.com/aya-rs/aya?rev=5c86b7e#5c86b7ee)
[INFO] [stderr]    Compiling fnv v1.0.7
[INFO] [stderr]     Checking is-terminal v0.4.9
[INFO] [stderr]     Checking parking_lot_core v0.9.8
[INFO] [stderr]     Checking rusticata-macros v4.1.0
[INFO] [stderr]     Checking time v0.3.23
[INFO] [stderr]     Checking sha1 v0.10.5
[INFO] [stderr]    Compiling num-bigint v0.4.3
[INFO] [stderr]    Compiling serde v1.0.171
[INFO] [stderr]     Checking data-encoding v2.4.0
[INFO] [stderr]    Compiling aya-bpf-bindings v0.1.0 (https://github.com/aya-rs/aya?rev=5c86b7e#5c86b7ee)
[INFO] [stderr]     Checking anstyle v1.0.1
[INFO] [stderr]     Checking anstream v0.3.2
[INFO] [stderr]     Checking nix v0.26.2
[INFO] [stderr]     Checking want v0.3.1
[INFO] [stderr]    Compiling aya-bpf v0.1.0 (https://github.com/aya-rs/aya?rev=5c86b7e#5c86b7ee)
[INFO] [stderr]     Checking http-body v0.4.5
[INFO] [stderr]     Checking object v0.31.1
[INFO] [stderr]     Checking clap_lex v0.5.0
[INFO] [stderr]    Compiling oid-registry v0.6.1
[INFO] [stderr]     Checking sct v0.7.0
[INFO] [stderr]     Checking rustls-webpki v0.101.1
[INFO] [stderr]     Checking webpki v0.22.0
[INFO] [stderr]     Checking clap_builder v4.3.11
[INFO] [stderr]    Compiling darling_core v0.20.1
[INFO] [stderr]    Compiling synstructure v0.12.6
[INFO] [stderr]     Checking parking_lot v0.12.1
[INFO] [stderr]     Checking sharded-slab v0.1.4
[INFO] [stderr]     Checking tracing-log v0.1.3
[INFO] [stderr]     Checking socket2 v0.5.3
[INFO] [stderr]     Checking thread_local v1.1.7
[INFO] [stderr]    Compiling memoffset v0.8.0
[INFO] [stderr]     Checking equivalent v1.0.0
[INFO] [stderr]     Checking rustc-hash v1.1.0
[INFO] [stderr]     Checking indexmap v2.0.0
[INFO] [stderr]     Checking tracing-subscriber v0.3.17
[INFO] [stderr]     Checking sha2 v0.10.7
[INFO] [stderr]     Checking spin v0.9.8
[INFO] [stderr]     Checking hmac v0.12.1
[INFO] [stderr]     Checking nanorand v0.7.0
[INFO] [stderr]     Checking urlencoding v2.1.2
[INFO] [stderr]     Checking base32 v0.4.0
[INFO] [stderr]     Checking unsafe-libyaml v0.2.8
[INFO] [stderr]     Checking ioctl-sys v0.6.0
[INFO] [stderr]     Checking network-types v0.0.4
[INFO] [stderr]     Checking constant_time_eq v0.2.6
[INFO] [stderr]     Checking tap v1.0.1
[INFO] [stderr]     Checking ryu v1.0.14
[INFO] [stderr]     Checking flume v0.10.14 (https://github.com/zesterer/flume.git?rev=bfa2a9b#bfa2a9bf)
[INFO] [stderr]     Checking totp-rs v5.0.2
[INFO] [stderr]     Checking dashmap v5.4.0
[INFO] [stderr]     Checking either v1.8.1
[INFO] [stderr]     Checking cidr v0.2.2
[INFO] [stderr]     Checking ipnet v2.8.0
[INFO] [stderr]    Compiling thiserror-impl v1.0.43
[INFO] [stderr]    Compiling tokio-macros v2.1.0
[INFO] [stderr]    Compiling futures-macro v0.3.28
[INFO] [stderr]    Compiling tracing-attributes v0.1.26
[INFO] [stderr]    Compiling num_enum_derive v0.6.1
[INFO] [stderr]    Compiling displaydoc v0.2.4
[INFO] [stderr]    Compiling serde_derive v1.0.171
[INFO] [stderr]    Compiling asn1-rs-impl v0.1.0
[INFO] [stderr]    Compiling asn1-rs-derive v0.4.0
[INFO] [stderr]    Compiling darling_macro v0.20.1
[INFO] [stderr]     Checking num_enum v0.6.1
[INFO] [stderr]    Compiling aya-log-common v0.1.13 (https://github.com/aya-rs/aya?rev=5c86b7e#5c86b7ee)
[INFO] [stderr]    Compiling aya-log-parser v0.1.11-dev.0 (https://github.com/aya-rs/aya?rev=5c86b7e#5c86b7ee)
[INFO] [stderr]    Compiling darling v0.20.1
[INFO] [stderr]    Compiling pin-project-internal v1.1.2
[INFO] [stderr]    Compiling aya-bpf-macros v0.1.0 (https://github.com/aya-rs/aya?rev=5c86b7e#5c86b7ee)
[INFO] [stderr]     Checking tracing v0.1.37
[INFO] [stderr]    Compiling clap_derive v4.3.2
[INFO] [stderr]     Checking netlink-packet-utils v0.5.2
[INFO] [stderr]     Checking netlink-packet-core v0.7.0
[INFO] [stderr]     Checking asn1-rs v0.5.2
[INFO] [stderr]     Checking netlink-packet-core v0.5.0
[INFO] [stderr]     Checking tungstenite v0.19.0
[INFO] [stderr]     Checking aya-obj v0.1.0 (https://github.com/aya-rs/aya?rev=5c86b7e#5c86b7ee)
[INFO] [stderr]     Checking der-parser v8.2.0
[INFO] [stderr]     Checking netlink-packet-route v0.15.0
[INFO] [stderr]     Checking pin-project v1.1.2
[INFO] [stderr]     Checking netlink-packet-route v0.17.0
[INFO] [stderr]     Checking quinn-udp v0.4.0
[INFO] [stderr]     Checking quinn-proto v0.10.1
[INFO] [stderr]    Compiling serde_with_macros v3.0.0
[INFO] [stderr]     Checking futures-executor v0.3.28
[INFO] [stderr]     Checking tokio-util v0.7.8
[INFO] [stderr]     Checking futures v0.3.28
[INFO] [stderr]     Checking netlink-sys v0.8.5
[INFO] [stderr]     Checking tokio-rustls v0.24.1
[INFO] [stderr]     Checking netlink-proto v0.11.2
[INFO] [stderr]     Checking h2 v0.3.20
[INFO] [stderr]     Checking clap v4.3.11
[INFO] [stderr]     Checking tokio-tungstenite v0.19.0
[INFO] [stderr]     Checking tokio-stream v0.1.14
[INFO] [stderr]     Checking aya v0.11.0 (https://github.com/aya-rs/aya?rev=5c86b7e#5c86b7ee)
[INFO] [stderr]    Compiling aya-log-ebpf-macros v0.1.0 (https://github.com/aya-rs/aya?rev=5c86b7e#5c86b7ee)
[INFO] [stderr]     Checking rtnetlink v0.12.0
[INFO] [stderr]     Checking tun v0.5.5 (https://github.com/Sherlock-Holo/rust-tun.git?branch=master#58b02a7d)
[INFO] [stdout] error[E0277]: the trait bound `RtnlMessage: netlink_packet_core::traits::NetlinkSerializable` is not satisfied
[INFO] [stdout]   --> /opt/rustwide/cargo-home/registry/src/index.crates.io-6f17d22bba15001f/rtnetlink-0.12.0/src/connection.rs:16:5
[INFO] [stdout]    |
[INFO] [stdout] 16 |     Connection<RtnlMessage>,
[INFO] [stdout]    |     ^^^^^^^^^^^^^^^^^^^^^^^ the trait `netlink_packet_core::traits::NetlinkSerializable` is not implemented for `RtnlMessage`
[INFO] [stdout]    |
[INFO] [stdout] note: required by a bound in `Connection`
[INFO] [stdout]   --> /opt/rustwide/cargo-home/registry/src/index.crates.io-6f17d22bba15001f/netlink-proto-0.11.2/src/connection.rs:38:16
[INFO] [stdout]    |
[INFO] [stdout] 36 | pub struct Connection<T, S = DefaultSocket, C = NetlinkCodec>
[INFO] [stdout]    |            ---------- required by a bound in this struct
[INFO] [stdout] 37 | where
[INFO] [stdout] 38 |     T: Debug + NetlinkSerializable + NetlinkDeserializable,
[INFO] [stdout]    |                ^^^^^^^^^^^^^^^^^^^ required by this bound in `Connection`
[INFO] [stdout] 
[INFO] [stdout] 
[INFO] [stdout] error[E0277]: the trait bound `RtnlMessage: netlink_packet_core::traits::NetlinkDeserializable` is not satisfied
[INFO] [stdout]   --> /opt/rustwide/cargo-home/registry/src/index.crates.io-6f17d22bba15001f/rtnetlink-0.12.0/src/connection.rs:16:5
[INFO] [stdout]    |
[INFO] [stdout] 16 |     Connection<RtnlMessage>,
[INFO] [stdout]    |     ^^^^^^^^^^^^^^^^^^^^^^^ the trait `netlink_packet_core::traits::NetlinkDeserializable` is not implemented for `RtnlMessage`
[INFO] [stdout]    |
[INFO] [stdout] note: required by a bound in `Connection`
[INFO] [stdout]   --> /opt/rustwide/cargo-home/registry/src/index.crates.io-6f17d22bba15001f/netlink-proto-0.11.2/src/connection.rs:38:38
[INFO] [stdout]    |
[INFO] [stdout] 36 | pub struct Connection<T, S = DefaultSocket, C = NetlinkCodec>
[INFO] [stdout]    |            ---------- required by a bound in this struct
[INFO] [stdout] 37 | where
[INFO] [stdout] 38 |     T: Debug + NetlinkSerializable + NetlinkDeserializable,
[INFO] [stdout]    |                                      ^^^^^^^^^^^^^^^^^^^^^ required by this bound in `Connection`
[INFO] [stdout] 
[INFO] [stdout] 
[INFO] [stdout] error[E0277]: the trait bound `RtnlMessage: netlink_packet_core::traits::NetlinkSerializable` is not satisfied
[INFO] [stdout]   --> /opt/rustwide/cargo-home/registry/src/index.crates.io-6f17d22bba15001f/rtnetlink-0.12.0/src/connection.rs:25:5
[INFO] [stdout]    |
[INFO] [stdout] 25 |     Connection<RtnlMessage, S>,
[INFO] [stdout]    |     ^^^^^^^^^^^^^^^^^^^^^^^^^^ the trait `netlink_packet_core::traits::NetlinkSerializable` is not implemented for `RtnlMessage`
[INFO] [stdout]    |
[INFO] [stdout] note: required by a bound in `Connection`
[INFO] [stdout]   --> /opt/rustwide/cargo-home/registry/src/index.crates.io-6f17d22bba15001f/netlink-proto-0.11.2/src/connection.rs:38:16
[INFO] [stdout]    |
[INFO] [stdout] 36 | pub struct Connection<T, S = DefaultSocket, C = NetlinkCodec>
[INFO] [stdout]    |            ---------- required by a bound in this struct
[INFO] [stdout] 37 | where
[INFO] [stdout] 38 |     T: Debug + NetlinkSerializable + NetlinkDeserializable,
[INFO] [stdout]    |                ^^^^^^^^^^^^^^^^^^^ required by this bound in `Connection`
[INFO] [stdout] 
[INFO] [stdout] 
[INFO] [stdout] error[E0277]: the trait bound `RtnlMessage: netlink_packet_core::traits::NetlinkDeserializable` is not satisfied
[INFO] [stdout]   --> /opt/rustwide/cargo-home/registry/src/index.crates.io-6f17d22bba15001f/rtnetlink-0.12.0/src/connection.rs:25:5
[INFO] [stdout]    |
[INFO] [stdout] 25 |     Connection<RtnlMessage, S>,
[INFO] [stdout]    |     ^^^^^^^^^^^^^^^^^^^^^^^^^^ the trait `netlink_packet_core::traits::NetlinkDeserializable` is not implemented for `RtnlMessage`
[INFO] [stdout]    |
[INFO] [stdout] note: required by a bound in `Connection`
[INFO] [stdout]   --> /opt/rustwide/cargo-home/registry/src/index.crates.io-6f17d22bba15001f/netlink-proto-0.11.2/src/connection.rs:38:38
[INFO] [stdout]    |
[INFO] [stdout] 36 | pub struct Connection<T, S = DefaultSocket, C = NetlinkCodec>
[INFO] [stdout]    |            ---------- required by a bound in this struct
[INFO] [stdout] 37 | where
[INFO] [stdout] 38 |     T: Debug + NetlinkSerializable + NetlinkDeserializable,
[INFO] [stdout]    |                                      ^^^^^^^^^^^^^^^^^^^^^ required by this bound in `Connection`
[INFO] [stdout] 
[INFO] [stdout] 
[INFO] [stdout] error[E0308]: mismatched types
[INFO] [stdout]   --> /opt/rustwide/cargo-home/registry/src/index.crates.io-6f17d22bba15001f/rtnetlink-0.12.0/src/handle.rs:27:22
[INFO] [stdout]    |
[INFO] [stdout] 27 |             .request(message, SocketAddr::new(0, 0))
[INFO] [stdout]    |              ------- ^^^^^^^ expected `NetlinkMessage<RtnlMessage>`, found a different `NetlinkMessage<RtnlMessage>`
[INFO] [stdout]    |              |
[INFO] [stdout]    |              arguments to this method are incorrect
[INFO] [stdout]    |
[INFO] [stdout]    = note: `NetlinkMessage<RtnlMessage>` and `NetlinkMessage<RtnlMessage>` have similar names, but are actually distinct types
[INFO] [stdout] note: `NetlinkMessage<RtnlMessage>` is defined in crate `netlink_packet_core`
[INFO] [stdout]   --> /opt/rustwide/cargo-home/registry/src/index.crates.io-6f17d22bba15001f/netlink-packet-core-0.5.0/src/message.rs:18:1
[INFO] [stdout]    |
[INFO] [stdout] 18 | pub struct NetlinkMessage<I> {
[INFO] [stdout]    | ^^^^^^^^^^^^^^^^^^^^^^^^^^^^
[INFO] [stdout] note: `NetlinkMessage<RtnlMessage>` is defined in crate `netlink_packet_core`
[INFO] [stdout]   --> /opt/rustwide/cargo-home/registry/src/index.crates.io-6f17d22bba15001f/netlink-packet-core-0.7.0/src/message.rs:18:1
[INFO] [stdout]    |
[INFO] [stdout] 18 | pub struct NetlinkMessage<I> {
[INFO] [stdout]    | ^^^^^^^^^^^^^^^^^^^^^^^^^^^^
[INFO] [stdout]    = note: perhaps two different versions of crate `netlink_packet_core` are being used?
[INFO] [stdout] note: method defined here
[INFO] [stdout]   --> /opt/rustwide/cargo-home/registry/src/index.crates.io-6f17d22bba15001f/netlink-proto-0.11.2/src/handle.rs:37:12
[INFO] [stdout]    |
[INFO] [stdout] 37 |     pub fn request(
[INFO] [stdout]    |            ^^^^^^^
[INFO] [stdout] 
[INFO] [stdout] 
[INFO] [stdout] error[E0271]: type mismatch resolving `<impl Stream<Item = NetlinkMessage<RtnlMessage>> as Stream>::Item == NetlinkMessage<RtnlMessage>`
[INFO] [stdout]   --> /opt/rustwide/cargo-home/registry/src/index.crates.io-6f17d22bba15001f/rtnetlink-0.12.0/src/handle.rs:25:17
[INFO] [stdout]    |
[INFO] [stdout] 25 |       ) -> Result<impl Stream<Item = NetlinkMessage<RtnlMessage>>, Error> {
[INFO] [stdout]    |                   ^^^^^^^^^^^^^^^^^^^^^^^^^^^^^^^^^^^^^^^^^^^^^^^ expected `NetlinkMessage<RtnlMessage>`, found a different `NetlinkMessage<RtnlMessage>`
[INFO] [stdout] 26 | /         self.0
[INFO] [stdout] 27 | |             .request(message, SocketAddr::new(0, 0))
[INFO] [stdout] 28 | |             .map_err(|_| Error::RequestFailed)
[INFO] [stdout]    | |______________________________________________- return type was inferred to be `Result<impl Stream<Item = NetlinkMessage<RtnlMessage>>, Error>` here
[INFO] [stdout]    |
[INFO] [stdout]    = note: `NetlinkMessage<RtnlMessage>` and `NetlinkMessage<RtnlMessage>` have similar names, but are actually distinct types
[INFO] [stdout] note: `NetlinkMessage<RtnlMessage>` is defined in crate `netlink_packet_core`
[INFO] [stdout]   --> /opt/rustwide/cargo-home/registry/src/index.crates.io-6f17d22bba15001f/netlink-packet-core-0.5.0/src/message.rs:18:1
[INFO] [stdout]    |
[INFO] [stdout] 18 | pub struct NetlinkMessage<I> {
[INFO] [stdout]    | ^^^^^^^^^^^^^^^^^^^^^^^^^^^^
[INFO] [stdout] note: `NetlinkMessage<RtnlMessage>` is defined in crate `netlink_packet_core`
[INFO] [stdout]   --> /opt/rustwide/cargo-home/registry/src/index.crates.io-6f17d22bba15001f/netlink-packet-core-0.7.0/src/message.rs:18:1
[INFO] [stdout]    |
[INFO] [stdout] 18 | pub struct NetlinkMessage<I> {
[INFO] [stdout]    | ^^^^^^^^^^^^^^^^^^^^^^^^^^^^
[INFO] [stdout]    = note: perhaps two different versions of crate `netlink_packet_core` are being used?
[INFO] [stdout] 
[INFO] [stdout] 
[INFO] [stderr]     Checking rtnetlink v0.13.0
[INFO] [stdout] error: aborting due to 6 previous errors
[INFO] [stdout] 
[INFO] [stdout] 
[INFO] [stdout] Some errors have detailed explanations: E0271, E0277, E0308.
[INFO] [stdout] 
[INFO] [stdout] For more information about an error, try `rustc --explain E0271`.
[INFO] [stdout] 
[INFO] [stderr] error: could not compile `rtnetlink` (lib) due to 7 previous errors
[INFO] [stderr] warning: build failed, waiting for other jobs to finish...
[INFO] running `Command { std: "docker" "inspect" "2beef5a0336193a2ddad4dfa6180763ee9e2f551f654dea2b0ecaec51a7aa67b", kill_on_drop: false }`
[INFO] running `Command { std: "docker" "rm" "-f" "2beef5a0336193a2ddad4dfa6180763ee9e2f551f654dea2b0ecaec51a7aa67b", kill_on_drop: false }`
[INFO] [stdout] 2beef5a0336193a2ddad4dfa6180763ee9e2f551f654dea2b0ecaec51a7aa67b
