[INFO] cloning repository https://github.com/ShayBox/ShaysBot
[INFO] running `Command { std: "git" "-c" "credential.helper=" "-c" "credential.helper=/workspace/cargo-home/bin/git-credential-null" "clone" "--bare" "https://github.com/ShayBox/ShaysBot" "/workspace/cache/git-repos/https%3A%2F%2Fgithub.com%2FShayBox%2FShaysBot", kill_on_drop: false }`
[INFO] [stderr] Cloning into bare repository '/workspace/cache/git-repos/https%3A%2F%2Fgithub.com%2FShayBox%2FShaysBot'...
[INFO] running `Command { std: "git" "rev-parse" "HEAD", kill_on_drop: false }`
[INFO] [stdout] f171dc3e5a3b45a4250016888eb3b9d2f90afbe7
[INFO] documenting ShayBox/ShaysBot against 1.75.0 for beta-1.76-rustdoc-1
[INFO] running `Command { std: "git" "clone" "/workspace/cache/git-repos/https%3A%2F%2Fgithub.com%2FShayBox%2FShaysBot" "/workspace/builds/worker-4-tc1/source", kill_on_drop: false }`
[INFO] [stderr] Cloning into '/workspace/builds/worker-4-tc1/source'...
[INFO] [stderr] done.
[INFO] validating manifest of git repo https://github.com/ShayBox/ShaysBot on toolchain 1.75.0
[INFO] running `Command { std: CARGO_HOME="/workspace/cargo-home" RUSTUP_HOME="/workspace/rustup-home" "/workspace/cargo-home/bin/cargo" "+1.75.0" "metadata" "--manifest-path" "Cargo.toml" "--no-deps", kill_on_drop: false }`
[INFO] removed /workspace/builds/worker-4-tc1/source/rust-toolchain
[INFO] started tweaking git repo https://github.com/ShayBox/ShaysBot
[INFO] finished tweaking git repo https://github.com/ShayBox/ShaysBot
[INFO] tweaked toml for git repo https://github.com/ShayBox/ShaysBot written to /workspace/builds/worker-4-tc1/source/Cargo.toml
[INFO] crate git repo https://github.com/ShayBox/ShaysBot already has a lockfile, it will not be regenerated
[INFO] running `Command { std: CARGO_HOME="/workspace/cargo-home" RUSTUP_HOME="/workspace/rustup-home" "/workspace/cargo-home/bin/cargo" "+1.75.0" "fetch" "--manifest-path" "Cargo.toml", kill_on_drop: false }`
[INFO] [stderr]     Updating git repository `https://github.com/mat-1/azalea.git`
[INFO] [stderr]     Updating crates.io index
[INFO] [stderr]  Downloading crates ...
[INFO] [stderr]   Downloaded dotenvy_macro v0.15.7
[INFO] [stderr]   Downloaded java-rand v0.2.0
[INFO] [stderr]   Downloaded rsa_public_encrypt_pkcs1 v0.4.0
[INFO] [stderr]   Downloaded typemap_rev v0.3.0
[INFO] [stderr]   Downloaded ncr-crypto v0.2.0
[INFO] [stderr]   Downloaded simple_asn1 v0.5.4
[INFO] [stderr]   Downloaded fastpbkdf2 v0.1.0
[INFO] running `Command { std: "docker" "create" "-v" "/var/lib/crater-agent-workspace/builds/worker-4-tc1/target:/opt/rustwide/target:rw,Z" "-v" "/var/lib/crater-agent-workspace/builds/worker-4-tc1/source:/opt/rustwide/workdir:ro,Z" "-v" "/var/lib/crater-agent-workspace/cargo-home:/opt/rustwide/cargo-home:ro,Z" "-v" "/var/lib/crater-agent-workspace/rustup-home:/opt/rustwide/rustup-home:ro,Z" "-e" "SOURCE_DIR=/opt/rustwide/workdir" "-e" "CARGO_TARGET_DIR=/opt/rustwide/target" "-e" "CARGO_HOME=/opt/rustwide/cargo-home" "-e" "RUSTUP_HOME=/opt/rustwide/rustup-home" "-w" "/opt/rustwide/workdir" "-m" "1610612736" "--user" "0:0" "--network" "none" "ghcr.io/rust-lang/crates-build-env/linux@sha256:2788e3201cd34a07e3172128adcd8b3090168a8e3bcc40d7c032b9dda1df7d1c" "/opt/rustwide/cargo-home/bin/cargo" "+1.75.0" "metadata" "--no-deps" "--format-version=1", kill_on_drop: false }`
[INFO] [stdout] 0174a7b8b3778a28c63dc0645946dee796092ba07ebe2ebb4e02b158fca58bdf
[INFO] running `Command { std: "docker" "start" "-a" "0174a7b8b3778a28c63dc0645946dee796092ba07ebe2ebb4e02b158fca58bdf", kill_on_drop: false }`
[INFO] running `Command { std: "docker" "inspect" "0174a7b8b3778a28c63dc0645946dee796092ba07ebe2ebb4e02b158fca58bdf", kill_on_drop: false }`
[INFO] running `Command { std: "docker" "rm" "-f" "0174a7b8b3778a28c63dc0645946dee796092ba07ebe2ebb4e02b158fca58bdf", kill_on_drop: false }`
[INFO] [stdout] 0174a7b8b3778a28c63dc0645946dee796092ba07ebe2ebb4e02b158fca58bdf
[INFO] running `Command { std: "docker" "create" "-v" "/var/lib/crater-agent-workspace/builds/worker-4-tc1/target:/opt/rustwide/target:rw,Z" "-v" "/var/lib/crater-agent-workspace/builds/worker-4-tc1/source:/opt/rustwide/workdir:ro,Z" "-v" "/var/lib/crater-agent-workspace/cargo-home:/opt/rustwide/cargo-home:ro,Z" "-v" "/var/lib/crater-agent-workspace/rustup-home:/opt/rustwide/rustup-home:ro,Z" "-e" "SOURCE_DIR=/opt/rustwide/workdir" "-e" "CARGO_TARGET_DIR=/opt/rustwide/target" "-e" "CARGO_INCREMENTAL=0" "-e" "RUST_BACKTRACE=full" "-e" "RUSTFLAGS=--cap-lints=warn" "-e" "RUSTDOCFLAGS=--cap-lints=warn" "-e" "CARGO_HOME=/opt/rustwide/cargo-home" "-e" "RUSTUP_HOME=/opt/rustwide/rustup-home" "-w" "/opt/rustwide/workdir" "-m" "1610612736" "--user" "0:0" "--network" "none" "ghcr.io/rust-lang/crates-build-env/linux@sha256:2788e3201cd34a07e3172128adcd8b3090168a8e3bcc40d7c032b9dda1df7d1c" "/opt/rustwide/cargo-home/bin/cargo" "+1.75.0" "doc" "--frozen" "--no-deps" "--document-private-items" "--message-format=json", kill_on_drop: false }`
[INFO] [stdout] 2313a58d4b954224e3031a23e2cde7fa4edb06e8c9d099d137e542d4c78be9b2
[INFO] running `Command { std: "docker" "start" "-a" "2313a58d4b954224e3031a23e2cde7fa4edb06e8c9d099d137e542d4c78be9b2", kill_on_drop: false }`
[INFO] [stderr]    Compiling proc-macro2 v1.0.58
[INFO] [stderr]    Compiling autocfg v1.1.0
[INFO] [stderr]    Compiling quote v1.0.27
[INFO] [stderr]    Compiling unicode-ident v1.0.8
[INFO] [stderr]     Checking cfg-if v1.0.0
[INFO] [stderr]    Compiling libc v0.2.144
[INFO] [stderr]    Compiling version_check v0.9.4
[INFO] [stderr]    Compiling serde v1.0.163
[INFO] [stderr]     Checking once_cell v1.17.1
[INFO] [stderr]    Compiling cc v1.0.79
[INFO] [stderr]    Compiling log v0.4.17
[INFO] [stderr]     Checking pin-project-lite v0.2.9
[INFO] [stderr]    Compiling syn v1.0.109
[INFO] [stderr]    Compiling memchr v2.5.0
[INFO] [stderr]     Checking bytes v1.4.0
[INFO] [stderr]    Compiling futures-core v0.3.28
[INFO] [stderr]    Compiling thiserror v1.0.40
[INFO] [stderr]     Checking itoa v1.0.6
[INFO] [stderr]     Checking futures-io v0.3.28
[INFO] [stderr]     Checking tracing-core v0.1.31
[INFO] [stderr]     Checking adler v1.0.2
[INFO] [stderr]    Compiling crossbeam-utils v0.8.15
[INFO] [stderr]    Compiling typenum v1.16.0
[INFO] [stderr]     Checking scopeguard v1.1.0
[INFO] [stderr]    Compiling serde_json v1.0.96
[INFO] [stderr]     Checking ryu v1.0.13
[INFO] [stderr]     Checking spin v0.5.2
[INFO] [stderr]     Checking fixedbitset v0.4.2
[INFO] [stderr]     Checking untrusted v0.7.1
[INFO] [stderr]     Checking gimli v0.27.2
[INFO] [stderr]    Compiling futures-channel v0.3.28
[INFO] [stderr]    Compiling futures-task v0.3.28
[INFO] [stderr]     Checking futures-sink v0.3.28
[INFO] [stderr]     Checking miniz_oxide v0.6.2
[INFO] [stderr]    Compiling parking_lot_core v0.9.7
[INFO] [stderr]     Checking byteorder v1.4.3
[INFO] [stderr]    Compiling hashbrown v0.12.3
[INFO] [stderr]     Checking rustc-demangle v0.1.23
[INFO] [stderr]    Compiling futures-util v0.3.28
[INFO] [stderr]    Compiling toml_datetime v0.6.2
[INFO] [stderr]     Checking object v0.30.3
[INFO] [stderr]    Compiling winnow v0.4.6
[INFO] [stderr]     Checking pin-utils v0.1.0
[INFO] [stderr]    Compiling openssl-src v111.25.3+1.1.1t
[INFO] [stderr]    Compiling indexmap v1.9.3
[INFO] [stderr]    Compiling tokio v1.28.1
[INFO] [stderr]    Compiling ahash v0.7.6
[INFO] [stderr]    Compiling slab v0.4.8
[INFO] [stderr]    Compiling syn v2.0.16
[INFO] [stderr]    Compiling num-traits v0.2.15
[INFO] [stderr]     Checking getrandom v0.2.9
[INFO] [stderr]     Checking socket2 v0.4.9
[INFO] [stderr]     Checking mio v0.8.6
[INFO] [stderr]     Checking num_cpus v1.15.0
[INFO] [stderr]    Compiling generic-array v0.14.7
[INFO] [stderr]    Compiling lock_api v0.4.9
[INFO] [stderr]     Checking thread-id v4.1.0
[INFO] [stderr]    Compiling num-integer v0.1.45
[INFO] [stderr]    Compiling pkg-config v0.3.27
[INFO] [stderr]     Checking tinyvec_macros v0.1.1
[INFO] [stderr]     Checking tinyvec v1.6.0
[INFO] [stderr]     Checking event-listener v2.5.3
[INFO] [stderr]     Checking fnv v1.0.7
[INFO] [stderr]     Checking rand_core v0.6.4
[INFO] [stderr]     Checking concurrent-queue v2.2.0
[INFO] [stderr]     Checking http v0.2.9
[INFO] [stderr]     Checking fastrand v1.9.0
[INFO] [stderr]     Checking bytemuck v1.13.1
[INFO] [stderr]    Compiling bit-vec v0.6.3
[INFO] [stderr]    Compiling erased-serde v0.3.25
[INFO] [stderr]     Checking addr2line v0.19.0
[INFO] [stderr]    Compiling toml_edit v0.19.9
[INFO] [stderr]     Checking unicode-normalization v0.1.22
[INFO] [stderr]     Checking waker-fn v1.1.0
[INFO] [stderr]    Compiling httparse v1.8.0
[INFO] [stderr]     Checking percent-encoding v2.2.0
[INFO] [stderr]     Checking parking v2.1.0
[INFO] [stderr]     Checking ppv-lite86 v0.2.17
[INFO] [stderr]     Checking unicode-bidi v0.3.13
[INFO] [stderr]     Checking form_urlencoded v1.1.0
[INFO] [stderr]    Compiling uuid v1.3.3
[INFO] [stderr]     Checking futures-lite v1.13.0
[INFO] [stderr]     Checking crypto-common v0.1.6
[INFO] [stderr]    Compiling bit-set v0.5.3
[INFO] [stderr]     Checking async-lock v2.7.0
[INFO] [stderr]    Compiling unicase v2.6.0
[INFO] [stderr]     Checking instant v0.1.12
[INFO] [stderr]     Checking async-task v4.4.0
[INFO] [stderr]    Compiling crc32fast v1.3.2
[INFO] [stderr]     Checking rand_chacha v0.3.1
[INFO] [stderr]     Checking idna v0.3.0
[INFO] [stderr]     Checking async-channel v1.8.0
[INFO] [stderr]    Compiling num-bigint v0.4.3
[INFO] [stderr]     Checking thread_local v1.1.7
[INFO] [stderr]     Checking rand v0.8.5
[INFO] [stderr]     Checking bevy_ptr v0.10.1
[INFO] [stderr]     Checking downcast-rs v1.2.0
[INFO] [stderr]     Checking cpufeatures v0.2.7
[INFO] [stderr]    Compiling openssl v0.10.52
[INFO] [stderr]     Checking foreign-types-shared v0.1.1
[INFO] [stderr]     Checking block-buffer v0.10.4
[INFO] [stderr]     Checking miniz_oxide v0.7.1
[INFO] [stderr]    Compiling heck v0.4.1
[INFO] [stderr]    Compiling rustls v0.21.1
[INFO] [stderr]     Checking foreign-types v0.3.2
[INFO] [stderr]     Checking try-lock v0.2.4
[INFO] [stderr]    Compiling native-tls v0.2.11
[INFO] [stderr]     Checking bitflags v1.3.2
[INFO] [stderr]     Checking async-executor v1.5.1
[INFO] [stderr]     Checking rustc-hash v1.1.0
[INFO] [stderr]     Checking want v0.3.0
[INFO] [stderr]     Checking digest v0.10.7
[INFO] [stderr]     Checking http-body v0.4.5
[INFO] [stderr]     Checking inout v0.1.3
[INFO] [stderr]    Compiling ahash v0.8.3
[INFO] [stderr]     Checking bevy_tasks v0.10.1
[INFO] [stderr]    Compiling num-rational v0.4.1
[INFO] [stderr]    Compiling num-iter v0.1.43
[INFO] [stderr]     Checking tower-service v0.3.2
[INFO] [stderr]     Checking httpdate v1.0.2
[INFO] [stderr]     Checking openssl-probe v0.1.5
[INFO] [stderr]     Checking iana-time-zone v0.1.56
[INFO] [stderr]     Checking lazy_static v1.4.0
[INFO] [stderr]     Checking cipher v0.4.4
[INFO] [stderr]     Checking sha-1 v0.10.1
[INFO] [stderr]    Compiling mime_guess v2.0.4
[INFO] [stderr]    Compiling async-trait v0.1.68
[INFO] [stderr]     Checking ipnet v2.7.2
[INFO] [stderr]     Checking flate2 v1.0.26
[INFO] [stderr]     Checking num-complex v0.4.3
[INFO] [stderr]     Checking base64 v0.21.0
[INFO] [stderr]     Checking mime v0.3.17
[INFO] [stderr]     Checking cfb8 v0.8.1
[INFO] [stderr]     Checking aes v0.8.2
[INFO] [stderr]     Checking encoding_rs v0.8.32
[INFO] [stderr]    Compiling rustls v0.20.8
[INFO] [stderr]     Checking regex-syntax v0.6.29
[INFO] [stderr]    Compiling convert_case v0.4.0
[INFO] [stderr]     Checking matches v0.1.10
[INFO] [stderr]     Checking idna v0.2.3
[INFO] [stderr]     Checking rustls-pemfile v1.0.2
[INFO] [stderr]    Compiling memoffset v0.8.0
[INFO] [stderr]     Checking aho-corasick v1.0.1
[INFO] [stderr]    Compiling bevy_macro_utils v0.10.1
[INFO] [stderr]     Checking regex-syntax v0.7.1
[INFO] [stderr]     Checking linked-hash-map v0.5.6
[INFO] [stderr]     Checking data-encoding v2.4.0
[INFO] [stderr]     Checking overload v0.1.1
[INFO] [stderr]     Checking nohash-hasher v0.2.0
[INFO] [stderr]     Checking nu-ansi-term v0.46.0
[INFO] [stderr]     Checking lru-cache v0.1.2
[INFO] [stderr]    Compiling ring v0.16.20
[INFO] [stderr]    Compiling backtrace v0.3.67
[INFO] [stderr]    Compiling openssl-sys v0.9.87
[INFO] [stderr]     Checking tracing-log v0.1.3
[INFO] [stderr]     Checking sharded-slab v0.1.4
[INFO] [stderr]    Compiling crossbeam-epoch v0.9.14
[INFO] [stderr]     Checking crossbeam-channel v0.5.8
[INFO] [stderr]     Checking num v0.4.0
[INFO] [stderr]    Compiling gcc v0.3.55
[INFO] [stderr]    Compiling anyhow v1.0.71
[INFO] [stderr]    Compiling priority-queue v1.3.1
[INFO] [stderr]     Checking utf-8 v0.7.6
[INFO] [stderr]     Checking base64 v0.13.1
[INFO] [stderr]    Compiling crossbeam-queue v0.3.8
[INFO] [stderr]     Checking ordered-float v2.10.0
[INFO] [stderr]     Checking regex-automata v0.1.10
[INFO] [stderr]     Checking libc v0.1.12
[INFO] [stderr]     Checking time-core v0.1.1
[INFO] [stderr]     Checking typemap_rev v0.3.0
[INFO] [stderr]    Compiling serenity v0.11.5
[INFO] [stderr]     Checking crossbeam-deque v0.8.3
[INFO] [stderr]     Checking typemap_rev v0.1.5
[INFO] [stderr]     Checking java-rand v0.2.0
[INFO] [stderr]    Compiling dotenvy v0.15.7
[INFO] [stderr]     Checking dyn-clone v1.0.11
[INFO] [stderr]     Checking regex v1.8.1
[INFO] [stderr]     Checking crossbeam v0.8.2
[INFO] [stderr]     Checking matchers v0.1.0
[INFO] [stderr]    Compiling fastpbkdf2 v0.1.0
[INFO] [stderr]     Checking ncr-crypto v0.2.0
[INFO] [stderr]    Compiling azalea-buf-macros v0.6.0 (https://github.com/mat-1/azalea.git?branch=1.19.2#db1b1a05)
[INFO] [stderr]    Compiling bevy_utils_proc_macros v0.10.1
[INFO] [stderr]    Compiling bevy_reflect_derive v0.10.1
[INFO] [stderr]    Compiling bevy_ecs_macros v0.10.1
[INFO] [stderr]    Compiling enum-as-inner v0.5.1
[INFO] [stderr]    Compiling bevy_derive v0.10.1
[INFO] [stderr]    Compiling num-derive v0.3.3
[INFO] [stderr]    Compiling azalea-registry-macros v0.6.0 (https://github.com/mat-1/azalea.git?branch=1.19.2#db1b1a05)
[INFO] [stderr]    Compiling azalea-block-macros v0.6.0 (https://github.com/mat-1/azalea.git?branch=1.19.2#db1b1a05)
[INFO] [stderr]    Compiling derive_more v0.99.17
[INFO] [stderr]    Compiling serde_derive v1.0.163
[INFO] [stderr]    Compiling tokio-macros v2.1.0
[INFO] [stderr]    Compiling thiserror-impl v1.0.40
[INFO] [stderr]    Compiling tracing-attributes v0.1.24
[INFO] [stderr]    Compiling futures-macro v0.3.28
[INFO] [stderr]     Checking sct v0.7.0
[INFO] [stderr]     Checking webpki v0.22.0
[INFO] [stderr]    Compiling openssl-macros v0.1.1
[INFO] [stderr]     Checking rustls-webpki v0.100.1
[INFO] [stderr]     Checking webpki-roots v0.22.6
[INFO] [stderr]    Compiling async-recursion v1.0.4
[INFO] [stderr]    Compiling azalea-protocol-macros v0.6.0 (https://github.com/mat-1/azalea.git?branch=1.19.2#db1b1a05)
[INFO] [stderr]    Compiling dyn-clonable-impl v0.9.0
[INFO] [stderr]    Compiling dotenvy_macro v0.15.7
[INFO] [stderr]     Checking tokio-rustls v0.24.0
[INFO] [stderr]     Checking async-compression v0.3.15
[INFO] [stderr]     Checking tokio-rustls v0.23.4
[INFO] [stderr]     Checking dyn-clonable v0.9.0
[INFO] [stderr]     Checking futures-executor v0.3.28
[INFO] [stderr]     Checking futures v0.3.28
[INFO] [stderr]     Checking tracing v0.1.37
[INFO] [stderr]     Checking tokio-util v0.7.8
[INFO] [stderr]     Checking smallvec v1.10.0
[INFO] [stderr]     Checking glam v0.23.0
[INFO] [stderr]     Checking url v2.3.1
[INFO] [stderr]     Checking chrono v0.4.24
[INFO] [stderr]     Checking serde_urlencoded v0.7.1
[INFO] [stderr]     Checking tracing-subscriber v0.3.17
[INFO] [stderr]     Checking time v0.3.21
[INFO] [stderr]     Checking serde-value v0.7.0
[INFO] [stderr]     Checking azalea-buf v0.6.0 (https://github.com/mat-1/azalea.git?branch=1.19.2#db1b1a05)
[INFO] [stdout] error[E0432]: unresolved import `thiserror`
[INFO] [stdout]    --> /opt/rustwide/cargo-home/git/checkouts/azalea-9c98d49f0595c880/db1b1a0/azalea-buf/src/read.rs:12:10
[INFO] [stdout]     |
[INFO] [stdout] 12  | #[derive(Error, Debug)]
[INFO] [stdout]     |          ^^^^^ no `ThiserrorProvide` in `__private`
[INFO] [stdout]     |
[INFO] [stdout] note: found an item that was configured out
[INFO] [stdout]    --> /opt/rustwide/cargo-home/registry/src/index.crates.io-6f17d22bba15001f/thiserror-1.0.40/src/lib.rs:254:29
[INFO] [stdout]     |
[INFO] [stdout] 254 |     pub use crate::provide::ThiserrorProvide;
[INFO] [stdout]     |                             ^^^^^^^^^^^^^^^^
[INFO] [stdout]     = note: this error originates in the derive macro `Error` (in Nightly builds, run with -Z macro-backtrace for more info)
[INFO] [stdout] 
[INFO] [stdout] 
[INFO] [stdout] error[E0412]: cannot find type `Demand` in module `std::any`
[INFO] [stdout]   --> /opt/rustwide/cargo-home/git/checkouts/azalea-9c98d49f0595c880/db1b1a0/azalea-buf/src/read.rs:12:10
[INFO] [stdout]    |
[INFO] [stdout] 12 | #[derive(Error, Debug)]
[INFO] [stdout]    |          ^^^^^ not found in `std::any`
[INFO] [stdout]    |
[INFO] [stdout]    = note: this error originates in the derive macro `Error` (in Nightly builds, run with -Z macro-backtrace for more info)
[INFO] [stdout] 
[INFO] [stdout] 
[INFO] [stderr]     Checking azalea-language v0.6.0 (https://github.com/mat-1/azalea.git?branch=1.19.2#db1b1a05)
[INFO] [stdout] error[E0554]: `#![feature]` may not be used on the stable release channel
[INFO] [stdout]  --> /opt/rustwide/cargo-home/git/checkouts/azalea-9c98d49f0595c880/db1b1a0/azalea-buf/src/lib.rs:2:1
[INFO] [stdout]   |
[INFO] [stdout] 2 | #![feature(min_specialization)]
[INFO] [stdout]   | ^^^^^^^^^^^^^^^^^^^^^^^^^^^^^^^
[INFO] [stdout] 
[INFO] [stdout] 
[INFO] [stdout] error[E0554]: `#![feature]` may not be used on the stable release channel
[INFO] [stdout]  --> /opt/rustwide/cargo-home/git/checkouts/azalea-9c98d49f0595c880/db1b1a0/azalea-buf/src/lib.rs:4:1
[INFO] [stdout]   |
[INFO] [stdout] 4 | #![feature(error_generic_member_access)]
[INFO] [stdout]   | ^^^^^^^^^^^^^^^^^^^^^^^^^^^^^^^^^^^^^^^^
[INFO] [stdout] 
[INFO] [stdout] 
[INFO] [stdout] error[E0554]: `#![feature]` may not be used on the stable release channel
[INFO] [stdout]  --> /opt/rustwide/cargo-home/git/checkouts/azalea-9c98d49f0595c880/db1b1a0/azalea-buf/src/lib.rs:5:1
[INFO] [stdout]   |
[INFO] [stdout] 5 | #![feature(provide_any)]
[INFO] [stdout]   | ^^^^^^^^^^^^^^^^^^^^^^^^
[INFO] [stdout] 
[INFO] [stdout] 
[INFO] [stdout] error[E0554]: `#![feature]` may not be used on the stable release channel
[INFO] [stdout]  --> /opt/rustwide/cargo-home/git/checkouts/azalea-9c98d49f0595c880/db1b1a0/azalea-buf/src/lib.rs:4:12
[INFO] [stdout]   |
[INFO] [stdout] 4 | #![feature(error_generic_member_access)]
[INFO] [stdout]   |            ^^^^^^^^^^^^^^^^^^^^^^^^^^^
[INFO] [stdout] 
[INFO] [stdout] 
[INFO] [stdout] error[E0554]: `#![feature]` may not be used on the stable release channel
[INFO] [stdout]  --> /opt/rustwide/cargo-home/git/checkouts/azalea-9c98d49f0595c880/db1b1a0/azalea-buf/src/lib.rs:5:12
[INFO] [stdout]   |
[INFO] [stdout] 5 | #![feature(provide_any)]
[INFO] [stdout]   |            ^^^^^^^^^^^
[INFO] [stdout] 
[INFO] [stdout] 
[INFO] [stdout] error[E0635]: unknown feature `provide_any`
[INFO] [stdout]  --> /opt/rustwide/cargo-home/git/checkouts/azalea-9c98d49f0595c880/db1b1a0/azalea-buf/src/lib.rs:5:12
[INFO] [stdout]   |
[INFO] [stdout] 5 | #![feature(provide_any)]
[INFO] [stdout]   |            ^^^^^^^^^^^
[INFO] [stdout] 
[INFO] [stdout] 
[INFO] [stderr]     Checking petgraph v0.6.3
[INFO] [stdout] error[E0599]: no method named `thiserror_provide` found for reference `&std::io::Error` in the current scope
[INFO] [stdout]   --> /opt/rustwide/cargo-home/git/checkouts/azalea-9c98d49f0595c880/db1b1a0/azalea-buf/src/read.rs:26:9
[INFO] [stdout]    |
[INFO] [stdout] 26 |         source: std::io::Error,
[INFO] [stdout]    |         ^^^^^^ method not found in `&Error`
[INFO] [stdout] 
[INFO] [stdout] 
[INFO] [stdout] error[E0599]: no method named `thiserror_provide` found for reference `&serde_json::Error` in the current scope
[INFO] [stdout]   --> /opt/rustwide/cargo-home/git/checkouts/azalea-9c98d49f0595c880/db1b1a0/azalea-buf/src/read.rs:51:9
[INFO] [stdout]    |
[INFO] [stdout] 51 |         source: serde_json::Error,
[INFO] [stdout]    |         ^^^^^^ method not found in `&Error`
[INFO] [stdout] 
[INFO] [stdout] 
[INFO] [stderr]     Checking h2 v0.3.19
[INFO] [stdout] error: aborting due to 10 previous errors
[INFO] [stdout] 
[INFO] [stdout] 
[INFO] [stdout] Some errors have detailed explanations: E0412, E0432, E0554, E0599, E0635.
[INFO] [stdout] 
[INFO] [stdout] For more information about an error, try `rustc --explain E0412`.
[INFO] [stdout] 
[INFO] [stderr] error: could not compile `azalea-buf` (lib) due to 11 previous errors
[INFO] [stderr] warning: build failed, waiting for other jobs to finish...
[INFO] running `Command { std: "docker" "inspect" "2313a58d4b954224e3031a23e2cde7fa4edb06e8c9d099d137e542d4c78be9b2", kill_on_drop: false }`
[INFO] running `Command { std: "docker" "rm" "-f" "2313a58d4b954224e3031a23e2cde7fa4edb06e8c9d099d137e542d4c78be9b2", kill_on_drop: false }`
[INFO] [stdout] 2313a58d4b954224e3031a23e2cde7fa4edb06e8c9d099d137e542d4c78be9b2
