[INFO] cloning repository https://github.com/ShaneEverittM/AoC2022-rs
[INFO] running `Command { std: "git" "-c" "credential.helper=" "-c" "credential.helper=/workspace/cargo-home/bin/git-credential-null" "clone" "--bare" "https://github.com/ShaneEverittM/AoC2022-rs" "/workspace/cache/git-repos/https%3A%2F%2Fgithub.com%2FShaneEverittM%2FAoC2022-rs", kill_on_drop: false }`
[INFO] [stderr] Cloning into bare repository '/workspace/cache/git-repos/https%3A%2F%2Fgithub.com%2FShaneEverittM%2FAoC2022-rs'...
[INFO] running `Command { std: "git" "rev-parse" "HEAD", kill_on_drop: false }`
[INFO] [stdout] 6e198619a954539422460d0eb3dc331f1ee05e61
[INFO] documenting ShaneEverittM/AoC2022-rs against 1.75.0 for beta-1.76-rustdoc-1
[INFO] running `Command { std: "git" "clone" "/workspace/cache/git-repos/https%3A%2F%2Fgithub.com%2FShaneEverittM%2FAoC2022-rs" "/workspace/builds/worker-3-tc1/source", kill_on_drop: false }`
[INFO] [stderr] Cloning into '/workspace/builds/worker-3-tc1/source'...
[INFO] [stderr] done.
[INFO] validating manifest of git repo https://github.com/ShaneEverittM/AoC2022-rs on toolchain 1.75.0
[INFO] running `Command { std: CARGO_HOME="/workspace/cargo-home" RUSTUP_HOME="/workspace/rustup-home" "/workspace/cargo-home/bin/cargo" "+1.75.0" "metadata" "--manifest-path" "Cargo.toml" "--no-deps", kill_on_drop: false }`
[INFO] removed /workspace/builds/worker-3-tc1/source/rust-toolchain.toml
[INFO] started tweaking git repo https://github.com/ShaneEverittM/AoC2022-rs
[INFO] finished tweaking git repo https://github.com/ShaneEverittM/AoC2022-rs
[INFO] tweaked toml for git repo https://github.com/ShaneEverittM/AoC2022-rs written to /workspace/builds/worker-3-tc1/source/Cargo.toml
[INFO] crate git repo https://github.com/ShaneEverittM/AoC2022-rs already has a lockfile, it will not be regenerated
[INFO] running `Command { std: CARGO_HOME="/workspace/cargo-home" RUSTUP_HOME="/workspace/rustup-home" "/workspace/cargo-home/bin/cargo" "+1.75.0" "fetch" "--manifest-path" "Cargo.toml", kill_on_drop: false }`
[INFO] [stderr] warning: virtual workspace defaulting to `resolver = "1"` despite one or more workspace members being on edition 2021 which implies `resolver = "2"`
[INFO] [stderr] note: to keep the current resolver, specify `workspace.resolver = "1"` in the workspace root's manifest
[INFO] [stderr] note: to use the edition 2021 resolver, specify `workspace.resolver = "2"` in the workspace root's manifest
[INFO] [stderr] note: for more details see https://doc.rust-lang.org/cargo/reference/resolver.html#resolver-versions
[INFO] [stderr]     Updating crates.io index
[INFO] [stderr]  Downloading crates ...
[INFO] [stderr]   Downloaded enum-utils-from-str v0.1.2
[INFO] [stderr]   Downloaded enum-utils v0.1.2
[INFO] [stderr]   Downloaded easy-ext v1.0.1
[INFO] running `Command { std: "docker" "create" "-v" "/var/lib/crater-agent-workspace/builds/worker-3-tc1/target:/opt/rustwide/target:rw,Z" "-v" "/var/lib/crater-agent-workspace/builds/worker-3-tc1/source:/opt/rustwide/workdir:ro,Z" "-v" "/var/lib/crater-agent-workspace/cargo-home:/opt/rustwide/cargo-home:ro,Z" "-v" "/var/lib/crater-agent-workspace/rustup-home:/opt/rustwide/rustup-home:ro,Z" "-e" "SOURCE_DIR=/opt/rustwide/workdir" "-e" "CARGO_TARGET_DIR=/opt/rustwide/target" "-e" "CARGO_HOME=/opt/rustwide/cargo-home" "-e" "RUSTUP_HOME=/opt/rustwide/rustup-home" "-w" "/opt/rustwide/workdir" "-m" "1610612736" "--user" "0:0" "--network" "none" "ghcr.io/rust-lang/crates-build-env/linux@sha256:2788e3201cd34a07e3172128adcd8b3090168a8e3bcc40d7c032b9dda1df7d1c" "/opt/rustwide/cargo-home/bin/cargo" "+1.75.0" "metadata" "--no-deps" "--format-version=1", kill_on_drop: false }`
[INFO] [stdout] 4ebe6f8a84d455cfe87415ee0cc3b1cad205fea90bc45916511497e32532e8f6
[INFO] running `Command { std: "docker" "start" "-a" "4ebe6f8a84d455cfe87415ee0cc3b1cad205fea90bc45916511497e32532e8f6", kill_on_drop: false }`
[INFO] running `Command { std: "docker" "inspect" "4ebe6f8a84d455cfe87415ee0cc3b1cad205fea90bc45916511497e32532e8f6", kill_on_drop: false }`
[INFO] running `Command { std: "docker" "rm" "-f" "4ebe6f8a84d455cfe87415ee0cc3b1cad205fea90bc45916511497e32532e8f6", kill_on_drop: false }`
[INFO] [stdout] 4ebe6f8a84d455cfe87415ee0cc3b1cad205fea90bc45916511497e32532e8f6
[INFO] running `Command { std: "docker" "create" "-v" "/var/lib/crater-agent-workspace/builds/worker-3-tc1/target:/opt/rustwide/target:rw,Z" "-v" "/var/lib/crater-agent-workspace/builds/worker-3-tc1/source:/opt/rustwide/workdir:ro,Z" "-v" "/var/lib/crater-agent-workspace/cargo-home:/opt/rustwide/cargo-home:ro,Z" "-v" "/var/lib/crater-agent-workspace/rustup-home:/opt/rustwide/rustup-home:ro,Z" "-e" "SOURCE_DIR=/opt/rustwide/workdir" "-e" "CARGO_TARGET_DIR=/opt/rustwide/target" "-e" "CARGO_INCREMENTAL=0" "-e" "RUST_BACKTRACE=full" "-e" "RUSTFLAGS=--cap-lints=warn" "-e" "RUSTDOCFLAGS=--cap-lints=warn" "-e" "CARGO_HOME=/opt/rustwide/cargo-home" "-e" "RUSTUP_HOME=/opt/rustwide/rustup-home" "-w" "/opt/rustwide/workdir" "-m" "1610612736" "--user" "0:0" "--network" "none" "ghcr.io/rust-lang/crates-build-env/linux@sha256:2788e3201cd34a07e3172128adcd8b3090168a8e3bcc40d7c032b9dda1df7d1c" "/opt/rustwide/cargo-home/bin/cargo" "+1.75.0" "doc" "--frozen" "--no-deps" "--document-private-items" "--message-format=json", kill_on_drop: false }`
[INFO] [stdout] 75829f9f9669fb114da2aacb19bb8b07e72be179848f7724c468f502a6d25e93
[INFO] running `Command { std: "docker" "start" "-a" "75829f9f9669fb114da2aacb19bb8b07e72be179848f7724c468f502a6d25e93", kill_on_drop: false }`
[INFO] [stderr] warning: virtual workspace defaulting to `resolver = "1"` despite one or more workspace members being on edition 2021 which implies `resolver = "2"`
[INFO] [stderr] note: to keep the current resolver, specify `workspace.resolver = "1"` in the workspace root's manifest
[INFO] [stderr] note: to use the edition 2021 resolver, specify `workspace.resolver = "2"` in the workspace root's manifest
[INFO] [stderr] note: for more details see https://doc.rust-lang.org/cargo/reference/resolver.html#resolver-versions
[INFO] [stderr]    Compiling proc-macro2 v1.0.47
[INFO] [stderr]    Compiling syn v1.0.105
[INFO] [stderr]    Compiling libc v0.2.138
[INFO] [stderr]    Compiling wasm-bindgen-shared v0.2.83
[INFO] [stderr]    Compiling bumpalo v3.11.1
[INFO] [stderr]    Compiling quote v1.0.21
[INFO] [stderr]    Compiling log v0.4.17
[INFO] [stderr]    Compiling cc v1.0.77
[INFO] [stderr]    Compiling adler v1.0.2
[INFO] [stderr]    Compiling wasm-bindgen v0.2.83
[INFO] [stderr]    Compiling memchr v2.5.0
[INFO] [stderr]    Compiling gimli v0.26.2
[INFO] [stderr]    Compiling serde v1.0.152
[INFO] [stderr]    Compiling rustc-demangle v0.1.21
[INFO] [stderr]    Compiling substring v1.4.5
[INFO] [stderr]    Compiling serde_json v1.0.89
[INFO] [stderr]    Compiling camino v1.1.1
[INFO] [stderr]    Compiling miniz_oxide v0.5.4
[INFO] [stderr]     Checking either v1.8.0
[INFO] [stderr]    Compiling anyhow v1.0.66
[INFO] [stderr]     Checking matrixmultiply v0.3.2
[INFO] [stderr]     Checking unicode-ident v1.0.5
[INFO] [stderr]     Checking snowflake v1.3.0
[INFO] [stderr]     Checking nom v7.1.1
[INFO] [stderr]     Checking indexmap v1.9.2
[INFO] [stderr]    Compiling object v0.29.0
[INFO] [stderr]     Checking id_tree v1.8.0
[INFO] [stderr]     Checking ndarray v0.15.6
[INFO] [stderr]    Compiling enum-utils-from-str v0.1.2
[INFO] [stderr]     Checking itertools v0.10.5
[INFO] [stderr]    Compiling easy-ext v1.0.1
[INFO] [stderr]    Compiling backtrace v0.3.66
[INFO] [stderr]     Checking num_cpus v1.14.0
[INFO] [stderr]     Checking rayon-core v1.10.1
[INFO] [stderr]     Checking rayon v1.6.1
[INFO] [stderr]    Compiling addr2line v0.17.0
[INFO] [stderr]  Documenting macros v0.0.0 (/opt/rustwide/workdir/macros)
[INFO] [stderr]    Compiling failure v0.1.8
[INFO] [stderr]    Compiling wasm-bindgen-backend v0.2.83
[INFO] [stderr]    Compiling serde_derive_internals v0.25.0
[INFO] [stderr]    Compiling wasm-bindgen-macro-support v0.2.83
[INFO] [stderr]    Compiling serde_derive v1.0.152
[INFO] [stderr]    Compiling derive_more v0.99.17
[INFO] [stderr]    Compiling enum-utils v0.1.2
[INFO] [stderr]    Compiling wasm-bindgen-macro v0.2.83
[INFO] [stderr]     Checking js-sys v0.3.60
[INFO] [stderr]     Checking web-sys v0.3.60
[INFO] [stderr]     Checking advent2022 v0.1.0 (/opt/rustwide/workdir/advent2022)
[INFO] [stderr]  Documenting advent2022 v0.1.0 (/opt/rustwide/workdir/advent2022)
[INFO] [stdout] error[E0557]: feature has been removed
[INFO] [stdout]  --> advent2022/src/lib.rs:2:12
[INFO] [stdout]   |
[INFO] [stdout] 2 | #![feature(generators)]
[INFO] [stdout]   |            ^^^^^^^^^^ feature has been removed
[INFO] [stdout]   |
[INFO] [stdout]   = note: renamed to `coroutines`
[INFO] [stdout] 
[INFO] [stdout] 
[INFO] [stdout] error[E0557]: feature has been removed
[INFO] [stdout]  --> advent2022/src/lib.rs:2:12
[INFO] [stdout]   |
[INFO] [stdout] 2 | #![feature(generators)]
[INFO] [stdout]   |            ^^^^^^^^^^ feature has been removed
[INFO] [stdout]   |
[INFO] [stdout]   = note: renamed to `coroutines`
[INFO] [stdout] 
[INFO] [stdout] 
[INFO] [stdout] error: Compilation failed, aborting rustdoc
[INFO] [stdout] 
[INFO] [stdout] 
[INFO] [stdout] error: aborting due to 2 previous errors
[INFO] [stdout] 
[INFO] [stdout] 
[INFO] [stdout] For more information about this error, try `rustc --explain E0557`.
[INFO] [stdout] 
[INFO] [stderr] error: could not document `advent2022`
[INFO] [stderr] 
[INFO] [stderr] Caused by:
[INFO] [stderr]   process didn't exit successfully: `/opt/rustwide/rustup-home/toolchains/1.75.0-x86_64-unknown-linux-gnu/bin/rustdoc --edition=2021 --crate-type lib --crate-type cdylib --crate-name advent advent2022/src/lib.rs -o /opt/rustwide/target/doc --error-format=json --json=diagnostic-rendered-ansi,artifacts,future-incompat --document-private-items -C metadata=a3bb3645aa8d6053 -L dependency=/opt/rustwide/target/debug/deps --extern anyhow=/opt/rustwide/target/debug/deps/libanyhow-527cac6c1448f5b4.rmeta --extern camino=/opt/rustwide/target/debug/deps/libcamino-10ad719bbe61e078.rmeta --extern derive_more=/opt/rustwide/target/debug/deps/libderive_more-9090aac9e93378dd.so --extern easy_ext=/opt/rustwide/target/debug/deps/libeasy_ext-bd975648a8644965.so --extern enum_utils=/opt/rustwide/target/debug/deps/libenum_utils-724b56bf90d443b0.so --extern id_tree=/opt/rustwide/target/debug/deps/libid_tree-096946fab9c1da52.rmeta --extern indexmap=/opt/rustwide/target/debug/deps/libindexmap-f4c50138fc70ede4.rmeta --extern itertools=/opt/rustwide/target/debug/deps/libitertools-af381fadbc730c49.rmeta --extern js_sys=/opt/rustwide/target/debug/deps/libjs_sys-beaa81745cf81be3.rmeta --extern ndarray=/opt/rustwide/target/debug/deps/libndarray-6c5b40d2a9d30127.rmeta --extern nom=/opt/rustwide/target/debug/deps/libnom-3330363668e8eb0e.rmeta --extern num_traits=/opt/rustwide/target/debug/deps/libnum_traits-6a710994a3aa8095.rmeta --extern rayon=/opt/rustwide/target/debug/deps/librayon-6e9bb4dd6d92c037.rmeta --extern serde=/opt/rustwide/target/debug/deps/libserde-855d16202bde52c5.rmeta --extern serde_json=/opt/rustwide/target/debug/deps/libserde_json-a03436ae3383d856.rmeta --extern substring=/opt/rustwide/target/debug/deps/libsubstring-3776338e84de4e2d.rmeta --extern wasm_bindgen=/opt/rustwide/target/debug/deps/libwasm_bindgen-c36a32fdf40132f3.rmeta --extern web_sys=/opt/rustwide/target/debug/deps/libweb_sys-4bdbee922add23ab.rmeta --cap-lints=warn --crate-version 0.1.0` (exit status: 1)
[INFO] [stderr] warning: build failed, waiting for other jobs to finish...
[INFO] [stdout] error[E0425]: cannot find function `from_generator` in module `iter`
[INFO] [stdout]   --> advent2022/src/day14/wasm.rs:50:15
[INFO] [stdout]    |
[INFO] [stdout] 50 |         iter::from_generator(|| {
[INFO] [stdout]    |               ^^^^^^^^^^^^^^ not found in `iter`
[INFO] [stdout] 
[INFO] [stdout] 
[INFO] [stdout] error[E0658]: yield syntax is experimental
[INFO] [stdout]   --> advent2022/src/day14/wasm.rs:53:13
[INFO] [stdout]    |
[INFO] [stdout] 53 |             yield a;
[INFO] [stdout]    |             ^^^^^^^
[INFO] [stdout]    |
[INFO] [stdout]    = note: see issue #43122 <https://github.com/rust-lang/rust/issues/43122> for more information
[INFO] [stdout] 
[INFO] [stdout] 
[INFO] [stdout] error[E0658]: yield syntax is experimental
[INFO] [stdout]   --> advent2022/src/day14/wasm.rs:62:21
[INFO] [stdout]    |
[INFO] [stdout] 62 |                     yield a;
[INFO] [stdout]    |                     ^^^^^^^
[INFO] [stdout]    |
[INFO] [stdout]    = note: see issue #43122 <https://github.com/rust-lang/rust/issues/43122> for more information
[INFO] [stdout] 
[INFO] [stdout] 
[INFO] [stdout] error[E0554]: `#![feature]` may not be used on the stable release channel
[INFO] [stdout]  --> advent2022/src/lib.rs:1:12
[INFO] [stdout]   |
[INFO] [stdout] 1 | #![feature(iter_from_generator)]
[INFO] [stdout]   |            ^^^^^^^^^^^^^^^^^^^
[INFO] [stdout] 
[INFO] [stdout] 
[INFO] [stdout] error[E0554]: `#![feature]` may not be used on the stable release channel
[INFO] [stdout]  --> advent2022/src/lib.rs:3:12
[INFO] [stdout]   |
[INFO] [stdout] 3 | #![feature(drain_filter)]
[INFO] [stdout]   |            ^^^^^^^^^^^^
[INFO] [stdout] 
[INFO] [stdout] 
[INFO] [stdout] error[E0635]: unknown feature `iter_from_generator`
[INFO] [stdout]  --> advent2022/src/lib.rs:1:12
[INFO] [stdout]   |
[INFO] [stdout] 1 | #![feature(iter_from_generator)]
[INFO] [stdout]   |            ^^^^^^^^^^^^^^^^^^^
[INFO] [stdout] 
[INFO] [stdout] 
[INFO] [stdout] error[E0635]: unknown feature `drain_filter`
[INFO] [stdout]  --> advent2022/src/lib.rs:3:12
[INFO] [stdout]   |
[INFO] [stdout] 3 | #![feature(drain_filter)]
[INFO] [stdout]   |            ^^^^^^^^^^^^
[INFO] [stdout] 
[INFO] [stdout] 
[INFO] [stdout] error[E0599]: no method named `drain_filter` found for struct `Vec<wasm::Point>` in the current scope
[INFO] [stdout]    --> advent2022/src/day14/wasm.rs:179:14
[INFO] [stdout]     |
[INFO] [stdout] 178 |           let _ = grains
[INFO] [stdout]     |  _________________-
[INFO] [stdout] 179 | |             .drain_filter(|grain| {
[INFO] [stdout]     | |             -^^^^^^^^^^^^ method not found in `Vec<Point>`
[INFO] [stdout]     | |_____________|
[INFO] [stdout]     | 
[INFO] [stdout] 
[INFO] [stdout] 
[INFO] [stdout] error: aborting due to 9 previous errors
[INFO] [stdout] 
[INFO] [stdout] 
[INFO] [stdout] Some errors have detailed explanations: E0425, E0554, E0557, E0599, E0635, E0658.
[INFO] [stdout] 
[INFO] [stdout] For more information about an error, try `rustc --explain E0425`.
[INFO] [stdout] 
[INFO] [stderr] error: could not compile `advent2022` (lib) due to 10 previous errors
[INFO] running `Command { std: "docker" "inspect" "75829f9f9669fb114da2aacb19bb8b07e72be179848f7724c468f502a6d25e93", kill_on_drop: false }`
[INFO] running `Command { std: "docker" "rm" "-f" "75829f9f9669fb114da2aacb19bb8b07e72be179848f7724c468f502a6d25e93", kill_on_drop: false }`
[INFO] [stdout] 75829f9f9669fb114da2aacb19bb8b07e72be179848f7724c468f502a6d25e93
