[INFO] cloning repository https://github.com/ShadowBlip/lightning-bus
[INFO] running `Command { std: "git" "-c" "credential.helper=" "-c" "credential.helper=/workspace/cargo-home/bin/git-credential-null" "clone" "--bare" "https://github.com/ShadowBlip/lightning-bus" "/workspace/cache/git-repos/https%3A%2F%2Fgithub.com%2FShadowBlip%2Flightning-bus", kill_on_drop: false }`
[INFO] [stderr] Cloning into bare repository '/workspace/cache/git-repos/https%3A%2F%2Fgithub.com%2FShadowBlip%2Flightning-bus'...
[INFO] running `Command { std: "git" "rev-parse" "HEAD", kill_on_drop: false }`
[INFO] [stdout] bb37ef80034a202e8cf19190114c81cb08c4c116
[INFO] documenting ShadowBlip/lightning-bus against 1.75.0 for beta-1.76-rustdoc-1
[INFO] running `Command { std: "git" "clone" "/workspace/cache/git-repos/https%3A%2F%2Fgithub.com%2FShadowBlip%2Flightning-bus" "/workspace/builds/worker-2-tc1/source", kill_on_drop: false }`
[INFO] [stderr] Cloning into '/workspace/builds/worker-2-tc1/source'...
[INFO] [stderr] done.
[INFO] validating manifest of git repo https://github.com/ShadowBlip/lightning-bus on toolchain 1.75.0
[INFO] running `Command { std: CARGO_HOME="/workspace/cargo-home" RUSTUP_HOME="/workspace/rustup-home" "/workspace/cargo-home/bin/cargo" "+1.75.0" "metadata" "--manifest-path" "Cargo.toml" "--no-deps", kill_on_drop: false }`
[INFO] started tweaking git repo https://github.com/ShadowBlip/lightning-bus
[INFO] finished tweaking git repo https://github.com/ShadowBlip/lightning-bus
[INFO] tweaked toml for git repo https://github.com/ShadowBlip/lightning-bus written to /workspace/builds/worker-2-tc1/source/Cargo.toml
[INFO] crate git repo https://github.com/ShadowBlip/lightning-bus already has a lockfile, it will not be regenerated
[INFO] running `Command { std: CARGO_HOME="/workspace/cargo-home" RUSTUP_HOME="/workspace/rustup-home" "/workspace/cargo-home/bin/cargo" "+1.75.0" "fetch" "--manifest-path" "Cargo.toml", kill_on_drop: false }`
[INFO] [stderr]     Updating git repository `https://gitlab.com/shadowapex/libryzenadj-rs.git`
[INFO] [stderr]     Updating git submodule `https://github.com/FlyGoat/RyzenAdj.git`
[INFO] [stderr]     Updating crates.io index
[INFO] [stderr]  Downloading crates ...
[INFO] [stderr]   Downloaded patch v0.7.0
[INFO] [stderr]   Downloaded nom_locate v4.2.0
[INFO] [stderr]   Downloaded bytecount v0.6.5
[INFO] [stderr]   Downloaded async-signal v0.2.4
[INFO] running `Command { std: "docker" "create" "-v" "/var/lib/crater-agent-workspace/builds/worker-2-tc1/target:/opt/rustwide/target:rw,Z" "-v" "/var/lib/crater-agent-workspace/builds/worker-2-tc1/source:/opt/rustwide/workdir:ro,Z" "-v" "/var/lib/crater-agent-workspace/cargo-home:/opt/rustwide/cargo-home:ro,Z" "-v" "/var/lib/crater-agent-workspace/rustup-home:/opt/rustwide/rustup-home:ro,Z" "-e" "SOURCE_DIR=/opt/rustwide/workdir" "-e" "CARGO_TARGET_DIR=/opt/rustwide/target" "-e" "CARGO_HOME=/opt/rustwide/cargo-home" "-e" "RUSTUP_HOME=/opt/rustwide/rustup-home" "-w" "/opt/rustwide/workdir" "-m" "1610612736" "--user" "0:0" "--network" "none" "ghcr.io/rust-lang/crates-build-env/linux@sha256:2788e3201cd34a07e3172128adcd8b3090168a8e3bcc40d7c032b9dda1df7d1c" "/opt/rustwide/cargo-home/bin/cargo" "+1.75.0" "metadata" "--no-deps" "--format-version=1", kill_on_drop: false }`
[INFO] [stdout] 33f72887afe547e038ccbd3b63d4423b1003c192c1677d4bfe2544e641049cae
[INFO] running `Command { std: "docker" "start" "-a" "33f72887afe547e038ccbd3b63d4423b1003c192c1677d4bfe2544e641049cae", kill_on_drop: false }`
[INFO] running `Command { std: "docker" "inspect" "33f72887afe547e038ccbd3b63d4423b1003c192c1677d4bfe2544e641049cae", kill_on_drop: false }`
[INFO] running `Command { std: "docker" "rm" "-f" "33f72887afe547e038ccbd3b63d4423b1003c192c1677d4bfe2544e641049cae", kill_on_drop: false }`
[INFO] [stdout] 33f72887afe547e038ccbd3b63d4423b1003c192c1677d4bfe2544e641049cae
[INFO] running `Command { std: "docker" "create" "-v" "/var/lib/crater-agent-workspace/builds/worker-2-tc1/target:/opt/rustwide/target:rw,Z" "-v" "/var/lib/crater-agent-workspace/builds/worker-2-tc1/source:/opt/rustwide/workdir:ro,Z" "-v" "/var/lib/crater-agent-workspace/cargo-home:/opt/rustwide/cargo-home:ro,Z" "-v" "/var/lib/crater-agent-workspace/rustup-home:/opt/rustwide/rustup-home:ro,Z" "-e" "SOURCE_DIR=/opt/rustwide/workdir" "-e" "CARGO_TARGET_DIR=/opt/rustwide/target" "-e" "CARGO_INCREMENTAL=0" "-e" "RUST_BACKTRACE=full" "-e" "RUSTFLAGS=--cap-lints=warn" "-e" "RUSTDOCFLAGS=--cap-lints=warn" "-e" "CARGO_HOME=/opt/rustwide/cargo-home" "-e" "RUSTUP_HOME=/opt/rustwide/rustup-home" "-w" "/opt/rustwide/workdir" "-m" "1610612736" "--user" "0:0" "--network" "none" "ghcr.io/rust-lang/crates-build-env/linux@sha256:2788e3201cd34a07e3172128adcd8b3090168a8e3bcc40d7c032b9dda1df7d1c" "/opt/rustwide/cargo-home/bin/cargo" "+1.75.0" "doc" "--frozen" "--no-deps" "--document-private-items" "--message-format=json", kill_on_drop: false }`
[INFO] [stdout] e4448eb0947c8e278ab2113c82fe370c474b7daceb70853aa7c9d93e020c8aeb
[INFO] running `Command { std: "docker" "start" "-a" "e4448eb0947c8e278ab2113c82fe370c474b7daceb70853aa7c9d93e020c8aeb", kill_on_drop: false }`
[INFO] [stderr]    Compiling proc-macro2 v1.0.69
[INFO] [stderr]    Compiling libc v0.2.149
[INFO] [stderr]    Compiling memchr v2.6.4
[INFO] [stderr]    Compiling equivalent v1.0.1
[INFO] [stderr]    Compiling hashbrown v0.14.2
[INFO] [stderr]    Compiling winnow v0.5.17
[INFO] [stderr]    Compiling toml_datetime v0.6.5
[INFO] [stderr]    Compiling minimal-lexical v0.2.1
[INFO] [stderr]    Compiling glob v0.3.1
[INFO] [stderr]    Compiling once_cell v1.18.0
[INFO] [stderr]    Compiling syn v1.0.109
[INFO] [stderr]    Compiling num-traits v0.2.17
[INFO] [stderr]    Compiling prettyplease v0.2.15
[INFO] [stderr]    Compiling rustix v0.38.20
[INFO] [stderr]    Compiling cfg-if v1.0.0
[INFO] [stderr]    Compiling bitflags v2.4.1
[INFO] [stderr]    Compiling linux-raw-sys v0.4.10
[INFO] [stderr]    Compiling libloading v0.7.4
[INFO] [stderr]    Compiling bytecount v0.6.5
[INFO] [stderr]    Compiling futures-core v0.3.28
[INFO] [stderr]    Compiling bindgen v0.66.1
[INFO] [stderr]    Compiling home v0.5.5
[INFO] [stderr]    Compiling aho-corasick v1.1.2
[INFO] [stderr]    Compiling nom v7.1.3
[INFO] [stderr]    Compiling iana-time-zone v0.1.58
[INFO] [stderr]    Compiling either v1.9.0
[INFO] [stderr]    Compiling serde v1.0.189
[INFO] [stderr]    Compiling clang-sys v1.6.1
[INFO] [stderr]    Compiling memoffset v0.7.1
[INFO] [stderr]    Compiling quote v1.0.33
[INFO] [stderr]    Compiling indexmap v2.0.2
[INFO] [stderr]    Compiling rustc-hash v1.1.0
[INFO] [stderr]    Compiling lazycell v1.3.0
[INFO] [stderr]    Compiling syn v2.0.38
[INFO] [stderr]    Compiling lazy_static v1.4.0
[INFO] [stderr]    Compiling peeking_take_while v0.1.2
[INFO] [stderr]    Compiling shlex v1.2.0
[INFO] [stderr]     Checking smallvec v1.11.1
[INFO] [stderr]    Compiling futures-task v0.3.28
[INFO] [stderr]     Checking lock_api v0.4.11
[INFO] [stderr]    Compiling cc v1.0.83
[INFO] [stderr]     Checking byteorder v1.5.0
[INFO] [stderr]    Compiling thiserror v1.0.50
[INFO] [stderr]    Compiling futures-util v0.3.28
[INFO] [stderr]    Compiling async-trait v0.1.74
[INFO] [stderr]     Checking static_assertions v1.1.0
[INFO] [stderr]    Compiling regex-automata v0.4.3
[INFO] [stderr]    Compiling time-macros v0.2.15
[INFO] [stderr]     Checking tracing-core v0.1.32
[INFO] [stderr]     Checking deranged v0.3.9
[INFO] [stderr]     Checking getrandom v0.2.10
[INFO] [stderr]    Compiling chrono v0.4.31
[INFO] [stderr]    Compiling cmake v0.1.50
[INFO] [stderr]     Checking rand_core v0.6.4
[INFO] [stderr]    Compiling toml_edit v0.19.15
[INFO] [stderr]     Checking parking_lot_core v0.9.9
[INFO] [stderr]     Checking rand_chacha v0.3.1
[INFO] [stderr]    Compiling cexpr v0.6.0
[INFO] [stderr]    Compiling nom_locate v4.2.0
[INFO] [stderr]    Compiling which v4.4.2
[INFO] [stderr]     Checking parking_lot v0.12.1
[INFO] [stderr]     Checking is-terminal v0.4.9
[INFO] [stderr]     Checking num_cpus v1.15.0
[INFO] [stderr]     Checking nix v0.26.4
[INFO] [stderr]     Checking socket2 v0.5.5
[INFO] [stderr]     Checking signal-hook-registry v1.4.1
[INFO] [stderr]     Checking mio v0.8.9
[INFO] [stderr]     Checking itoa v1.0.9
[INFO] [stderr]     Checking cpufeatures v0.2.10
[INFO] [stderr]     Checking event-listener v2.5.3
[INFO] [stderr]     Checking futures-sink v0.3.28
[INFO] [stderr]     Checking num_threads v0.1.6
[INFO] [stderr]     Checking colored v2.0.4
[INFO] [stderr]     Checking rand v0.8.5
[INFO] [stderr]     Checking sha1 v0.10.6
[INFO] [stderr]     Checking async-broadcast v0.5.1
[INFO] [stderr]    Compiling patch v0.7.0
[INFO] [stderr]     Checking errno v0.3.5
[INFO] [stderr]     Checking ordered-stream v0.2.0
[INFO] [stderr]     Checking xdg-home v1.0.0
[INFO] [stderr]     Checking log v0.4.20
[INFO] [stderr]     Checking hex v0.4.3
[INFO] [stderr]    Compiling proc-macro-crate v1.3.1
[INFO] [stderr]     Checking time v0.3.30
[INFO] [stderr]    Compiling regex v1.10.2
[INFO] [stderr]    Compiling zvariant_utils v1.0.1
[INFO] [stderr]     Checking simple_logger v4.2.0
[INFO] [stderr]    Compiling zvariant_derive v3.15.0
[INFO] [stderr]    Compiling zbus_macros v3.14.1
[INFO] [stderr]    Compiling derivative v2.2.0
[INFO] [stderr]    Compiling serde_derive v1.0.189
[INFO] [stderr]    Compiling enumflags2_derive v0.7.8
[INFO] [stderr]    Compiling tracing-attributes v0.1.27
[INFO] [stderr]    Compiling thiserror-impl v1.0.50
[INFO] [stderr]    Compiling num_enum_derive v0.6.1
[INFO] [stderr]    Compiling tokio-macros v2.1.0
[INFO] [stderr]    Compiling async-recursion v1.0.5
[INFO] [stderr]    Compiling serde_repr v0.1.16
[INFO] [stderr]     Checking tokio v1.33.0
[INFO] [stderr]     Checking num_enum v0.6.1
[INFO] [stderr]     Checking tracing v0.1.40
[INFO] [stderr]    Compiling libryzenadj-sys v0.14.0 (https://gitlab.com/shadowapex/libryzenadj-rs.git#c730a5bd)
[INFO] [stderr]     Checking enumflags2 v0.7.8
[INFO] [stderr]     Checking zvariant v3.15.0
[INFO] [stderr]     Checking zbus_names v2.6.0
[INFO] [stderr]     Checking zbus v3.14.1
[INFO] [stderr] error: failed to run custom build command for `libryzenadj-sys v0.14.0 (https://gitlab.com/shadowapex/libryzenadj-rs.git#c730a5bd)`
[INFO] [stderr] note: To improve backtraces for build dependencies, set the CARGO_PROFILE_DEV_BUILD_OVERRIDE_DEBUG=true environment variable to enable debug information generation.
[INFO] [stderr] 
[INFO] [stderr] Caused by:
[INFO] [stderr]   process didn't exit successfully: `/opt/rustwide/target/debug/build/libryzenadj-sys-0d6ba5325bfdc27b/build-script-build` (exit status: 101)
[INFO] [stderr]   --- stdout
[INFO] [stderr]   CMAKE_TOOLCHAIN_FILE_x86_64-unknown-linux-gnu = None
[INFO] [stderr]   CMAKE_TOOLCHAIN_FILE_x86_64_unknown_linux_gnu = None
[INFO] [stderr]   HOST_CMAKE_TOOLCHAIN_FILE = None
[INFO] [stderr]   CMAKE_TOOLCHAIN_FILE = None
[INFO] [stderr]   CMAKE_GENERATOR_x86_64-unknown-linux-gnu = None
[INFO] [stderr]   CMAKE_GENERATOR_x86_64_unknown_linux_gnu = None
[INFO] [stderr]   HOST_CMAKE_GENERATOR = None
[INFO] [stderr]   CMAKE_GENERATOR = None
[INFO] [stderr]   CMAKE_PREFIX_PATH_x86_64-unknown-linux-gnu = None
[INFO] [stderr]   CMAKE_PREFIX_PATH_x86_64_unknown_linux_gnu = None
[INFO] [stderr]   HOST_CMAKE_PREFIX_PATH = None
[INFO] [stderr]   CMAKE_PREFIX_PATH = None
[INFO] [stderr]   CMAKE_x86_64-unknown-linux-gnu = None
[INFO] [stderr]   CMAKE_x86_64_unknown_linux_gnu = None
[INFO] [stderr]   HOST_CMAKE = None
[INFO] [stderr]   CMAKE = None
[INFO] [stderr]   running: cd "/opt/rustwide/target/debug/build/libryzenadj-sys-ff43acc43a409e71/out/build" && CMAKE_PREFIX_PATH="" "cmake" "/opt/rustwide/cargo-home/git/checkouts/libryzenadj-rs-1e7579f6b7667532/c730a5b/libryzenadj-sys/RyzenAdj" "-DBUILD_SHARED_LIBS=OFF" "-DCMAKE_INSTALL_PREFIX=/opt/rustwide/target/debug/build/libryzenadj-sys-ff43acc43a409e71/out" "-DCMAKE_C_FLAGS= -ffunction-sections -fdata-sections -fPIC -m64" "-DCMAKE_C_COMPILER=/usr/bin/cc" "-DCMAKE_CXX_FLAGS= -ffunction-sections -fdata-sections -fPIC -m64" "-DCMAKE_CXX_COMPILER=/usr/bin/c++" "-DCMAKE_ASM_FLAGS= -ffunction-sections -fdata-sections -fPIC -m64" "-DCMAKE_ASM_COMPILER=/usr/bin/cc" "-DCMAKE_BUILD_TYPE=Release"
[INFO] [stderr]   -- The C compiler identification is GNU 11.4.0
[INFO] [stderr]   -- The CXX compiler identification is GNU 11.4.0
[INFO] [stderr]   -- Detecting C compiler ABI info
[INFO] [stderr]   -- Detecting C compiler ABI info - done
[INFO] [stderr]   -- Check for working C compiler: /usr/bin/cc - skipped
[INFO] [stderr]   -- Detecting C compile features
[INFO] [stderr]   -- Detecting C compile features - done
[INFO] [stderr]   -- Detecting CXX compiler ABI info
[INFO] [stderr]   -- Detecting CXX compiler ABI info - done
[INFO] [stderr]   -- Check for working CXX compiler: /usr/bin/c++ - skipped
[INFO] [stderr]   -- Detecting CXX compile features
[INFO] [stderr]   -- Detecting CXX compile features - done
[INFO] [stderr]   -- Build type: Release
[INFO] [stderr]   -- Configuring done
[INFO] [stderr]   -- Generating done
[INFO] [stderr]   -- Build files have been written to: /opt/rustwide/target/debug/build/libryzenadj-sys-ff43acc43a409e71/out/build
[INFO] [stderr]   running: cd "/opt/rustwide/target/debug/build/libryzenadj-sys-ff43acc43a409e71/out/build" && MAKEFLAGS="-j --jobserver-fds=7,8 --jobserver-auth=7,8" "cmake" "--build" "." "--target" "libryzenadj" "--config" "Release"
[INFO] [stderr]   [ 20%] Building C object CMakeFiles/libryzenadj.dir/lib/osdep_linux.c.o
[INFO] [stderr]   [ 40%] Building C object CMakeFiles/libryzenadj.dir/lib/cpuid.c.o
[INFO] [stderr]   [ 60%] Building C object CMakeFiles/libryzenadj.dir/lib/nb_smu_ops.c.o
[INFO] [stderr]   [ 80%] Building C object CMakeFiles/libryzenadj.dir/lib/api.c.o
[INFO] [stderr] 
[INFO] [stderr]   --- stderr
[INFO] [stderr]   CMake Warning:
[INFO] [stderr]     Manually-specified variables were not used by the project:
[INFO] [stderr] 
[INFO] [stderr]       CMAKE_ASM_COMPILER
[INFO] [stderr]       CMAKE_ASM_FLAGS
[INFO] [stderr] 
[INFO] [stderr] 
[INFO] [stderr]   In file included from /opt/rustwide/cargo-home/git/checkouts/libryzenadj-rs-1e7579f6b7667532/c730a5b/libryzenadj-sys/RyzenAdj/lib/ryzenadj_priv.h:14,
[INFO] [stderr]                    from /opt/rustwide/cargo-home/git/checkouts/libryzenadj-rs-1e7579f6b7667532/c730a5b/libryzenadj-sys/RyzenAdj/lib/ryzenadj.h:32,
[INFO] [stderr]                    from /opt/rustwide/cargo-home/git/checkouts/libryzenadj-rs-1e7579f6b7667532/c730a5b/libryzenadj-sys/RyzenAdj/lib/nb_smu_ops.c:5:
[INFO] [stderr]   /opt/rustwide/cargo-home/git/checkouts/libryzenadj-rs-1e7579f6b7667532/c730a5b/libryzenadj-sys/RyzenAdj/lib/nb_smu_ops.h:80:10: fatal error: pci/pci.h: No such file or directory
[INFO] [stderr]      80 | #include <pci/pci.h>
[INFO] [stderr]         |          ^~~~~~~~~~~
[INFO] [stderr]   compilation terminated.
[INFO] [stderr]   In file included from /opt/rustwide/cargo-home/git/checkouts/libryzenadj-rs-1e7579f6b7667532/c730a5b/libryzenadj-sys/RyzenAdj/lib/ryzenadj_priv.h:14,
[INFO] [stderr]                    from /opt/rustwide/cargo-home/git/checkouts/libryzenadj-rs-1e7579f6b7667532/c730a5b/libryzenadj-sys/RyzenAdj/lib/ryzenadj.h:32,
[INFO] [stderr]                    from /opt/rustwide/cargo-home/git/checkouts/libryzenadj-rs-1e7579f6b7667532/c730a5b/libryzenadj-sys/RyzenAdj/lib/api.c:5:
[INFO] [stderr]   /opt/rustwide/cargo-home/git/checkouts/libryzenadj-rs-1e7579f6b7667532/c730a5b/libryzenadj-sys/RyzenAdj/lib/nb_smu_ops.h:80:10: fatal error: pci/pci.h: No such file or directory
[INFO] [stderr]      80 | #include <pci/pci.h>
[INFO] [stderr]         |          ^~~~~~~~~~~
[INFO] [stderr]   compilation terminated.
[INFO] [stderr]   gmake[3]: *** [CMakeFiles/libryzenadj.dir/build.make:90: CMakeFiles/libryzenadj.dir/lib/nb_smu_ops.c.o] Error 1
[INFO] [stderr]   gmake[3]: *** Waiting for unfinished jobs....
[INFO] [stderr]   gmake[3]: *** [CMakeFiles/libryzenadj.dir/build.make:104: CMakeFiles/libryzenadj.dir/lib/api.c.o] Error 1
[INFO] [stderr]   In file included from /opt/rustwide/cargo-home/git/checkouts/libryzenadj-rs-1e7579f6b7667532/c730a5b/libryzenadj-sys/RyzenAdj/lib/ryzenadj_priv.h:14,
[INFO] [stderr]                    from /opt/rustwide/cargo-home/git/checkouts/libryzenadj-rs-1e7579f6b7667532/c730a5b/libryzenadj-sys/RyzenAdj/lib/ryzenadj.h:32,
[INFO] [stderr]                    from /opt/rustwide/cargo-home/git/checkouts/libryzenadj-rs-1e7579f6b7667532/c730a5b/libryzenadj-sys/RyzenAdj/lib/cpuid.c:5:
[INFO] [stderr]   /opt/rustwide/cargo-home/git/checkouts/libryzenadj-rs-1e7579f6b7667532/c730a5b/libryzenadj-sys/RyzenAdj/lib/nb_smu_ops.h:80:10: fatal error: pci/pci.h: No such file or directory
[INFO] [stderr]      80 | #include <pci/pci.h>
[INFO] [stderr]         |          ^~~~~~~~~~~
[INFO] [stderr]   compilation terminated.
[INFO] [stderr]   gmake[3]: *** [CMakeFiles/libryzenadj.dir/build.make:118: CMakeFiles/libryzenadj.dir/lib/cpuid.c.o] Error 1
[INFO] [stderr]   In file included from /opt/rustwide/cargo-home/git/checkouts/libryzenadj-rs-1e7579f6b7667532/c730a5b/libryzenadj-sys/RyzenAdj/lib/osdep_linux.c:10:
[INFO] [stderr]   /opt/rustwide/cargo-home/git/checkouts/libryzenadj-rs-1e7579f6b7667532/c730a5b/libryzenadj-sys/RyzenAdj/lib/nb_smu_ops.h:80:10: fatal error: pci/pci.h: No such file or directory
[INFO] [stderr]      80 | #include <pci/pci.h>
[INFO] [stderr]         |          ^~~~~~~~~~~
[INFO] [stderr]   compilation terminated.
[INFO] [stderr]   gmake[3]: *** [CMakeFiles/libryzenadj.dir/build.make:76: CMakeFiles/libryzenadj.dir/lib/osdep_linux.c.o] Error 1
[INFO] [stderr]   gmake[2]: *** [CMakeFiles/Makefile2:111: CMakeFiles/libryzenadj.dir/all] Error 2
[INFO] [stderr]   gmake[1]: *** [CMakeFiles/Makefile2:118: CMakeFiles/libryzenadj.dir/rule] Error 2
[INFO] [stderr]   gmake: *** [Makefile:182: libryzenadj] Error 2
[INFO] [stderr]   thread 'main' panicked at /opt/rustwide/cargo-home/registry/src/index.crates.io-6f17d22bba15001f/cmake-0.1.50/src/lib.rs:1098:5:
[INFO] [stderr] 
[INFO] [stderr]   command did not execute successfully, got: exit status: 2
[INFO] [stderr] 
[INFO] [stderr]   build script failed, must exit now
[INFO] [stderr]   stack backtrace:
[INFO] [stderr]      0:     0x55aa309e0c5c - std::backtrace_rs::backtrace::libunwind::trace::ha637c64ce894333a
[INFO] [stderr]                                  at /rustc/82e1608dfa6e0b5569232559e3d385fea5a93112/library/std/src/../../backtrace/src/backtrace/libunwind.rs:104:5
[INFO] [stderr]      1:     0x55aa309e0c5c - std::backtrace_rs::backtrace::trace_unsynchronized::h47f62dea28e0c88d
[INFO] [stderr]                                  at /rustc/82e1608dfa6e0b5569232559e3d385fea5a93112/library/std/src/../../backtrace/src/backtrace/mod.rs:66:5
[INFO] [stderr]      2:     0x55aa309e0c5c - std::sys_common::backtrace::_print_fmt::h9eef0abe20ede486
[INFO] [stderr]                                  at /rustc/82e1608dfa6e0b5569232559e3d385fea5a93112/library/std/src/sys_common/backtrace.rs:67:5
[INFO] [stderr]      3:     0x55aa309e0c5c - <std::sys_common::backtrace::_print::DisplayBacktrace as core::fmt::Display>::fmt::hed7f999df88cc644
[INFO] [stderr]                                  at /rustc/82e1608dfa6e0b5569232559e3d385fea5a93112/library/std/src/sys_common/backtrace.rs:44:22
[INFO] [stderr]      4:     0x55aa30a0ca60 - core::fmt::rt::Argument::fmt::h1539a9308b8d058d
[INFO] [stderr]                                  at /rustc/82e1608dfa6e0b5569232559e3d385fea5a93112/library/core/src/fmt/rt.rs:142:9
[INFO] [stderr]      5:     0x55aa30a0ca60 - core::fmt::write::h3a39390d8560d9c9
[INFO] [stderr]                                  at /rustc/82e1608dfa6e0b5569232559e3d385fea5a93112/library/core/src/fmt/mod.rs:1120:17
[INFO] [stderr]      6:     0x55aa309dde5f - std::io::Write::write_fmt::h5fc9997dfe05f882
[INFO] [stderr]                                  at /rustc/82e1608dfa6e0b5569232559e3d385fea5a93112/library/std/src/io/mod.rs:1762:15
[INFO] [stderr]      7:     0x55aa309e0a44 - std::sys_common::backtrace::_print::h894006fb5c6f3d45
[INFO] [stderr]                                  at /rustc/82e1608dfa6e0b5569232559e3d385fea5a93112/library/std/src/sys_common/backtrace.rs:47:5
[INFO] [stderr]      8:     0x55aa309e0a44 - std::sys_common::backtrace::print::h23a2d212c6fff936
[INFO] [stderr]                                  at /rustc/82e1608dfa6e0b5569232559e3d385fea5a93112/library/std/src/sys_common/backtrace.rs:34:9
[INFO] [stderr]      9:     0x55aa309e2257 - std::panicking::default_hook::{{closure}}::h8a1d2ee00185001a
[INFO] [stderr]     10:     0x55aa309e1fbf - std::panicking::default_hook::h6038f2eba384e475
[INFO] [stderr]                                  at /rustc/82e1608dfa6e0b5569232559e3d385fea5a93112/library/std/src/panicking.rs:292:9
[INFO] [stderr]     11:     0x55aa309e26d8 - std::panicking::rust_panic_with_hook::h2b5517d590cab22e
[INFO] [stderr]                                  at /rustc/82e1608dfa6e0b5569232559e3d385fea5a93112/library/std/src/panicking.rs:779:13
[INFO] [stderr]     12:     0x55aa309e25be - std::panicking::begin_panic_handler::{{closure}}::h233112c06e0ef43e
[INFO] [stderr]                                  at /rustc/82e1608dfa6e0b5569232559e3d385fea5a93112/library/std/src/panicking.rs:657:13
[INFO] [stderr]     13:     0x55aa309e1126 - std::sys_common::backtrace::__rust_end_short_backtrace::h6e893f24d7ebbff8
[INFO] [stderr]                                  at /rustc/82e1608dfa6e0b5569232559e3d385fea5a93112/library/std/src/sys_common/backtrace.rs:170:18
[INFO] [stderr]     14:     0x55aa309e2322 - rust_begin_unwind
[INFO] [stderr]                                  at /rustc/82e1608dfa6e0b5569232559e3d385fea5a93112/library/std/src/panicking.rs:645:5
[INFO] [stderr]     15:     0x55aa302a97b5 - core::panicking::panic_fmt::hbf0e066aabfa482c
[INFO] [stderr]                                  at /rustc/82e1608dfa6e0b5569232559e3d385fea5a93112/library/core/src/panicking.rs:72:14
[INFO] [stderr]     16:     0x55aa30975fc1 - cmake::fail::h8c6958562bddfe24
[INFO] [stderr]     17:     0x55aa30975747 - cmake::run::h42f48958c30ecb98
[INFO] [stderr]     18:     0x55aa30972061 - cmake::Config::build::h49ced4f9b1721155
[INFO] [stderr]     19:     0x55aa302acff9 - build_script_build::main::h6cdd4c485dcd4c36
[INFO] [stderr]     20:     0x55aa302aab53 - core::ops::function::FnOnce::call_once::heb3619674c60e0a0
[INFO] [stderr]     21:     0x55aa302aa156 - std::sys_common::backtrace::__rust_begin_short_backtrace::h1d16ee5feb7e90ef
[INFO] [stderr]     22:     0x55aa302aa819 - std::rt::lang_start::{{closure}}::h98ed2865b7f50cf5
[INFO] [stderr]     23:     0x55aa309d9457 - core::ops::function::impls::<impl core::ops::function::FnOnce<A> for &F>::call_once::hd95060ecd5e1ca24
[INFO] [stderr]                                  at /rustc/82e1608dfa6e0b5569232559e3d385fea5a93112/library/core/src/ops/function.rs:284:13
[INFO] [stderr]     24:     0x55aa309d9457 - std::panicking::try::do_call::h6e8cf51db32a6e4b
[INFO] [stderr]                                  at /rustc/82e1608dfa6e0b5569232559e3d385fea5a93112/library/std/src/panicking.rs:552:40
[INFO] [stderr]     25:     0x55aa309d9457 - std::panicking::try::h3a52eefe24fe3c29
[INFO] [stderr]                                  at /rustc/82e1608dfa6e0b5569232559e3d385fea5a93112/library/std/src/panicking.rs:516:19
[INFO] [stderr]     26:     0x55aa309d9457 - std::panic::catch_unwind::h24c28c23c02c3841
[INFO] [stderr]                                  at /rustc/82e1608dfa6e0b5569232559e3d385fea5a93112/library/std/src/panic.rs:142:14
[INFO] [stderr]     27:     0x55aa309d9457 - std::rt::lang_start_internal::{{closure}}::h705d3c9cbc06ef47
[INFO] [stderr]                                  at /rustc/82e1608dfa6e0b5569232559e3d385fea5a93112/library/std/src/rt.rs:148:48
[INFO] [stderr]     28:     0x55aa309d9457 - std::panicking::try::do_call::ha21f52ba13158470
[INFO] [stderr]                                  at /rustc/82e1608dfa6e0b5569232559e3d385fea5a93112/library/std/src/panicking.rs:552:40
[INFO] [stderr]     29:     0x55aa309d9457 - std::panicking::try::h5581346bf6aeb1f8
[INFO] [stderr]                                  at /rustc/82e1608dfa6e0b5569232559e3d385fea5a93112/library/std/src/panicking.rs:516:19
[INFO] [stderr]     30:     0x55aa309d9457 - std::panic::catch_unwind::h7919645a6b72e25b
[INFO] [stderr]                                  at /rustc/82e1608dfa6e0b5569232559e3d385fea5a93112/library/std/src/panic.rs:142:14
[INFO] [stderr]     31:     0x55aa309d9457 - std::rt::lang_start_internal::h12de51168669836e
[INFO] [stderr]                                  at /rustc/82e1608dfa6e0b5569232559e3d385fea5a93112/library/std/src/rt.rs:148:20
[INFO] [stderr]     32:     0x55aa302aa7f7 - std::rt::lang_start::hc63c67d053ae4e31
[INFO] [stderr]     33:     0x55aa302ad445 - main
[INFO] [stderr]     34:     0x7f28aca8ad90 - <unknown>
[INFO] [stderr]     35:     0x7f28aca8ae40 - __libc_start_main
[INFO] [stderr]     36:     0x55aa302aa085 - _start
[INFO] [stderr]     37:                0x0 - <unknown>
[INFO] [stderr] warning: build failed, waiting for other jobs to finish...
[INFO] running `Command { std: "docker" "inspect" "e4448eb0947c8e278ab2113c82fe370c474b7daceb70853aa7c9d93e020c8aeb", kill_on_drop: false }`
[INFO] running `Command { std: "docker" "rm" "-f" "e4448eb0947c8e278ab2113c82fe370c474b7daceb70853aa7c9d93e020c8aeb", kill_on_drop: false }`
[INFO] [stdout] e4448eb0947c8e278ab2113c82fe370c474b7daceb70853aa7c9d93e020c8aeb
