[INFO] cloning repository https://github.com/Shadlock0133/dnd
[INFO] running `Command { std: "git" "-c" "credential.helper=" "-c" "credential.helper=/workspace/cargo-home/bin/git-credential-null" "clone" "--bare" "https://github.com/Shadlock0133/dnd" "/workspace/cache/git-repos/https%3A%2F%2Fgithub.com%2FShadlock0133%2Fdnd", kill_on_drop: false }`
[INFO] [stderr] Cloning into bare repository '/workspace/cache/git-repos/https%3A%2F%2Fgithub.com%2FShadlock0133%2Fdnd'...
[INFO] running `Command { std: "git" "rev-parse" "HEAD", kill_on_drop: false }`
[INFO] [stdout] 19142318255b32e4394416db1abd81fd01c74de9
[INFO] documenting Shadlock0133/dnd against 1.75.0 for beta-1.76-rustdoc-1
[INFO] running `Command { std: "git" "clone" "/workspace/cache/git-repos/https%3A%2F%2Fgithub.com%2FShadlock0133%2Fdnd" "/workspace/builds/worker-7-tc1/source", kill_on_drop: false }`
[INFO] [stderr] Cloning into '/workspace/builds/worker-7-tc1/source'...
[INFO] [stderr] done.
[INFO] validating manifest of git repo https://github.com/Shadlock0133/dnd on toolchain 1.75.0
[INFO] running `Command { std: CARGO_HOME="/workspace/cargo-home" RUSTUP_HOME="/workspace/rustup-home" "/workspace/cargo-home/bin/cargo" "+1.75.0" "metadata" "--manifest-path" "Cargo.toml" "--no-deps", kill_on_drop: false }`
[INFO] started tweaking git repo https://github.com/Shadlock0133/dnd
[INFO] finished tweaking git repo https://github.com/Shadlock0133/dnd
[INFO] tweaked toml for git repo https://github.com/Shadlock0133/dnd written to /workspace/builds/worker-7-tc1/source/Cargo.toml
[INFO] crate git repo https://github.com/Shadlock0133/dnd already has a lockfile, it will not be regenerated
[INFO] running `Command { std: CARGO_HOME="/workspace/cargo-home" RUSTUP_HOME="/workspace/rustup-home" "/workspace/cargo-home/bin/cargo" "+1.75.0" "fetch" "--manifest-path" "Cargo.toml", kill_on_drop: false }`
[INFO] [stderr]     Updating crates.io index
[INFO] [stderr]  Downloading crates ...
[INFO] [stderr]   Downloaded serde_derive v1.0.19
[INFO] [stderr]   Downloaded linked-hash-map v0.5.0
[INFO] [stderr]   Downloaded shell32-sys v0.1.1
[INFO] [stderr]   Downloaded read_color v0.1.0
[INFO] [stderr]   Downloaded x11-dl v2.16.0
[INFO] [stderr]   Downloaded daggy v0.5.0
[INFO] [stderr]   Downloaded pistoncore-window v0.30.0
[INFO] [stderr]   Downloaded num-rational v0.1.40
[INFO] [stderr]   Downloaded gfx_gl v0.3.1
[INFO] [stderr]   Downloaded piston-gfx_texture v0.29.0
[INFO] [stderr]   Downloaded rusttype v0.2.3
[INFO] [stderr]   Downloaded pistoncore-event_loop v0.35.0
[INFO] [stderr]   Downloaded core-foundation v0.4.4
[INFO] [stderr]   Downloaded serde v1.0.19
[INFO] [stderr]   Downloaded piston_window v0.73.0
[INFO] [stderr]   Downloaded inflate v0.3.3
[INFO] [stderr]   Downloaded wayland-protocols v0.9.10
[INFO] [stderr]   Downloaded wayland-kbd v0.9.1
[INFO] [stderr]   Downloaded winit v0.8.3
[INFO] [stderr]   Downloaded image v0.17.0
[INFO] [stderr]   Downloaded gfx_device_gl v0.14.4
[INFO] [stderr]   Downloaded gfx_core v0.7.2
[INFO] [stderr]   Downloaded deflate v0.7.17
[INFO] [stderr]   Downloaded pistoncore-glutin_window v0.42.0
[INFO] [stderr]   Downloaded piston2d-graphics v0.23.0
[INFO] [stderr]   Downloaded khronos_api v2.0.0
[INFO] [stderr]   Downloaded glutin v0.10.1
[INFO] [stderr]   Downloaded draw_state v0.7.1
[INFO] [stderr]   Downloaded num_cpus v1.7.0
[INFO] [stderr]   Downloaded wayland-sys v0.9.10
[INFO] [stderr]   Downloaded wayland-client v0.9.10
[INFO] [stderr]   Downloaded cocoa v0.9.2
[INFO] [stderr]   Downloaded wayland-scanner v0.9.10
[INFO] [stderr]   Downloaded wayland-window v0.8.0
[INFO] [stderr]   Downloaded core-graphics v0.8.2
[INFO] [stderr]   Downloaded either v1.3.0
[INFO] [stderr]   Downloaded gleam v0.4.14
[INFO] [stderr]   Downloaded cgl v0.2.1
[INFO] [stderr]   Downloaded core-foundation-sys v0.3.1
[INFO] [stderr]   Downloaded gfx v0.16.1
[INFO] [stderr]   Downloaded fixedbitset v0.1.8
[INFO] [stderr]   Downloaded arrayvec v0.4.6
[INFO] [stderr]   Downloaded dwmapi-sys v0.1.0
[INFO] [stderr]   Downloaded conrod_derive v0.1.0
[INFO] [stderr]   Downloaded shared_library v0.1.7
[INFO] [stderr]   Downloaded scoped_threadpool v0.1.8
[INFO] [stderr]   Downloaded piston v0.35.0
[INFO] [stderr]   Downloaded rayon-core v1.3.0
[INFO] [stderr]   Downloaded core-foundation v0.3.0
[INFO] [stderr]   Downloaded core-foundation-sys v0.4.4
[INFO] [stderr]   Downloaded petgraph v0.4.10
[INFO] [stderr]   Downloaded piston2d-gfx_graphics v0.46.0
[INFO] [stderr]   Downloaded conrod v0.56.0
[INFO] running `Command { std: "docker" "create" "-v" "/var/lib/crater-agent-workspace/builds/worker-7-tc1/target:/opt/rustwide/target:rw,Z" "-v" "/var/lib/crater-agent-workspace/builds/worker-7-tc1/source:/opt/rustwide/workdir:ro,Z" "-v" "/var/lib/crater-agent-workspace/cargo-home:/opt/rustwide/cargo-home:ro,Z" "-v" "/var/lib/crater-agent-workspace/rustup-home:/opt/rustwide/rustup-home:ro,Z" "-e" "SOURCE_DIR=/opt/rustwide/workdir" "-e" "CARGO_TARGET_DIR=/opt/rustwide/target" "-e" "CARGO_HOME=/opt/rustwide/cargo-home" "-e" "RUSTUP_HOME=/opt/rustwide/rustup-home" "-w" "/opt/rustwide/workdir" "-m" "1610612736" "--user" "0:0" "--network" "none" "ghcr.io/rust-lang/crates-build-env/linux@sha256:2788e3201cd34a07e3172128adcd8b3090168a8e3bcc40d7c032b9dda1df7d1c" "/opt/rustwide/cargo-home/bin/cargo" "+1.75.0" "metadata" "--no-deps" "--format-version=1", kill_on_drop: false }`
[INFO] [stdout] e035744606f0776bfa87004363a7122ba9e5d7e66dafc2d57cddb038d3959f08
[INFO] running `Command { std: "docker" "start" "-a" "e035744606f0776bfa87004363a7122ba9e5d7e66dafc2d57cddb038d3959f08", kill_on_drop: false }`
[INFO] running `Command { std: "docker" "inspect" "e035744606f0776bfa87004363a7122ba9e5d7e66dafc2d57cddb038d3959f08", kill_on_drop: false }`
[INFO] running `Command { std: "docker" "rm" "-f" "e035744606f0776bfa87004363a7122ba9e5d7e66dafc2d57cddb038d3959f08", kill_on_drop: false }`
[INFO] [stdout] e035744606f0776bfa87004363a7122ba9e5d7e66dafc2d57cddb038d3959f08
[INFO] running `Command { std: "docker" "create" "-v" "/var/lib/crater-agent-workspace/builds/worker-7-tc1/target:/opt/rustwide/target:rw,Z" "-v" "/var/lib/crater-agent-workspace/builds/worker-7-tc1/source:/opt/rustwide/workdir:ro,Z" "-v" "/var/lib/crater-agent-workspace/cargo-home:/opt/rustwide/cargo-home:ro,Z" "-v" "/var/lib/crater-agent-workspace/rustup-home:/opt/rustwide/rustup-home:ro,Z" "-e" "SOURCE_DIR=/opt/rustwide/workdir" "-e" "CARGO_TARGET_DIR=/opt/rustwide/target" "-e" "CARGO_INCREMENTAL=0" "-e" "RUST_BACKTRACE=full" "-e" "RUSTFLAGS=--cap-lints=warn" "-e" "RUSTDOCFLAGS=--cap-lints=warn" "-e" "CARGO_HOME=/opt/rustwide/cargo-home" "-e" "RUSTUP_HOME=/opt/rustwide/rustup-home" "-w" "/opt/rustwide/workdir" "-m" "1610612736" "--user" "0:0" "--network" "none" "ghcr.io/rust-lang/crates-build-env/linux@sha256:2788e3201cd34a07e3172128adcd8b3090168a8e3bcc40d7c032b9dda1df7d1c" "/opt/rustwide/cargo-home/bin/cargo" "+1.75.0" "doc" "--frozen" "--no-deps" "--document-private-items" "--message-format=json", kill_on_drop: false }`
[INFO] [stdout] 6ac2924876ff0533d900aa3c7f978454407d34c2a9eb804b32239852d980198b
[INFO] running `Command { std: "docker" "start" "-a" "6ac2924876ff0533d900aa3c7f978454407d34c2a9eb804b32239852d980198b", kill_on_drop: false }`
[INFO] [stderr]     Checking libc v0.2.33
[INFO] [stderr]    Compiling siphasher v0.2.2
[INFO] [stderr]     Checking lazy_static v0.2.9
[INFO] [stderr]    Compiling bitflags v0.9.1
[INFO] [stderr]    Compiling unicode-xid v0.0.4
[INFO] [stderr]    Compiling quote v0.3.15
[INFO] [stderr]    Compiling serde v0.9.15
[INFO] [stderr]    Compiling xml-rs v0.6.1
[INFO] [stderr]    Compiling dtoa v0.4.2
[INFO] [stderr]    Compiling num-traits v0.1.40
[INFO] [stderr]    Compiling phf_shared v0.7.21
[INFO] [stderr]    Compiling itoa v0.3.4
[INFO] [stderr]    Compiling phf v0.7.21
[INFO] [stderr]     Checking rand v0.3.18
[INFO] [stderr]    Compiling log v0.3.8
[INFO] [stderr]    Compiling synom v0.11.3
[INFO] [stderr]     Checking bitflags v1.0.1
[INFO] [stderr]     Checking byteorder v1.1.0
[INFO] [stderr]     Checking piston-float v0.3.0
[INFO] [stderr]    Compiling syn v0.11.11
[INFO] [stderr]    Compiling winapi-build v0.1.1
[INFO] [stderr]    Compiling wayland-scanner v0.9.10
[INFO] [stderr]    Compiling kernel32-sys v0.2.2
[INFO] [stderr]    Compiling xml-rs v0.7.0
[INFO] [stderr]     Checking num-integer v0.1.35
[INFO] [stderr]    Compiling phf_generator v0.7.21
[INFO] [stderr]     Checking piston-viewport v0.3.0
[INFO] [stderr]    Compiling khronos_api v2.0.0
[INFO] [stderr]    Compiling phf_codegen v0.7.21
[INFO] [stderr]     Checking rustc-serialize v0.3.24
[INFO] [stderr]    Compiling rayon-core v1.3.0
[INFO] [stderr]    Compiling target_build_utils v0.3.1
[INFO] [stderr]     Checking either v1.3.0
[INFO] [stderr]    Compiling wayland-client v0.9.10
[INFO] [stderr]    Compiling gl_generator v0.6.1
[INFO] [stderr]     Checking scopeguard v0.3.3
[INFO] [stderr]     Checking winapi v0.2.8
[INFO] [stderr]    Compiling serde_derive_internals v0.17.0
[INFO] [stderr]     Checking coco v0.1.1
[INFO] [stderr]    Compiling itertools v0.5.10
[INFO] [stderr]    Compiling serde_json v0.9.10
[INFO] [stderr]    Compiling wayland-protocols v0.9.10
[INFO] [stderr]     Checking num-iter v0.1.34
[INFO] [stderr]    Compiling serde_derive v1.0.19
[INFO] [stderr]     Checking num_cpus v1.7.0
[INFO] [stderr]    Compiling syn v0.10.8
[INFO] [stderr]     Checking bitflags v0.8.2
[INFO] [stderr]     Checking adler32 v1.0.2
[INFO] [stderr]     Checking serde v1.0.19
[INFO] [stderr]    Compiling pkg-config v0.3.9
[INFO] [stderr]     Checking num-bigint v0.1.40
[INFO] [stderr]    Compiling x11-dl v2.16.0
[INFO] [stderr]     Checking draw_state v0.7.1
[INFO] [stderr]     Checking fs2 v0.2.5
[INFO] [stderr]     Checking nodrop v0.1.12
[INFO] [stderr]    Compiling khronos_api v1.0.1
[INFO] [stderr]     Checking shader_version v0.3.0
[INFO] [stderr]     Checking num-rational v0.1.40
[INFO] [stderr]     Checking byteorder v0.4.2
[INFO] [stderr]    Compiling gl_generator v0.5.5
[INFO] [stderr]     Checking stb_truetype v0.2.1
[INFO] [stderr]     Checking arrayvec v0.4.6
[INFO] [stderr]     Checking rayon v0.8.2
[INFO] [stderr]     Checking memmap v0.4.0
[INFO] [stderr]     Checking deflate v0.7.17
[INFO] [stderr]     Checking inflate v0.3.3
[INFO] [stderr]     Checking tempfile v2.2.0
[INFO] [stderr]     Checking piston-texture v0.6.0
[INFO] [stderr]     Checking bitflags v0.7.0
[INFO] [stderr]     Checking linked-hash-map v0.5.0
[INFO] [stderr]     Checking color_quant v1.0.0
[INFO] [stderr]     Checking lzw v0.10.0
[INFO] [stderr]     Checking rusttype v0.2.3
[INFO] [stderr]     Checking gif v0.9.2
[INFO] [stdout] error[E0311]: the parameter type `K` may not live long enough
[INFO] [stdout]   --> /opt/rustwide/cargo-home/registry/src/index.crates.io-6f17d22bba15001f/rusttype-0.2.3/src/support/bst/map.rs:81:19
[INFO] [stdout]    |
[INFO] [stdout] 78 |                 node: node::NodeRef<marker::Immut, K, V, marker::LeafOrInternal>)
[INFO] [stdout]    |                                     ------------- the parameter type `K` must be valid for the anonymous lifetime defined here...
[INFO] [stdout] ...
[INFO] [stdout] 81 |             match node.force() {
[INFO] [stdout]    |                   ^^^^ ...so that the type `K` will meet its required lifetime bounds
[INFO] [stdout]    |
[INFO] [stdout] help: consider adding an explicit lifetime bound
[INFO] [stdout]    |
[INFO] [stdout] 77 ~         fn clone_subtree<'a, K: Clone + 'a, V: Clone>(
[INFO] [stdout] 78 ~                 node: node::NodeRef<marker::Immut<'a>, K, V, marker::LeafOrInternal>)
[INFO] [stdout]    |
[INFO] [stdout] 
[INFO] [stdout] 
[INFO] [stdout] error[E0311]: the parameter type `V` may not live long enough
[INFO] [stdout]   --> /opt/rustwide/cargo-home/registry/src/index.crates.io-6f17d22bba15001f/rusttype-0.2.3/src/support/bst/map.rs:81:19
[INFO] [stdout]    |
[INFO] [stdout] 78 |                 node: node::NodeRef<marker::Immut, K, V, marker::LeafOrInternal>)
[INFO] [stdout]    |                                     ------------- the parameter type `V` must be valid for the anonymous lifetime defined here...
[INFO] [stdout] ...
[INFO] [stdout] 81 |             match node.force() {
[INFO] [stdout]    |                   ^^^^ ...so that the type `V` will meet its required lifetime bounds
[INFO] [stdout]    |
[INFO] [stdout] help: consider adding an explicit lifetime bound
[INFO] [stdout]    |
[INFO] [stdout] 77 ~         fn clone_subtree<'a, K: Clone, V: Clone + 'a>(
[INFO] [stdout] 78 ~                 node: node::NodeRef<marker::Immut<'a>, K, V, marker::LeafOrInternal>)
[INFO] [stdout]    |
[INFO] [stdout] 
[INFO] [stdout] 
[INFO] [stderr]     Checking jpeg-decoder v0.1.13
[INFO] [stderr]    Compiling gfx_gl v0.3.1
[INFO] [stderr]     Checking pistoncore-input v0.20.0
[INFO] [stderr]     Checking png v0.11.0
[INFO] [stdout] error: aborting due to 2 previous errors
[INFO] [stdout] 
[INFO] [stdout] 
[INFO] [stdout] For more information about this error, try `rustc --explain E0311`.
[INFO] [stdout] 
[INFO] [stderr] error: could not compile `rusttype` (lib) due to 3 previous errors
[INFO] [stderr] warning: build failed, waiting for other jobs to finish...
[INFO] running `Command { std: "docker" "inspect" "6ac2924876ff0533d900aa3c7f978454407d34c2a9eb804b32239852d980198b", kill_on_drop: false }`
[INFO] running `Command { std: "docker" "rm" "-f" "6ac2924876ff0533d900aa3c7f978454407d34c2a9eb804b32239852d980198b", kill_on_drop: false }`
[INFO] [stdout] 6ac2924876ff0533d900aa3c7f978454407d34c2a9eb804b32239852d980198b
[INFO] documenting Shadlock0133/dnd against beta-2023-12-22 for beta-1.76-rustdoc-1
[INFO] running `Command { std: "git" "clone" "/workspace/cache/git-repos/https%3A%2F%2Fgithub.com%2FShadlock0133%2Fdnd" "/workspace/builds/worker-7-tc2/source", kill_on_drop: false }`
[INFO] [stderr] Cloning into '/workspace/builds/worker-7-tc2/source'...
[INFO] [stderr] done.
[INFO] validating manifest of git repo https://github.com/Shadlock0133/dnd on toolchain beta-2023-12-22
[INFO] running `Command { std: CARGO_HOME="/workspace/cargo-home" RUSTUP_HOME="/workspace/rustup-home" "/workspace/cargo-home/bin/cargo" "+beta-2023-12-22" "metadata" "--manifest-path" "Cargo.toml" "--no-deps", kill_on_drop: false }`
[INFO] started tweaking git repo https://github.com/Shadlock0133/dnd
[INFO] finished tweaking git repo https://github.com/Shadlock0133/dnd
[INFO] tweaked toml for git repo https://github.com/Shadlock0133/dnd written to /workspace/builds/worker-7-tc2/source/Cargo.toml
[INFO] crate git repo https://github.com/Shadlock0133/dnd already has a lockfile, it will not be regenerated
[INFO] running `Command { std: CARGO_HOME="/workspace/cargo-home" RUSTUP_HOME="/workspace/rustup-home" "/workspace/cargo-home/bin/cargo" "+beta-2023-12-22" "fetch" "--manifest-path" "Cargo.toml", kill_on_drop: false }`
[INFO] running `Command { std: "docker" "create" "-v" "/var/lib/crater-agent-workspace/builds/worker-7-tc2/target:/opt/rustwide/target:rw,Z" "-v" "/var/lib/crater-agent-workspace/builds/worker-7-tc2/source:/opt/rustwide/workdir:ro,Z" "-v" "/var/lib/crater-agent-workspace/cargo-home:/opt/rustwide/cargo-home:ro,Z" "-v" "/var/lib/crater-agent-workspace/rustup-home:/opt/rustwide/rustup-home:ro,Z" "-e" "SOURCE_DIR=/opt/rustwide/workdir" "-e" "CARGO_TARGET_DIR=/opt/rustwide/target" "-e" "CARGO_HOME=/opt/rustwide/cargo-home" "-e" "RUSTUP_HOME=/opt/rustwide/rustup-home" "-w" "/opt/rustwide/workdir" "-m" "1610612736" "--user" "0:0" "--network" "none" "ghcr.io/rust-lang/crates-build-env/linux@sha256:2788e3201cd34a07e3172128adcd8b3090168a8e3bcc40d7c032b9dda1df7d1c" "/opt/rustwide/cargo-home/bin/cargo" "+beta-2023-12-22" "metadata" "--no-deps" "--format-version=1", kill_on_drop: false }`
[INFO] [stdout] 7782f019d4608125dd0a94071f0fa86baa2c34693a55612658a857fe1d464ee9
[INFO] running `Command { std: "docker" "start" "-a" "7782f019d4608125dd0a94071f0fa86baa2c34693a55612658a857fe1d464ee9", kill_on_drop: false }`
[INFO] running `Command { std: "docker" "inspect" "7782f019d4608125dd0a94071f0fa86baa2c34693a55612658a857fe1d464ee9", kill_on_drop: false }`
[INFO] running `Command { std: "docker" "rm" "-f" "7782f019d4608125dd0a94071f0fa86baa2c34693a55612658a857fe1d464ee9", kill_on_drop: false }`
[INFO] [stdout] 7782f019d4608125dd0a94071f0fa86baa2c34693a55612658a857fe1d464ee9
[INFO] running `Command { std: "docker" "create" "-v" "/var/lib/crater-agent-workspace/builds/worker-7-tc2/target:/opt/rustwide/target:rw,Z" "-v" "/var/lib/crater-agent-workspace/builds/worker-7-tc2/source:/opt/rustwide/workdir:ro,Z" "-v" "/var/lib/crater-agent-workspace/cargo-home:/opt/rustwide/cargo-home:ro,Z" "-v" "/var/lib/crater-agent-workspace/rustup-home:/opt/rustwide/rustup-home:ro,Z" "-e" "SOURCE_DIR=/opt/rustwide/workdir" "-e" "CARGO_TARGET_DIR=/opt/rustwide/target" "-e" "CARGO_INCREMENTAL=0" "-e" "RUST_BACKTRACE=full" "-e" "RUSTFLAGS=--cap-lints=warn" "-e" "RUSTDOCFLAGS=--cap-lints=warn" "-e" "CARGO_HOME=/opt/rustwide/cargo-home" "-e" "RUSTUP_HOME=/opt/rustwide/rustup-home" "-w" "/opt/rustwide/workdir" "-m" "1610612736" "--user" "0:0" "--network" "none" "ghcr.io/rust-lang/crates-build-env/linux@sha256:2788e3201cd34a07e3172128adcd8b3090168a8e3bcc40d7c032b9dda1df7d1c" "/opt/rustwide/cargo-home/bin/cargo" "+beta-2023-12-22" "doc" "--frozen" "--no-deps" "--document-private-items" "--message-format=json", kill_on_drop: false }`
[INFO] [stdout] a758503f7c805ee219a4ff27f46b384dd491e94a2d696fb6586209a23e82bde6
[INFO] running `Command { std: "docker" "start" "-a" "a758503f7c805ee219a4ff27f46b384dd491e94a2d696fb6586209a23e82bde6", kill_on_drop: false }`
[INFO] [stderr]     Checking libc v0.2.33
[INFO] [stderr]     Checking lazy_static v0.2.9
[INFO] [stderr]    Compiling siphasher v0.2.2
[INFO] [stderr]    Compiling unicode-xid v0.0.4
[INFO] [stderr]    Compiling bitflags v0.9.1
[INFO] [stderr]    Compiling quote v0.3.15
[INFO] [stderr]    Compiling itoa v0.3.4
[INFO] [stderr]    Compiling dtoa v0.4.2
[INFO] [stderr]    Compiling serde v0.9.15
[INFO] [stderr]    Compiling phf_shared v0.7.21
[INFO] [stderr]    Compiling xml-rs v0.6.1
[INFO] [stderr]    Compiling num-traits v0.1.40
[INFO] [stderr]    Compiling log v0.3.8
[INFO] [stderr]    Compiling phf v0.7.21
[INFO] [stderr]    Compiling synom v0.11.3
[INFO] [stderr]    Compiling rand v0.3.18
[INFO] [stderr]     Checking bitflags v1.0.1
[INFO] [stderr]     Checking piston-float v0.3.0
[INFO] [stderr]    Compiling wayland-scanner v0.9.10
[INFO] [stderr]     Checking byteorder v1.1.0
[INFO] [stderr]     Checking num-integer v0.1.35
[INFO] [stderr]    Compiling syn v0.11.11
[INFO] [stderr]    Compiling winapi-build v0.1.1
[INFO] [stderr]    Compiling xml-rs v0.7.0
[INFO] [stderr]     Checking piston-viewport v0.3.0
[INFO] [stderr]    Compiling phf_generator v0.7.21
[INFO] [stderr]    Compiling kernel32-sys v0.2.2
[INFO] [stderr]    Compiling phf_codegen v0.7.21
[INFO] [stderr]    Compiling khronos_api v2.0.0
[INFO] [stderr]     Checking rustc-serialize v0.3.24
[INFO] [stderr]    Compiling target_build_utils v0.3.1
[INFO] [stderr]    Compiling wayland-client v0.9.10
[INFO] [stderr]     Checking either v1.3.0
[INFO] [stderr]     Checking scopeguard v0.3.3
[INFO] [stderr]     Checking winapi v0.2.8
[INFO] [stdout] error[E0310]: the parameter type `T` may not live long enough
[INFO] [stdout]     --> /opt/rustwide/cargo-home/registry/src/index.crates.io-6f17d22bba15001f/rustc-serialize-0.3.24/src/serialize.rs:1155:5
[INFO] [stdout]      |
[INFO] [stdout] 1155 |     fn decode<D: Decoder>(d: &mut D) -> Result<Cow<'static, T>, D::Error> {
[INFO] [stdout]      |     ^^^^^^^^^^^^^^^^^^^^^^^^^^^^^^^^^^^^^^^^^^^^^^^^^^^^^^^^^^^^^^^^^^^^^
[INFO] [stdout]      |     |
[INFO] [stdout]      |     the parameter type `T` must be valid for the static lifetime...
[INFO] [stdout]      |     ...so that the type `T` will meet its required lifetime bounds...
[INFO] [stdout]      |
[INFO] [stdout] note: ...that is required by this bound
[INFO] [stdout]     --> /rustc/0e09125c6c3c2fd70d7de961bcf0e51575235fad/library/alloc/src/borrow.rs:180:30
[INFO] [stdout] help: consider adding an explicit lifetime bound
[INFO] [stdout]      |
[INFO] [stdout] 1151 | impl<'a, T: ?Sized + 'static> Decodable for Cow<'a, T>
[INFO] [stdout]      |                    +++++++++
[INFO] [stdout] 
[INFO] [stdout] 
[INFO] [stderr]    Compiling serde_derive_internals v0.17.0
[INFO] [stderr]    Compiling rayon-core v1.3.0
[INFO] [stderr]    Compiling gl_generator v0.6.1
[INFO] [stderr]    Compiling serde_json v0.9.10
[INFO] [stderr]     Checking coco v0.1.1
[INFO] [stdout] error: aborting due to 1 previous error
[INFO] [stdout] 
[INFO] [stdout] 
[INFO] [stdout] For more information about this error, try `rustc --explain E0310`.
[INFO] [stdout] 
[INFO] [stderr] error: could not compile `rustc-serialize` (lib) due to 2 previous errors
[INFO] [stderr] warning: build failed, waiting for other jobs to finish...
[INFO] running `Command { std: "docker" "inspect" "a758503f7c805ee219a4ff27f46b384dd491e94a2d696fb6586209a23e82bde6", kill_on_drop: false }`
[INFO] running `Command { std: "docker" "rm" "-f" "a758503f7c805ee219a4ff27f46b384dd491e94a2d696fb6586209a23e82bde6", kill_on_drop: false }`
[INFO] [stdout] a758503f7c805ee219a4ff27f46b384dd491e94a2d696fb6586209a23e82bde6
