[INFO] cloning repository https://github.com/Septias/playground2
[INFO] running `Command { std: "git" "-c" "credential.helper=" "-c" "credential.helper=/workspace/cargo-home/bin/git-credential-null" "clone" "--bare" "https://github.com/Septias/playground2" "/workspace/cache/git-repos/https%3A%2F%2Fgithub.com%2FSeptias%2Fplayground2", kill_on_drop: false }`
[INFO] [stderr] Cloning into bare repository '/workspace/cache/git-repos/https%3A%2F%2Fgithub.com%2FSeptias%2Fplayground2'...
[INFO] running `Command { std: "git" "rev-parse" "HEAD", kill_on_drop: false }`
[INFO] [stdout] e0f9579c086ea382cf4582a577216107d039ef9d
[INFO] documenting Septias/playground2 against 1.75.0 for beta-1.76-rustdoc-1
[INFO] running `Command { std: "git" "clone" "/workspace/cache/git-repos/https%3A%2F%2Fgithub.com%2FSeptias%2Fplayground2" "/workspace/builds/worker-2-tc1/source", kill_on_drop: false }`
[INFO] [stderr] Cloning into '/workspace/builds/worker-2-tc1/source'...
[INFO] [stderr] done.
[INFO] validating manifest of git repo https://github.com/Septias/playground2 on toolchain 1.75.0
[INFO] running `Command { std: CARGO_HOME="/workspace/cargo-home" RUSTUP_HOME="/workspace/rustup-home" "/workspace/cargo-home/bin/cargo" "+1.75.0" "metadata" "--manifest-path" "Cargo.toml" "--no-deps", kill_on_drop: false }`
[INFO] started tweaking git repo https://github.com/Septias/playground2
[INFO] finished tweaking git repo https://github.com/Septias/playground2
[INFO] tweaked toml for git repo https://github.com/Septias/playground2 written to /workspace/builds/worker-2-tc1/source/Cargo.toml
[INFO] crate git repo https://github.com/Septias/playground2 already has a lockfile, it will not be regenerated
[INFO] running `Command { std: CARGO_HOME="/workspace/cargo-home" RUSTUP_HOME="/workspace/rustup-home" "/workspace/cargo-home/bin/cargo" "+1.75.0" "fetch" "--manifest-path" "Cargo.toml", kill_on_drop: false }`
[INFO] [stderr]     Updating git repository `https://github.com/Septias/inquire.git`
[INFO] running `Command { std: "docker" "create" "-v" "/var/lib/crater-agent-workspace/builds/worker-2-tc1/target:/opt/rustwide/target:rw,Z" "-v" "/var/lib/crater-agent-workspace/builds/worker-2-tc1/source:/opt/rustwide/workdir:ro,Z" "-v" "/var/lib/crater-agent-workspace/cargo-home:/opt/rustwide/cargo-home:ro,Z" "-v" "/var/lib/crater-agent-workspace/rustup-home:/opt/rustwide/rustup-home:ro,Z" "-e" "SOURCE_DIR=/opt/rustwide/workdir" "-e" "CARGO_TARGET_DIR=/opt/rustwide/target" "-e" "CARGO_HOME=/opt/rustwide/cargo-home" "-e" "RUSTUP_HOME=/opt/rustwide/rustup-home" "-w" "/opt/rustwide/workdir" "-m" "1610612736" "--user" "0:0" "--network" "none" "ghcr.io/rust-lang/crates-build-env/linux@sha256:2788e3201cd34a07e3172128adcd8b3090168a8e3bcc40d7c032b9dda1df7d1c" "/opt/rustwide/cargo-home/bin/cargo" "+1.75.0" "metadata" "--no-deps" "--format-version=1", kill_on_drop: false }`
[INFO] [stdout] 8f42254fb719b77c34db795a75571264abadfab52256be7383bac959e5f6b2d2
[INFO] running `Command { std: "docker" "start" "-a" "8f42254fb719b77c34db795a75571264abadfab52256be7383bac959e5f6b2d2", kill_on_drop: false }`
[INFO] running `Command { std: "docker" "inspect" "8f42254fb719b77c34db795a75571264abadfab52256be7383bac959e5f6b2d2", kill_on_drop: false }`
[INFO] running `Command { std: "docker" "rm" "-f" "8f42254fb719b77c34db795a75571264abadfab52256be7383bac959e5f6b2d2", kill_on_drop: false }`
[INFO] [stdout] 8f42254fb719b77c34db795a75571264abadfab52256be7383bac959e5f6b2d2
[INFO] running `Command { std: "docker" "create" "-v" "/var/lib/crater-agent-workspace/builds/worker-2-tc1/target:/opt/rustwide/target:rw,Z" "-v" "/var/lib/crater-agent-workspace/builds/worker-2-tc1/source:/opt/rustwide/workdir:ro,Z" "-v" "/var/lib/crater-agent-workspace/cargo-home:/opt/rustwide/cargo-home:ro,Z" "-v" "/var/lib/crater-agent-workspace/rustup-home:/opt/rustwide/rustup-home:ro,Z" "-e" "SOURCE_DIR=/opt/rustwide/workdir" "-e" "CARGO_TARGET_DIR=/opt/rustwide/target" "-e" "CARGO_INCREMENTAL=0" "-e" "RUST_BACKTRACE=full" "-e" "RUSTFLAGS=--cap-lints=warn" "-e" "RUSTDOCFLAGS=--cap-lints=warn" "-e" "CARGO_HOME=/opt/rustwide/cargo-home" "-e" "RUSTUP_HOME=/opt/rustwide/rustup-home" "-w" "/opt/rustwide/workdir" "-m" "1610612736" "--user" "0:0" "--network" "none" "ghcr.io/rust-lang/crates-build-env/linux@sha256:2788e3201cd34a07e3172128adcd8b3090168a8e3bcc40d7c032b9dda1df7d1c" "/opt/rustwide/cargo-home/bin/cargo" "+1.75.0" "doc" "--frozen" "--no-deps" "--document-private-items" "--message-format=json", kill_on_drop: false }`
[INFO] [stdout] 7f365970cb60189e3bef7f1add9233e30921f4b6bfd35efb1fcdcacbbbfac017
[INFO] running `Command { std: "docker" "start" "-a" "7f365970cb60189e3bef7f1add9233e30921f4b6bfd35efb1fcdcacbbbfac017", kill_on_drop: false }`
[INFO] [stderr]    Compiling proc-macro2 v1.0.69
[INFO] [stderr]    Compiling libc v0.2.149
[INFO] [stderr]    Compiling unicode-ident v1.0.12
[INFO] [stderr]    Compiling lock_api v0.4.11
[INFO] [stderr]     Checking log v0.4.20
[INFO] [stderr]    Compiling parking_lot_core v0.9.9
[INFO] [stderr]     Checking smallvec v1.11.1
[INFO] [stderr]     Checking scopeguard v1.2.0
[INFO] [stderr]     Checking pin-project-lite v0.2.13
[INFO] [stderr]     Checking once_cell v1.18.0
[INFO] [stderr]    Compiling vcpkg v0.2.15
[INFO] [stderr]    Compiling pkg-config v0.3.27
[INFO] [stderr]     Checking bytes v1.5.0
[INFO] [stderr]    Compiling futures-core v0.3.29
[INFO] [stderr]     Checking itoa v1.0.9
[INFO] [stderr]    Compiling futures-task v0.3.29
[INFO] [stderr]     Checking tracing-core v0.1.32
[INFO] [stderr]    Compiling indexmap v1.9.3
[INFO] [stderr]    Compiling quote v1.0.33
[INFO] [stderr]    Compiling slab v0.4.9
[INFO] [stderr]    Compiling futures-util v0.3.29
[INFO] [stderr]    Compiling syn v2.0.38
[INFO] [stderr]     Checking signal-hook-registry v1.4.1
[INFO] [stderr]     Checking mio v0.8.9
[INFO] [stderr]    Compiling cc v1.0.83
[INFO] [stderr]     Checking socket2 v0.5.5
[INFO] [stderr]     Checking num_cpus v1.16.0
[INFO] [stderr]    Compiling serde v1.0.190
[INFO] [stderr]     Checking parking_lot v0.12.1
[INFO] [stderr]    Compiling openssl v0.10.57
[INFO] [stderr]     Checking http v0.2.9
[INFO] [stderr]     Checking tracing v0.1.40
[INFO] [stderr]     Checking bitflags v2.4.1
[INFO] [stderr]    Compiling native-tls v0.2.11
[INFO] [stderr]    Compiling signal-hook v0.3.17
[INFO] [stderr]     Checking tinyvec_macros v0.1.1
[INFO] [stderr]    Compiling futures-channel v0.3.29
[INFO] [stderr]     Checking futures-sink v0.3.29
[INFO] [stderr]    Compiling httparse v1.8.0
[INFO] [stderr]     Checking hashbrown v0.12.3
[INFO] [stderr]     Checking tinyvec v1.6.0
[INFO] [stderr]     Checking try-lock v0.2.4
[INFO] [stderr]     Checking openssl-probe v0.1.5
[INFO] [stderr]     Checking percent-encoding v2.3.0
[INFO] [stderr]     Checking http-body v0.4.5
[INFO] [stderr]     Checking want v0.3.1
[INFO] [stderr]     Checking form_urlencoded v1.2.0
[INFO] [stderr]     Checking socket2 v0.4.10
[INFO] [stderr]    Compiling num-traits v0.2.17
[INFO] [stderr]     Checking ryu v1.0.15
[INFO] [stderr]    Compiling openssl-sys v0.9.93
[INFO] [stderr]    Compiling serde_json v1.0.108
[INFO] [stderr]     Checking tower-service v0.3.2
[INFO] [stderr]    Compiling thiserror v1.0.50
[INFO] [stderr]     Checking unicode-bidi v0.3.13
[INFO] [stderr]     Checking httpdate v1.0.3
[INFO] [stderr]     Checking unicode-normalization v0.1.22
[INFO] [stderr]     Checking signal-hook-mio v0.2.3
[INFO] [stderr]    Compiling anyhow v1.0.75
[INFO] [stderr]     Checking unicode-segmentation v1.10.1
[INFO] [stderr]     Checking crossterm v0.25.0
[INFO] [stderr]     Checking encoding_rs v0.8.33
[INFO] [stderr]     Checking idna v0.4.0
[INFO] [stderr]     Checking newline-converter v0.2.2
[INFO] [stderr]     Checking ipnet v2.9.0
[INFO] [stderr]     Checking unicode-width v0.1.11
[INFO] [stderr]     Checking iana-time-zone v0.1.58
[INFO] [stderr]     Checking base64 v0.21.5
[INFO] [stderr]     Checking mime v0.3.17
[INFO] [stderr]     Checking dyn-clone v1.0.14
[INFO] [stderr]     Checking url v2.4.1
[INFO] [stderr]    Compiling tokio-macros v2.1.0
[INFO] [stderr]    Compiling serde_derive v1.0.190
[INFO] [stderr]    Compiling openssl-macros v0.1.1
[INFO] [stderr]    Compiling thiserror-impl v1.0.50
[INFO] [stderr]     Checking tokio v1.33.0
[INFO] [stderr]     Checking inquire v0.3.0 (https://github.com/Septias/inquire.git?rev=a68d858ca3f7b11c546f6acab6db7263e35667db#a68d858c)
[INFO] [stdout] error[E0658]: `let` expressions in this position are unstable
[INFO] [stdout]    --> /opt/rustwide/cargo-home/git/checkouts/inquire-14ff8671cfeffc05/a68d858/src/prompts/range_select.rs:516:12
[INFO] [stdout]     |
[INFO] [stdout] 516 |         if let Some(folder) = self.folder && let Some((start, end)) = selected_range {
[INFO] [stdout]     |            ^^^^^^^^^^^^^^^^^^^^^^^^^^^^^^
[INFO] [stdout]     |
[INFO] [stdout]     = note: see issue #53667 <https://github.com/rust-lang/rust/issues/53667> for more information
[INFO] [stdout] 
[INFO] [stdout] 
[INFO] [stdout] error[E0658]: `let` expressions in this position are unstable
[INFO] [stdout]    --> /opt/rustwide/cargo-home/git/checkouts/inquire-14ff8671cfeffc05/a68d858/src/prompts/range_select.rs:516:46
[INFO] [stdout]     |
[INFO] [stdout] 516 |         if let Some(folder) = self.folder && let Some((start, end)) = selected_range {
[INFO] [stdout]     |                                              ^^^^^^^^^^^^^^^^^^^^^^^^^^^^^^^^^^^^^^^
[INFO] [stdout]     |
[INFO] [stdout]     = note: see issue #53667 <https://github.com/rust-lang/rust/issues/53667> for more information
[INFO] [stdout] 
[INFO] [stdout] 
[INFO] [stdout] error: aborting due to 2 previous errors
[INFO] [stdout] 
[INFO] [stdout] 
[INFO] [stdout] For more information about this error, try `rustc --explain E0658`.
[INFO] [stdout] 
[INFO] [stderr] error: could not compile `inquire` (lib) due to 3 previous errors
[INFO] [stderr] warning: build failed, waiting for other jobs to finish...
[INFO] running `Command { std: "docker" "inspect" "7f365970cb60189e3bef7f1add9233e30921f4b6bfd35efb1fcdcacbbbfac017", kill_on_drop: false }`
[INFO] running `Command { std: "docker" "rm" "-f" "7f365970cb60189e3bef7f1add9233e30921f4b6bfd35efb1fcdcacbbbfac017", kill_on_drop: false }`
[INFO] [stdout] 7f365970cb60189e3bef7f1add9233e30921f4b6bfd35efb1fcdcacbbbfac017
[INFO] documenting Septias/playground2 against beta-2023-12-22 for beta-1.76-rustdoc-1
[INFO] running `Command { std: "git" "clone" "/workspace/cache/git-repos/https%3A%2F%2Fgithub.com%2FSeptias%2Fplayground2" "/workspace/builds/worker-2-tc2/source", kill_on_drop: false }`
[INFO] [stderr] Cloning into '/workspace/builds/worker-2-tc2/source'...
[INFO] [stderr] done.
[INFO] validating manifest of git repo https://github.com/Septias/playground2 on toolchain beta-2023-12-22
[INFO] running `Command { std: CARGO_HOME="/workspace/cargo-home" RUSTUP_HOME="/workspace/rustup-home" "/workspace/cargo-home/bin/cargo" "+beta-2023-12-22" "metadata" "--manifest-path" "Cargo.toml" "--no-deps", kill_on_drop: false }`
[INFO] started tweaking git repo https://github.com/Septias/playground2
[INFO] finished tweaking git repo https://github.com/Septias/playground2
[INFO] tweaked toml for git repo https://github.com/Septias/playground2 written to /workspace/builds/worker-2-tc2/source/Cargo.toml
[INFO] crate git repo https://github.com/Septias/playground2 already has a lockfile, it will not be regenerated
[INFO] running `Command { std: CARGO_HOME="/workspace/cargo-home" RUSTUP_HOME="/workspace/rustup-home" "/workspace/cargo-home/bin/cargo" "+beta-2023-12-22" "fetch" "--manifest-path" "Cargo.toml", kill_on_drop: false }`
[INFO] running `Command { std: "docker" "create" "-v" "/var/lib/crater-agent-workspace/builds/worker-2-tc2/target:/opt/rustwide/target:rw,Z" "-v" "/var/lib/crater-agent-workspace/builds/worker-2-tc2/source:/opt/rustwide/workdir:ro,Z" "-v" "/var/lib/crater-agent-workspace/cargo-home:/opt/rustwide/cargo-home:ro,Z" "-v" "/var/lib/crater-agent-workspace/rustup-home:/opt/rustwide/rustup-home:ro,Z" "-e" "SOURCE_DIR=/opt/rustwide/workdir" "-e" "CARGO_TARGET_DIR=/opt/rustwide/target" "-e" "CARGO_HOME=/opt/rustwide/cargo-home" "-e" "RUSTUP_HOME=/opt/rustwide/rustup-home" "-w" "/opt/rustwide/workdir" "-m" "1610612736" "--user" "0:0" "--network" "none" "ghcr.io/rust-lang/crates-build-env/linux@sha256:2788e3201cd34a07e3172128adcd8b3090168a8e3bcc40d7c032b9dda1df7d1c" "/opt/rustwide/cargo-home/bin/cargo" "+beta-2023-12-22" "metadata" "--no-deps" "--format-version=1", kill_on_drop: false }`
[INFO] [stdout] 23f1c1a66906dd5b1b9a4e9d5f75004d53e9d1d9fe8628cef1d20ba533cdb0a6
[INFO] running `Command { std: "docker" "start" "-a" "23f1c1a66906dd5b1b9a4e9d5f75004d53e9d1d9fe8628cef1d20ba533cdb0a6", kill_on_drop: false }`
[INFO] running `Command { std: "docker" "inspect" "23f1c1a66906dd5b1b9a4e9d5f75004d53e9d1d9fe8628cef1d20ba533cdb0a6", kill_on_drop: false }`
[INFO] running `Command { std: "docker" "rm" "-f" "23f1c1a66906dd5b1b9a4e9d5f75004d53e9d1d9fe8628cef1d20ba533cdb0a6", kill_on_drop: false }`
[INFO] [stdout] 23f1c1a66906dd5b1b9a4e9d5f75004d53e9d1d9fe8628cef1d20ba533cdb0a6
[INFO] running `Command { std: "docker" "create" "-v" "/var/lib/crater-agent-workspace/builds/worker-2-tc2/target:/opt/rustwide/target:rw,Z" "-v" "/var/lib/crater-agent-workspace/builds/worker-2-tc2/source:/opt/rustwide/workdir:ro,Z" "-v" "/var/lib/crater-agent-workspace/cargo-home:/opt/rustwide/cargo-home:ro,Z" "-v" "/var/lib/crater-agent-workspace/rustup-home:/opt/rustwide/rustup-home:ro,Z" "-e" "SOURCE_DIR=/opt/rustwide/workdir" "-e" "CARGO_TARGET_DIR=/opt/rustwide/target" "-e" "CARGO_INCREMENTAL=0" "-e" "RUST_BACKTRACE=full" "-e" "RUSTFLAGS=--cap-lints=warn" "-e" "RUSTDOCFLAGS=--cap-lints=warn" "-e" "CARGO_HOME=/opt/rustwide/cargo-home" "-e" "RUSTUP_HOME=/opt/rustwide/rustup-home" "-w" "/opt/rustwide/workdir" "-m" "1610612736" "--user" "0:0" "--network" "none" "ghcr.io/rust-lang/crates-build-env/linux@sha256:2788e3201cd34a07e3172128adcd8b3090168a8e3bcc40d7c032b9dda1df7d1c" "/opt/rustwide/cargo-home/bin/cargo" "+beta-2023-12-22" "doc" "--frozen" "--no-deps" "--document-private-items" "--message-format=json", kill_on_drop: false }`
[INFO] [stdout] d2586d9a0c31c39325956c72fbb8cd82779e1f8097d73983a96b08022e2490b1
[INFO] running `Command { std: "docker" "start" "-a" "d2586d9a0c31c39325956c72fbb8cd82779e1f8097d73983a96b08022e2490b1", kill_on_drop: false }`
[INFO] [stderr]    Compiling libc v0.2.149
[INFO] [stderr]    Compiling proc-macro2 v1.0.69
[INFO] [stderr]    Compiling unicode-ident v1.0.12
[INFO] [stderr]    Compiling parking_lot_core v0.9.9
[INFO] [stderr]     Checking log v0.4.20
[INFO] [stderr]    Compiling lock_api v0.4.11
[INFO] [stderr]     Checking smallvec v1.11.1
[INFO] [stderr]     Checking scopeguard v1.2.0
[INFO] [stderr]    Compiling vcpkg v0.2.15
[INFO] [stderr]     Checking once_cell v1.18.0
[INFO] [stderr]     Checking pin-project-lite v0.2.13
[INFO] [stderr]    Compiling pkg-config v0.3.27
[INFO] [stderr]    Compiling futures-core v0.3.29
[INFO] [stderr]     Checking bytes v1.5.0
[INFO] [stderr]     Checking itoa v1.0.9
[INFO] [stderr]    Compiling futures-task v0.3.29
[INFO] [stderr]     Checking tracing-core v0.1.32
[INFO] [stderr]    Compiling indexmap v1.9.3
[INFO] [stderr]    Compiling quote v1.0.33
[INFO] [stderr]    Compiling slab v0.4.9
[INFO] [stderr]    Compiling futures-util v0.3.29
[INFO] [stderr]    Compiling serde v1.0.190
[INFO] [stderr]    Compiling cc v1.0.83
[INFO] [stderr]    Compiling syn v2.0.38
[INFO] [stderr]     Checking signal-hook-registry v1.4.1
[INFO] [stderr]     Checking mio v0.8.9
[INFO] [stderr]     Checking num_cpus v1.16.0
[INFO] [stderr]     Checking socket2 v0.5.5
[INFO] [stderr]    Compiling openssl v0.10.57
[INFO] [stderr]     Checking http v0.2.9
[INFO] [stderr]     Checking parking_lot v0.12.1
[INFO] [stderr]     Checking tracing v0.1.40
[INFO] [stderr]    Compiling native-tls v0.2.11
[INFO] [stderr]     Checking hashbrown v0.12.3
[INFO] [stderr]     Checking tinyvec_macros v0.1.1
[INFO] [stderr]    Compiling signal-hook v0.3.17
[INFO] [stderr]    Compiling httparse v1.8.0
[INFO] [stderr]     Checking futures-sink v0.3.29
[INFO] [stderr]     Checking bitflags v2.4.1
[INFO] [stderr]    Compiling futures-channel v0.3.29
[INFO] [stderr]     Checking tinyvec v1.6.0
[INFO] [stderr]     Checking try-lock v0.2.4
[INFO] [stderr]     Checking openssl-probe v0.1.5
[INFO] [stderr]     Checking percent-encoding v2.3.0
[INFO] [stderr]     Checking want v0.3.1
[INFO] [stderr]     Checking http-body v0.4.5
[INFO] [stderr]     Checking form_urlencoded v1.2.0
[INFO] [stderr]     Checking socket2 v0.4.10
[INFO] [stderr]    Compiling num-traits v0.2.17
[INFO] [stderr]     Checking unicode-bidi v0.3.13
[INFO] [stderr]    Compiling openssl-sys v0.9.93
[INFO] [stderr]    Compiling thiserror v1.0.50
[INFO] [stderr]     Checking ryu v1.0.15
[INFO] [stderr]     Checking unicode-normalization v0.1.22
[INFO] [stderr]    Compiling serde_json v1.0.108
[INFO] [stderr]     Checking tower-service v0.3.2
[INFO] [stderr]     Checking httpdate v1.0.3
[INFO] [stderr]     Checking signal-hook-mio v0.2.3
[INFO] [stderr]     Checking unicode-segmentation v1.10.1
[INFO] [stderr]    Compiling anyhow v1.0.75
[INFO] [stderr]     Checking crossterm v0.25.0
[INFO] [stderr]     Checking newline-converter v0.2.2
[INFO] [stderr]     Checking idna v0.4.0
[INFO] [stderr]     Checking encoding_rs v0.8.33
[INFO] [stderr]     Checking mime v0.3.17
[INFO] [stderr]     Checking base64 v0.21.5
[INFO] [stderr]     Checking unicode-width v0.1.11
[INFO] [stderr]     Checking iana-time-zone v0.1.58
[INFO] [stderr]     Checking ipnet v2.9.0
[INFO] [stderr]     Checking url v2.4.1
[INFO] [stderr]     Checking dyn-clone v1.0.14
[INFO] [stderr]    Compiling tokio-macros v2.1.0
[INFO] [stderr]    Compiling serde_derive v1.0.190
[INFO] [stderr]    Compiling openssl-macros v0.1.1
[INFO] [stderr]    Compiling thiserror-impl v1.0.50
[INFO] [stderr]     Checking tokio v1.33.0
[INFO] [stderr]     Checking inquire v0.3.0 (https://github.com/Septias/inquire.git?rev=a68d858ca3f7b11c546f6acab6db7263e35667db#a68d858c)
[INFO] [stdout] error[E0658]: `let` expressions in this position are unstable
[INFO] [stdout]    --> /opt/rustwide/cargo-home/git/checkouts/inquire-14ff8671cfeffc05/a68d858/src/prompts/range_select.rs:516:12
[INFO] [stdout]     |
[INFO] [stdout] 516 |         if let Some(folder) = self.folder && let Some((start, end)) = selected_range {
[INFO] [stdout]     |            ^^^^^^^^^^^^^^^^^^^^^^^^^^^^^^
[INFO] [stdout]     |
[INFO] [stdout]     = note: see issue #53667 <https://github.com/rust-lang/rust/issues/53667> for more information
[INFO] [stdout] 
[INFO] [stdout] 
[INFO] [stdout] error[E0658]: `let` expressions in this position are unstable
[INFO] [stdout]    --> /opt/rustwide/cargo-home/git/checkouts/inquire-14ff8671cfeffc05/a68d858/src/prompts/range_select.rs:516:46
[INFO] [stdout]     |
[INFO] [stdout] 516 |         if let Some(folder) = self.folder && let Some((start, end)) = selected_range {
[INFO] [stdout]     |                                              ^^^^^^^^^^^^^^^^^^^^^^^^^^^^^^^^^^^^^^^
[INFO] [stdout]     |
[INFO] [stdout]     = note: see issue #53667 <https://github.com/rust-lang/rust/issues/53667> for more information
[INFO] [stdout] 
[INFO] [stdout] 
[INFO] [stdout] error: aborting due to 2 previous errors
[INFO] [stdout] 
[INFO] [stdout] 
[INFO] [stdout] For more information about this error, try `rustc --explain E0658`.
[INFO] [stdout] 
[INFO] [stderr] error: could not compile `inquire` (lib) due to 3 previous errors
[INFO] [stderr] warning: build failed, waiting for other jobs to finish...
[INFO] running `Command { std: "docker" "inspect" "d2586d9a0c31c39325956c72fbb8cd82779e1f8097d73983a96b08022e2490b1", kill_on_drop: false }`
[INFO] running `Command { std: "docker" "rm" "-f" "d2586d9a0c31c39325956c72fbb8cd82779e1f8097d73983a96b08022e2490b1", kill_on_drop: false }`
[INFO] [stdout] d2586d9a0c31c39325956c72fbb8cd82779e1f8097d73983a96b08022e2490b1
