[INFO] cloning repository https://github.com/Schuteros/Academic-groups
[INFO] running `Command { std: "git" "-c" "credential.helper=" "-c" "credential.helper=/workspace/cargo-home/bin/git-credential-null" "clone" "--bare" "https://github.com/Schuteros/Academic-groups" "/workspace/cache/git-repos/https%3A%2F%2Fgithub.com%2FSchuteros%2FAcademic-groups", kill_on_drop: false }`
[INFO] [stderr] Cloning into bare repository '/workspace/cache/git-repos/https%3A%2F%2Fgithub.com%2FSchuteros%2FAcademic-groups'...
[INFO] running `Command { std: "git" "rev-parse" "HEAD", kill_on_drop: false }`
[INFO] [stdout] 6b247cf5ee038430a909b331bdc57277b5244aeb
[INFO] documenting Schuteros/Academic-groups against 1.75.0 for beta-1.76-rustdoc-1
[INFO] running `Command { std: "git" "clone" "/workspace/cache/git-repos/https%3A%2F%2Fgithub.com%2FSchuteros%2FAcademic-groups" "/workspace/builds/worker-5-tc1/source", kill_on_drop: false }`
[INFO] [stderr] Cloning into '/workspace/builds/worker-5-tc1/source'...
[INFO] [stderr] done.
[INFO] validating manifest of git repo https://github.com/Schuteros/Academic-groups on toolchain 1.75.0
[INFO] running `Command { std: CARGO_HOME="/workspace/cargo-home" RUSTUP_HOME="/workspace/rustup-home" "/workspace/cargo-home/bin/cargo" "+1.75.0" "metadata" "--manifest-path" "Cargo.toml" "--no-deps", kill_on_drop: false }`
[INFO] started tweaking git repo https://github.com/Schuteros/Academic-groups
[INFO] finished tweaking git repo https://github.com/Schuteros/Academic-groups
[INFO] tweaked toml for git repo https://github.com/Schuteros/Academic-groups written to /workspace/builds/worker-5-tc1/source/Cargo.toml
[INFO] crate git repo https://github.com/Schuteros/Academic-groups already has a lockfile, it will not be regenerated
[INFO] running `Command { std: CARGO_HOME="/workspace/cargo-home" RUSTUP_HOME="/workspace/rustup-home" "/workspace/cargo-home/bin/cargo" "+1.75.0" "fetch" "--manifest-path" "Cargo.toml", kill_on_drop: false }`
[INFO] [stderr]     Blocking waiting for file lock on package cache
[INFO] [stderr]     Blocking waiting for file lock on package cache
[INFO] [stderr]  Downloading crates ...
[INFO] [stderr]   Downloaded diesel v2.1.3
[INFO] running `Command { std: "docker" "create" "-v" "/var/lib/crater-agent-workspace/builds/worker-5-tc1/target:/opt/rustwide/target:rw,Z" "-v" "/var/lib/crater-agent-workspace/builds/worker-5-tc1/source:/opt/rustwide/workdir:ro,Z" "-v" "/var/lib/crater-agent-workspace/cargo-home:/opt/rustwide/cargo-home:ro,Z" "-v" "/var/lib/crater-agent-workspace/rustup-home:/opt/rustwide/rustup-home:ro,Z" "-e" "SOURCE_DIR=/opt/rustwide/workdir" "-e" "CARGO_TARGET_DIR=/opt/rustwide/target" "-e" "CARGO_HOME=/opt/rustwide/cargo-home" "-e" "RUSTUP_HOME=/opt/rustwide/rustup-home" "-w" "/opt/rustwide/workdir" "-m" "1610612736" "--user" "0:0" "--network" "none" "ghcr.io/rust-lang/crates-build-env/linux@sha256:2788e3201cd34a07e3172128adcd8b3090168a8e3bcc40d7c032b9dda1df7d1c" "/opt/rustwide/cargo-home/bin/cargo" "+1.75.0" "metadata" "--no-deps" "--format-version=1", kill_on_drop: false }`
[INFO] [stdout] 5db5b530787902133c14e63f87bd835fe935a58a0ae36ef3bb4c415524013537
[INFO] running `Command { std: "docker" "start" "-a" "5db5b530787902133c14e63f87bd835fe935a58a0ae36ef3bb4c415524013537", kill_on_drop: false }`
[INFO] running `Command { std: "docker" "inspect" "5db5b530787902133c14e63f87bd835fe935a58a0ae36ef3bb4c415524013537", kill_on_drop: false }`
[INFO] running `Command { std: "docker" "rm" "-f" "5db5b530787902133c14e63f87bd835fe935a58a0ae36ef3bb4c415524013537", kill_on_drop: false }`
[INFO] [stdout] 5db5b530787902133c14e63f87bd835fe935a58a0ae36ef3bb4c415524013537
[INFO] running `Command { std: "docker" "create" "-v" "/var/lib/crater-agent-workspace/builds/worker-5-tc1/target:/opt/rustwide/target:rw,Z" "-v" "/var/lib/crater-agent-workspace/builds/worker-5-tc1/source:/opt/rustwide/workdir:ro,Z" "-v" "/var/lib/crater-agent-workspace/cargo-home:/opt/rustwide/cargo-home:ro,Z" "-v" "/var/lib/crater-agent-workspace/rustup-home:/opt/rustwide/rustup-home:ro,Z" "-e" "SOURCE_DIR=/opt/rustwide/workdir" "-e" "CARGO_TARGET_DIR=/opt/rustwide/target" "-e" "CARGO_INCREMENTAL=0" "-e" "RUST_BACKTRACE=full" "-e" "RUSTFLAGS=--cap-lints=warn" "-e" "RUSTDOCFLAGS=--cap-lints=warn" "-e" "CARGO_HOME=/opt/rustwide/cargo-home" "-e" "RUSTUP_HOME=/opt/rustwide/rustup-home" "-w" "/opt/rustwide/workdir" "-m" "1610612736" "--user" "0:0" "--network" "none" "ghcr.io/rust-lang/crates-build-env/linux@sha256:2788e3201cd34a07e3172128adcd8b3090168a8e3bcc40d7c032b9dda1df7d1c" "/opt/rustwide/cargo-home/bin/cargo" "+1.75.0" "doc" "--frozen" "--no-deps" "--document-private-items" "--message-format=json", kill_on_drop: false }`
[INFO] [stdout] a0ca0be7d9e5f7fc5baecac7e001601bea6db2c449b5d704c8dba78643ca9517
[INFO] running `Command { std: "docker" "start" "-a" "a0ca0be7d9e5f7fc5baecac7e001601bea6db2c449b5d704c8dba78643ca9517", kill_on_drop: false }`
[INFO] [stderr]    Compiling libc v0.2.149
[INFO] [stderr]    Compiling proc-macro2 v1.0.69
[INFO] [stderr]    Compiling unicode-ident v1.0.12
[INFO] [stderr]    Compiling futures-core v0.3.29
[INFO] [stderr]    Compiling typenum v1.17.0
[INFO] [stderr]    Compiling serde v1.0.190
[INFO] [stderr]    Compiling crossbeam-utils v0.8.16
[INFO] [stderr]     Checking value-bag v1.4.2
[INFO] [stderr]     Checking pin-project-lite v0.2.13
[INFO] [stderr]    Compiling parking_lot_core v0.9.9
[INFO] [stderr]     Checking memchr v2.6.4
[INFO] [stderr]    Compiling generic-array v0.14.7
[INFO] [stderr]    Compiling slab v0.4.9
[INFO] [stderr]    Compiling lock_api v0.4.11
[INFO] [stderr]     Checking once_cell v1.18.0
[INFO] [stderr]    Compiling ahash v0.8.6
[INFO] [stderr]     Checking log v0.4.20
[INFO] [stderr]    Compiling io-lifetimes v1.0.11
[INFO] [stderr]    Compiling futures-task v0.3.29
[INFO] [stderr]     Checking futures-io v0.3.29
[INFO] [stderr]    Compiling vcpkg v0.2.15
[INFO] [stderr]     Checking tracing-core v0.1.32
[INFO] [stderr]    Compiling polling v2.8.0
[INFO] [stderr]    Compiling rustix v0.37.27
[INFO] [stderr]     Checking smallvec v1.11.1
[INFO] [stderr]     Checking bytes v1.5.0
[INFO] [stderr]     Checking itoa v1.0.9
[INFO] [stderr]     Checking scopeguard v1.2.0
[INFO] [stderr]     Checking subtle v2.5.0
[INFO] [stderr]    Compiling futures-util v0.3.29
[INFO] [stderr]    Compiling paste v1.0.14
[INFO] [stderr]    Compiling async-io v1.13.0
[INFO] [stderr]    Compiling serde_json v1.0.108
[INFO] [stderr]     Checking futures-sink v0.3.29
[INFO] [stderr]    Compiling quote v1.0.33
[INFO] [stderr]    Compiling openssl v0.10.59
[INFO] [stderr]    Compiling event-listener v2.5.3
[INFO] [stderr]     Checking bitflags v2.4.1
[INFO] [stderr]    Compiling syn v2.0.38
[INFO] [stderr]     Checking getrandom v0.2.10
[INFO] [stderr]    Compiling thiserror v1.0.50
[INFO] [stderr]    Compiling num-traits v0.2.17
[INFO] [stderr]    Compiling waker-fn v1.1.1
[INFO] [stderr]    Compiling jobserver v0.1.27
[INFO] [stderr]    Compiling parking v2.2.0
[INFO] [stderr]     Checking parking_lot v0.12.1
[INFO] [stderr]    Compiling concurrent-queue v2.3.0
[INFO] [stderr]    Compiling fastrand v2.0.1
[INFO] [stderr]    Compiling fastrand v1.9.0
[INFO] [stderr]     Checking percent-encoding v2.3.0
[INFO] [stderr]     Checking zerocopy v0.7.25
[INFO] [stderr]    Compiling cc v1.0.83
[INFO] [stderr]     Checking rand_core v0.6.4
[INFO] [stderr]     Checking socket2 v0.5.5
[INFO] [stderr]     Checking mio v0.8.9
[INFO] [stderr]     Checking signal-hook-registry v1.4.1
[INFO] [stderr]    Compiling async-lock v2.8.0
[INFO] [stderr]    Compiling futures-lite v1.13.0
[INFO] [stderr]    Compiling crossbeam-queue v0.3.8
[INFO] [stderr]    Compiling native-tls v0.2.11
[INFO] [stderr]    Compiling futures-channel v0.3.29
[INFO] [stderr]     Checking cpufeatures v0.2.11
[INFO] [stderr]    Compiling tinyvec_macros v0.1.1
[INFO] [stderr]    Compiling syn v1.0.109
[INFO] [stderr]    Compiling tinyvec v1.6.0
[INFO] [stderr]     Checking tokio v1.33.0
[INFO] [stderr]     Checking unicode-normalization v0.1.22
[INFO] [stderr]    Compiling atomic-waker v1.1.2
[INFO] [stderr]     Checking unicode-bidi v0.3.13
[INFO] [stderr]    Compiling async-task v4.5.0
[INFO] [stderr]    Compiling linux-raw-sys v0.3.8
[INFO] [stderr]     Checking ryu v1.0.15
[INFO] [stderr]     Checking block-buffer v0.10.4
[INFO] [stderr]     Checking crypto-common v0.1.6
[INFO] [stderr]     Checking digest v0.10.7
[INFO] [stderr]    Compiling piper v0.2.1
[INFO] [stderr]    Compiling async-channel v1.9.0
[INFO] [stderr]     Checking form_urlencoded v1.2.0
[INFO] [stderr]    Compiling socket2 v0.4.10
[INFO] [stderr]     Checking powerfmt v0.2.0
[INFO] [stderr]    Compiling allocator-api2 v0.2.16
[INFO] [stderr]    Compiling time-core v0.1.2
[INFO] [stderr]     Checking base64 v0.21.5
[INFO] [stderr]    Compiling foreign-types-shared v0.1.1
[INFO] [stderr]    Compiling foreign-types v0.3.2
[INFO] [stderr]     Checking deranged v0.3.9
[INFO] [stderr]    Compiling time-macros v0.2.15
[INFO] [stderr]     Checking rand_chacha v0.3.1
[INFO] [stderr]    Compiling openssl-sys v0.9.95
[INFO] [stderr]    Compiling zstd-sys v2.0.9+zstd.1.5.5
[INFO] [stderr]    Compiling hashbrown v0.14.2
[INFO] [stderr]    Compiling async-executor v1.6.0
[INFO] [stderr]     Checking idna v0.4.0
[INFO] [stderr]    Compiling aho-corasick v1.1.2
[INFO] [stderr]    Compiling unicase v2.7.0
[INFO] [stderr]    Compiling zstd-safe v6.0.6
[INFO] [stderr]    Compiling minimal-lexical v0.2.1
[INFO] [stderr]    Compiling pin-utils v0.1.0
[INFO] [stderr]     Checking regex-syntax v0.8.2
[INFO] [stderr]     Checking local-waker v0.1.4
[INFO] [stderr]     Checking alloc-no-stdlib v2.0.4
[INFO] [stderr]     Checking alloc-stdlib v0.2.2
[INFO] [stderr]    Compiling nom v7.1.3
[INFO] [stderr]     Checking http v0.2.9
[INFO] [stderr]     Checking url v2.4.1
[INFO] [stderr]     Checking rand v0.8.5
[INFO] [stderr]     Checking sha1 v0.10.6
[INFO] [stderr]    Compiling kv-log-macro v1.0.7
[INFO] [stderr]     Checking time v0.3.30
[INFO] [stderr]    Compiling httparse v1.8.0
[INFO] [stderr]    Compiling equivalent v1.0.1
[INFO] [stderr]    Compiling ppv-lite86 v0.2.17
[INFO] [stderr]     Checking hashbrown v0.12.3
[INFO] [stderr]    Compiling iana-time-zone v0.1.58
[INFO] [stderr]    Compiling crc-catalog v2.4.0
[INFO] [stderr]    Compiling rustix v0.38.21
[INFO] [stderr]    Compiling openssl-probe v0.1.5
[INFO] [stderr]    Compiling unicode_categories v0.1.1
[INFO] [stderr]     Checking actix-rt v2.9.0
[INFO] [stderr]     Checking regex-automata v0.4.3
[INFO] [stderr]    Compiling crc v3.0.1
[INFO] [stderr]    Compiling chrono v0.4.31
[INFO] [stderr]     Checking indexmap v1.9.3
[INFO] [stderr]     Checking miniz_oxide v0.7.1
[INFO] [stderr]    Compiling indexmap v2.1.0
[INFO] [stderr]    Compiling futures-intrusive v0.5.0
[INFO] [stderr]     Checking brotli-decompressor v2.5.1
[INFO] [stderr]    Compiling atoi v2.0.0
[INFO] [stderr]     Checking actix-utils v3.0.1
[INFO] [stderr]    Compiling hashlink v0.8.4
[INFO] [stderr]    Compiling sha2 v0.10.8
[INFO] [stderr]    Compiling hmac v0.12.1
[INFO] [stderr]     Checking actix-service v2.0.2
[INFO] [stderr]    Compiling bytestring v1.3.1
[INFO] [stderr]    Compiling cookie v0.16.2
[INFO] [stderr]    Compiling hex v0.4.3
[INFO] [stderr]    Compiling uuid v1.5.0
[INFO] [stderr]    Compiling finl_unicode v1.2.0
[INFO] [stderr]    Compiling linux-raw-sys v0.4.10
[INFO] [stderr]    Compiling dotenvy v0.15.7
[INFO] [stderr]    Compiling byteorder v1.5.0
[INFO] [stderr]     Checking mime v0.3.17
[INFO] [stderr]     Checking brotli v3.4.0
[INFO] [stderr]    Compiling stringprep v0.1.4
[INFO] [stderr]    Compiling hkdf v0.12.3
[INFO] [stderr]     Checking flate2 v1.0.28
[INFO] [stderr]     Checking local-channel v0.1.5
[INFO] [stderr]    Compiling md-5 v0.10.6
[INFO] [stderr]    Compiling num-bigint v0.4.4
[INFO] [stderr]     Checking encoding_rs v0.8.33
[INFO] [stderr]     Checking httpdate v1.0.3
[INFO] [stderr]    Compiling home v0.5.5
[INFO] [stderr]    Compiling whoami v1.4.1
[INFO] [stderr]     Checking regex v1.10.2
[INFO] [stderr]     Checking language-tags v0.3.2
[INFO] [stderr]    Compiling heck v0.4.1
[INFO] [stderr]    Compiling mime_guess v2.0.4
[INFO] [stderr]     Checking num-integer v0.1.45
[INFO] [stderr]    Compiling ring v0.17.5
[INFO] [stderr]    Compiling serde_derive v1.0.190
[INFO] [stderr]    Compiling tracing-attributes v0.1.27
[INFO] [stderr]    Compiling openssl-macros v0.1.1
[INFO] [stderr]    Compiling thiserror-impl v1.0.50
[INFO] [stderr]    Compiling actix-macros v0.2.4
[INFO] [stderr]    Compiling derive_more v0.99.17
[INFO] [stderr]    Compiling diesel_table_macro_syntax v0.1.0
[INFO] [stderr]    Compiling tempfile v3.8.1
[INFO] [stderr]     Checking untrusted v0.9.0
[INFO] [stderr]     Checking base64ct v1.6.0
[INFO] [stderr]     Checking spin v0.9.8
[INFO] [stderr]    Compiling diesel_derives v2.1.2
[INFO] [stderr]     Checking pem v3.0.2
[INFO] [stderr]     Checking blake2 v0.10.6
[INFO] [stderr]     Checking password-hash v0.5.0
[INFO] [stderr]     Checking termcolor v1.3.0
[INFO] [stderr]     Checking http-range v0.1.5
[INFO] [stderr]     Checking askama_escape v0.10.3
[INFO] [stderr]     Checking argon2 v0.5.2
[INFO] [stderr]     Checking is-terminal v0.4.9
[INFO] [stderr]     Checking env_logger v0.10.0
[INFO] [stderr]     Checking simple_asn1 v0.6.2
[INFO] [stderr]     Checking tracing v0.1.40
[INFO] [stderr]     Checking tokio-util v0.7.10
[INFO] [stderr]    Compiling blocking v1.4.1
[INFO] [stderr]     Checking actix-server v2.3.0
[INFO] [stderr]     Checking async-global-executor v2.3.1
[INFO] [stderr]     Checking async-std v1.12.0
[INFO] [stderr]     Checking actix-codec v0.5.1
[INFO] [stderr]     Checking h2 v0.3.21
[INFO] [stderr]     Checking diesel v2.1.3
[INFO] [stderr]     Checking either v1.9.0
[INFO] [stderr]     Checking serde_urlencoded v0.7.1
[INFO] [stderr]     Checking actix-router v0.5.1
[INFO] [stderr]     Checking zstd v0.12.4
[INFO] [stderr]     Checking itertools v0.11.0
[INFO] [stderr]     Checking actix-http v3.4.0
[INFO] [stderr]     Checking jsonwebtoken v9.1.0
[INFO] [stderr]    Compiling actix-web-codegen v4.2.2
[INFO] [stderr]     Checking sqlformat v0.2.2
[INFO] [stderr]     Checking sqlx-core v0.7.2
[INFO] [stderr]     Checking actix-web v4.4.0
[INFO] [stderr]     Checking sqlx-postgres v0.7.2
[INFO] [stderr]     Checking actix-files v0.6.2
[INFO] [stderr]     Checking actix-cors v0.6.4
[INFO] [stderr]    Compiling sqlx-macros-core v0.7.2
[INFO] [stderr]    Compiling sqlx-macros v0.7.2
[INFO] [stderr]     Checking sqlx v0.7.2
[INFO] [stderr]  Documenting Academic-groups v0.1.0 (/opt/rustwide/workdir)
[INFO] [stdout] error: error communicating with database: Connection refused (os error 111)
[INFO] [stdout]   --> src/handler.rs:47:24
[INFO] [stdout]    |
[INFO] [stdout] 47 |       let query_result = sqlx::query_as!(
[INFO] [stdout]    |  ________________________^
[INFO] [stdout] 48 | |         User,
[INFO] [stdout] 49 | |         "INSERT INTO users (name,email,password) VALUES ($1, $2, $3) RETURNING *",
[INFO] [stdout] 50 | |         body.name.to_string(),
[INFO] [stdout] 51 | |         body.email.to_string().to_lowercase(),
[INFO] [stdout] 52 | |         hashed_password
[INFO] [stdout] 53 | |     )
[INFO] [stdout]    | |_____^
[INFO] [stdout]    |
[INFO] [stdout]    = note: this error originates in the macro `$crate::sqlx_macros::expand_query` which comes from the expansion of the macro `sqlx::query_as` (in Nightly builds, run with -Z macro-backtrace for more info)
[INFO] [stdout] 
[INFO] [stdout] 
[INFO] [stdout] error: error communicating with database: Connection refused (os error 111)
[INFO] [stdout]   --> src/handler.rs:77:24
[INFO] [stdout]    |
[INFO] [stdout] 77 |     let query_result = sqlx::query_as!(User, "SELECT * FROM users WHERE email = $1", body.email)
[INFO] [stdout]    |                        ^^^^^^^^^^^^^^^^^^^^^^^^^^^^^^^^^^^^^^^^^^^^^^^^^^^^^^^^^^^^^^^^^^^^^^^^^
[INFO] [stdout]    |
[INFO] [stdout]    = note: this error originates in the macro `$crate::sqlx_macros::expand_query` which comes from the expansion of the macro `sqlx::query_as` (in Nightly builds, run with -Z macro-backtrace for more info)
[INFO] [stdout] 
[INFO] [stdout] 
[INFO] [stdout] error: error communicating with database: Connection refused (os error 111)
[INFO] [stdout]    --> src/handler.rs:145:16
[INFO] [stdout]     |
[INFO] [stdout] 145 |     let user = sqlx::query_as!(User, "SELECT * FROM users WHERE id = $1", user_id)
[INFO] [stdout]     |                ^^^^^^^^^^^^^^^^^^^^^^^^^^^^^^^^^^^^^^^^^^^^^^^^^^^^^^^^^^^^^^^^^^^
[INFO] [stdout]     |
[INFO] [stdout]     = note: this error originates in the macro `$crate::sqlx_macros::expand_query` which comes from the expansion of the macro `sqlx::query_as` (in Nightly builds, run with -Z macro-backtrace for more info)
[INFO] [stdout] 
[INFO] [stdout] 
[INFO] [stdout] error: aborting due to 3 previous errors
[INFO] [stdout] 
[INFO] [stdout] 
[INFO] [stderr] error: could not document `Academic-groups`
[INFO] [stderr] 
[INFO] [stderr] Caused by:
[INFO] [stderr]   process didn't exit successfully: `/opt/rustwide/rustup-home/toolchains/1.75.0-x86_64-unknown-linux-gnu/bin/rustdoc --edition=2021 --crate-type bin --crate-name Academic_groups src/main.rs -o /opt/rustwide/target/doc --error-format=json --json=diagnostic-rendered-ansi,artifacts,future-incompat --document-private-items '-Arustdoc::private-intra-doc-links' -C metadata=b320578cdf19cd40 -L dependency=/opt/rustwide/target/debug/deps --extern actix_cors=/opt/rustwide/target/debug/deps/libactix_cors-af52dad389c4b476.rmeta --extern actix_files=/opt/rustwide/target/debug/deps/libactix_files-63c830d7598cd929.rmeta --extern actix_web=/opt/rustwide/target/debug/deps/libactix_web-78e6e5b4bb02ab17.rmeta --extern argon2=/opt/rustwide/target/debug/deps/libargon2-23451a54a34d6854.rmeta --extern chrono=/opt/rustwide/target/debug/deps/libchrono-244c19d607de65d9.rmeta --extern diesel=/opt/rustwide/target/debug/deps/libdiesel-e33da6eaa4af11f2.rmeta --extern dotenv=/opt/rustwide/target/debug/deps/libdotenv-5c7b155fb9ea380a.rmeta --extern env_logger=/opt/rustwide/target/debug/deps/libenv_logger-4f10c6dd51e0d9e4.rmeta --extern jsonwebtoken=/opt/rustwide/target/debug/deps/libjsonwebtoken-d10cb7e77cf2bcf5.rmeta --extern rand_core=/opt/rustwide/target/debug/deps/librand_core-0502b1c5fb9a95d7.rmeta --extern serde=/opt/rustwide/target/debug/deps/libserde-9d48181c2ae3ce4b.rmeta --extern serde_json=/opt/rustwide/target/debug/deps/libserde_json-921356fd29be101c.rmeta --extern sqlx=/opt/rustwide/target/debug/deps/libsqlx-63cd4cde8822e48f.rmeta --extern uuid=/opt/rustwide/target/debug/deps/libuuid-3435394c85fd74b6.rmeta --cap-lints=warn --crate-version 0.1.0` (exit status: 1)
[INFO] running `Command { std: "docker" "inspect" "a0ca0be7d9e5f7fc5baecac7e001601bea6db2c449b5d704c8dba78643ca9517", kill_on_drop: false }`
[INFO] running `Command { std: "docker" "rm" "-f" "a0ca0be7d9e5f7fc5baecac7e001601bea6db2c449b5d704c8dba78643ca9517", kill_on_drop: false }`
[INFO] [stdout] a0ca0be7d9e5f7fc5baecac7e001601bea6db2c449b5d704c8dba78643ca9517
[INFO] documenting Schuteros/Academic-groups against beta-2023-12-22 for beta-1.76-rustdoc-1
[INFO] running `Command { std: "git" "clone" "/workspace/cache/git-repos/https%3A%2F%2Fgithub.com%2FSchuteros%2FAcademic-groups" "/workspace/builds/worker-5-tc2/source", kill_on_drop: false }`
[INFO] [stderr] Cloning into '/workspace/builds/worker-5-tc2/source'...
[INFO] [stderr] done.
[INFO] validating manifest of git repo https://github.com/Schuteros/Academic-groups on toolchain beta-2023-12-22
[INFO] running `Command { std: CARGO_HOME="/workspace/cargo-home" RUSTUP_HOME="/workspace/rustup-home" "/workspace/cargo-home/bin/cargo" "+beta-2023-12-22" "metadata" "--manifest-path" "Cargo.toml" "--no-deps", kill_on_drop: false }`
[INFO] started tweaking git repo https://github.com/Schuteros/Academic-groups
[INFO] finished tweaking git repo https://github.com/Schuteros/Academic-groups
[INFO] tweaked toml for git repo https://github.com/Schuteros/Academic-groups written to /workspace/builds/worker-5-tc2/source/Cargo.toml
[INFO] crate git repo https://github.com/Schuteros/Academic-groups already has a lockfile, it will not be regenerated
[INFO] running `Command { std: CARGO_HOME="/workspace/cargo-home" RUSTUP_HOME="/workspace/rustup-home" "/workspace/cargo-home/bin/cargo" "+beta-2023-12-22" "fetch" "--manifest-path" "Cargo.toml", kill_on_drop: false }`
[INFO] [stderr]     Blocking waiting for file lock on package cache
[INFO] [stderr]     Blocking waiting for file lock on package cache
[INFO] running `Command { std: "docker" "create" "-v" "/var/lib/crater-agent-workspace/builds/worker-5-tc2/target:/opt/rustwide/target:rw,Z" "-v" "/var/lib/crater-agent-workspace/builds/worker-5-tc2/source:/opt/rustwide/workdir:ro,Z" "-v" "/var/lib/crater-agent-workspace/cargo-home:/opt/rustwide/cargo-home:ro,Z" "-v" "/var/lib/crater-agent-workspace/rustup-home:/opt/rustwide/rustup-home:ro,Z" "-e" "SOURCE_DIR=/opt/rustwide/workdir" "-e" "CARGO_TARGET_DIR=/opt/rustwide/target" "-e" "CARGO_HOME=/opt/rustwide/cargo-home" "-e" "RUSTUP_HOME=/opt/rustwide/rustup-home" "-w" "/opt/rustwide/workdir" "-m" "1610612736" "--user" "0:0" "--network" "none" "ghcr.io/rust-lang/crates-build-env/linux@sha256:2788e3201cd34a07e3172128adcd8b3090168a8e3bcc40d7c032b9dda1df7d1c" "/opt/rustwide/cargo-home/bin/cargo" "+beta-2023-12-22" "metadata" "--no-deps" "--format-version=1", kill_on_drop: false }`
[INFO] [stdout] 08f1009bb5ed5dda97a7d55925c9d88739dc9f8915c490416aea8879451c43e7
[INFO] running `Command { std: "docker" "start" "-a" "08f1009bb5ed5dda97a7d55925c9d88739dc9f8915c490416aea8879451c43e7", kill_on_drop: false }`
[INFO] running `Command { std: "docker" "inspect" "08f1009bb5ed5dda97a7d55925c9d88739dc9f8915c490416aea8879451c43e7", kill_on_drop: false }`
[INFO] running `Command { std: "docker" "rm" "-f" "08f1009bb5ed5dda97a7d55925c9d88739dc9f8915c490416aea8879451c43e7", kill_on_drop: false }`
[INFO] [stdout] 08f1009bb5ed5dda97a7d55925c9d88739dc9f8915c490416aea8879451c43e7
[INFO] running `Command { std: "docker" "create" "-v" "/var/lib/crater-agent-workspace/builds/worker-5-tc2/target:/opt/rustwide/target:rw,Z" "-v" "/var/lib/crater-agent-workspace/builds/worker-5-tc2/source:/opt/rustwide/workdir:ro,Z" "-v" "/var/lib/crater-agent-workspace/cargo-home:/opt/rustwide/cargo-home:ro,Z" "-v" "/var/lib/crater-agent-workspace/rustup-home:/opt/rustwide/rustup-home:ro,Z" "-e" "SOURCE_DIR=/opt/rustwide/workdir" "-e" "CARGO_TARGET_DIR=/opt/rustwide/target" "-e" "CARGO_INCREMENTAL=0" "-e" "RUST_BACKTRACE=full" "-e" "RUSTFLAGS=--cap-lints=warn" "-e" "RUSTDOCFLAGS=--cap-lints=warn" "-e" "CARGO_HOME=/opt/rustwide/cargo-home" "-e" "RUSTUP_HOME=/opt/rustwide/rustup-home" "-w" "/opt/rustwide/workdir" "-m" "1610612736" "--user" "0:0" "--network" "none" "ghcr.io/rust-lang/crates-build-env/linux@sha256:2788e3201cd34a07e3172128adcd8b3090168a8e3bcc40d7c032b9dda1df7d1c" "/opt/rustwide/cargo-home/bin/cargo" "+beta-2023-12-22" "doc" "--frozen" "--no-deps" "--document-private-items" "--message-format=json", kill_on_drop: false }`
[INFO] [stdout] 5e225ce452179e1d4cdb42346ece811b39b42d5e254bdeb4819dc143846b8bc7
[INFO] running `Command { std: "docker" "start" "-a" "5e225ce452179e1d4cdb42346ece811b39b42d5e254bdeb4819dc143846b8bc7", kill_on_drop: false }`
[INFO] [stderr]    Compiling libc v0.2.149
[INFO] [stderr]    Compiling proc-macro2 v1.0.69
[INFO] [stderr]    Compiling unicode-ident v1.0.12
[INFO] [stderr]    Compiling futures-core v0.3.29
[INFO] [stderr]    Compiling typenum v1.17.0
[INFO] [stderr]    Compiling serde v1.0.190
[INFO] [stderr]    Compiling slab v0.4.9
[INFO] [stderr]    Compiling crossbeam-utils v0.8.16
[INFO] [stderr]     Checking value-bag v1.4.2
[INFO] [stderr]    Compiling lock_api v0.4.11
[INFO] [stderr]    Compiling parking_lot_core v0.9.9
[INFO] [stderr]     Checking memchr v2.6.4
[INFO] [stderr]    Compiling generic-array v0.14.7
[INFO] [stderr]     Checking pin-project-lite v0.2.13
[INFO] [stderr]     Checking once_cell v1.18.0
[INFO] [stderr]    Compiling ahash v0.8.6
[INFO] [stderr]     Checking log v0.4.20
[INFO] [stderr]    Compiling futures-task v0.3.29
[INFO] [stderr]    Compiling io-lifetimes v1.0.11
[INFO] [stderr]    Compiling vcpkg v0.2.15
[INFO] [stderr]     Checking futures-io v0.3.29
[INFO] [stderr]     Checking tracing-core v0.1.32
[INFO] [stderr]    Compiling polling v2.8.0
[INFO] [stderr]    Compiling rustix v0.37.27
[INFO] [stderr]    Compiling futures-util v0.3.29
[INFO] [stderr]     Checking subtle v2.5.0
[INFO] [stderr]     Checking bytes v1.5.0
[INFO] [stderr]     Checking scopeguard v1.2.0
[INFO] [stderr]     Checking itoa v1.0.9
[INFO] [stderr]     Checking smallvec v1.11.1
[INFO] [stderr]    Compiling paste v1.0.14
[INFO] [stderr]    Compiling quote v1.0.33
[INFO] [stderr]    Compiling async-io v1.13.0
[INFO] [stderr]     Checking futures-sink v0.3.29
[INFO] [stderr]    Compiling serde_json v1.0.108
[INFO] [stderr]    Compiling syn v2.0.38
[INFO] [stderr]    Compiling thiserror v1.0.50
[INFO] [stderr]    Compiling openssl v0.10.59
[INFO] [stderr]    Compiling event-listener v2.5.3
[INFO] [stderr]    Compiling jobserver v0.1.27
[INFO] [stderr]     Checking getrandom v0.2.10
[INFO] [stderr]     Checking bitflags v2.4.1
[INFO] [stderr]    Compiling cc v1.0.83
[INFO] [stderr]    Compiling concurrent-queue v2.3.0
[INFO] [stderr]    Compiling num-traits v0.2.17
[INFO] [stderr]    Compiling fastrand v1.9.0
[INFO] [stderr]    Compiling fastrand v2.0.1
[INFO] [stderr]     Checking parking_lot v0.12.1
[INFO] [stderr]    Compiling parking v2.2.0
[INFO] [stderr]     Checking zerocopy v0.7.25
[INFO] [stderr]     Checking percent-encoding v2.3.0
[INFO] [stderr]    Compiling waker-fn v1.1.1
[INFO] [stderr]     Checking rand_core v0.6.4
[INFO] [stderr]    Compiling async-lock v2.8.0
[INFO] [stderr]    Compiling futures-lite v1.13.0
[INFO] [stderr]     Checking socket2 v0.5.5
[INFO] [stderr]     Checking signal-hook-registry v1.4.1
[INFO] [stderr]     Checking mio v0.8.9
[INFO] [stderr]    Compiling syn v1.0.109
[INFO] [stderr]    Compiling tinyvec_macros v0.1.1
[INFO] [stderr]    Compiling futures-channel v0.3.29
[INFO] [stderr]    Compiling native-tls v0.2.11
[INFO] [stderr]     Checking cpufeatures v0.2.11
[INFO] [stderr]    Compiling crossbeam-queue v0.3.8
[INFO] [stderr]    Compiling tinyvec v1.6.0
[INFO] [stderr]     Checking unicode-normalization v0.1.22
[INFO] [stderr]     Checking tokio v1.33.0
[INFO] [stderr]     Checking block-buffer v0.10.4
[INFO] [stderr]     Checking crypto-common v0.1.6
[INFO] [stderr]     Checking ryu v1.0.15
[INFO] [stderr]    Compiling async-task v4.5.0
[INFO] [stderr]    Compiling linux-raw-sys v0.3.8
[INFO] [stderr]     Checking digest v0.10.7
[INFO] [stderr]     Checking unicode-bidi v0.3.13
[INFO] [stderr]    Compiling atomic-waker v1.1.2
[INFO] [stderr]    Compiling piper v0.2.1
[INFO] [stderr]    Compiling async-channel v1.9.0
[INFO] [stderr]     Checking form_urlencoded v1.2.0
[INFO] [stderr]    Compiling socket2 v0.4.10
[INFO] [stderr]     Checking powerfmt v0.2.0
[INFO] [stderr]    Compiling allocator-api2 v0.2.16
[INFO] [stderr]    Compiling time-core v0.1.2
[INFO] [stderr]     Checking base64 v0.21.5
[INFO] [stderr]     Checking rand_chacha v0.3.1
[INFO] [stderr]    Compiling openssl-sys v0.9.95
[INFO] [stderr]    Compiling zstd-sys v2.0.9+zstd.1.5.5
[INFO] [stderr]    Compiling time-macros v0.2.15
[INFO] [stderr]     Checking deranged v0.3.9
[INFO] [stderr]    Compiling hashbrown v0.14.2
[INFO] [stderr]    Compiling foreign-types v0.3.2
[INFO] [stderr]    Compiling async-executor v1.6.0
[INFO] [stderr]     Checking idna v0.4.0
[INFO] [stderr]    Compiling aho-corasick v1.1.2
[INFO] [stderr]    Compiling unicase v2.7.0
[INFO] [stderr]    Compiling pin-utils v0.1.0
[INFO] [stderr]     Checking regex-syntax v0.8.2
[INFO] [stderr]    Compiling zstd-safe v6.0.6
[INFO] [stderr]     Checking local-waker v0.1.4
[INFO] [stderr]    Compiling minimal-lexical v0.2.1
[INFO] [stderr]     Checking alloc-no-stdlib v2.0.4
[INFO] [stderr]     Checking alloc-stdlib v0.2.2
[INFO] [stderr]    Compiling nom v7.1.3
[INFO] [stderr]     Checking http v0.2.9
[INFO] [stderr]     Checking url v2.4.1
[INFO] [stderr]     Checking rand v0.8.5
[INFO] [stderr]     Checking sha1 v0.10.6
[INFO] [stderr]     Checking regex-automata v0.4.3
[INFO] [stderr]     Checking time v0.3.30
[INFO] [stderr]    Compiling kv-log-macro v1.0.7
[INFO] [stderr]    Compiling openssl-probe v0.1.5
[INFO] [stderr]    Compiling ppv-lite86 v0.2.17
[INFO] [stderr]    Compiling rustix v0.38.21
[INFO] [stderr]    Compiling httparse v1.8.0
[INFO] [stderr]    Compiling iana-time-zone v0.1.58
[INFO] [stderr]    Compiling unicode_categories v0.1.1
[INFO] [stderr]    Compiling equivalent v1.0.1
[INFO] [stderr]     Checking hashbrown v0.12.3
[INFO] [stderr]    Compiling crc-catalog v2.4.0
[INFO] [stderr]    Compiling crc v3.0.1
[INFO] [stderr]    Compiling chrono v0.4.31
[INFO] [stderr]    Compiling indexmap v2.1.0
[INFO] [stderr] error: could not compile `syn` (lib)
[INFO] [stderr] 
[INFO] [stderr] Caused by:
[INFO] [stderr]   process didn't exit successfully: `/opt/rustwide/rustup-home/toolchains/beta-2023-12-22-x86_64-unknown-linux-gnu/bin/rustc --crate-name syn --edition=2021 /opt/rustwide/cargo-home/registry/src/index.crates.io-6f17d22bba15001f/syn-2.0.38/src/lib.rs --error-format=json --json=diagnostic-rendered-ansi,artifacts,future-incompat --crate-type lib --emit=dep-info,metadata,link -C embed-bitcode=no --cfg 'feature="clone-impls"' --cfg 'feature="default"' --cfg 'feature="derive"' --cfg 'feature="extra-traits"' --cfg 'feature="fold"' --cfg 'feature="full"' --cfg 'feature="parsing"' --cfg 'feature="printing"' --cfg 'feature="proc-macro"' --cfg 'feature="quote"' --cfg 'feature="visit-mut"' -C metadata=fd0d5e857acd0ddb -C extra-filename=-fd0d5e857acd0ddb --out-dir /opt/rustwide/target/debug/deps -L dependency=/opt/rustwide/target/debug/deps --extern proc_macro2=/opt/rustwide/target/debug/deps/libproc_macro2-00ccf126c88e5498.rmeta --extern quote=/opt/rustwide/target/debug/deps/libquote-fbe8e71e7887c583.rmeta --extern unicode_ident=/opt/rustwide/target/debug/deps/libunicode_ident-074c333503047827.rmeta --cap-lints allow --cap-lints=warn` (signal: 9, SIGKILL: kill)
[INFO] [stderr] warning: build failed, waiting for other jobs to finish...
[INFO] running `Command { std: "docker" "inspect" "5e225ce452179e1d4cdb42346ece811b39b42d5e254bdeb4819dc143846b8bc7", kill_on_drop: false }`
[INFO] running `Command { std: "docker" "rm" "-f" "5e225ce452179e1d4cdb42346ece811b39b42d5e254bdeb4819dc143846b8bc7", kill_on_drop: false }`
[INFO] [stdout] 5e225ce452179e1d4cdb42346ece811b39b42d5e254bdeb4819dc143846b8bc7
