[INFO] cloning repository https://github.com/Schmiddiii/Tubefeeder
[INFO] running `Command { std: "git" "-c" "credential.helper=" "-c" "credential.helper=/workspace/cargo-home/bin/git-credential-null" "clone" "--bare" "https://github.com/Schmiddiii/Tubefeeder" "/workspace/cache/git-repos/https%3A%2F%2Fgithub.com%2FSchmiddiii%2FTubefeeder", kill_on_drop: false }`
[INFO] [stderr] Cloning into bare repository '/workspace/cache/git-repos/https%3A%2F%2Fgithub.com%2FSchmiddiii%2FTubefeeder'...
[INFO] running `Command { std: "git" "rev-parse" "HEAD", kill_on_drop: false }`
[INFO] [stdout] 54ecc9471547b6cfa63608e595d9f19d9bdd91c8
[INFO] documenting Schmiddiii/Tubefeeder against 1.75.0 for beta-1.76-rustdoc-1
[INFO] running `Command { std: "git" "clone" "/workspace/cache/git-repos/https%3A%2F%2Fgithub.com%2FSchmiddiii%2FTubefeeder" "/workspace/builds/worker-0-tc1/source", kill_on_drop: false }`
[INFO] [stderr] Cloning into '/workspace/builds/worker-0-tc1/source'...
[INFO] [stderr] done.
[INFO] validating manifest of git repo https://github.com/Schmiddiii/Tubefeeder on toolchain 1.75.0
[INFO] running `Command { std: CARGO_HOME="/workspace/cargo-home" RUSTUP_HOME="/workspace/rustup-home" "/workspace/cargo-home/bin/cargo" "+1.75.0" "metadata" "--manifest-path" "Cargo.toml" "--no-deps", kill_on_drop: false }`
[INFO] started tweaking git repo https://github.com/Schmiddiii/Tubefeeder
[INFO] finished tweaking git repo https://github.com/Schmiddiii/Tubefeeder
[INFO] tweaked toml for git repo https://github.com/Schmiddiii/Tubefeeder written to /workspace/builds/worker-0-tc1/source/Cargo.toml
[INFO] crate git repo https://github.com/Schmiddiii/Tubefeeder already has a lockfile, it will not be regenerated
[INFO] running `Command { std: CARGO_HOME="/workspace/cargo-home" RUSTUP_HOME="/workspace/rustup-home" "/workspace/cargo-home/bin/cargo" "+1.75.0" "fetch" "--manifest-path" "Cargo.toml", kill_on_drop: false }`
[INFO] [stderr]     Blocking waiting for file lock on package cache
[ERROR] error running command: no output for 300 seconds
[ERROR] this task or one of its parent failed!
[ERROR] no output for 300 seconds
[ERROR] note: run with `RUST_BACKTRACE=1` to display a backtrace.
[INFO] documenting Schmiddiii/Tubefeeder against beta-2023-12-22 for beta-1.76-rustdoc-1
[INFO] running `Command { std: "git" "clone" "/workspace/cache/git-repos/https%3A%2F%2Fgithub.com%2FSchmiddiii%2FTubefeeder" "/workspace/builds/worker-0-tc2/source", kill_on_drop: false }`
[INFO] [stderr] Cloning into '/workspace/builds/worker-0-tc2/source'...
[INFO] [stderr] done.
[INFO] validating manifest of git repo https://github.com/Schmiddiii/Tubefeeder on toolchain beta-2023-12-22
[INFO] running `Command { std: CARGO_HOME="/workspace/cargo-home" RUSTUP_HOME="/workspace/rustup-home" "/workspace/cargo-home/bin/cargo" "+beta-2023-12-22" "metadata" "--manifest-path" "Cargo.toml" "--no-deps", kill_on_drop: false }`
[INFO] started tweaking git repo https://github.com/Schmiddiii/Tubefeeder
[INFO] finished tweaking git repo https://github.com/Schmiddiii/Tubefeeder
[INFO] tweaked toml for git repo https://github.com/Schmiddiii/Tubefeeder written to /workspace/builds/worker-0-tc2/source/Cargo.toml
[INFO] crate git repo https://github.com/Schmiddiii/Tubefeeder already has a lockfile, it will not be regenerated
[INFO] running `Command { std: CARGO_HOME="/workspace/cargo-home" RUSTUP_HOME="/workspace/rustup-home" "/workspace/cargo-home/bin/cargo" "+beta-2023-12-22" "fetch" "--manifest-path" "Cargo.toml", kill_on_drop: false }`
[INFO] [stderr]     Blocking waiting for file lock on package cache
[INFO] [stderr]     Updating crates.io index
[INFO] [stderr]     Blocking waiting for file lock on package cache
[ERROR] error running command: no output for 300 seconds
[INFO] documenting Schmiddiii/Tubefeeder against beta-2023-12-22 for beta-1.76-rustdoc-1
[INFO] running `Command { std: "git" "clone" "/workspace/cache/git-repos/https%3A%2F%2Fgithub.com%2FSchmiddiii%2FTubefeeder" "/workspace/builds/worker-0-tc2/source", kill_on_drop: false }`
[INFO] [stderr] Cloning into '/workspace/builds/worker-0-tc2/source'...
[INFO] [stderr] done.
[INFO] validating manifest of git repo https://github.com/Schmiddiii/Tubefeeder on toolchain beta-2023-12-22
[INFO] running `Command { std: CARGO_HOME="/workspace/cargo-home" RUSTUP_HOME="/workspace/rustup-home" "/workspace/cargo-home/bin/cargo" "+beta-2023-12-22" "metadata" "--manifest-path" "Cargo.toml" "--no-deps", kill_on_drop: false }`
[INFO] started tweaking git repo https://github.com/Schmiddiii/Tubefeeder
[INFO] finished tweaking git repo https://github.com/Schmiddiii/Tubefeeder
[INFO] tweaked toml for git repo https://github.com/Schmiddiii/Tubefeeder written to /workspace/builds/worker-0-tc2/source/Cargo.toml
[INFO] crate git repo https://github.com/Schmiddiii/Tubefeeder already has a lockfile, it will not be regenerated
[INFO] running `Command { std: CARGO_HOME="/workspace/cargo-home" RUSTUP_HOME="/workspace/rustup-home" "/workspace/cargo-home/bin/cargo" "+beta-2023-12-22" "fetch" "--manifest-path" "Cargo.toml", kill_on_drop: false }`
[INFO] [stderr]     Blocking waiting for file lock on package cache
[INFO] [stderr]     Blocking waiting for file lock on package cache
[ERROR] error running command: no output for 300 seconds
[INFO] documenting Schmiddiii/Tubefeeder against beta-2023-12-22 for beta-1.76-rustdoc-1
[INFO] running `Command { std: "git" "clone" "/workspace/cache/git-repos/https%3A%2F%2Fgithub.com%2FSchmiddiii%2FTubefeeder" "/workspace/builds/worker-0-tc2/source", kill_on_drop: false }`
[INFO] [stderr] Cloning into '/workspace/builds/worker-0-tc2/source'...
[INFO] [stderr] done.
[INFO] validating manifest of git repo https://github.com/Schmiddiii/Tubefeeder on toolchain beta-2023-12-22
[INFO] running `Command { std: CARGO_HOME="/workspace/cargo-home" RUSTUP_HOME="/workspace/rustup-home" "/workspace/cargo-home/bin/cargo" "+beta-2023-12-22" "metadata" "--manifest-path" "Cargo.toml" "--no-deps", kill_on_drop: false }`
[INFO] started tweaking git repo https://github.com/Schmiddiii/Tubefeeder
[INFO] finished tweaking git repo https://github.com/Schmiddiii/Tubefeeder
[INFO] tweaked toml for git repo https://github.com/Schmiddiii/Tubefeeder written to /workspace/builds/worker-0-tc2/source/Cargo.toml
[INFO] crate git repo https://github.com/Schmiddiii/Tubefeeder already has a lockfile, it will not be regenerated
[INFO] running `Command { std: CARGO_HOME="/workspace/cargo-home" RUSTUP_HOME="/workspace/rustup-home" "/workspace/cargo-home/bin/cargo" "+beta-2023-12-22" "fetch" "--manifest-path" "Cargo.toml", kill_on_drop: false }`
[INFO] [stderr]     Blocking waiting for file lock on package cache
[INFO] [stderr]     Blocking waiting for file lock on package cache
[ERROR] error running command: no output for 300 seconds
[INFO] documenting Schmiddiii/Tubefeeder against beta-2023-12-22 for beta-1.76-rustdoc-1
[INFO] running `Command { std: "git" "clone" "/workspace/cache/git-repos/https%3A%2F%2Fgithub.com%2FSchmiddiii%2FTubefeeder" "/workspace/builds/worker-0-tc2/source", kill_on_drop: false }`
[INFO] [stderr] Cloning into '/workspace/builds/worker-0-tc2/source'...
[INFO] [stderr] done.
[INFO] validating manifest of git repo https://github.com/Schmiddiii/Tubefeeder on toolchain beta-2023-12-22
[INFO] running `Command { std: CARGO_HOME="/workspace/cargo-home" RUSTUP_HOME="/workspace/rustup-home" "/workspace/cargo-home/bin/cargo" "+beta-2023-12-22" "metadata" "--manifest-path" "Cargo.toml" "--no-deps", kill_on_drop: false }`
[INFO] started tweaking git repo https://github.com/Schmiddiii/Tubefeeder
[INFO] finished tweaking git repo https://github.com/Schmiddiii/Tubefeeder
[INFO] tweaked toml for git repo https://github.com/Schmiddiii/Tubefeeder written to /workspace/builds/worker-0-tc2/source/Cargo.toml
[INFO] crate git repo https://github.com/Schmiddiii/Tubefeeder already has a lockfile, it will not be regenerated
[INFO] running `Command { std: CARGO_HOME="/workspace/cargo-home" RUSTUP_HOME="/workspace/rustup-home" "/workspace/cargo-home/bin/cargo" "+beta-2023-12-22" "fetch" "--manifest-path" "Cargo.toml", kill_on_drop: false }`
[INFO] [stderr]     Blocking waiting for file lock on package cache
[INFO] [stderr]     Blocking waiting for file lock on package cache
[ERROR] error running command: no output for 300 seconds
[INFO] documenting Schmiddiii/Tubefeeder against beta-2023-12-22 for beta-1.76-rustdoc-1
[INFO] running `Command { std: "git" "clone" "/workspace/cache/git-repos/https%3A%2F%2Fgithub.com%2FSchmiddiii%2FTubefeeder" "/workspace/builds/worker-0-tc2/source", kill_on_drop: false }`
[INFO] [stderr] Cloning into '/workspace/builds/worker-0-tc2/source'...
[INFO] [stderr] done.
[INFO] validating manifest of git repo https://github.com/Schmiddiii/Tubefeeder on toolchain beta-2023-12-22
[INFO] running `Command { std: CARGO_HOME="/workspace/cargo-home" RUSTUP_HOME="/workspace/rustup-home" "/workspace/cargo-home/bin/cargo" "+beta-2023-12-22" "metadata" "--manifest-path" "Cargo.toml" "--no-deps", kill_on_drop: false }`
[INFO] started tweaking git repo https://github.com/Schmiddiii/Tubefeeder
[INFO] finished tweaking git repo https://github.com/Schmiddiii/Tubefeeder
[INFO] tweaked toml for git repo https://github.com/Schmiddiii/Tubefeeder written to /workspace/builds/worker-0-tc2/source/Cargo.toml
[INFO] crate git repo https://github.com/Schmiddiii/Tubefeeder already has a lockfile, it will not be regenerated
[INFO] running `Command { std: CARGO_HOME="/workspace/cargo-home" RUSTUP_HOME="/workspace/rustup-home" "/workspace/cargo-home/bin/cargo" "+beta-2023-12-22" "fetch" "--manifest-path" "Cargo.toml", kill_on_drop: false }`
[INFO] [stderr]     Blocking waiting for file lock on package cache
[INFO] [stderr]     Blocking waiting for file lock on package cache
[INFO] [stderr]  Downloading crates ...
[INFO] [stderr]   Downloaded target-lexicon v0.12.10
[INFO] [stderr]   Downloaded cfg-expr v0.15.3
[INFO] [stderr]   Downloaded tf_playlist v0.1.4
[INFO] [stderr]   Downloaded tf_core v0.1.4
[INFO] [stderr]   Downloaded gsk4 v0.6.3
[INFO] [stderr]   Downloaded piped v0.0.3
[INFO] [stderr]   Downloaded tf_utils v0.1.3
[INFO] [stderr]   Downloaded graphene-sys v0.17.10
[INFO] [stderr]   Downloaded tf_platform_peertube v0.1.5
[INFO] [stderr]   Downloaded gtk4-macros v0.6.6
[INFO] [stderr]   Downloaded pango-sys v0.17.10
[INFO] [stderr]   Downloaded glib-macros v0.17.10
[INFO] [stderr]   Downloaded gdk4 v0.6.3
[INFO] [stderr]   Downloaded gio v0.17.10
[INFO] [stderr]   Downloaded regex-automata v0.3.3
[INFO] [stderr]   Downloaded webp v0.2.4
[INFO] [stderr]   Downloaded gtk4 v0.6.6
[INFO] [stderr]   Downloaded gettext-sys v0.21.3
[INFO] [stderr]   Downloaded libwebp-sys v0.9.2
[INFO] [stderr]   Downloaded locale_config v0.3.0
[INFO] [stderr]   Downloaded winnow v0.5.1
[INFO] [stderr]   Downloaded glib v0.17.10
[INFO] [stderr]   Downloaded exr v1.7.0
[INFO] [stderr]   Downloaded gtk4-sys v0.6.3
[INFO] [stderr]   Downloaded gio-sys v0.17.10
[INFO] [stderr]   Downloaded gdk4-sys v0.6.3
[INFO] [stderr]   Downloaded glib-sys v0.17.10
[INFO] [stderr]   Downloaded cairo-rs v0.17.10
[INFO] [stderr]   Downloaded libadwaita-sys v0.4.4
[INFO] [stderr]   Downloaded graphene-rs v0.17.10
[INFO] [stderr]   Downloaded num v0.2.1
[INFO] [stderr]   Downloaded gettext-rs v0.7.0
[INFO] [stderr]   Downloaded gsk4-sys v0.6.3
[INFO] [stderr]   Downloaded parse_duration v2.1.1
[INFO] [stderr]   Downloaded tf_platform_youtube v0.1.7
[INFO] [stderr]   Downloaded gdk-pixbuf v0.17.10
[INFO] [stderr]   Downloaded gdk-pixbuf-sys v0.17.10
[INFO] [stderr]   Downloaded gobject-sys v0.17.10
[INFO] [stderr]   Downloaded cairo-sys-rs v0.17.10
[INFO] [stderr]   Downloaded tf_join v0.1.7
[INFO] [stderr]   Downloaded tf_platform_lbry v0.1.4
[INFO] [stderr]   Downloaded tf_filter v0.1.3
[INFO] [stderr]   Downloaded temp-dir v0.1.11
[INFO] [stderr]   Downloaded tf_observer v0.1.3
[INFO] [stderr]   Downloaded pango v0.17.10
[INFO] [stderr]   Downloaded libadwaita v0.4.4
[INFO] running `Command { std: "docker" "create" "-v" "/var/lib/crater-agent-workspace/builds/worker-0-tc2/target:/opt/rustwide/target:rw,Z" "-v" "/var/lib/crater-agent-workspace/builds/worker-0-tc2/source:/opt/rustwide/workdir:ro,Z" "-v" "/var/lib/crater-agent-workspace/cargo-home:/opt/rustwide/cargo-home:ro,Z" "-v" "/var/lib/crater-agent-workspace/rustup-home:/opt/rustwide/rustup-home:ro,Z" "-e" "SOURCE_DIR=/opt/rustwide/workdir" "-e" "CARGO_TARGET_DIR=/opt/rustwide/target" "-e" "CARGO_HOME=/opt/rustwide/cargo-home" "-e" "RUSTUP_HOME=/opt/rustwide/rustup-home" "-w" "/opt/rustwide/workdir" "-m" "1610612736" "--user" "0:0" "--network" "none" "ghcr.io/rust-lang/crates-build-env/linux@sha256:2788e3201cd34a07e3172128adcd8b3090168a8e3bcc40d7c032b9dda1df7d1c" "/opt/rustwide/cargo-home/bin/cargo" "+beta-2023-12-22" "metadata" "--no-deps" "--format-version=1", kill_on_drop: false }`
[INFO] [stdout] b993b2042ac6bf876836c530bb30f9849a3c4ee2d12b10d3c86e4060b9ca3c55
[INFO] running `Command { std: "docker" "start" "-a" "b993b2042ac6bf876836c530bb30f9849a3c4ee2d12b10d3c86e4060b9ca3c55", kill_on_drop: false }`
[INFO] running `Command { std: "docker" "inspect" "b993b2042ac6bf876836c530bb30f9849a3c4ee2d12b10d3c86e4060b9ca3c55", kill_on_drop: false }`
[INFO] running `Command { std: "docker" "rm" "-f" "b993b2042ac6bf876836c530bb30f9849a3c4ee2d12b10d3c86e4060b9ca3c55", kill_on_drop: false }`
[INFO] [stdout] b993b2042ac6bf876836c530bb30f9849a3c4ee2d12b10d3c86e4060b9ca3c55
[INFO] running `Command { std: "docker" "create" "-v" "/var/lib/crater-agent-workspace/builds/worker-0-tc2/target:/opt/rustwide/target:rw,Z" "-v" "/var/lib/crater-agent-workspace/builds/worker-0-tc2/source:/opt/rustwide/workdir:ro,Z" "-v" "/var/lib/crater-agent-workspace/cargo-home:/opt/rustwide/cargo-home:ro,Z" "-v" "/var/lib/crater-agent-workspace/rustup-home:/opt/rustwide/rustup-home:ro,Z" "-e" "SOURCE_DIR=/opt/rustwide/workdir" "-e" "CARGO_TARGET_DIR=/opt/rustwide/target" "-e" "CARGO_INCREMENTAL=0" "-e" "RUST_BACKTRACE=full" "-e" "RUSTFLAGS=--cap-lints=warn" "-e" "RUSTDOCFLAGS=--cap-lints=warn" "-e" "CARGO_HOME=/opt/rustwide/cargo-home" "-e" "RUSTUP_HOME=/opt/rustwide/rustup-home" "-w" "/opt/rustwide/workdir" "-m" "1610612736" "--user" "0:0" "--network" "none" "ghcr.io/rust-lang/crates-build-env/linux@sha256:2788e3201cd34a07e3172128adcd8b3090168a8e3bcc40d7c032b9dda1df7d1c" "/opt/rustwide/cargo-home/bin/cargo" "+beta-2023-12-22" "doc" "--frozen" "--no-deps" "--document-private-items" "--message-format=json", kill_on_drop: false }`
[INFO] [stdout] 5ae70b9379f8aee0bc5e8dadddc518e59d57e44399fc073430de5fa13f1bc874
[INFO] running `Command { std: "docker" "start" "-a" "5ae70b9379f8aee0bc5e8dadddc518e59d57e44399fc073430de5fa13f1bc874", kill_on_drop: false }`
[INFO] [stderr]    Compiling libc v0.2.147
[INFO] [stderr]    Compiling serde v1.0.175
[INFO] [stderr]    Compiling hashbrown v0.14.0
[INFO] [stderr]    Compiling winnow v0.5.1
[INFO] [stderr]    Compiling target-lexicon v0.12.10
[INFO] [stderr]    Compiling smallvec v1.11.0
[INFO] [stderr]    Compiling version-compare v0.1.1
[INFO] [stderr]    Compiling proc-macro2 v1.0.66
[INFO] [stderr]    Compiling unicode-ident v1.0.11
[INFO] [stderr]     Checking once_cell v1.18.0
[INFO] [stderr]     Checking pin-project-lite v0.2.10
[INFO] [stderr]    Compiling futures-task v0.3.28
[INFO] [stderr]    Compiling futures-channel v0.3.28
[INFO] [stderr]    Compiling futures-util v0.3.28
[INFO] [stderr]     Checking futures-io v0.3.28
[INFO] [stderr]    Compiling lock_api v0.4.10
[INFO] [stderr]    Compiling num-traits v0.2.16
[INFO] [stderr]    Compiling parking_lot_core v0.9.8
[INFO] [stderr]    Compiling syn v1.0.109
[INFO] [stderr]    Compiling tokio v1.29.1
[INFO] [stderr]    Compiling anyhow v1.0.72
[INFO] [stderr]    Compiling thiserror v1.0.44
[INFO] [stderr]     Checking spin v0.5.2
[INFO] [stderr]     Checking untrusted v0.7.1
[INFO] [stderr]     Checking log v0.4.19
[INFO] [stderr]     Checking tracing-core v0.1.31
[INFO] [stderr]    Compiling serde_derive v1.0.175
[INFO] [stderr]    Compiling rayon-core v1.11.0
[INFO] [stderr]     Checking http v0.2.9
[INFO] [stderr]    Compiling indexmap v2.0.0
[INFO] [stderr]     Checking crossbeam-channel v0.5.8
[INFO] [stderr]    Compiling openssl v0.10.55
[INFO] [stderr]    Compiling quote v1.0.32
[INFO] [stderr]    Compiling jobserver v0.1.26
[INFO] [stderr]    Compiling cfg-expr v0.15.3
[INFO] [stderr]     Checking tracing v0.1.37
[INFO] [stderr]     Checking num_cpus v1.16.0
[INFO] [stderr]     Checking socket2 v0.4.9
[INFO] [stderr]    Compiling cc v1.0.79
[INFO] [stderr]     Checking signal-hook-registry v1.4.1
[INFO] [stderr]    Compiling syn v2.0.27
[INFO] [stderr]     Checking mio v0.8.8
[INFO] [stderr]     Checking parking_lot v0.12.1
[INFO] [stderr]    Compiling rustls v0.21.5
[INFO] [stderr]     Checking want v0.3.1
[INFO] [stderr]     Checking http-body v0.4.5
[INFO] [stderr]    Compiling proc-macro-error-attr v1.0.4
[INFO] [stderr]     Checking getrandom v0.2.10
[INFO] [stderr]     Checking aho-corasick v1.0.2
[INFO] [stderr]     Checking regex-syntax v0.7.4
[INFO] [stderr]     Checking num-integer v0.1.45
[INFO] [stderr]     Checking flate2 v1.0.26
[INFO] [stderr]     Checking spin v0.9.8
[INFO] [stderr]    Compiling num-bigint v0.2.6
[INFO] [stderr]     Checking fdeflate v0.3.0
[INFO] [stderr]     Checking nanorand v0.7.0
[INFO] [stderr]    Compiling num-iter v0.1.43
[INFO] [stderr]    Compiling num-rational v0.2.4
[INFO] [stderr]    Compiling num-complex v0.2.4
[INFO] [stderr]     Checking base64 v0.21.2
[INFO] [stderr]     Checking bytemuck v1.13.1
[INFO] [stderr]     Checking png v0.17.9
[INFO] [stderr]     Checking rayon v1.7.0
[INFO] [stderr]     Checking num-rational v0.4.1
[INFO] [stderr]     Checking url v2.4.0
[INFO] [stderr]    Compiling semver v1.0.18
[INFO] [stderr]     Checking rustls-pemfile v1.0.3
[INFO] [stderr]     Checking tf_observer v0.1.3
[INFO] [stderr]     Checking qoi v0.4.1
[INFO] [stderr]    Compiling async-trait v0.1.72
[INFO] [stderr]     Checking ipnet v2.8.0
[INFO] [stderr]    Compiling gio v0.17.10
[INFO] [stderr]     Checking time v0.1.45
[INFO] [stderr]     Checking iana-time-zone v0.1.57
[INFO] [stderr]    Compiling glob v0.3.1
[INFO] [stderr]    Compiling serde_json v1.0.103
[INFO] [stderr]    Compiling ring v0.16.20
[INFO] [stderr]    Compiling openssl-sys v0.9.90
[INFO] [stderr]    Compiling temp-dir v0.1.11
[INFO] [stderr]    Compiling rustc_version v0.4.0
[INFO] [stderr]     Checking tf_filter v0.1.3
[INFO] [stderr]     Checking atty v0.2.14
[INFO] [stderr]     Checking csv-core v0.1.10
[INFO] [stderr]    Compiling gettext-sys v0.21.3
[INFO] [stderr]     Checking tf_playlist v0.1.4
[INFO] [stderr]    Compiling libwebp-sys v0.9.2
[INFO] [stderr]    Compiling field-offset v0.3.6
[INFO] [stderr]     Checking num v0.2.1
[INFO] [stderr]    Compiling native-tls v0.2.11
[INFO] [stderr]     Checking regex-automata v0.3.3
[INFO] [stderr]    Compiling toml_datetime v0.6.3
[INFO] [stderr]    Compiling serde_spanned v0.6.3
[INFO] [stderr]    Compiling toml_edit v0.19.14
[INFO] [stderr]    Compiling proc-macro-error v1.0.4
[INFO] [stderr]     Checking jpeg-decoder v0.3.0
[INFO] [stderr]     Checking serde_urlencoded v0.7.1
[INFO] [stderr]     Checking chrono v0.4.26
[INFO] [stderr]     Checking quick-xml v0.22.0
[INFO] [stderr]     Checking csv v1.2.2
[INFO] [stderr]     Checking tiff v0.8.1
[INFO] [stderr]    Compiling toml v0.7.6
[INFO] [stderr]    Compiling proc-macro-crate v1.3.1
[INFO] [stderr]     Checking regex v1.9.1
[INFO] [stderr]    Compiling system-deps v6.1.1
[INFO] [stderr]    Compiling futures-macro v0.3.28
[INFO] [stderr]    Compiling thiserror-impl v1.0.44
[INFO] [stderr]    Compiling tokio-macros v2.1.0
[INFO] [stderr]    Compiling openssl-macros v0.1.1
[INFO] [stderr]    Compiling pin-project-internal v1.1.2
[INFO] [stderr]     Checking parse_duration v2.1.1
[INFO] [stderr]     Checking locale_config v0.3.0
[INFO] [stderr]     Checking env_logger v0.9.3
[INFO] [stderr]    Compiling glib-sys v0.17.10
[INFO] [stderr]    Compiling gobject-sys v0.17.10
[INFO] [stderr]    Compiling gio-sys v0.17.10
[INFO] [stderr]    Compiling cairo-sys-rs v0.17.10
[INFO] [stderr]    Compiling gdk-pixbuf-sys v0.17.10
[INFO] [stderr]    Compiling pango-sys v0.17.10
[INFO] [stderr]    Compiling glib-macros v0.17.10
[INFO] [stderr]     Checking rustls-webpki v0.101.2
[INFO] [stderr]     Checking sct v0.7.0
[INFO] [stderr]     Checking webpki v0.22.0
[INFO] [stderr]    Compiling graphene-sys v0.17.10
[INFO] [stderr]    Compiling gdk4-sys v0.6.3
[INFO] [stderr]    Compiling gsk4-sys v0.6.3
[INFO] [stderr]    Compiling gtk4-sys v0.6.3
[INFO] [stderr]    Compiling glib-sys v0.15.10
[INFO] [stderr]     Checking webpki-roots v0.22.6
[INFO] [stderr]    Compiling gobject-sys v0.15.10
[INFO] [stderr]    Compiling libadwaita-sys v0.4.4
[INFO] [stderr]    Compiling pango-sys v0.15.10
[INFO] [stderr] The following warnings were emitted during compilation:
[INFO] [stderr] 
[INFO] [stderr] warning: graphene-sys@0.17.10: `PKG_CONFIG_ALLOW_SYSTEM_CFLAGS="1" "pkg-config" "--libs" "--cflags" "graphene-gobject-1.0" "graphene-gobject-1.0 >= 1.10"` did not exit successfully: exit status: 1
[INFO] [stderr] 
[INFO] [stderr] error: failed to run custom build command for `graphene-sys v0.17.10`
[INFO] [stderr] note: To improve backtraces for build dependencies, set the CARGO_PROFILE_DEV_BUILD_OVERRIDE_DEBUG=true environment variable to enable debug information generation.
[INFO] [stderr] 
[INFO] [stderr] Caused by:
[INFO] [stderr]   process didn't exit successfully: `/opt/rustwide/target/debug/build/graphene-sys-3903b07fb4b98687/build-script-build` (exit status: 1)
[INFO] [stderr]   --- stdout
[INFO] [stderr]   cargo:rerun-if-env-changed=GRAPHENE_GOBJECT_1.0_NO_PKG_CONFIG
[INFO] [stderr]   cargo:rerun-if-env-changed=PKG_CONFIG_x86_64-unknown-linux-gnu
[INFO] [stderr]   cargo:rerun-if-env-changed=PKG_CONFIG_x86_64_unknown_linux_gnu
[INFO] [stderr]   cargo:rerun-if-env-changed=HOST_PKG_CONFIG
[INFO] [stderr]   cargo:rerun-if-env-changed=PKG_CONFIG
[INFO] [stderr]   cargo:rerun-if-env-changed=PKG_CONFIG_PATH_x86_64-unknown-linux-gnu
[INFO] [stderr]   cargo:rerun-if-env-changed=PKG_CONFIG_PATH_x86_64_unknown_linux_gnu
[INFO] [stderr]   cargo:rerun-if-env-changed=HOST_PKG_CONFIG_PATH
[INFO] [stderr]   cargo:rerun-if-env-changed=PKG_CONFIG_PATH
[INFO] [stderr]   cargo:rerun-if-env-changed=PKG_CONFIG_LIBDIR_x86_64-unknown-linux-gnu
[INFO] [stderr]   cargo:rerun-if-env-changed=PKG_CONFIG_LIBDIR_x86_64_unknown_linux_gnu
[INFO] [stderr]   cargo:rerun-if-env-changed=HOST_PKG_CONFIG_LIBDIR
[INFO] [stderr]   cargo:rerun-if-env-changed=PKG_CONFIG_LIBDIR
[INFO] [stderr]   cargo:rerun-if-env-changed=PKG_CONFIG_SYSROOT_DIR_x86_64-unknown-linux-gnu
[INFO] [stderr]   cargo:rerun-if-env-changed=PKG_CONFIG_SYSROOT_DIR_x86_64_unknown_linux_gnu
[INFO] [stderr]   cargo:rerun-if-env-changed=HOST_PKG_CONFIG_SYSROOT_DIR
[INFO] [stderr]   cargo:rerun-if-env-changed=PKG_CONFIG_SYSROOT_DIR
[INFO] [stderr]   cargo:warning=`PKG_CONFIG_ALLOW_SYSTEM_CFLAGS="1" "pkg-config" "--libs" "--cflags" "graphene-gobject-1.0" "graphene-gobject-1.0 >= 1.10"` did not exit successfully: exit status: 1
[INFO] [stderr]   error: could not find system library 'graphene-gobject-1.0' required by the 'graphene-sys' crate
[INFO] [stderr] 
[INFO] [stderr]   --- stderr
[INFO] [stderr]   Package graphene-gobject-1.0 was not found in the pkg-config search path.
[INFO] [stderr]   Perhaps you should add the directory containing `graphene-gobject-1.0.pc'
[INFO] [stderr]   to the PKG_CONFIG_PATH environment variable
[INFO] [stderr]   No package 'graphene-gobject-1.0' found
[INFO] [stderr]   Package graphene-gobject-1.0 was not found in the pkg-config search path.
[INFO] [stderr]   Perhaps you should add the directory containing `graphene-gobject-1.0.pc'
[INFO] [stderr]   to the PKG_CONFIG_PATH environment variable
[INFO] [stderr]   No package 'graphene-gobject-1.0' found
[INFO] [stderr] 
[INFO] [stderr] warning: build failed, waiting for other jobs to finish...
[INFO] [stderr] error: failed to run custom build command for `gdk4-sys v0.6.3`
[INFO] [stderr] note: To improve backtraces for build dependencies, set the CARGO_PROFILE_DEV_BUILD_OVERRIDE_DEBUG=true environment variable to enable debug information generation.
[INFO] [stderr] 
[INFO] [stderr] Caused by:
[INFO] [stderr]   process didn't exit successfully: `/opt/rustwide/target/debug/build/gdk4-sys-4a283967c221570d/build-script-build` (exit status: 1)
[INFO] [stderr]   --- stdout
[INFO] [stderr]   cargo:rerun-if-env-changed=GTK4_NO_PKG_CONFIG
[INFO] [stderr]   cargo:rerun-if-env-changed=PKG_CONFIG_x86_64-unknown-linux-gnu
[INFO] [stderr]   cargo:rerun-if-env-changed=PKG_CONFIG_x86_64_unknown_linux_gnu
[INFO] [stderr]   cargo:rerun-if-env-changed=HOST_PKG_CONFIG
[INFO] [stderr]   cargo:rerun-if-env-changed=PKG_CONFIG
[INFO] [stderr]   cargo:rerun-if-env-changed=PKG_CONFIG_PATH_x86_64-unknown-linux-gnu
[INFO] [stderr]   cargo:rerun-if-env-changed=PKG_CONFIG_PATH_x86_64_unknown_linux_gnu
[INFO] [stderr]   cargo:rerun-if-env-changed=HOST_PKG_CONFIG_PATH
[INFO] [stderr]   cargo:rerun-if-env-changed=PKG_CONFIG_PATH
[INFO] [stderr]   cargo:rerun-if-env-changed=PKG_CONFIG_LIBDIR_x86_64-unknown-linux-gnu
[INFO] [stderr]   cargo:rerun-if-env-changed=PKG_CONFIG_LIBDIR_x86_64_unknown_linux_gnu
[INFO] [stderr]   cargo:rerun-if-env-changed=HOST_PKG_CONFIG_LIBDIR
[INFO] [stderr]   cargo:rerun-if-env-changed=PKG_CONFIG_LIBDIR
[INFO] [stderr]   cargo:rerun-if-env-changed=PKG_CONFIG_SYSROOT_DIR_x86_64-unknown-linux-gnu
[INFO] [stderr]   cargo:rerun-if-env-changed=PKG_CONFIG_SYSROOT_DIR_x86_64_unknown_linux_gnu
[INFO] [stderr]   cargo:rerun-if-env-changed=HOST_PKG_CONFIG_SYSROOT_DIR
[INFO] [stderr]   cargo:rerun-if-env-changed=PKG_CONFIG_SYSROOT_DIR
[INFO] [stderr] 
[INFO] [stderr]   --- stderr
[INFO] [stderr]   `PKG_CONFIG_ALLOW_SYSTEM_CFLAGS="1" "pkg-config" "--libs" "--cflags" "gtk4" "gtk4 >= 4.0.0"` did not exit successfully: exit status: 1
[INFO] [stderr]   error: could not find system library 'gtk4' required by the 'gdk4-sys' crate
[INFO] [stderr] 
[INFO] [stderr]   --- stderr
[INFO] [stderr]   Package gtk4 was not found in the pkg-config search path.
[INFO] [stderr]   Perhaps you should add the directory containing `gtk4.pc'
[INFO] [stderr]   to the PKG_CONFIG_PATH environment variable
[INFO] [stderr]   No package 'gtk4' found
[INFO] [stderr]   Package gtk4 was not found in the pkg-config search path.
[INFO] [stderr]   Perhaps you should add the directory containing `gtk4.pc'
[INFO] [stderr]   to the PKG_CONFIG_PATH environment variable
[INFO] [stderr]   No package 'gtk4' found
[INFO] [stderr] 
[INFO] running `Command { std: "docker" "inspect" "5ae70b9379f8aee0bc5e8dadddc518e59d57e44399fc073430de5fa13f1bc874", kill_on_drop: false }`
[INFO] running `Command { std: "docker" "rm" "-f" "5ae70b9379f8aee0bc5e8dadddc518e59d57e44399fc073430de5fa13f1bc874", kill_on_drop: false }`
[INFO] [stdout] 5ae70b9379f8aee0bc5e8dadddc518e59d57e44399fc073430de5fa13f1bc874
