[INFO] cloning repository https://github.com/SavaAdi/zero2prod
[INFO] running `Command { std: "git" "-c" "credential.helper=" "-c" "credential.helper=/workspace/cargo-home/bin/git-credential-null" "clone" "--bare" "https://github.com/SavaAdi/zero2prod" "/workspace/cache/git-repos/https%3A%2F%2Fgithub.com%2FSavaAdi%2Fzero2prod", kill_on_drop: false }`
[INFO] [stderr] Cloning into bare repository '/workspace/cache/git-repos/https%3A%2F%2Fgithub.com%2FSavaAdi%2Fzero2prod'...
[INFO] running `Command { std: "git" "rev-parse" "HEAD", kill_on_drop: false }`
[INFO] [stdout] 27384ef9d4d43b8cc9bae56a504c50839d46952c
[INFO] documenting SavaAdi/zero2prod against 1.75.0 for beta-1.76-rustdoc-1
[INFO] running `Command { std: "git" "clone" "/workspace/cache/git-repos/https%3A%2F%2Fgithub.com%2FSavaAdi%2Fzero2prod" "/workspace/builds/worker-7-tc1/source", kill_on_drop: false }`
[INFO] [stderr] Cloning into '/workspace/builds/worker-7-tc1/source'...
[INFO] [stderr] done.
[INFO] validating manifest of git repo https://github.com/SavaAdi/zero2prod on toolchain 1.75.0
[INFO] running `Command { std: CARGO_HOME="/workspace/cargo-home" RUSTUP_HOME="/workspace/rustup-home" "/workspace/cargo-home/bin/cargo" "+1.75.0" "metadata" "--manifest-path" "Cargo.toml" "--no-deps", kill_on_drop: false }`
[INFO] started tweaking git repo https://github.com/SavaAdi/zero2prod
[INFO] finished tweaking git repo https://github.com/SavaAdi/zero2prod
[INFO] tweaked toml for git repo https://github.com/SavaAdi/zero2prod written to /workspace/builds/worker-7-tc1/source/Cargo.toml
[INFO] crate git repo https://github.com/SavaAdi/zero2prod already has a lockfile, it will not be regenerated
[INFO] running `Command { std: CARGO_HOME="/workspace/cargo-home" RUSTUP_HOME="/workspace/rustup-home" "/workspace/cargo-home/bin/cargo" "+1.75.0" "fetch" "--manifest-path" "Cargo.toml", kill_on_drop: false }`
[INFO] [stderr]     Blocking waiting for file lock on package cache
[INFO] [stderr]     Updating crates.io index
[INFO] [stderr]     Blocking waiting for file lock on package cache
[INFO] [stderr]  Downloading crates ...
[INFO] [stderr]   Downloaded sqlx-macros v0.5.9
[INFO] [stderr]   Downloaded serde-aux v3.0.1
[INFO] [stderr]   Downloaded deadpool v0.7.0
[INFO] [stderr]   Downloaded tracing-actix-web v0.5.1
[INFO] [stderr]   Downloaded sqlx-rt v0.5.9
[INFO] [stderr]   Downloaded sqlx v0.5.9
[INFO] [stderr]   Downloaded linkify v0.8.0
[INFO] [stderr]   Downloaded tracing-subscriber v0.3.5
[INFO] [stderr]   Downloaded sqlx-core v0.5.9
[INFO] [stderr]   Downloaded wiremock v0.5.8
[INFO] [stderr]   Downloaded tracing-bunyan-formatter v0.3.1
[INFO] running `Command { std: "docker" "create" "-v" "/var/lib/crater-agent-workspace/builds/worker-7-tc1/target:/opt/rustwide/target:rw,Z" "-v" "/var/lib/crater-agent-workspace/builds/worker-7-tc1/source:/opt/rustwide/workdir:ro,Z" "-v" "/var/lib/crater-agent-workspace/cargo-home:/opt/rustwide/cargo-home:ro,Z" "-v" "/var/lib/crater-agent-workspace/rustup-home:/opt/rustwide/rustup-home:ro,Z" "-e" "SOURCE_DIR=/opt/rustwide/workdir" "-e" "CARGO_TARGET_DIR=/opt/rustwide/target" "-e" "CARGO_HOME=/opt/rustwide/cargo-home" "-e" "RUSTUP_HOME=/opt/rustwide/rustup-home" "-w" "/opt/rustwide/workdir" "-m" "1610612736" "--user" "0:0" "--network" "none" "ghcr.io/rust-lang/crates-build-env/linux@sha256:2788e3201cd34a07e3172128adcd8b3090168a8e3bcc40d7c032b9dda1df7d1c" "/opt/rustwide/cargo-home/bin/cargo" "+1.75.0" "metadata" "--no-deps" "--format-version=1", kill_on_drop: false }`
[INFO] [stdout] 1f66d5766ef2c19357c57bd3f5c2164c0eb9fe6f4eec9aba953cf44d05ce8966
[INFO] running `Command { std: "docker" "start" "-a" "1f66d5766ef2c19357c57bd3f5c2164c0eb9fe6f4eec9aba953cf44d05ce8966", kill_on_drop: false }`
[INFO] running `Command { std: "docker" "inspect" "1f66d5766ef2c19357c57bd3f5c2164c0eb9fe6f4eec9aba953cf44d05ce8966", kill_on_drop: false }`
[INFO] running `Command { std: "docker" "rm" "-f" "1f66d5766ef2c19357c57bd3f5c2164c0eb9fe6f4eec9aba953cf44d05ce8966", kill_on_drop: false }`
[INFO] [stdout] 1f66d5766ef2c19357c57bd3f5c2164c0eb9fe6f4eec9aba953cf44d05ce8966
[INFO] running `Command { std: "docker" "create" "-v" "/var/lib/crater-agent-workspace/builds/worker-7-tc1/target:/opt/rustwide/target:rw,Z" "-v" "/var/lib/crater-agent-workspace/builds/worker-7-tc1/source:/opt/rustwide/workdir:ro,Z" "-v" "/var/lib/crater-agent-workspace/cargo-home:/opt/rustwide/cargo-home:ro,Z" "-v" "/var/lib/crater-agent-workspace/rustup-home:/opt/rustwide/rustup-home:ro,Z" "-e" "SOURCE_DIR=/opt/rustwide/workdir" "-e" "CARGO_TARGET_DIR=/opt/rustwide/target" "-e" "CARGO_INCREMENTAL=0" "-e" "RUST_BACKTRACE=full" "-e" "RUSTFLAGS=--cap-lints=warn" "-e" "RUSTDOCFLAGS=--cap-lints=warn" "-e" "CARGO_HOME=/opt/rustwide/cargo-home" "-e" "RUSTUP_HOME=/opt/rustwide/rustup-home" "-w" "/opt/rustwide/workdir" "-m" "1610612736" "--user" "0:0" "--network" "none" "ghcr.io/rust-lang/crates-build-env/linux@sha256:2788e3201cd34a07e3172128adcd8b3090168a8e3bcc40d7c032b9dda1df7d1c" "/opt/rustwide/cargo-home/bin/cargo" "+1.75.0" "doc" "--frozen" "--no-deps" "--document-private-items" "--message-format=json", kill_on_drop: false }`
[INFO] [stdout] ff1e639f6a1eb141e6ecaefff4ab9e6a269f3d7eb92d100c27d9f95b610a5cf4
[INFO] running `Command { std: "docker" "start" "-a" "ff1e639f6a1eb141e6ecaefff4ab9e6a269f3d7eb92d100c27d9f95b610a5cf4", kill_on_drop: false }`
[INFO] [stderr]    Compiling libc v0.2.119
[INFO] [stderr]    Compiling proc-macro2 v1.0.32
[INFO] [stderr]    Compiling version_check v0.9.3
[INFO] [stderr]    Compiling unicode-xid v0.2.2
[INFO] [stderr]    Compiling syn v1.0.82
[INFO] [stderr]    Compiling autocfg v1.0.1
[INFO] [stderr]    Compiling cfg-if v1.0.0
[INFO] [stderr]    Compiling typenum v1.14.0
[INFO] [stderr]    Compiling futures-core v0.3.19
[INFO] [stderr]     Checking once_cell v1.8.0
[INFO] [stderr]    Compiling memchr v2.4.1
[INFO] [stderr]    Compiling log v0.4.14
[INFO] [stderr]    Compiling serde_derive v1.0.130
[INFO] [stderr]    Compiling serde v1.0.130
[INFO] [stderr]     Checking pin-project-lite v0.2.7
[INFO] [stderr]     Checking smallvec v1.7.0
[INFO] [stderr]     Checking bytes v1.1.0
[INFO] [stderr]     Checking lock_api v0.4.5
[INFO] [stderr]    Compiling ryu v1.0.6
[INFO] [stderr]    Compiling ahash v0.7.6
[INFO] [stderr]    Compiling generic-array v0.14.4
[INFO] [stderr]     Checking futures-sink v0.3.19
[INFO] [stderr]    Compiling futures-task v0.3.19
[INFO] [stderr]     Checking tracing-core v0.1.23
[INFO] [stderr]    Compiling futures-util v0.3.19
[INFO] [stderr]    Compiling tokio v1.14.0
[INFO] [stderr]    Compiling num-traits v0.2.14
[INFO] [stderr]     Checking slab v0.4.5
[INFO] [stderr]     Checking subtle v2.4.1
[INFO] [stderr]    Compiling indexmap v1.7.0
[INFO] [stderr]    Compiling instant v0.1.12
[INFO] [stderr]    Compiling crossbeam-utils v0.8.5
[INFO] [stderr]     Checking percent-encoding v2.1.0
[INFO] [stderr]     Checking spin v0.5.2
[INFO] [stderr]    Compiling scopeguard v1.1.0
[INFO] [stderr]     Checking untrusted v0.7.1
[INFO] [stderr]    Compiling quote v1.0.10
[INFO] [stderr]    Compiling jobserver v0.1.24
[INFO] [stderr]    Compiling getrandom v0.2.3
[INFO] [stderr]     Checking tinyvec v1.5.1
[INFO] [stderr]    Compiling num-integer v0.1.44
[INFO] [stderr]     Checking parking_lot_core v0.8.5
[INFO] [stderr]     Checking num_cpus v1.13.0
[INFO] [stderr]     Checking mio v0.7.14
[INFO] [stderr]     Checking signal-hook-registry v1.4.0
[INFO] [stderr]    Compiling cc v1.0.72
[INFO] [stderr]    Compiling serde_json v1.0.72
[INFO] [stderr]     Checking parking_lot v0.11.2
[INFO] [stderr]     Checking rand_core v0.6.3
[INFO] [stderr]     Checking http v0.2.5
[INFO] [stderr]    Compiling nom v7.1.0
[INFO] [stderr]     Checking unicode-bidi v0.3.7
[INFO] [stderr]    Compiling itoa v0.4.8
[INFO] [stderr]     Checking hashbrown v0.11.2
[INFO] [stderr]     Checking regex-syntax v0.6.25
[INFO] [stderr]     Checking form_urlencoded v1.0.1
[INFO] [stderr]     Checking cpufeatures v0.2.1
[INFO] [stderr]    Compiling tinyvec_macros v0.1.0
[INFO] [stderr]    Compiling httparse v1.5.1
[INFO] [stderr]     Checking aho-corasick v0.7.18
[INFO] [stderr]     Checking ppv-lite86 v0.2.15
[INFO] [stderr]    Compiling crossbeam-queue v0.3.2
[INFO] [stderr]    Compiling futures-channel v0.3.19
[INFO] [stderr]     Checking unicode-normalization v0.1.19
[INFO] [stderr]    Compiling ring v0.16.20
[INFO] [stderr]    Compiling zstd-sys v1.6.3+zstd.1.5.2
[INFO] [stderr]     Checking rand_chacha v0.3.1
[INFO] [stderr]     Checking socket2 v0.4.2
[INFO] [stderr]    Compiling digest v0.9.0
[INFO] [stderr]    Compiling block-buffer v0.9.0
[INFO] [stderr]    Compiling miniz_oxide v0.4.4
[INFO] [stderr]    Compiling opaque-debug v0.3.0
[INFO] [stderr]    Compiling lazy_static v1.4.0
[INFO] [stderr]    Compiling zstd-safe v4.1.4+zstd.1.5.2
[INFO] [stderr]    Compiling encoding_rs v0.8.29
[INFO] [stderr]     Checking local-waker v0.1.1
[INFO] [stderr]     Checking block-buffer v0.10.0
[INFO] [stderr]     Checking crypto-common v0.1.3
[INFO] [stderr]    Compiling crc32fast v1.2.2
[INFO] [stderr]    Compiling base64 v0.13.0
[INFO] [stderr]     Checking digest v0.10.3
[INFO] [stderr]    Compiling matches v0.1.9
[INFO] [stderr]     Checking alloc-no-stdlib v2.0.3
[INFO] [stderr]     Checking alloc-stdlib v0.2.1
[INFO] [stderr]     Checking regex v1.5.4
[INFO] [stderr]     Checking idna v0.2.3
[INFO] [stderr]     Checking rand v0.8.4
[INFO] [stderr]    Compiling paste v1.0.6
[INFO] [stderr]    Compiling time-macros v0.2.3
[INFO] [stderr]    Compiling minimal-lexical v0.2.1
[INFO] [stderr]     Checking url v2.2.2
[INFO] [stderr]    Compiling fnv v1.0.7
[INFO] [stderr]    Compiling crypto-mac v0.11.1
[INFO] [stderr]     Checking actix-service v2.0.1
[INFO] [stderr]     Checking brotli-decompressor v2.3.2
[INFO] [stderr]     Checking actix-utils v3.0.0
[INFO] [stderr]     Checking time v0.1.43
[INFO] [stderr]    Compiling bytestring v1.0.0
[INFO] [stderr]    Compiling dirs-sys v0.3.6
[INFO] [stderr]    Compiling cookie v0.16.0
[INFO] [stderr]    Compiling lexical-core v0.7.6
[INFO] [stderr]    Compiling firestorm v0.5.0
[INFO] [stderr]    Compiling crc-catalog v1.1.1
[INFO] [stderr]    Compiling pin-utils v0.1.0
[INFO] [stderr]    Compiling unicode_categories v0.1.1
[INFO] [stderr]     Checking time v0.3.5
[INFO] [stderr]    Compiling crc v2.1.0
[INFO] [stderr]     Checking chrono v0.4.19
[INFO] [stderr]     Checking want v0.3.0
[INFO] [stderr]     Checking brotli v3.3.3
[INFO] [stderr]    Compiling dirs v3.0.2
[INFO] [stderr]     Checking flate2 v1.0.22
[INFO] [stderr]    Compiling stringprep v0.1.2
[INFO] [stderr]    Compiling hmac v0.11.0
[INFO] [stderr]    Compiling crossbeam-channel v0.5.1
[INFO] [stderr]    Compiling sha2 v0.9.8
[INFO] [stderr]    Compiling sha-1 v0.9.8
[INFO] [stderr]    Compiling atoi v0.4.0
[INFO] [stderr]     Checking regex-automata v0.1.10
[INFO] [stderr]     Checking sha-1 v0.10.0
[INFO] [stderr]     Checking http-body v0.4.4
[INFO] [stderr] error: could not compile `syn` (lib)
[INFO] [stderr] 
[INFO] [stderr] Caused by:
[INFO] [stderr]   process didn't exit successfully: `/opt/rustwide/rustup-home/toolchains/1.75.0-x86_64-unknown-linux-gnu/bin/rustc --crate-name syn --edition=2018 /opt/rustwide/cargo-home/registry/src/index.crates.io-6f17d22bba15001f/syn-1.0.82/src/lib.rs --error-format=json --json=diagnostic-rendered-ansi,artifacts,future-incompat --crate-type lib --emit=dep-info,metadata,link -C embed-bitcode=no --cfg 'feature="clone-impls"' --cfg 'feature="default"' --cfg 'feature="derive"' --cfg 'feature="extra-traits"' --cfg 'feature="full"' --cfg 'feature="parsing"' --cfg 'feature="printing"' --cfg 'feature="proc-macro"' --cfg 'feature="quote"' --cfg 'feature="visit"' --cfg 'feature="visit-mut"' -C metadata=72918dfc4aebbe6b -C extra-filename=-72918dfc4aebbe6b --out-dir /opt/rustwide/target/debug/deps -L dependency=/opt/rustwide/target/debug/deps --extern proc_macro2=/opt/rustwide/target/debug/deps/libproc_macro2-8d082ccaf1545964.rmeta --extern quote=/opt/rustwide/target/debug/deps/libquote-17720a1552aa6ed4.rmeta --extern unicode_xid=/opt/rustwide/target/debug/deps/libunicode_xid-2f52ff0a6e779e96.rmeta --cap-lints allow --cap-lints=warn --cfg syn_disable_nightly_tests` (signal: 9, SIGKILL: kill)
[INFO] [stderr] warning: build failed, waiting for other jobs to finish...
[INFO] [stderr] error: could not compile `tokio` (lib)
[INFO] [stderr] 
[INFO] [stderr] Caused by:
[INFO] [stderr]   process didn't exit successfully: `/opt/rustwide/rustup-home/toolchains/1.75.0-x86_64-unknown-linux-gnu/bin/rustc --crate-name tokio --edition=2018 /opt/rustwide/cargo-home/registry/src/index.crates.io-6f17d22bba15001f/tokio-1.14.0/src/lib.rs --error-format=json --json=diagnostic-rendered-ansi,artifacts,future-incompat --crate-type lib --emit=dep-info,metadata,link -C embed-bitcode=no --cfg 'feature="bytes"' --cfg 'feature="default"' --cfg 'feature="fs"' --cfg 'feature="io-util"' --cfg 'feature="libc"' --cfg 'feature="memchr"' --cfg 'feature="mio"' --cfg 'feature="net"' --cfg 'feature="num_cpus"' --cfg 'feature="once_cell"' --cfg 'feature="parking_lot"' --cfg 'feature="rt"' --cfg 'feature="rt-multi-thread"' --cfg 'feature="signal"' --cfg 'feature="signal-hook-registry"' --cfg 'feature="sync"' --cfg 'feature="time"' -C metadata=5dfa0fe67fd2d980 -C extra-filename=-5dfa0fe67fd2d980 --out-dir /opt/rustwide/target/debug/deps -L dependency=/opt/rustwide/target/debug/deps --extern bytes=/opt/rustwide/target/debug/deps/libbytes-4e1873968bbccf59.rmeta --extern libc=/opt/rustwide/target/debug/deps/liblibc-2c636ca2d246ea90.rmeta --extern memchr=/opt/rustwide/target/debug/deps/libmemchr-06d51ec99c9b6af7.rmeta --extern mio=/opt/rustwide/target/debug/deps/libmio-4dc4e96c713acca9.rmeta --extern num_cpus=/opt/rustwide/target/debug/deps/libnum_cpus-5bb10ddc22be78b2.rmeta --extern once_cell=/opt/rustwide/target/debug/deps/libonce_cell-808316df0b6fb837.rmeta --extern parking_lot=/opt/rustwide/target/debug/deps/libparking_lot-dc37b99a6247dcb2.rmeta --extern pin_project_lite=/opt/rustwide/target/debug/deps/libpin_project_lite-dbc99b126af0cfc2.rmeta --extern signal_hook_registry=/opt/rustwide/target/debug/deps/libsignal_hook_registry-17d0526bd27b01dd.rmeta --cap-lints allow --cap-lints=warn --cfg tokio_track_caller` (signal: 9, SIGKILL: kill)
[INFO] running `Command { std: "docker" "inspect" "ff1e639f6a1eb141e6ecaefff4ab9e6a269f3d7eb92d100c27d9f95b610a5cf4", kill_on_drop: false }`
[INFO] running `Command { std: "docker" "rm" "-f" "ff1e639f6a1eb141e6ecaefff4ab9e6a269f3d7eb92d100c27d9f95b610a5cf4", kill_on_drop: false }`
[INFO] [stdout] ff1e639f6a1eb141e6ecaefff4ab9e6a269f3d7eb92d100c27d9f95b610a5cf4
[INFO] documenting SavaAdi/zero2prod against beta-2023-12-22 for beta-1.76-rustdoc-1
[INFO] running `Command { std: "git" "clone" "/workspace/cache/git-repos/https%3A%2F%2Fgithub.com%2FSavaAdi%2Fzero2prod" "/workspace/builds/worker-7-tc2/source", kill_on_drop: false }`
[INFO] [stderr] Cloning into '/workspace/builds/worker-7-tc2/source'...
[INFO] [stderr] done.
[INFO] validating manifest of git repo https://github.com/SavaAdi/zero2prod on toolchain beta-2023-12-22
[INFO] running `Command { std: CARGO_HOME="/workspace/cargo-home" RUSTUP_HOME="/workspace/rustup-home" "/workspace/cargo-home/bin/cargo" "+beta-2023-12-22" "metadata" "--manifest-path" "Cargo.toml" "--no-deps", kill_on_drop: false }`
[INFO] started tweaking git repo https://github.com/SavaAdi/zero2prod
[INFO] finished tweaking git repo https://github.com/SavaAdi/zero2prod
[INFO] tweaked toml for git repo https://github.com/SavaAdi/zero2prod written to /workspace/builds/worker-7-tc2/source/Cargo.toml
[INFO] crate git repo https://github.com/SavaAdi/zero2prod already has a lockfile, it will not be regenerated
[INFO] running `Command { std: CARGO_HOME="/workspace/cargo-home" RUSTUP_HOME="/workspace/rustup-home" "/workspace/cargo-home/bin/cargo" "+beta-2023-12-22" "fetch" "--manifest-path" "Cargo.toml", kill_on_drop: false }`
[INFO] running `Command { std: "docker" "create" "-v" "/var/lib/crater-agent-workspace/builds/worker-7-tc2/target:/opt/rustwide/target:rw,Z" "-v" "/var/lib/crater-agent-workspace/builds/worker-7-tc2/source:/opt/rustwide/workdir:ro,Z" "-v" "/var/lib/crater-agent-workspace/cargo-home:/opt/rustwide/cargo-home:ro,Z" "-v" "/var/lib/crater-agent-workspace/rustup-home:/opt/rustwide/rustup-home:ro,Z" "-e" "SOURCE_DIR=/opt/rustwide/workdir" "-e" "CARGO_TARGET_DIR=/opt/rustwide/target" "-e" "CARGO_HOME=/opt/rustwide/cargo-home" "-e" "RUSTUP_HOME=/opt/rustwide/rustup-home" "-w" "/opt/rustwide/workdir" "-m" "1610612736" "--user" "0:0" "--network" "none" "ghcr.io/rust-lang/crates-build-env/linux@sha256:2788e3201cd34a07e3172128adcd8b3090168a8e3bcc40d7c032b9dda1df7d1c" "/opt/rustwide/cargo-home/bin/cargo" "+beta-2023-12-22" "metadata" "--no-deps" "--format-version=1", kill_on_drop: false }`
[INFO] [stdout] 30df9aec760e1ff4989f9a9c8ef0b87acdc2373311a30fdbd7e1f715def3c4dc
[INFO] running `Command { std: "docker" "start" "-a" "30df9aec760e1ff4989f9a9c8ef0b87acdc2373311a30fdbd7e1f715def3c4dc", kill_on_drop: false }`
[INFO] running `Command { std: "docker" "inspect" "30df9aec760e1ff4989f9a9c8ef0b87acdc2373311a30fdbd7e1f715def3c4dc", kill_on_drop: false }`
[INFO] running `Command { std: "docker" "rm" "-f" "30df9aec760e1ff4989f9a9c8ef0b87acdc2373311a30fdbd7e1f715def3c4dc", kill_on_drop: false }`
[INFO] [stdout] 30df9aec760e1ff4989f9a9c8ef0b87acdc2373311a30fdbd7e1f715def3c4dc
[INFO] running `Command { std: "docker" "create" "-v" "/var/lib/crater-agent-workspace/builds/worker-7-tc2/target:/opt/rustwide/target:rw,Z" "-v" "/var/lib/crater-agent-workspace/builds/worker-7-tc2/source:/opt/rustwide/workdir:ro,Z" "-v" "/var/lib/crater-agent-workspace/cargo-home:/opt/rustwide/cargo-home:ro,Z" "-v" "/var/lib/crater-agent-workspace/rustup-home:/opt/rustwide/rustup-home:ro,Z" "-e" "SOURCE_DIR=/opt/rustwide/workdir" "-e" "CARGO_TARGET_DIR=/opt/rustwide/target" "-e" "CARGO_INCREMENTAL=0" "-e" "RUST_BACKTRACE=full" "-e" "RUSTFLAGS=--cap-lints=warn" "-e" "RUSTDOCFLAGS=--cap-lints=warn" "-e" "CARGO_HOME=/opt/rustwide/cargo-home" "-e" "RUSTUP_HOME=/opt/rustwide/rustup-home" "-w" "/opt/rustwide/workdir" "-m" "1610612736" "--user" "0:0" "--network" "none" "ghcr.io/rust-lang/crates-build-env/linux@sha256:2788e3201cd34a07e3172128adcd8b3090168a8e3bcc40d7c032b9dda1df7d1c" "/opt/rustwide/cargo-home/bin/cargo" "+beta-2023-12-22" "doc" "--frozen" "--no-deps" "--document-private-items" "--message-format=json", kill_on_drop: false }`
[INFO] [stdout] bc77802c62f1387d8996bcfeb145902837aa7e70a240b8d211056f64f9daad28
[INFO] running `Command { std: "docker" "start" "-a" "bc77802c62f1387d8996bcfeb145902837aa7e70a240b8d211056f64f9daad28", kill_on_drop: false }`
[INFO] [stderr]    Compiling libc v0.2.119
[INFO] [stderr]    Compiling proc-macro2 v1.0.32
[INFO] [stderr]    Compiling version_check v0.9.3
[INFO] [stderr]    Compiling unicode-xid v0.2.2
[INFO] [stderr]    Compiling syn v1.0.82
[INFO] [stderr]    Compiling autocfg v1.0.1
[INFO] [stderr]    Compiling cfg-if v1.0.0
[INFO] [stderr]    Compiling futures-core v0.3.19
[INFO] [stderr]    Compiling typenum v1.14.0
[INFO] [stderr]    Compiling log v0.4.14
[INFO] [stderr]     Checking once_cell v1.8.0
[INFO] [stderr]    Compiling memchr v2.4.1
[INFO] [stderr]    Compiling serde_derive v1.0.130
[INFO] [stderr]     Checking pin-project-lite v0.2.7
[INFO] [stderr]    Compiling serde v1.0.130
[INFO] [stderr]     Checking smallvec v1.7.0
[INFO] [stderr]     Checking bytes v1.1.0
[INFO] [stderr]     Checking lock_api v0.4.5
[INFO] [stderr]    Compiling ryu v1.0.6
[INFO] [stderr]     Checking futures-sink v0.3.19
[INFO] [stderr]    Compiling ahash v0.7.6
[INFO] [stderr]    Compiling generic-array v0.14.4
[INFO] [stderr]    Compiling tokio v1.14.0
[INFO] [stderr]    Compiling num-traits v0.2.14
[INFO] [stderr]    Compiling futures-task v0.3.19
[INFO] [stderr]     Checking tracing-core v0.1.23
[INFO] [stderr]    Compiling futures-util v0.3.19
[INFO] [stderr]     Checking slab v0.4.5
[INFO] [stderr]     Checking subtle v2.4.1
[INFO] [stderr]    Compiling indexmap v1.7.0
[INFO] [stderr]    Compiling instant v0.1.12
[INFO] [stderr]    Compiling scopeguard v1.1.0
[INFO] [stderr]    Compiling crossbeam-utils v0.8.5
[INFO] [stderr]     Checking percent-encoding v2.1.0
[INFO] [stderr]     Checking untrusted v0.7.1
[INFO] [stderr]     Checking spin v0.5.2
[INFO] [stderr]     Checking tinyvec v1.5.1
[INFO] [stderr]    Compiling num-integer v0.1.44
[INFO] [stderr]    Compiling serde_json v1.0.72
[INFO] [stderr]    Compiling quote v1.0.10
[INFO] [stderr]    Compiling jobserver v0.1.24
[INFO] [stderr]    Compiling getrandom v0.2.3
[INFO] [stderr]     Checking parking_lot_core v0.8.5
[INFO] [stderr]     Checking num_cpus v1.13.0
[INFO] [stderr]     Checking mio v0.7.14
[INFO] [stderr]     Checking signal-hook-registry v1.4.0
[INFO] [stderr]    Compiling cc v1.0.72
[INFO] [stderr]     Checking parking_lot v0.11.2
[INFO] [stderr]     Checking rand_core v0.6.3
[INFO] [stderr]     Checking http v0.2.5
[INFO] [stderr]    Compiling nom v7.1.0
[INFO] [stderr]    Compiling itoa v0.4.8
[INFO] [stderr]     Checking unicode-bidi v0.3.7
[INFO] [stderr]     Checking hashbrown v0.11.2
[INFO] [stderr]     Checking regex-syntax v0.6.25
[INFO] [stderr]     Checking form_urlencoded v1.0.1
[INFO] [stderr]    Compiling httparse v1.5.1
[INFO] [stderr]     Checking cpufeatures v0.2.1
[INFO] [stderr]    Compiling tinyvec_macros v0.1.0
[INFO] [stderr]     Checking aho-corasick v0.7.18
[INFO] [stderr]     Checking unicode-normalization v0.1.19
[INFO] [stderr]     Checking ppv-lite86 v0.2.15
[INFO] [stderr]    Compiling futures-channel v0.3.19
[INFO] [stderr]    Compiling crossbeam-queue v0.3.2
[INFO] [stderr]    Compiling digest v0.9.0
[INFO] [stderr]    Compiling block-buffer v0.9.0
[INFO] [stderr]     Checking socket2 v0.4.2
[INFO] [stderr]     Checking crypto-common v0.1.3
[INFO] [stderr]     Checking block-buffer v0.10.0
[INFO] [stderr]     Checking rand_chacha v0.3.1
[INFO] [stderr]    Compiling miniz_oxide v0.4.4
[INFO] [stderr]     Checking digest v0.10.3
[INFO] [stderr]    Compiling opaque-debug v0.3.0
[INFO] [stderr]    Compiling matches v0.1.9
[INFO] [stderr]    Compiling base64 v0.13.0
[INFO] [stderr]    Compiling ring v0.16.20
[INFO] [stderr]    Compiling zstd-sys v1.6.3+zstd.1.5.2
[INFO] [stderr]    Compiling crc32fast v1.2.2
[INFO] [stderr]     Checking idna v0.2.3
[INFO] [stderr]    Compiling encoding_rs v0.8.29
[INFO] [stderr]    Compiling lazy_static v1.4.0
[INFO] [stderr]     Checking local-waker v0.1.1
[INFO] [stderr]     Checking alloc-no-stdlib v2.0.3
[INFO] [stderr]    Compiling zstd-safe v4.1.4+zstd.1.5.2
[INFO] [stderr]     Checking alloc-stdlib v0.2.1
[INFO] [stderr]     Checking rand v0.8.4
[INFO] [stderr]     Checking url v2.2.2
[INFO] [stderr]    Compiling fnv v1.0.7
[INFO] [stderr]    Compiling minimal-lexical v0.2.1
[INFO] [stderr]    Compiling time-macros v0.2.3
[INFO] [stderr]     Checking regex v1.5.4
[INFO] [stderr]    Compiling paste v1.0.6
[INFO] [stderr]    Compiling crypto-mac v0.11.1
[INFO] [stderr]     Checking brotli-decompressor v2.3.2
[INFO] [stderr]     Checking actix-service v2.0.1
[INFO] [stderr]     Checking actix-utils v3.0.0
[INFO] [stderr]     Checking time v0.1.43
[INFO] [stderr]    Compiling dirs-sys v0.3.6
[INFO] [stderr]    Compiling bytestring v1.0.0
[INFO] [stderr]    Compiling cookie v0.16.0
[INFO] [stderr]    Compiling firestorm v0.5.0
[INFO] [stderr]    Compiling pin-utils v0.1.0
[INFO] [stderr]    Compiling unicode_categories v0.1.1
[INFO] [stderr]    Compiling crc-catalog v1.1.1
[INFO] [stderr]    Compiling lexical-core v0.7.6
[INFO] [stderr]    Compiling crc v2.1.0
[INFO] [stderr]     Checking want v0.3.0
[INFO] [stderr]     Checking chrono v0.4.19
[INFO] [stderr]     Checking time v0.3.5
[INFO] [stderr]    Compiling dirs v3.0.2
[INFO] [stderr]     Checking flate2 v1.0.22
[INFO] [stderr]     Checking brotli v3.3.3
[INFO] [stderr]    Compiling hmac v0.11.0
[INFO] [stderr]    Compiling stringprep v0.1.2
[INFO] [stderr]    Compiling sha2 v0.9.8
[INFO] [stderr]    Compiling sha-1 v0.9.8
[INFO] [stderr]    Compiling crossbeam-channel v0.5.1
[INFO] [stderr]     Checking regex-automata v0.1.10
[INFO] [stderr]    Compiling atoi v0.4.0
[INFO] [stderr]    Compiling actix-rt v2.7.0
[INFO] [stderr]    Compiling tokio-stream v0.1.8
[INFO] [stderr]     Checking http-body v0.4.4
[INFO] [stderr]    Compiling hashlink v0.7.0
[INFO] [stderr]     Checking sha-1 v0.10.0
[INFO] [stderr]    Compiling md-5 v0.9.1
[INFO] [stderr]    Compiling futures-intrusive v0.4.0
[INFO] [stderr]     Checking uuid v0.8.2
[INFO] [stderr]     Checking mio v0.8.0
[INFO] [stderr]    Compiling nom v5.1.2
[INFO] [stderr]    Compiling byteorder v1.4.3
[INFO] [stderr]     Checking itoa v1.0.1
[INFO] [stderr]    Compiling unicode-segmentation v1.8.0
[INFO] [stderr]    Compiling whoami v1.2.1
[INFO] [stderr]    Compiling bitflags v1.3.2
[INFO] [stderr]     Checking language-tags v0.3.2
[INFO] [stderr]    Compiling hex v0.4.3
[INFO] [stderr]     Checking tower-service v0.3.1
[INFO] [stderr]     Checking arrayvec v0.5.2
[INFO] [stderr]    Compiling heck v0.3.3
[INFO] [stderr]     Checking matchers v0.1.0
[INFO] [stderr]     Checking webpki v0.21.4
[INFO] [stderr]     Checking sct v0.6.1
[INFO] [stderr]     Checking rustls v0.19.1
[INFO] [stderr]     Checking webpki-roots v0.21.1
[INFO] [stderr]     Checking tracing-log v0.1.2
[INFO] [stderr]     Checking thread_local v1.1.3
[INFO] [stderr]     Checking sharded-slab v0.1.4
[INFO] [stderr]     Checking base64ct v1.0.1
[INFO] [stderr]     Checking linked-hash-map v0.5.4
[INFO] [stderr]    Compiling dotenv v0.15.0
[INFO] [stderr]    Compiling anyhow v1.0.52
[INFO] [stderr]     Checking ansi_term v0.12.1
[INFO] [stderr]     Checking yaml-rust v0.4.5
[INFO] [stderr]     Checking password-hash v0.3.2
[INFO] [stderr]     Checking blake2 v0.10.4
[INFO] [stderr]     Checking gethostname v0.2.1
[INFO] [stderr]     Checking ipnet v2.3.1
[INFO] [stderr]     Checking zeroize v1.4.3
[INFO] [stderr]     Checking argon2 v0.3.4
[INFO] [stderr]    Compiling tokio-macros v1.7.0
[INFO] [stderr]    Compiling tracing-attributes v0.1.20
[INFO] [stderr]    Compiling futures-macro v0.3.19
[INFO] [stderr]    Compiling thiserror-impl v1.0.30
[INFO] [stderr]    Compiling derive_more v0.99.17
[INFO] [stderr]    Compiling pin-project-internal v1.0.8
[INFO] [stderr]    Compiling actix-macros v0.2.3
[INFO] [stderr]     Checking validator_types v0.14.0
[INFO] [stderr]    Compiling tokio-rustls v0.22.0
[INFO] [stderr]    Compiling sqlx-rt v0.5.9
[INFO] [stderr]    Compiling thiserror v1.0.30
[INFO] [stderr]     Checking tracing v0.1.32
[INFO] [stderr]     Checking tracing-subscriber v0.3.5
[INFO] [stderr]     Checking pin-project v1.0.8
[INFO] [stderr]     Checking tracing-futures v0.2.5
[INFO] [stderr]     Checking local-channel v0.1.2
[INFO] [stderr]     Checking tokio-util v0.6.9
[INFO] [stderr]     Checking tokio-util v0.7.0
[INFO] [stderr]     Checking actix-server v2.1.1
[INFO] [stderr]     Checking h2 v0.3.9
[INFO] [stderr]     Checking actix-codec v0.5.0
[INFO] [stderr]     Checking either v1.6.1
[INFO] [stderr]     Checking serde_urlencoded v0.7.0
[INFO] [stderr]     Checking actix-router v0.5.0
[INFO] [stderr]     Checking secrecy v0.8.0
[INFO] [stderr]     Checking config v0.11.0
[INFO] [stderr]     Checking itertools v0.10.1
[INFO] [stderr]     Checking validator v0.14.0
[INFO] [stderr]     Checking serde-aux v3.0.1
[INFO] [stderr]     Checking tracing-bunyan-formatter v0.3.1
[INFO] [stderr]    Compiling actix-web-codegen v4.0.0
[INFO] [stderr]     Checking sqlformat v0.1.8
[INFO] [stderr]     Checking hyper v0.14.15
[INFO] [stderr]     Checking sqlx-core v0.5.9
[INFO] [stderr]     Checking hyper-rustls v0.22.1
[INFO] [stderr]     Checking reqwest v0.11.6
[INFO] [stderr]    Compiling sqlx-macros v0.5.9
[INFO] [stderr]     Checking zstd v0.10.0+zstd.1.5.2
[INFO] [stderr]     Checking actix-http v3.0.4
[INFO] [stderr]     Checking actix-web v4.0.1
[INFO] [stderr]     Checking sqlx v0.5.9
[INFO] [stderr]     Checking tracing-actix-web v0.5.1
[INFO] [stderr]  Documenting zero2prod v0.1.0 (/opt/rustwide/workdir)
[INFO] [stdout] error: error communicating with the server: Cannot assign requested address (os error 99)
[INFO] [stdout]    --> src/routes/newsletters.rs:138:15
[INFO] [stdout]     |
[INFO] [stdout] 138 |       let row = sqlx::query!(
[INFO] [stdout]     |  _______________^
[INFO] [stdout] 139 | |         r#"
[INFO] [stdout] 140 | |             SELECT user_id, password_hash
[INFO] [stdout] 141 | |             FROM users
[INFO] [stdout] ...   |
[INFO] [stdout] 144 | |         username,
[INFO] [stdout] 145 | |     )
[INFO] [stdout]     | |_____^
[INFO] [stdout]     |
[INFO] [stdout]     = note: this error originates in the macro `$crate::sqlx_macros::expand_query` which comes from the expansion of the macro `sqlx::query` (in Nightly builds, run with -Z macro-backtrace for more info)
[INFO] [stdout] 
[INFO] [stdout] 
[INFO] [stdout] error: error communicating with the server: Cannot assign requested address (os error 99)
[INFO] [stdout]    --> src/routes/newsletters.rs:209:33
[INFO] [stdout]     |
[INFO] [stdout] 209 |       let confirmed_subscribers = sqlx::query!(
[INFO] [stdout]     |  _________________________________^
[INFO] [stdout] 210 | |         r#"
[INFO] [stdout] 211 | |         SELECT email
[INFO] [stdout] 212 | |         FROM subscriptions
[INFO] [stdout] 213 | |         WHERE status = 'confirmed'
[INFO] [stdout] 214 | |         "#,
[INFO] [stdout] 215 | |     )
[INFO] [stdout]     | |_____^
[INFO] [stdout]     |
[INFO] [stdout]     = note: this error originates in the macro `$crate::sqlx_macros::expand_query` which comes from the expansion of the macro `sqlx::query` (in Nightly builds, run with -Z macro-backtrace for more info)
[INFO] [stdout] 
[INFO] [stdout] 
[INFO] [stdout] error: error communicating with the server: Cannot assign requested address (os error 99)
[INFO] [stdout]    --> src/routes/subscriptions.rs:184:5
[INFO] [stdout]     |
[INFO] [stdout] 184 | /     sqlx::query!(
[INFO] [stdout] 185 | |         r#"
[INFO] [stdout] 186 | |     INSERT INTO subscriptions (id, email, name, subscribed_at, status)
[INFO] [stdout] 187 | |     VALUES ($1, $2, $3, $4, 'pending_confirmation')
[INFO] [stdout] ...   |
[INFO] [stdout] 192 | |         Utc::now()
[INFO] [stdout] 193 | |     )
[INFO] [stdout]     | |_____^
[INFO] [stdout]     |
[INFO] [stdout]     = note: this error originates in the macro `$crate::sqlx_macros::expand_query` which comes from the expansion of the macro `sqlx::query` (in Nightly builds, run with -Z macro-backtrace for more info)
[INFO] [stdout] 
[INFO] [stdout] 
[INFO] [stdout] error: error communicating with the server: Cannot assign requested address (os error 99)
[INFO] [stdout]    --> src/routes/subscriptions.rs:209:5
[INFO] [stdout]     |
[INFO] [stdout] 209 | /     sqlx::query!(
[INFO] [stdout] 210 | |         r#"INSERT INTO subscription_tokens (subscription_token, subscriber_id)
[INFO] [stdout] 211 | | VALUES ($1, $2)"#,
[INFO] [stdout] 212 | |         subscription_token,
[INFO] [stdout] 213 | |         subscriber_id
[INFO] [stdout] 214 | |     )
[INFO] [stdout]     | |_____^
[INFO] [stdout]     |
[INFO] [stdout]     = note: this error originates in the macro `$crate::sqlx_macros::expand_query` which comes from the expansion of the macro `sqlx::query` (in Nightly builds, run with -Z macro-backtrace for more info)
[INFO] [stdout] 
[INFO] [stdout] 
[INFO] [stdout] error: error communicating with the server: Cannot assign requested address (os error 99)
[INFO] [stdout]   --> src/routes/subscriptions_confirm.rs:32:5
[INFO] [stdout]    |
[INFO] [stdout] 32 | /     sqlx::query!(
[INFO] [stdout] 33 | |         r#"UPDATE subscriptions SET status = 'confirmed' WHERE id = $1"#,
[INFO] [stdout] 34 | |         subscriber_id,
[INFO] [stdout] 35 | |     )
[INFO] [stdout]    | |_____^
[INFO] [stdout]    |
[INFO] [stdout]    = note: this error originates in the macro `$crate::sqlx_macros::expand_query` which comes from the expansion of the macro `sqlx::query` (in Nightly builds, run with -Z macro-backtrace for more info)
[INFO] [stdout] 
[INFO] [stdout] 
[INFO] [stdout] error: error communicating with the server: Cannot assign requested address (os error 99)
[INFO] [stdout]   --> src/routes/subscriptions_confirm.rs:51:18
[INFO] [stdout]    |
[INFO] [stdout] 51 |       let result = sqlx::query!(
[INFO] [stdout]    |  __________________^
[INFO] [stdout] 52 | |         r#"SELECT subscriber_id FROM subscription_tokens WHERE subscription_token = $1"#,
[INFO] [stdout] 53 | |         subscription_token,
[INFO] [stdout] 54 | |     )
[INFO] [stdout]    | |_____^
[INFO] [stdout]    |
[INFO] [stdout]    = note: this error originates in the macro `$crate::sqlx_macros::expand_query` which comes from the expansion of the macro `sqlx::query` (in Nightly builds, run with -Z macro-backtrace for more info)
[INFO] [stdout] 
[INFO] [stdout] 
[INFO] [stdout] error: aborting due to 6 previous errors
[INFO] [stdout] 
[INFO] [stdout] 
[INFO] [stderr] error: could not document `zero2prod`
[INFO] [stderr] 
[INFO] [stderr] Caused by:
[INFO] [stderr]   process didn't exit successfully: `/opt/rustwide/rustup-home/toolchains/beta-2023-12-22-x86_64-unknown-linux-gnu/bin/rustdoc --edition=2021 --crate-type lib --crate-name zero2prod src/lib.rs -o /opt/rustwide/target/doc --error-format=json --json=diagnostic-rendered-ansi,artifacts,future-incompat --document-private-items -C metadata=8f3219cd6bcde0d8 -L dependency=/opt/rustwide/target/debug/deps --extern actix_web=/opt/rustwide/target/debug/deps/libactix_web-7a096ea59c1603be.rmeta --extern anyhow=/opt/rustwide/target/debug/deps/libanyhow-49cb615876afe174.rmeta --extern argon2=/opt/rustwide/target/debug/deps/libargon2-379aa6b4988f85ef.rmeta --extern base64=/opt/rustwide/target/debug/deps/libbase64-1a8c326e8404b491.rmeta --extern chrono=/opt/rustwide/target/debug/deps/libchrono-8b31897b2b33224c.rmeta --extern config=/opt/rustwide/target/debug/deps/libconfig-226ad11e5dfee971.rmeta --extern log=/opt/rustwide/target/debug/deps/liblog-bd107c444234b702.rmeta --extern rand=/opt/rustwide/target/debug/deps/librand-0a8442acdefb1538.rmeta --extern reqwest=/opt/rustwide/target/debug/deps/libreqwest-36eaf3f041f74c0d.rmeta --extern secrecy=/opt/rustwide/target/debug/deps/libsecrecy-31bc4dc60aae72fc.rmeta --extern serde=/opt/rustwide/target/debug/deps/libserde-6e9589df67a62971.rmeta --extern serde_aux=/opt/rustwide/target/debug/deps/libserde_aux-fe3867cc8e39f9b4.rmeta --extern sqlx=/opt/rustwide/target/debug/deps/libsqlx-d21facd95d49507d.rmeta --extern thiserror=/opt/rustwide/target/debug/deps/libthiserror-d8832600ee389d78.rmeta --extern tokio=/opt/rustwide/target/debug/deps/libtokio-f9f057d771c89e34.rmeta --extern tracing=/opt/rustwide/target/debug/deps/libtracing-4c30e9192fae423d.rmeta --extern tracing_actix_web=/opt/rustwide/target/debug/deps/libtracing_actix_web-45decef99ebcc081.rmeta --extern tracing_bunyan_formatter=/opt/rustwide/target/debug/deps/libtracing_bunyan_formatter-93afeb1f82277ded.rmeta --extern tracing_log=/opt/rustwide/target/debug/deps/libtracing_log-9864f730dc0a6b07.rmeta --extern tracing_subscriber=/opt/rustwide/target/debug/deps/libtracing_subscriber-e9a627d4a6dc32b4.rmeta --extern unicode_segmentation=/opt/rustwide/target/debug/deps/libunicode_segmentation-5d1c443327458752.rmeta --extern uuid=/opt/rustwide/target/debug/deps/libuuid-2aeb0569fcfeaf0c.rmeta --extern validator=/opt/rustwide/target/debug/deps/libvalidator-6a84b6251a52b280.rmeta --cap-lints=warn --crate-version 0.1.0` (exit status: 1)
[INFO] running `Command { std: "docker" "inspect" "bc77802c62f1387d8996bcfeb145902837aa7e70a240b8d211056f64f9daad28", kill_on_drop: false }`
[INFO] running `Command { std: "docker" "rm" "-f" "bc77802c62f1387d8996bcfeb145902837aa7e70a240b8d211056f64f9daad28", kill_on_drop: false }`
[INFO] [stdout] bc77802c62f1387d8996bcfeb145902837aa7e70a240b8d211056f64f9daad28
