[INFO] cloning repository https://github.com/SaurabhDayal/RUST-07-Restaurant_Management_System
[INFO] running `Command { std: "git" "-c" "credential.helper=" "-c" "credential.helper=/workspace/cargo-home/bin/git-credential-null" "clone" "--bare" "https://github.com/SaurabhDayal/RUST-07-Restaurant_Management_System" "/workspace/cache/git-repos/https%3A%2F%2Fgithub.com%2FSaurabhDayal%2FRUST-07-Restaurant_Management_System", kill_on_drop: false }`
[INFO] [stderr] Cloning into bare repository '/workspace/cache/git-repos/https%3A%2F%2Fgithub.com%2FSaurabhDayal%2FRUST-07-Restaurant_Management_System'...
[INFO] running `Command { std: "git" "rev-parse" "HEAD", kill_on_drop: false }`
[INFO] [stdout] b098d67c55218f527d1b194fbd64c2a43a48e9c0
[INFO] documenting SaurabhDayal/RUST-07-Restaurant_Management_System against 1.75.0 for beta-1.76-rustdoc-1
[INFO] running `Command { std: "git" "clone" "/workspace/cache/git-repos/https%3A%2F%2Fgithub.com%2FSaurabhDayal%2FRUST-07-Restaurant_Management_System" "/workspace/builds/worker-5-tc1/source", kill_on_drop: false }`
[INFO] [stderr] Cloning into '/workspace/builds/worker-5-tc1/source'...
[INFO] [stderr] done.
[INFO] validating manifest of git repo https://github.com/SaurabhDayal/RUST-07-Restaurant_Management_System on toolchain 1.75.0
[INFO] running `Command { std: CARGO_HOME="/workspace/cargo-home" RUSTUP_HOME="/workspace/rustup-home" "/workspace/cargo-home/bin/cargo" "+1.75.0" "metadata" "--manifest-path" "Cargo.toml" "--no-deps", kill_on_drop: false }`
[INFO] started tweaking git repo https://github.com/SaurabhDayal/RUST-07-Restaurant_Management_System
[INFO] finished tweaking git repo https://github.com/SaurabhDayal/RUST-07-Restaurant_Management_System
[INFO] tweaked toml for git repo https://github.com/SaurabhDayal/RUST-07-Restaurant_Management_System written to /workspace/builds/worker-5-tc1/source/Cargo.toml
[INFO] crate git repo https://github.com/SaurabhDayal/RUST-07-Restaurant_Management_System already has a lockfile, it will not be regenerated
[INFO] running `Command { std: CARGO_HOME="/workspace/cargo-home" RUSTUP_HOME="/workspace/rustup-home" "/workspace/cargo-home/bin/cargo" "+1.75.0" "fetch" "--manifest-path" "Cargo.toml", kill_on_drop: false }`
[INFO] [stderr]     Blocking waiting for file lock on package cache
[INFO] [stderr]     Updating crates.io index
[INFO] [stderr]     Blocking waiting for file lock on package cache
[INFO] [stderr]  Downloading crates ...
[INFO] [stderr]   Downloaded pwhash v1.0.0
[INFO] [stderr]   Downloaded sqlx-pg-migrate v1.2.0
[INFO] running `Command { std: "docker" "create" "-v" "/var/lib/crater-agent-workspace/builds/worker-5-tc1/target:/opt/rustwide/target:rw,Z" "-v" "/var/lib/crater-agent-workspace/builds/worker-5-tc1/source:/opt/rustwide/workdir:ro,Z" "-v" "/var/lib/crater-agent-workspace/cargo-home:/opt/rustwide/cargo-home:ro,Z" "-v" "/var/lib/crater-agent-workspace/rustup-home:/opt/rustwide/rustup-home:ro,Z" "-e" "SOURCE_DIR=/opt/rustwide/workdir" "-e" "CARGO_TARGET_DIR=/opt/rustwide/target" "-e" "CARGO_HOME=/opt/rustwide/cargo-home" "-e" "RUSTUP_HOME=/opt/rustwide/rustup-home" "-w" "/opt/rustwide/workdir" "-m" "1610612736" "--user" "0:0" "--network" "none" "ghcr.io/rust-lang/crates-build-env/linux@sha256:2788e3201cd34a07e3172128adcd8b3090168a8e3bcc40d7c032b9dda1df7d1c" "/opt/rustwide/cargo-home/bin/cargo" "+1.75.0" "metadata" "--no-deps" "--format-version=1", kill_on_drop: false }`
[INFO] [stdout] e85c76cfc381109aea4bf58c12deb7410f1fbe330d18b662a2a377805d4fa6f6
[INFO] running `Command { std: "docker" "start" "-a" "e85c76cfc381109aea4bf58c12deb7410f1fbe330d18b662a2a377805d4fa6f6", kill_on_drop: false }`
[INFO] running `Command { std: "docker" "inspect" "e85c76cfc381109aea4bf58c12deb7410f1fbe330d18b662a2a377805d4fa6f6", kill_on_drop: false }`
[INFO] running `Command { std: "docker" "rm" "-f" "e85c76cfc381109aea4bf58c12deb7410f1fbe330d18b662a2a377805d4fa6f6", kill_on_drop: false }`
[INFO] [stdout] e85c76cfc381109aea4bf58c12deb7410f1fbe330d18b662a2a377805d4fa6f6
[INFO] running `Command { std: "docker" "create" "-v" "/var/lib/crater-agent-workspace/builds/worker-5-tc1/target:/opt/rustwide/target:rw,Z" "-v" "/var/lib/crater-agent-workspace/builds/worker-5-tc1/source:/opt/rustwide/workdir:ro,Z" "-v" "/var/lib/crater-agent-workspace/cargo-home:/opt/rustwide/cargo-home:ro,Z" "-v" "/var/lib/crater-agent-workspace/rustup-home:/opt/rustwide/rustup-home:ro,Z" "-e" "SOURCE_DIR=/opt/rustwide/workdir" "-e" "CARGO_TARGET_DIR=/opt/rustwide/target" "-e" "CARGO_INCREMENTAL=0" "-e" "RUST_BACKTRACE=full" "-e" "RUSTFLAGS=--cap-lints=warn" "-e" "RUSTDOCFLAGS=--cap-lints=warn" "-e" "CARGO_HOME=/opt/rustwide/cargo-home" "-e" "RUSTUP_HOME=/opt/rustwide/rustup-home" "-w" "/opt/rustwide/workdir" "-m" "1610612736" "--user" "0:0" "--network" "none" "ghcr.io/rust-lang/crates-build-env/linux@sha256:2788e3201cd34a07e3172128adcd8b3090168a8e3bcc40d7c032b9dda1df7d1c" "/opt/rustwide/cargo-home/bin/cargo" "+1.75.0" "doc" "--frozen" "--no-deps" "--document-private-items" "--message-format=json", kill_on_drop: false }`
[INFO] [stdout] f0d24e1ee4369380d4fd662209551c7dcee220ef975417bb2da2028363cbdc46
[INFO] running `Command { std: "docker" "start" "-a" "f0d24e1ee4369380d4fd662209551c7dcee220ef975417bb2da2028363cbdc46", kill_on_drop: false }`
[INFO] [stderr]    Compiling libc v0.2.141
[INFO] [stderr]    Compiling proc-macro2 v1.0.56
[INFO] [stderr]    Compiling unicode-ident v1.0.8
[INFO] [stderr]    Compiling quote v1.0.26
[INFO] [stderr]    Compiling parking_lot_core v0.9.7
[INFO] [stderr]     Checking once_cell v1.17.1
[INFO] [stderr]    Compiling serde_derive v1.0.160
[INFO] [stderr]    Compiling serde v1.0.160
[INFO] [stderr]    Compiling lock_api v0.4.9
[INFO] [stderr]    Compiling tokio v1.27.0
[INFO] [stderr]    Compiling log v0.4.17
[INFO] [stderr]     Checking subtle v2.4.1
[INFO] [stderr]    Compiling ahash v0.7.6
[INFO] [stderr]     Checking crypto-common v0.1.6
[INFO] [stderr]    Compiling parking_lot_core v0.8.6
[INFO] [stderr]     Checking cpufeatures v0.2.6
[INFO] [stderr]    Compiling num-traits v0.2.15
[INFO] [stderr]     Checking digest v0.10.6
[INFO] [stderr]    Compiling crossbeam-utils v0.8.15
[INFO] [stderr]    Compiling futures-util v0.3.28
[INFO] [stderr]    Compiling serde_json v1.0.96
[INFO] [stderr]     Checking tracing-core v0.1.30
[INFO] [stderr]    Compiling futures-channel v0.3.28
[INFO] [stderr]    Compiling unicode-normalization v0.1.22
[INFO] [stderr]    Compiling instant v0.1.12
[INFO] [stderr]    Compiling unicode-bidi v0.3.13
[INFO] [stderr]    Compiling futures-task v0.3.28
[INFO] [stderr]    Compiling base64 v0.13.1
[INFO] [stderr]    Compiling indexmap v1.9.3
[INFO] [stderr]    Compiling percent-encoding v2.2.0
[INFO] [stderr]    Compiling ppv-lite86 v0.2.17
[INFO] [stderr]     Checking tracing v0.1.37
[INFO] [stderr]    Compiling hmac v0.12.1
[INFO] [stderr]    Compiling form_urlencoded v1.1.0
[INFO] [stderr]     Checking idna v0.3.0
[INFO] [stderr]     Checking digest v0.9.0
[INFO] [stderr]     Checking alloc-no-stdlib v2.0.4
[INFO] [stderr]    Compiling zstd-safe v6.0.5+zstd.1.5.4
[INFO] [stderr]    Compiling hashbrown v0.12.3
[INFO] [stderr]     Checking local-waker v0.1.3
[INFO] [stderr]    Compiling crc-catalog v1.1.1
[INFO] [stderr]     Checking alloc-stdlib v0.2.2
[INFO] [stderr]    Compiling crc v2.1.0
[INFO] [stderr]    Compiling hkdf v0.12.3
[INFO] [stderr]    Compiling sha2 v0.10.6
[INFO] [stderr]    Compiling md-5 v0.10.5
[INFO] [stderr]     Checking url v2.3.1
[INFO] [stderr]    Compiling stringprep v0.1.2
[INFO] [stderr]    Compiling crossbeam-queue v0.3.8
[INFO] [stderr]    Compiling sha-1 v0.10.1
[INFO] [stderr]    Compiling syn v2.0.14
[INFO] [stderr]    Compiling jobserver v0.1.26
[INFO] [stderr]     Checking socket2 v0.4.9
[INFO] [stderr]     Checking signal-hook-registry v1.4.1
[INFO] [stderr]     Checking num_cpus v1.15.0
[INFO] [stderr]     Checking mio v0.8.6
[INFO] [stderr]     Checking getrandom v0.2.9
[INFO] [stderr]     Checking parking_lot v0.12.1
[INFO] [stderr]    Compiling cc v1.0.79
[INFO] [stderr]     Checking rand_core v0.6.4
[INFO] [stderr]    Compiling syn v1.0.109
[INFO] [stderr]     Checking rand_chacha v0.3.1
[INFO] [stderr]    Compiling dirs-sys v0.3.7
[INFO] [stderr]    Compiling hashbrown v0.11.2
[INFO] [stderr]    Compiling parking_lot v0.11.2
[INFO] [stderr]     Checking rand v0.8.5
[INFO] [stderr]    Compiling dirs v4.0.0
[INFO] [stderr]    Compiling futures-intrusive v0.4.2
[INFO] [stderr]    Compiling atoi v0.4.0
[INFO] [stderr]    Compiling hashlink v0.7.0
[INFO] [stderr]    Compiling aho-corasick v0.7.20
[INFO] [stderr]     Checking block-buffer v0.9.0
[INFO] [stderr]    Compiling uuid v0.8.2
[INFO] [stderr]    Compiling regex-syntax v0.6.29
[INFO] [stderr]    Compiling whoami v1.4.0
[INFO] [stderr]    Compiling bitflags v1.3.2
[INFO] [stderr]    Compiling time-core v0.1.0
[INFO] [stderr]    Compiling http v0.2.9
[INFO] [stderr]    Compiling ring v0.16.20
[INFO] [stderr]    Compiling zstd-sys v2.0.8+zstd.1.5.5
[INFO] [stderr]    Compiling time-macros v0.2.8
[INFO] [stderr]     Checking miniz_oxide v0.6.2
[INFO] [stderr]     Checking brotli-decompressor v2.3.4
[INFO] [stderr]     Checking actix-utils v3.0.1
[INFO] [stderr]     Checking actix-service v2.0.2
[INFO] [stderr]    Compiling bytestring v1.3.0
[INFO] [stderr]    Compiling cookie v0.16.2
[INFO] [stderr]    Compiling convert_case v0.4.0
[INFO] [stderr]    Compiling dotenv v0.15.0
[INFO] [stderr]     Checking flate2 v1.0.25
[INFO] [stderr]     Checking ahash v0.8.3
[INFO] [stderr]    Compiling include_dir_macros v0.7.3
[INFO] [stderr]     Checking sha1 v0.10.5
[INFO] [stderr]     Checking crypto-mac v0.10.1
[INFO] [stderr]     Checking cipher v0.2.5
[INFO] [stderr]     Checking glob v0.3.1
[INFO] [stderr]     Checking language-tags v0.3.2
[INFO] [stderr]     Checking hmac v0.10.1
[INFO] [stderr]     Checking sha2 v0.9.9
[INFO] [stderr]     Checking sha-1 v0.9.8
[INFO] [stderr]     Checking brotli v3.3.4
[INFO] [stderr]     Checking blowfish v0.7.0
[INFO] [stderr]     Checking md-5 v0.9.1
[INFO] [stderr]     Checking pwhash v1.0.0
[INFO] [stderr]    Compiling regex v1.7.3
[INFO] [stderr]     Checking include_dir v0.7.3
[INFO] [stderr]     Checking time v0.3.20
[INFO] [stderr]    Compiling futures-macro v0.3.28
[INFO] [stderr]     Checking actix-rt v2.8.0
[INFO] [stderr]    Compiling thiserror-impl v1.0.40
[INFO] [stderr]     Checking tokio-util v0.7.7
[INFO] [stderr]     Checking tokio-stream v0.1.12
[INFO] [stderr]     Checking webpki v0.21.4
[INFO] [stderr]     Checking sct v0.6.1
[INFO] [stderr]     Checking rustls v0.19.1
[INFO] [stderr]     Checking webpki-roots v0.21.1
[INFO] [stderr]     Checking actix-codec v0.5.0
[INFO] [stderr]    Compiling derive_more v0.99.17
[INFO] [stderr]    Compiling actix-macros v0.2.3
[INFO] [stderr]    Compiling thiserror v1.0.40
[INFO] [stderr]     Checking tokio-rustls v0.22.0
[INFO] [stderr]     Checking sqlx-rt v0.5.13
[INFO] [stderr]     Checking local-channel v0.1.3
[INFO] [stderr]     Checking h2 v0.3.16
[INFO] [stderr]     Checking actix-server v2.2.0
[INFO] [stderr]     Checking zstd v0.12.3+zstd.1.5.2
[INFO] [stderr]     Checking either v1.8.1
[INFO] [stderr]     Checking actix-router v0.5.1
[INFO] [stderr]     Checking serde_urlencoded v0.7.1
[INFO] [stderr]     Checking itertools v0.10.5
[INFO] [stderr]     Checking actix-http v3.3.1
[INFO] [stderr]    Compiling actix-web-codegen v4.2.0
[INFO] [stderr]     Checking sqlformat v0.1.8
[INFO] [stderr]     Checking sqlx-core v0.5.13
[INFO] [stderr]     Checking actix-web v4.3.1
[INFO] [stderr]    Compiling sqlx-macros v0.5.13
[INFO] [stderr]     Checking sqlx v0.5.13
[INFO] [stderr]     Checking sqlx-pg-migrate v1.2.0
[INFO] [stderr]  Documenting rms v0.1.0 (/opt/rustwide/workdir)
[INFO] [stdout] error: error communicating with database: Cannot assign requested address (os error 99)
[INFO] [stdout]    --> src/model.rs:110:36
[INFO] [stdout]     |
[INFO] [stdout] 110 |                       let auth_row = sqlx::query_as!(Auths,"SELECT user_token, user_id FROM auths 
[INFO] [stdout]     |  ____________________________________^
[INFO] [stdout] 111 | |                         WHERE user_token =$1", x)
[INFO] [stdout]     | |_________________________________________________^
[INFO] [stdout]     |
[INFO] [stdout]     = note: this error originates in the macro `$crate::sqlx_macros::expand_query` which comes from the expansion of the macro `sqlx::query_as` (in Nightly builds, run with -Z macro-backtrace for more info)
[INFO] [stdout] 
[INFO] [stdout] 
[INFO] [stdout] error: error communicating with database: Cannot assign requested address (os error 99)
[INFO] [stdout]    --> src/model.rs:118:40
[INFO] [stdout]     |
[INFO] [stdout] 118 |   ...                   let user = sqlx::query_as!(Users, 
[INFO] [stdout]     |  __________________________________^
[INFO] [stdout] 119 | | ...                       "SELECT u.user_id, u.user_name, u.user_password, u.user_email, u.credit 
[INFO] [stdout] 120 | | ...                       FROM Users u INNER JOIN Auths a ON u.user_id = a.user_id where u.user_id=$1", 
[INFO] [stdout] 121 | | ...                       a.user_id)
[INFO] [stdout]     | |____________________________________^
[INFO] [stdout]     |
[INFO] [stdout]     = note: this error originates in the macro `$crate::sqlx_macros::expand_query` which comes from the expansion of the macro `sqlx::query_as` (in Nightly builds, run with -Z macro-backtrace for more info)
[INFO] [stdout] 
[INFO] [stdout] 
[INFO] [stdout] error: error communicating with database: Cannot assign requested address (os error 99)
[INFO] [stdout]    --> src/model.rs:133:47
[INFO] [stdout]     |
[INFO] [stdout] 133 |   ...                   user_auth.roles = sqlx::query_as!( Roles,"SELECT role_id, role_type, user_id FROM roles 
[INFO] [stdout]     |  _________________________________________^
[INFO] [stdout] 134 | | ...                       WHERE user_id=$1", user.user_id)
[INFO] [stdout]     | |__________________________________________________________^
[INFO] [stdout]     |
[INFO] [stdout]     = note: this error originates in the macro `$crate::sqlx_macros::expand_query` which comes from the expansion of the macro `sqlx::query_as` (in Nightly builds, run with -Z macro-backtrace for more info)
[INFO] [stdout] 
[INFO] [stdout] 
[INFO] [stdout] error: error communicating with database: Cannot assign requested address (os error 99)
[INFO] [stdout]   --> src/services_user.rs:16:15
[INFO] [stdout]    |
[INFO] [stdout] 16 |       let row = sqlx::query_as!(Users,
[INFO] [stdout]    |  _______________^
[INFO] [stdout] 17 | |         "INSERT INTO users (user_name, user_password, user_email, credit) VALUES ($1, $2, $3, $4) 
[INFO] [stdout] 18 | |         RETURNING user_id, user_name, user_password, user_email, credit",
[INFO] [stdout] 19 | |         user.user_name, user.user_password, user.user_email, 1000
[INFO] [stdout] 20 | |     )
[INFO] [stdout]    | |_____^
[INFO] [stdout]    |
[INFO] [stdout]    = note: this error originates in the macro `$crate::sqlx_macros::expand_query` which comes from the expansion of the macro `sqlx::query_as` (in Nightly builds, run with -Z macro-backtrace for more info)
[INFO] [stdout] 
[INFO] [stdout] 
[INFO] [stdout] error: error communicating with database: Cannot assign requested address (os error 99)
[INFO] [stdout]   --> src/services_user.rs:24:5
[INFO] [stdout]    |
[INFO] [stdout] 24 | /     sqlx::query_as!( Roles,"INSERT INTO roles (role_type, user_id) VALUES($1, $2) 
[INFO] [stdout] 25 | |         RETURNING role_id, role_type, user_id", "User".to_string(), row.user_id
[INFO] [stdout] 26 | |         )
[INFO] [stdout]    | |_________^
[INFO] [stdout]    |
[INFO] [stdout]    = note: this error originates in the macro `$crate::sqlx_macros::expand_query` which comes from the expansion of the macro `sqlx::query_as` (in Nightly builds, run with -Z macro-backtrace for more info)
[INFO] [stdout] 
[INFO] [stdout] 
[INFO] [stdout] error: error communicating with database: Cannot assign requested address (os error 99)
[INFO] [stdout]   --> src/services_user.rs:37:22
[INFO] [stdout]    |
[INFO] [stdout] 37 |       let table_user = sqlx::query_as!(Users, "select user_id, user_name, user_password, user_email, credit from users where user_name =$1",
[INFO] [stdout]    |  ______________________^
[INFO] [stdout] 38 | |          user.user_name)
[INFO] [stdout]    | |________________________^
[INFO] [stdout]    |
[INFO] [stdout]    = note: this error originates in the macro `$crate::sqlx_macros::expand_query` which comes from the expansion of the macro `sqlx::query_as` (in Nightly builds, run with -Z macro-backtrace for more info)
[INFO] [stdout] 
[INFO] [stdout] 
[INFO] [stdout] error: error communicating with database: Cannot assign requested address (os error 99)
[INFO] [stdout]   --> src/services_user.rs:43:19
[INFO] [stdout]    |
[INFO] [stdout] 43 |           let row = sqlx::query_as!(Auths,"Insert into auths (user_id, user_token) VALUES ($1, $2) 
[INFO] [stdout]    |  ___________________^
[INFO] [stdout] 44 | |         RETURNING user_id, user_token", table_user.user_id, user_token)
[INFO] [stdout]    | |_______________________________________________________________________^
[INFO] [stdout]    |
[INFO] [stdout]    = note: this error originates in the macro `$crate::sqlx_macros::expand_query` which comes from the expansion of the macro `sqlx::query_as` (in Nightly builds, run with -Z macro-backtrace for more info)
[INFO] [stdout] 
[INFO] [stdout] 
[INFO] [stdout] error: error communicating with database: Cannot assign requested address (os error 99)
[INFO] [stdout]   --> src/services_user.rs:60:22
[INFO] [stdout]    |
[INFO] [stdout] 60 |       let table_user = sqlx::query_as!(Users, "select user_id, user_name, user_password, user_email, credit from users 
[INFO] [stdout]    |  ______________________^
[INFO] [stdout] 61 | |         WHERE user_name =$1",
[INFO] [stdout] 62 | |         user.user_name)
[INFO] [stdout]    | |_______________________^
[INFO] [stdout]    |
[INFO] [stdout]    = note: this error originates in the macro `$crate::sqlx_macros::expand_query` which comes from the expansion of the macro `sqlx::query_as` (in Nightly builds, run with -Z macro-backtrace for more info)
[INFO] [stdout] 
[INFO] [stdout] 
[INFO] [stdout] error: error communicating with database: Cannot assign requested address (os error 99)
[INFO] [stdout]   --> src/services_user.rs:67:19
[INFO] [stdout]    |
[INFO] [stdout] 67 |         let row = sqlx::query_as!(Auths,"DELETE FROM auths WHERE user_id=$1 RETURNING user_id, user_token", b_id)
[INFO] [stdout]    |                   ^^^^^^^^^^^^^^^^^^^^^^^^^^^^^^^^^^^^^^^^^^^^^^^^^^^^^^^^^^^^^^^^^^^^^^^^^^^^^^^^^^^^^^^^^^^^^^^
[INFO] [stdout]    |
[INFO] [stdout]    = note: this error originates in the macro `$crate::sqlx_macros::expand_query` which comes from the expansion of the macro `sqlx::query_as` (in Nightly builds, run with -Z macro-backtrace for more info)
[INFO] [stdout] 
[INFO] [stdout] 
[INFO] [stdout] error: error communicating with database: Cannot assign requested address (os error 99)
[INFO] [stdout]   --> src/services_user.rs:82:16
[INFO] [stdout]    |
[INFO] [stdout] 82 |       let rows = sqlx::query_as!(Restaurants,
[INFO] [stdout]    |  ________________^
[INFO] [stdout] 83 | |         "SELECT restaurant_id, restaurant_name, restaurant_address, user_id 
[INFO] [stdout] 84 | |         FROM Restaurants"
[INFO] [stdout] 85 | |         )
[INFO] [stdout]    | |_________^
[INFO] [stdout]    |
[INFO] [stdout]    = note: this error originates in the macro `$crate::sqlx_macros::expand_query` which comes from the expansion of the macro `sqlx::query_as` (in Nightly builds, run with -Z macro-backtrace for more info)
[INFO] [stdout] 
[INFO] [stdout] 
[INFO] [stdout] error: error communicating with database: Cannot assign requested address (os error 99)
[INFO] [stdout]    --> src/services_user.rs:99:16
[INFO] [stdout]     |
[INFO] [stdout] 99  |       let rows = sqlx::query_as!( Dishes,
[INFO] [stdout]     |  ________________^
[INFO] [stdout] 100 | |             "SELECT dish_id, dish_name, dish_cost, restaurant_id, user_id, time
[INFO] [stdout] 101 | |             FROM dishes WHERE restaurant_id=$1", res_id
[INFO] [stdout] 102 | |         )
[INFO] [stdout]     | |_________^
[INFO] [stdout]     |
[INFO] [stdout]     = note: this error originates in the macro `$crate::sqlx_macros::expand_query` which comes from the expansion of the macro `sqlx::query_as` (in Nightly builds, run with -Z macro-backtrace for more info)
[INFO] [stdout] 
[INFO] [stdout] 
[INFO] [stdout] error: error communicating with database: Cannot assign requested address (os error 99)
[INFO] [stdout]    --> src/services_user.rs:116:15
[INFO] [stdout]     |
[INFO] [stdout] 116 |       let row = sqlx::query_as!(Addresses,
[INFO] [stdout]     |  _______________^
[INFO] [stdout] 117 | |             "INSERT INTO addresses (address_name, address_lat, address_lng, user_id) VALUES ($1, $2, $3, $4) 
[INFO] [stdout] 118 | |             RETURNING address_id, address_name, address_lat, address_lng, user_id",
[INFO] [stdout] 119 | |             a.address_name, a.address_lat, a.address_lng, a.user_id
[INFO] [stdout] 120 | |         )
[INFO] [stdout]     | |_________^
[INFO] [stdout]     |
[INFO] [stdout]     = note: this error originates in the macro `$crate::sqlx_macros::expand_query` which comes from the expansion of the macro `sqlx::query_as` (in Nightly builds, run with -Z macro-backtrace for more info)
[INFO] [stdout] 
[INFO] [stdout] 
[INFO] [stdout] error: error communicating with database: Cannot assign requested address (os error 99)
[INFO] [stdout]    --> src/services_user.rs:135:18
[INFO] [stdout]     |
[INFO] [stdout] 135 |       let user_add=sqlx::query_as!( Addresses, 
[INFO] [stdout]     |  __________________^
[INFO] [stdout] 136 | |         "SELECT address_id, address_name, address_lat, address_lng, user_id FROM addresses WHERE address_id=$1", user_add_id         
[INFO] [stdout] 137 | |     )
[INFO] [stdout]     | |_____^
[INFO] [stdout]     |
[INFO] [stdout]     = note: this error originates in the macro `$crate::sqlx_macros::expand_query` which comes from the expansion of the macro `sqlx::query_as` (in Nightly builds, run with -Z macro-backtrace for more info)
[INFO] [stdout] 
[INFO] [stdout] 
[INFO] [stdout] error: error communicating with database: Cannot assign requested address (os error 99)
[INFO] [stdout]    --> src/services_user.rs:141:18
[INFO] [stdout]     |
[INFO] [stdout] 141 |       let res_add= sqlx::query_as!( Addresses,
[INFO] [stdout]     |  __________________^
[INFO] [stdout] 142 | |         "SELECT address_id, address_name, address_lat, address_lng, user_id FROM addresses WHERE address_id=$1", res_id         
[INFO] [stdout] 143 | |     )
[INFO] [stdout]     | |_____^
[INFO] [stdout]     |
[INFO] [stdout]     = note: this error originates in the macro `$crate::sqlx_macros::expand_query` which comes from the expansion of the macro `sqlx::query_as` (in Nightly builds, run with -Z macro-backtrace for more info)
[INFO] [stdout] 
[INFO] [stdout] 
[INFO] [stdout] error: error communicating with database: Cannot assign requested address (os error 99)
[INFO] [stdout]   --> src/service_orders.rs:15:19
[INFO] [stdout]    |
[INFO] [stdout] 15 |       let dish_row= sqlx::query_as!( Dishes,
[INFO] [stdout]    |  ___________________^
[INFO] [stdout] 16 | |         "SELECT dish_id, dish_name, dish_cost, restaurant_id, user_id, time FROM dishes WHERE dish_id=$1", dish_id         
[INFO] [stdout] 17 | |     )
[INFO] [stdout]    | |_____^
[INFO] [stdout]    |
[INFO] [stdout]    = note: this error originates in the macro `$crate::sqlx_macros::expand_query` which comes from the expansion of the macro `sqlx::query_as` (in Nightly builds, run with -Z macro-backtrace for more info)
[INFO] [stdout] 
[INFO] [stdout] 
[INFO] [stdout] error: error communicating with database: Cannot assign requested address (os error 99)
[INFO] [stdout]   --> src/service_orders.rs:22:15
[INFO] [stdout]    |
[INFO] [stdout] 22 |       let row = sqlx::query_as!( Orders,
[INFO] [stdout]    |  _______________^
[INFO] [stdout] 23 | |             "INSERT INTO orders (d_id, time, user_id, is_delivered) VALUES ($1, $2, $3, $4) 
[INFO] [stdout] 24 | |             RETURNING id, d_id, time, user_id, is_delivered",
[INFO] [stdout] 25 | |             dish_row.dish_id, dish_row.time, usr.user_id, false
[INFO] [stdout] 26 | |         )
[INFO] [stdout]    | |_________^
[INFO] [stdout]    |
[INFO] [stdout]    = note: this error originates in the macro `$crate::sqlx_macros::expand_query` which comes from the expansion of the macro `sqlx::query_as` (in Nightly builds, run with -Z macro-backtrace for more info)
[INFO] [stdout] 
[INFO] [stdout] 
[INFO] [stdout] error: error communicating with database: Cannot assign requested address (os error 99)
[INFO] [stdout]   --> src/service_orders.rs:31:5
[INFO] [stdout]    |
[INFO] [stdout] 31 | /     sqlx::query_as!(Users,
[INFO] [stdout] 32 | |         "UPDATE users SET credit = $1 WHERE user_id = $2 RETURNING user_id, user_name, user_password, user_email, credit",
[INFO] [stdout] 33 | |         usr.credit - dish_row.dish_cost , usr.user_id
[INFO] [stdout] 34 | |         )
[INFO] [stdout]    | |_________^
[INFO] [stdout]    |
[INFO] [stdout]    = note: this error originates in the macro `$crate::sqlx_macros::expand_query` which comes from the expansion of the macro `sqlx::query_as` (in Nightly builds, run with -Z macro-backtrace for more info)
[INFO] [stdout] 
[INFO] [stdout] 
[INFO] [stdout] error: error communicating with database: Cannot assign requested address (os error 99)
[INFO] [stdout]   --> src/service_orders.rs:39:22
[INFO] [stdout]    |
[INFO] [stdout] 39 |       let dish_owner = sqlx::query_as!( Users, 
[INFO] [stdout]    |  ______________________^
[INFO] [stdout] 40 | |         "SELECT user_id, user_name, user_password, user_email, credit FROM users 
[INFO] [stdout] 41 | |         WHERE user_id=$1", dish_row.user_id
[INFO] [stdout] 42 | |         )
[INFO] [stdout]    | |_________^
[INFO] [stdout]    |
[INFO] [stdout]    = note: this error originates in the macro `$crate::sqlx_macros::expand_query` which comes from the expansion of the macro `sqlx::query_as` (in Nightly builds, run with -Z macro-backtrace for more info)
[INFO] [stdout] 
[INFO] [stdout] 
[INFO] [stdout] error: error communicating with database: Cannot assign requested address (os error 99)
[INFO] [stdout]   --> src/service_orders.rs:47:5
[INFO] [stdout]    |
[INFO] [stdout] 47 | /     sqlx::query_as!(Users,
[INFO] [stdout] 48 | |         "UPDATE users SET credit = $1 WHERE user_id = $2 RETURNING user_id, user_name, user_password, user_email, credit",
[INFO] [stdout] 49 | |         dish_owner.credit + dish_row.dish_cost , dish_row.user_id
[INFO] [stdout] 50 | |         )
[INFO] [stdout]    | |_________^
[INFO] [stdout]    |
[INFO] [stdout]    = note: this error originates in the macro `$crate::sqlx_macros::expand_query` which comes from the expansion of the macro `sqlx::query_as` (in Nightly builds, run with -Z macro-backtrace for more info)
[INFO] [stdout] 
[INFO] [stdout] 
[INFO] [stdout] error: error communicating with database: Cannot assign requested address (os error 99)
[INFO] [stdout]   --> src/service_orders.rs:65:20
[INFO] [stdout]    |
[INFO] [stdout] 65 |       let order_row= sqlx::query_as!( Orders,
[INFO] [stdout]    |  ____________________^
[INFO] [stdout] 66 | |         "SELECT id, d_id, time, user_id, is_delivered FROM orders WHERE id=$1", order_id         
[INFO] [stdout] 67 | |         )
[INFO] [stdout]    | |_________^
[INFO] [stdout]    |
[INFO] [stdout]    = note: this error originates in the macro `$crate::sqlx_macros::expand_query` which comes from the expansion of the macro `sqlx::query_as` (in Nightly builds, run with -Z macro-backtrace for more info)
[INFO] [stdout] 
[INFO] [stdout] 
[INFO] [stdout] error: error communicating with database: Cannot assign requested address (os error 99)
[INFO] [stdout]   --> src/service_orders.rs:74:19
[INFO] [stdout]    |
[INFO] [stdout] 74 |       let dish_row= sqlx::query_as!( Dishes,
[INFO] [stdout]    |  ___________________^
[INFO] [stdout] 75 | |         "SELECT dish_id, dish_name, dish_cost, restaurant_id, user_id, time FROM dishes 
[INFO] [stdout] 76 | |         WHERE dish_id=$1", order_row.d_id         
[INFO] [stdout] 77 | |     )
[INFO] [stdout]    | |_____^
[INFO] [stdout]    |
[INFO] [stdout]    = note: this error originates in the macro `$crate::sqlx_macros::expand_query` which comes from the expansion of the macro `sqlx::query_as` (in Nightly builds, run with -Z macro-backtrace for more info)
[INFO] [stdout] 
[INFO] [stdout] 
[INFO] [stdout] error: error communicating with database: Cannot assign requested address (os error 99)
[INFO] [stdout]   --> src/service_orders.rs:89:9
[INFO] [stdout]    |
[INFO] [stdout] 89 | /         sqlx::query_as!(Users,
[INFO] [stdout] 90 | |             "UPDATE users SET credit = $1 WHERE user_id = $2 
[INFO] [stdout] 91 | |             RETURNING user_id, user_name, user_password, user_email, credit",
[INFO] [stdout] 92 | |             usr.credit + dish_row.dish_cost , usr.user_id
[INFO] [stdout] 93 | |             )
[INFO] [stdout]    | |_____________^
[INFO] [stdout]    |
[INFO] [stdout]    = note: this error originates in the macro `$crate::sqlx_macros::expand_query` which comes from the expansion of the macro `sqlx::query_as` (in Nightly builds, run with -Z macro-backtrace for more info)
[INFO] [stdout] 
[INFO] [stdout] 
[INFO] [stdout] error: error communicating with database: Cannot assign requested address (os error 99)
[INFO] [stdout]    --> src/service_orders.rs:98:26
[INFO] [stdout]     |
[INFO] [stdout] 98  |           let dish_owner = sqlx::query_as!( Users, 
[INFO] [stdout]     |  __________________________^
[INFO] [stdout] 99  | |             "SELECT user_id, user_name, user_password, user_email, credit FROM users 
[INFO] [stdout] 100 | |             WHERE user_id=$1", dish_row.user_id
[INFO] [stdout] 101 | |             )
[INFO] [stdout]     | |_____________^
[INFO] [stdout]     |
[INFO] [stdout]     = note: this error originates in the macro `$crate::sqlx_macros::expand_query` which comes from the expansion of the macro `sqlx::query_as` (in Nightly builds, run with -Z macro-backtrace for more info)
[INFO] [stdout] 
[INFO] [stdout] 
[INFO] [stdout] error: error communicating with database: Cannot assign requested address (os error 99)
[INFO] [stdout]    --> src/service_orders.rs:106:9
[INFO] [stdout]     |
[INFO] [stdout] 106 | /         sqlx::query_as!(Users,
[INFO] [stdout] 107 | |             "UPDATE users SET credit = $1 WHERE user_id = $2 
[INFO] [stdout] 108 | |             RETURNING user_id, user_name, user_password, user_email, credit",
[INFO] [stdout] 109 | |             dish_owner.credit - dish_row.dish_cost , dish_row.user_id
[INFO] [stdout] 110 | |             )
[INFO] [stdout]     | |_____________^
[INFO] [stdout]     |
[INFO] [stdout]     = note: this error originates in the macro `$crate::sqlx_macros::expand_query` which comes from the expansion of the macro `sqlx::query_as` (in Nightly builds, run with -Z macro-backtrace for more info)
[INFO] [stdout] 
[INFO] [stdout] 
[INFO] [stdout] error: error communicating with database: Cannot assign requested address (os error 99)
[INFO] [stdout]    --> src/service_orders.rs:115:19
[INFO] [stdout]     |
[INFO] [stdout] 115 |           let row = sqlx::query_as!( Orders,
[INFO] [stdout]     |  ___________________^
[INFO] [stdout] 116 | |             "DELETE FROM orders WHERE id=$1 
[INFO] [stdout] 117 | |             RETURNING id, d_id, time, user_id, is_delivered",
[INFO] [stdout] 118 | |             order_row.id
[INFO] [stdout] 119 | |             )
[INFO] [stdout]     | |_____________^
[INFO] [stdout]     |
[INFO] [stdout]     = note: this error originates in the macro `$crate::sqlx_macros::expand_query` which comes from the expansion of the macro `sqlx::query_as` (in Nightly builds, run with -Z macro-backtrace for more info)
[INFO] [stdout] 
[INFO] [stdout] 
[INFO] [stdout] error: error communicating with database: Cannot assign requested address (os error 99)
[INFO] [stdout]    --> src/service_orders.rs:138:20
[INFO] [stdout]     |
[INFO] [stdout] 138 |       let order_row= sqlx::query_as!( Orders,
[INFO] [stdout]     |  ____________________^
[INFO] [stdout] 139 | |         "SELECT id, d_id, time, user_id, is_delivered FROM orders WHERE id=$1", order_id         
[INFO] [stdout] 140 | |         )
[INFO] [stdout]     | |_________^
[INFO] [stdout]     |
[INFO] [stdout]     = note: this error originates in the macro `$crate::sqlx_macros::expand_query` which comes from the expansion of the macro `sqlx::query_as` (in Nightly builds, run with -Z macro-backtrace for more info)
[INFO] [stdout] 
[INFO] [stdout] 
[INFO] [stdout] error: error communicating with database: Cannot assign requested address (os error 99)
[INFO] [stdout]    --> src/service_orders.rs:148:19
[INFO] [stdout]     |
[INFO] [stdout] 148 |           let row = sqlx::query_as!(Orders,
[INFO] [stdout]     |  ___________________^
[INFO] [stdout] 149 | |             "UPDATE orders SET is_delivered = $1 WHERE id = $2 
[INFO] [stdout] 150 | |             RETURNING id, d_id, time, user_id, is_delivered",
[INFO] [stdout] 151 | |             true, order_row.id
[INFO] [stdout] 152 | |         )
[INFO] [stdout]     | |_________^
[INFO] [stdout]     |
[INFO] [stdout]     = note: this error originates in the macro `$crate::sqlx_macros::expand_query` which comes from the expansion of the macro `sqlx::query_as` (in Nightly builds, run with -Z macro-backtrace for more info)
[INFO] [stdout] 
[INFO] [stdout] 
[INFO] [stdout] error: error communicating with database: Cannot assign requested address (os error 99)
[INFO] [stdout]   --> src/services_subadmin.rs:20:19
[INFO] [stdout]    |
[INFO] [stdout] 20 |           let row = sqlx::query_as!( Restaurants,
[INFO] [stdout]    |  ___________________^
[INFO] [stdout] 21 | |             "INSERT INTO restaurants (restaurant_name, restaurant_address, user_id) VALUES ($1, $2, $3) 
[INFO] [stdout] 22 | |             RETURNING restaurant_id, restaurant_name, restaurant_address, user_id",
[INFO] [stdout] 23 | |             res.restaurant_name, res.restaurant_address, usr.user_id
[INFO] [stdout] 24 | |         )
[INFO] [stdout]    | |_________^
[INFO] [stdout]    |
[INFO] [stdout]    = note: this error originates in the macro `$crate::sqlx_macros::expand_query` which comes from the expansion of the macro `sqlx::query_as` (in Nightly builds, run with -Z macro-backtrace for more info)
[INFO] [stdout] 
[INFO] [stdout] 
[INFO] [stdout] error: error communicating with database: Cannot assign requested address (os error 99)
[INFO] [stdout]   --> src/services_subadmin.rs:43:19
[INFO] [stdout]    |
[INFO] [stdout] 43 |           let row = sqlx::query_as!( Dishes,
[INFO] [stdout]    |  ___________________^
[INFO] [stdout] 44 | |             "INSERT INTO dishes (dish_name, dish_cost, restaurant_id, user_id, time) VALUES ($1, $2, $3, $4, $5) 
[INFO] [stdout] 45 | |             RETURNING dish_id, dish_name, dish_cost, restaurant_id, user_id, time",
[INFO] [stdout] 46 | |             d.dish_name, d.dish_cost, d.restaurant_id, usr.user_id, d.time
[INFO] [stdout] 47 | |         )
[INFO] [stdout]    | |_________^
[INFO] [stdout]    |
[INFO] [stdout]    = note: this error originates in the macro `$crate::sqlx_macros::expand_query` which comes from the expansion of the macro `sqlx::query_as` (in Nightly builds, run with -Z macro-backtrace for more info)
[INFO] [stdout] 
[INFO] [stdout] 
[INFO] [stdout] error: error communicating with database: Cannot assign requested address (os error 99)
[INFO] [stdout]   --> src/services_subadmin.rs:68:20
[INFO] [stdout]    |
[INFO] [stdout] 68 |           let rows = sqlx::query_as!(Restaurants,
[INFO] [stdout]    |  ____________________^
[INFO] [stdout] 69 | |             "SELECT restaurant_id, restaurant_name, restaurant_address, user_id 
[INFO] [stdout] 70 | |             FROM Restaurants"
[INFO] [stdout] 71 | |         )
[INFO] [stdout]    | |_________^
[INFO] [stdout]    |
[INFO] [stdout]    = note: this error originates in the macro `$crate::sqlx_macros::expand_query` which comes from the expansion of the macro `sqlx::query_as` (in Nightly builds, run with -Z macro-backtrace for more info)
[INFO] [stdout] 
[INFO] [stdout] 
[INFO] [stdout] error: error communicating with database: Cannot assign requested address (os error 99)
[INFO] [stdout]   --> src/services_subadmin.rs:78:20
[INFO] [stdout]    |
[INFO] [stdout] 78 |           let rows = sqlx::query_as!(Restaurants,
[INFO] [stdout]    |  ____________________^
[INFO] [stdout] 79 | |             "SELECT restaurant_id, restaurant_name, restaurant_address, user_id 
[INFO] [stdout] 80 | |             FROM Restaurants WHERE user_id=$1", usr.user_id
[INFO] [stdout] 81 | |         )
[INFO] [stdout]    | |_________^
[INFO] [stdout]    |
[INFO] [stdout]    = note: this error originates in the macro `$crate::sqlx_macros::expand_query` which comes from the expansion of the macro `sqlx::query_as` (in Nightly builds, run with -Z macro-backtrace for more info)
[INFO] [stdout] 
[INFO] [stdout] 
[INFO] [stdout] error: error communicating with database: Cannot assign requested address (os error 99)
[INFO] [stdout]    --> src/services_subadmin.rs:102:20
[INFO] [stdout]     |
[INFO] [stdout] 102 |           let rows = sqlx::query_as!(Dishes,
[INFO] [stdout]     |  ____________________^
[INFO] [stdout] 103 | |             "SELECT dish_id, dish_name, dish_cost, restaurant_id, user_id, time
[INFO] [stdout] 104 | |             FROM dishes"
[INFO] [stdout] 105 | |         )
[INFO] [stdout]     | |_________^
[INFO] [stdout]     |
[INFO] [stdout]     = note: this error originates in the macro `$crate::sqlx_macros::expand_query` which comes from the expansion of the macro `sqlx::query_as` (in Nightly builds, run with -Z macro-backtrace for more info)
[INFO] [stdout] 
[INFO] [stdout] 
[INFO] [stdout] error: error communicating with database: Cannot assign requested address (os error 99)
[INFO] [stdout]    --> src/services_subadmin.rs:112:20
[INFO] [stdout]     |
[INFO] [stdout] 112 |           let rows = sqlx::query_as!(Dishes,
[INFO] [stdout]     |  ____________________^
[INFO] [stdout] 113 | |             "SELECT dish_id, dish_name, dish_cost, restaurant_id, user_id, time 
[INFO] [stdout] 114 | |             FROM dishes WHERE user_id=$1", usr.user_id
[INFO] [stdout] 115 | |         )
[INFO] [stdout]     | |_________^
[INFO] [stdout]     |
[INFO] [stdout]     = note: this error originates in the macro `$crate::sqlx_macros::expand_query` which comes from the expansion of the macro `sqlx::query_as` (in Nightly builds, run with -Z macro-backtrace for more info)
[INFO] [stdout] 
[INFO] [stdout] 
[INFO] [stdout] error: error communicating with database: Cannot assign requested address (os error 99)
[INFO] [stdout]    --> src/services_subadmin.rs:137:19
[INFO] [stdout]     |
[INFO] [stdout] 137 |           let row = sqlx::query_as!( Users,
[INFO] [stdout]     |  ___________________^
[INFO] [stdout] 138 | |             "SELECT user_id, user_name, user_password, user_email, credit FROM users"
[INFO] [stdout] 139 | |         )
[INFO] [stdout]     | |_________^
[INFO] [stdout]     |
[INFO] [stdout]     = note: this error originates in the macro `$crate::sqlx_macros::expand_query` which comes from the expansion of the macro `sqlx::query_as` (in Nightly builds, run with -Z macro-backtrace for more info)
[INFO] [stdout] 
[INFO] [stdout] 
[INFO] [stdout] error: error communicating with database: Cannot assign requested address (os error 99)
[INFO] [stdout]   --> src/services_admin.rs:26:19
[INFO] [stdout]    |
[INFO] [stdout] 26 |           let row = sqlx::query_as!(Users,
[INFO] [stdout]    |  ___________________^
[INFO] [stdout] 27 | |             "INSERT INTO users (user_name, user_password, user_email, credit) VALUES ($1, $2, $3, $4) 
[INFO] [stdout] 28 | |             RETURNING user_id, user_name, user_password, user_email, credit",
[INFO] [stdout] 29 | |             user.user_name, user.user_password, user.user_email, user.credit
[INFO] [stdout] 30 | |         )
[INFO] [stdout]    | |_________^
[INFO] [stdout]    |
[INFO] [stdout]    = note: this error originates in the macro `$crate::sqlx_macros::expand_query` which comes from the expansion of the macro `sqlx::query_as` (in Nightly builds, run with -Z macro-backtrace for more info)
[INFO] [stdout] 
[INFO] [stdout] 
[INFO] [stdout] error: error communicating with database: Cannot assign requested address (os error 99)
[INFO] [stdout]   --> src/services_admin.rs:34:9
[INFO] [stdout]    |
[INFO] [stdout] 34 | /         sqlx::query_as!( Roles,"INSERT INTO roles (role_type, user_id) VALUES($1, $2) 
[INFO] [stdout] 35 | |         RETURNING role_id, role_type, user_id", "SubAdmin".to_string(), row.user_id
[INFO] [stdout] 36 | |         )
[INFO] [stdout]    | |_________^
[INFO] [stdout]    |
[INFO] [stdout]    = note: this error originates in the macro `$crate::sqlx_macros::expand_query` which comes from the expansion of the macro `sqlx::query_as` (in Nightly builds, run with -Z macro-backtrace for more info)
[INFO] [stdout] 
[INFO] [stdout] 
[INFO] [stdout] error: error communicating with database: Cannot assign requested address (os error 99)
[INFO] [stdout]   --> src/services_admin.rs:63:19
[INFO] [stdout]    |
[INFO] [stdout] 63 |           let row = sqlx::query_as!( Users,
[INFO] [stdout]    |  ___________________^
[INFO] [stdout] 64 | |             "SELECT u.user_id, u.user_name, u.user_password, u.user_email, u.credit FROM users u 
[INFO] [stdout] 65 | |             INNER JOIN roles r ON u.user_id = r.user_id
[INFO] [stdout] 66 | |             WHERE r.role_type = $1 ", "SubAdmin".to_string()
[INFO] [stdout] 67 | |         )
[INFO] [stdout]    | |_________^
[INFO] [stdout]    |
[INFO] [stdout]    = note: this error originates in the macro `$crate::sqlx_macros::expand_query` which comes from the expansion of the macro `sqlx::query_as` (in Nightly builds, run with -Z macro-backtrace for more info)
[INFO] [stdout] 
[INFO] [stdout] 
[INFO] [stdout] error: aborting due to 37 previous errors
[INFO] [stdout] 
[INFO] [stdout] 
[INFO] [stderr] error: could not document `rms`
[INFO] [stderr] 
[INFO] [stderr] Caused by:
[INFO] [stderr]   process didn't exit successfully: `/opt/rustwide/rustup-home/toolchains/1.75.0-x86_64-unknown-linux-gnu/bin/rustdoc --edition=2021 --crate-type bin --crate-name rms src/main.rs -o /opt/rustwide/target/doc --error-format=json --json=diagnostic-rendered-ansi,artifacts,future-incompat --document-private-items '-Arustdoc::private-intra-doc-links' -C metadata=41a92864665a2be2 -L dependency=/opt/rustwide/target/debug/deps --extern actix_web=/opt/rustwide/target/debug/deps/libactix_web-7536d469199bd85d.rmeta --extern derive_more=/opt/rustwide/target/debug/deps/libderive_more-453455dff10636a7.so --extern dotenv=/opt/rustwide/target/debug/deps/libdotenv-5c7b155fb9ea380a.rmeta --extern futures_util=/opt/rustwide/target/debug/deps/libfutures_util-9ea30d7b0505cc89.rmeta --extern include_dir=/opt/rustwide/target/debug/deps/libinclude_dir-d8416c685a2f1cbf.rmeta --extern pwhash=/opt/rustwide/target/debug/deps/libpwhash-b65a76fb5c8b51b4.rmeta --extern rand=/opt/rustwide/target/debug/deps/librand-2f0b2de3a6f48112.rmeta --extern serde=/opt/rustwide/target/debug/deps/libserde-838ed7cd50adc001.rmeta --extern serde_json=/opt/rustwide/target/debug/deps/libserde_json-02ec49f77cbaf24a.rmeta --extern sqlx=/opt/rustwide/target/debug/deps/libsqlx-282b9d560e3745e5.rmeta --extern sqlx_pg_migrate=/opt/rustwide/target/debug/deps/libsqlx_pg_migrate-1c39bf54233e6076.rmeta --cap-lints=warn --crate-version 0.1.0` (exit status: 1)
[INFO] [stderr] warning: build failed, waiting for other jobs to finish...
[INFO] running `Command { std: "docker" "inspect" "f0d24e1ee4369380d4fd662209551c7dcee220ef975417bb2da2028363cbdc46", kill_on_drop: false }`
[INFO] running `Command { std: "docker" "rm" "-f" "f0d24e1ee4369380d4fd662209551c7dcee220ef975417bb2da2028363cbdc46", kill_on_drop: false }`
[INFO] [stdout] f0d24e1ee4369380d4fd662209551c7dcee220ef975417bb2da2028363cbdc46
[INFO] documenting SaurabhDayal/RUST-07-Restaurant_Management_System against beta-2023-12-22 for beta-1.76-rustdoc-1
[INFO] running `Command { std: "git" "clone" "/workspace/cache/git-repos/https%3A%2F%2Fgithub.com%2FSaurabhDayal%2FRUST-07-Restaurant_Management_System" "/workspace/builds/worker-5-tc2/source", kill_on_drop: false }`
[INFO] [stderr] Cloning into '/workspace/builds/worker-5-tc2/source'...
[INFO] [stderr] done.
[INFO] validating manifest of git repo https://github.com/SaurabhDayal/RUST-07-Restaurant_Management_System on toolchain beta-2023-12-22
[INFO] running `Command { std: CARGO_HOME="/workspace/cargo-home" RUSTUP_HOME="/workspace/rustup-home" "/workspace/cargo-home/bin/cargo" "+beta-2023-12-22" "metadata" "--manifest-path" "Cargo.toml" "--no-deps", kill_on_drop: false }`
[INFO] started tweaking git repo https://github.com/SaurabhDayal/RUST-07-Restaurant_Management_System
[INFO] finished tweaking git repo https://github.com/SaurabhDayal/RUST-07-Restaurant_Management_System
[INFO] tweaked toml for git repo https://github.com/SaurabhDayal/RUST-07-Restaurant_Management_System written to /workspace/builds/worker-5-tc2/source/Cargo.toml
[INFO] crate git repo https://github.com/SaurabhDayal/RUST-07-Restaurant_Management_System already has a lockfile, it will not be regenerated
[INFO] running `Command { std: CARGO_HOME="/workspace/cargo-home" RUSTUP_HOME="/workspace/rustup-home" "/workspace/cargo-home/bin/cargo" "+beta-2023-12-22" "fetch" "--manifest-path" "Cargo.toml", kill_on_drop: false }`
[INFO] [stderr]     Blocking waiting for file lock on package cache
[INFO] [stderr]     Blocking waiting for file lock on package cache
[INFO] running `Command { std: "docker" "create" "-v" "/var/lib/crater-agent-workspace/builds/worker-5-tc2/target:/opt/rustwide/target:rw,Z" "-v" "/var/lib/crater-agent-workspace/builds/worker-5-tc2/source:/opt/rustwide/workdir:ro,Z" "-v" "/var/lib/crater-agent-workspace/cargo-home:/opt/rustwide/cargo-home:ro,Z" "-v" "/var/lib/crater-agent-workspace/rustup-home:/opt/rustwide/rustup-home:ro,Z" "-e" "SOURCE_DIR=/opt/rustwide/workdir" "-e" "CARGO_TARGET_DIR=/opt/rustwide/target" "-e" "CARGO_HOME=/opt/rustwide/cargo-home" "-e" "RUSTUP_HOME=/opt/rustwide/rustup-home" "-w" "/opt/rustwide/workdir" "-m" "1610612736" "--user" "0:0" "--network" "none" "ghcr.io/rust-lang/crates-build-env/linux@sha256:2788e3201cd34a07e3172128adcd8b3090168a8e3bcc40d7c032b9dda1df7d1c" "/opt/rustwide/cargo-home/bin/cargo" "+beta-2023-12-22" "metadata" "--no-deps" "--format-version=1", kill_on_drop: false }`
[INFO] [stdout] 7d5725c40a7a771ec825a26295825cc460fb1f2a2e28ed1a8494444b57f5ba90
[INFO] running `Command { std: "docker" "start" "-a" "7d5725c40a7a771ec825a26295825cc460fb1f2a2e28ed1a8494444b57f5ba90", kill_on_drop: false }`
[INFO] running `Command { std: "docker" "inspect" "7d5725c40a7a771ec825a26295825cc460fb1f2a2e28ed1a8494444b57f5ba90", kill_on_drop: false }`
[INFO] running `Command { std: "docker" "rm" "-f" "7d5725c40a7a771ec825a26295825cc460fb1f2a2e28ed1a8494444b57f5ba90", kill_on_drop: false }`
[INFO] [stdout] 7d5725c40a7a771ec825a26295825cc460fb1f2a2e28ed1a8494444b57f5ba90
[INFO] running `Command { std: "docker" "create" "-v" "/var/lib/crater-agent-workspace/builds/worker-5-tc2/target:/opt/rustwide/target:rw,Z" "-v" "/var/lib/crater-agent-workspace/builds/worker-5-tc2/source:/opt/rustwide/workdir:ro,Z" "-v" "/var/lib/crater-agent-workspace/cargo-home:/opt/rustwide/cargo-home:ro,Z" "-v" "/var/lib/crater-agent-workspace/rustup-home:/opt/rustwide/rustup-home:ro,Z" "-e" "SOURCE_DIR=/opt/rustwide/workdir" "-e" "CARGO_TARGET_DIR=/opt/rustwide/target" "-e" "CARGO_INCREMENTAL=0" "-e" "RUST_BACKTRACE=full" "-e" "RUSTFLAGS=--cap-lints=warn" "-e" "RUSTDOCFLAGS=--cap-lints=warn" "-e" "CARGO_HOME=/opt/rustwide/cargo-home" "-e" "RUSTUP_HOME=/opt/rustwide/rustup-home" "-w" "/opt/rustwide/workdir" "-m" "1610612736" "--user" "0:0" "--network" "none" "ghcr.io/rust-lang/crates-build-env/linux@sha256:2788e3201cd34a07e3172128adcd8b3090168a8e3bcc40d7c032b9dda1df7d1c" "/opt/rustwide/cargo-home/bin/cargo" "+beta-2023-12-22" "doc" "--frozen" "--no-deps" "--document-private-items" "--message-format=json", kill_on_drop: false }`
[INFO] [stdout] 2c1800bbf15431e419fdd39af621796aa738708072a4b250bfdb22be32917efe
[INFO] running `Command { std: "docker" "start" "-a" "2c1800bbf15431e419fdd39af621796aa738708072a4b250bfdb22be32917efe", kill_on_drop: false }`
[INFO] [stderr]    Compiling libc v0.2.141
[INFO] [stderr]    Compiling proc-macro2 v1.0.56
[INFO] [stderr]    Compiling unicode-ident v1.0.8
[INFO] [stderr]    Compiling quote v1.0.26
[INFO] [stderr]    Compiling parking_lot_core v0.9.7
[INFO] [stderr]     Checking once_cell v1.17.1
[INFO] [stderr]    Compiling serde_derive v1.0.160
[INFO] [stderr]    Compiling serde v1.0.160
[INFO] [stderr]    Compiling lock_api v0.4.9
[INFO] [stderr]    Compiling tokio v1.27.0
[INFO] [stderr]    Compiling log v0.4.17
[INFO] [stderr]     Checking subtle v2.4.1
[INFO] [stderr]    Compiling ahash v0.7.6
[INFO] [stderr]     Checking crypto-common v0.1.6
[INFO] [stderr]    Compiling parking_lot_core v0.8.6
[INFO] [stderr]     Checking cpufeatures v0.2.6
[INFO] [stderr]    Compiling num-traits v0.2.15
[INFO] [stderr]     Checking digest v0.10.6
[INFO] [stderr]    Compiling crossbeam-utils v0.8.15
[INFO] [stderr]    Compiling futures-util v0.3.28
[INFO] [stderr]    Compiling serde_json v1.0.96
[INFO] [stderr]     Checking tracing-core v0.1.30
[INFO] [stderr]    Compiling futures-channel v0.3.28
[INFO] [stderr]    Compiling unicode-normalization v0.1.22
[INFO] [stderr]    Compiling instant v0.1.12
[INFO] [stderr]     Checking unicode-bidi v0.3.13
[INFO] [stderr]    Compiling futures-task v0.3.28
[INFO] [stderr]    Compiling base64 v0.13.1
[INFO] [stderr]    Compiling indexmap v1.9.3
[INFO] [stderr]    Compiling percent-encoding v2.2.0
[INFO] [stderr]    Compiling ppv-lite86 v0.2.17
[INFO] [stderr]     Checking idna v0.3.0
[INFO] [stderr]     Checking tracing v0.1.37
[INFO] [stderr]    Compiling form_urlencoded v1.1.0
[INFO] [stderr]    Compiling hmac v0.12.1
[INFO] [stderr]     Checking digest v0.9.0
[INFO] [stderr]     Checking local-waker v0.1.3
[INFO] [stderr]     Checking alloc-no-stdlib v2.0.4
[INFO] [stderr]    Compiling hashbrown v0.12.3
[INFO] [stderr]    Compiling crc-catalog v1.1.1
[INFO] [stderr]    Compiling zstd-safe v6.0.5+zstd.1.5.4
[INFO] [stderr]    Compiling hkdf v0.12.3
[INFO] [stderr]     Checking alloc-stdlib v0.2.2
[INFO] [stderr]    Compiling stringprep v0.1.2
[INFO] [stderr]    Compiling crc v2.1.0
[INFO] [stderr]     Checking socket2 v0.4.9
[INFO] [stderr]     Checking mio v0.8.6
[INFO] [stderr]     Checking num_cpus v1.15.0
[INFO] [stderr]     Checking signal-hook-registry v1.4.1
[INFO] [stderr]    Compiling jobserver v0.1.26
[INFO] [stderr]    Compiling syn v2.0.14
[INFO] [stderr]     Checking getrandom v0.2.9
[INFO] [stderr]     Checking parking_lot v0.12.1
[INFO] [stderr]    Compiling cc v1.0.79
[INFO] [stderr]     Checking rand_core v0.6.4
[INFO] [stderr]    Compiling syn v1.0.109
[INFO] [stderr]     Checking rand_chacha v0.3.1
[INFO] [stderr]    Compiling hashbrown v0.11.2
[INFO] [stderr]    Compiling dirs-sys v0.3.7
[INFO] [stderr]     Checking rand v0.8.5
[INFO] [stderr]     Checking parking_lot v0.11.2
[INFO] [stderr]    Compiling dirs v4.0.0
[INFO] [stderr]    Compiling atoi v0.4.0
[INFO] [stderr]    Compiling url v2.3.1
[INFO] [stderr]    Compiling hashlink v0.7.0
[INFO] [stderr]    Compiling crossbeam-queue v0.3.8
[INFO] [stderr]    Compiling sha-1 v0.10.1
[INFO] [stderr]    Compiling sha2 v0.10.6
[INFO] [stderr]    Compiling futures-intrusive v0.4.2
[INFO] [stderr]    Compiling md-5 v0.10.5
[INFO] [stderr]    Compiling aho-corasick v0.7.20
[INFO] [stderr]    Compiling ring v0.16.20
[INFO] [stderr]    Compiling zstd-sys v2.0.8+zstd.1.5.5
[INFO] [stderr]     Checking block-buffer v0.9.0
[INFO] [stderr]    Compiling regex-syntax v0.6.29
[INFO] [stderr]    Compiling time-core v0.1.0
[INFO] [stderr]    Compiling whoami v1.4.0
[INFO] [stderr]    Compiling uuid v0.8.2
[INFO] [stderr]    Compiling bitflags v1.3.2
[INFO] [stderr]     Checking miniz_oxide v0.6.2
[INFO] [stderr]    Compiling time-macros v0.2.8
[INFO] [stderr]    Compiling http v0.2.9
[INFO] [stderr]     Checking brotli-decompressor v2.3.4
[INFO] [stderr]     Checking actix-utils v3.0.1
[INFO] [stderr]     Checking actix-service v2.0.2
[INFO] [stderr]    Compiling bytestring v1.3.0
[INFO] [stderr]    Compiling cookie v0.16.2
[INFO] [stderr]    Compiling dotenv v0.15.0
[INFO] [stderr]    Compiling convert_case v0.4.0
[INFO] [stderr]     Checking flate2 v1.0.25
[INFO] [stderr]     Checking ahash v0.8.3
[INFO] [stderr]    Compiling include_dir_macros v0.7.3
[INFO] [stderr]     Checking brotli v3.3.4
[INFO] [stderr]     Checking sha1 v0.10.5
[INFO] [stderr]     Checking crypto-mac v0.10.1
[INFO] [stderr]     Checking cipher v0.2.5
[INFO] [stderr]     Checking language-tags v0.3.2
[INFO] [stderr]     Checking glob v0.3.1
[INFO] [stderr]     Checking hmac v0.10.1
[INFO] [stderr]     Checking md-5 v0.9.1
[INFO] [stderr]     Checking sha2 v0.9.9
[INFO] [stderr]     Checking blowfish v0.7.0
[INFO] [stderr]     Checking sha-1 v0.9.8
[INFO] [stderr]     Checking include_dir v0.7.3
[INFO] [stderr]    Compiling regex v1.7.3
[INFO] [stderr]     Checking pwhash v1.0.0
[INFO] [stderr]     Checking actix-rt v2.8.0
[INFO] [stderr]     Checking tokio-util v0.7.7
[INFO] [stderr]     Checking tokio-stream v0.1.12
[INFO] [stderr]     Checking time v0.3.20
[INFO] [stderr]    Compiling futures-macro v0.3.28
[INFO] [stderr]    Compiling thiserror-impl v1.0.40
[INFO] [stderr]     Checking actix-codec v0.5.0
[INFO] [stderr]     Checking webpki v0.21.4
[INFO] [stderr]     Checking sct v0.6.1
[INFO] [stderr]     Checking rustls v0.19.1
[INFO] [stderr]     Checking webpki-roots v0.21.1
[INFO] [stderr]    Compiling derive_more v0.99.17
[INFO] [stderr]    Compiling actix-macros v0.2.3
[INFO] [stderr]    Compiling thiserror v1.0.40
[INFO] [stderr]     Checking tokio-rustls v0.22.0
[INFO] [stderr]     Checking sqlx-rt v0.5.13
[INFO] [stderr]     Checking local-channel v0.1.3
[INFO] [stderr]     Checking h2 v0.3.16
[INFO] [stderr]     Checking actix-server v2.2.0
[INFO] [stderr]     Checking zstd v0.12.3+zstd.1.5.2
[INFO] [stderr]     Checking either v1.8.1
[INFO] [stderr]     Checking actix-router v0.5.1
[INFO] [stderr]     Checking serde_urlencoded v0.7.1
[INFO] [stderr]     Checking itertools v0.10.5
[INFO] [stderr]     Checking actix-http v3.3.1
[INFO] [stderr]    Compiling actix-web-codegen v4.2.0
[INFO] [stderr]     Checking sqlformat v0.1.8
[INFO] [stderr]     Checking sqlx-core v0.5.13
[INFO] [stderr]     Checking actix-web v4.3.1
[INFO] [stderr]    Compiling sqlx-macros v0.5.13
[INFO] [stderr]     Checking sqlx v0.5.13
[INFO] [stderr]     Checking sqlx-pg-migrate v1.2.0
[INFO] [stderr]  Documenting rms v0.1.0 (/opt/rustwide/workdir)
[INFO] [stdout] error: error communicating with database: Cannot assign requested address (os error 99)
[INFO] [stdout]    --> src/model.rs:110:36
[INFO] [stdout]     |
[INFO] [stdout] 110 |                       let auth_row = sqlx::query_as!(Auths,"SELECT user_token, user_id FROM auths 
[INFO] [stdout]     |  ____________________________________^
[INFO] [stdout] 111 | |                         WHERE user_token =$1", x)
[INFO] [stdout]     | |_________________________________________________^
[INFO] [stdout]     |
[INFO] [stdout]     = note: this error originates in the macro `$crate::sqlx_macros::expand_query` which comes from the expansion of the macro `sqlx::query_as` (in Nightly builds, run with -Z macro-backtrace for more info)
[INFO] [stdout] 
[INFO] [stdout] 
[INFO] [stdout] error: error communicating with database: Cannot assign requested address (os error 99)
[INFO] [stdout]    --> src/model.rs:118:40
[INFO] [stdout]     |
[INFO] [stdout] 118 |   ...                   let user = sqlx::query_as!(Users, 
[INFO] [stdout]     |  __________________________________^
[INFO] [stdout] 119 | | ...                       "SELECT u.user_id, u.user_name, u.user_password, u.user_email, u.credit 
[INFO] [stdout] 120 | | ...                       FROM Users u INNER JOIN Auths a ON u.user_id = a.user_id where u.user_id=$1", 
[INFO] [stdout] 121 | | ...                       a.user_id)
[INFO] [stdout]     | |____________________________________^
[INFO] [stdout]     |
[INFO] [stdout]     = note: this error originates in the macro `$crate::sqlx_macros::expand_query` which comes from the expansion of the macro `sqlx::query_as` (in Nightly builds, run with -Z macro-backtrace for more info)
[INFO] [stdout] 
[INFO] [stdout] 
[INFO] [stdout] error: error communicating with database: Cannot assign requested address (os error 99)
[INFO] [stdout]    --> src/model.rs:133:47
[INFO] [stdout]     |
[INFO] [stdout] 133 |   ...                   user_auth.roles = sqlx::query_as!( Roles,"SELECT role_id, role_type, user_id FROM roles 
[INFO] [stdout]     |  _________________________________________^
[INFO] [stdout] 134 | | ...                       WHERE user_id=$1", user.user_id)
[INFO] [stdout]     | |__________________________________________________________^
[INFO] [stdout]     |
[INFO] [stdout]     = note: this error originates in the macro `$crate::sqlx_macros::expand_query` which comes from the expansion of the macro `sqlx::query_as` (in Nightly builds, run with -Z macro-backtrace for more info)
[INFO] [stdout] 
[INFO] [stdout] 
[INFO] [stdout] error: error communicating with database: Cannot assign requested address (os error 99)
[INFO] [stdout]   --> src/services_user.rs:16:15
[INFO] [stdout]    |
[INFO] [stdout] 16 |       let row = sqlx::query_as!(Users,
[INFO] [stdout]    |  _______________^
[INFO] [stdout] 17 | |         "INSERT INTO users (user_name, user_password, user_email, credit) VALUES ($1, $2, $3, $4) 
[INFO] [stdout] 18 | |         RETURNING user_id, user_name, user_password, user_email, credit",
[INFO] [stdout] 19 | |         user.user_name, user.user_password, user.user_email, 1000
[INFO] [stdout] 20 | |     )
[INFO] [stdout]    | |_____^
[INFO] [stdout]    |
[INFO] [stdout]    = note: this error originates in the macro `$crate::sqlx_macros::expand_query` which comes from the expansion of the macro `sqlx::query_as` (in Nightly builds, run with -Z macro-backtrace for more info)
[INFO] [stdout] 
[INFO] [stdout] 
[INFO] [stdout] error: error communicating with database: Cannot assign requested address (os error 99)
[INFO] [stdout]   --> src/services_user.rs:24:5
[INFO] [stdout]    |
[INFO] [stdout] 24 | /     sqlx::query_as!( Roles,"INSERT INTO roles (role_type, user_id) VALUES($1, $2) 
[INFO] [stdout] 25 | |         RETURNING role_id, role_type, user_id", "User".to_string(), row.user_id
[INFO] [stdout] 26 | |         )
[INFO] [stdout]    | |_________^
[INFO] [stdout]    |
[INFO] [stdout]    = note: this error originates in the macro `$crate::sqlx_macros::expand_query` which comes from the expansion of the macro `sqlx::query_as` (in Nightly builds, run with -Z macro-backtrace for more info)
[INFO] [stdout] 
[INFO] [stdout] 
[INFO] [stdout] error: error communicating with database: Cannot assign requested address (os error 99)
[INFO] [stdout]   --> src/services_user.rs:37:22
[INFO] [stdout]    |
[INFO] [stdout] 37 |       let table_user = sqlx::query_as!(Users, "select user_id, user_name, user_password, user_email, credit from users where user_name =$1",
[INFO] [stdout]    |  ______________________^
[INFO] [stdout] 38 | |          user.user_name)
[INFO] [stdout]    | |________________________^
[INFO] [stdout]    |
[INFO] [stdout]    = note: this error originates in the macro `$crate::sqlx_macros::expand_query` which comes from the expansion of the macro `sqlx::query_as` (in Nightly builds, run with -Z macro-backtrace for more info)
[INFO] [stdout] 
[INFO] [stdout] 
[INFO] [stdout] error: error communicating with database: Cannot assign requested address (os error 99)
[INFO] [stdout]   --> src/services_user.rs:43:19
[INFO] [stdout]    |
[INFO] [stdout] 43 |           let row = sqlx::query_as!(Auths,"Insert into auths (user_id, user_token) VALUES ($1, $2) 
[INFO] [stdout]    |  ___________________^
[INFO] [stdout] 44 | |         RETURNING user_id, user_token", table_user.user_id, user_token)
[INFO] [stdout]    | |_______________________________________________________________________^
[INFO] [stdout]    |
[INFO] [stdout]    = note: this error originates in the macro `$crate::sqlx_macros::expand_query` which comes from the expansion of the macro `sqlx::query_as` (in Nightly builds, run with -Z macro-backtrace for more info)
[INFO] [stdout] 
[INFO] [stdout] 
[INFO] [stdout] error: error communicating with database: Cannot assign requested address (os error 99)
[INFO] [stdout]   --> src/services_user.rs:60:22
[INFO] [stdout]    |
[INFO] [stdout] 60 |       let table_user = sqlx::query_as!(Users, "select user_id, user_name, user_password, user_email, credit from users 
[INFO] [stdout]    |  ______________________^
[INFO] [stdout] 61 | |         WHERE user_name =$1",
[INFO] [stdout] 62 | |         user.user_name)
[INFO] [stdout]    | |_______________________^
[INFO] [stdout]    |
[INFO] [stdout]    = note: this error originates in the macro `$crate::sqlx_macros::expand_query` which comes from the expansion of the macro `sqlx::query_as` (in Nightly builds, run with -Z macro-backtrace for more info)
[INFO] [stdout] 
[INFO] [stdout] 
[INFO] [stdout] error: error communicating with database: Cannot assign requested address (os error 99)
[INFO] [stdout]   --> src/services_user.rs:67:19
[INFO] [stdout]    |
[INFO] [stdout] 67 |         let row = sqlx::query_as!(Auths,"DELETE FROM auths WHERE user_id=$1 RETURNING user_id, user_token", b_id)
[INFO] [stdout]    |                   ^^^^^^^^^^^^^^^^^^^^^^^^^^^^^^^^^^^^^^^^^^^^^^^^^^^^^^^^^^^^^^^^^^^^^^^^^^^^^^^^^^^^^^^^^^^^^^^
[INFO] [stdout]    |
[INFO] [stdout]    = note: this error originates in the macro `$crate::sqlx_macros::expand_query` which comes from the expansion of the macro `sqlx::query_as` (in Nightly builds, run with -Z macro-backtrace for more info)
[INFO] [stdout] 
[INFO] [stdout] 
[INFO] [stdout] error: error communicating with database: Cannot assign requested address (os error 99)
[INFO] [stdout]   --> src/services_user.rs:82:16
[INFO] [stdout]    |
[INFO] [stdout] 82 |       let rows = sqlx::query_as!(Restaurants,
[INFO] [stdout]    |  ________________^
[INFO] [stdout] 83 | |         "SELECT restaurant_id, restaurant_name, restaurant_address, user_id 
[INFO] [stdout] 84 | |         FROM Restaurants"
[INFO] [stdout] 85 | |         )
[INFO] [stdout]    | |_________^
[INFO] [stdout]    |
[INFO] [stdout]    = note: this error originates in the macro `$crate::sqlx_macros::expand_query` which comes from the expansion of the macro `sqlx::query_as` (in Nightly builds, run with -Z macro-backtrace for more info)
[INFO] [stdout] 
[INFO] [stdout] 
[INFO] [stdout] error: error communicating with database: Cannot assign requested address (os error 99)
[INFO] [stdout]    --> src/services_user.rs:99:16
[INFO] [stdout]     |
[INFO] [stdout] 99  |       let rows = sqlx::query_as!( Dishes,
[INFO] [stdout]     |  ________________^
[INFO] [stdout] 100 | |             "SELECT dish_id, dish_name, dish_cost, restaurant_id, user_id, time
[INFO] [stdout] 101 | |             FROM dishes WHERE restaurant_id=$1", res_id
[INFO] [stdout] 102 | |         )
[INFO] [stdout]     | |_________^
[INFO] [stdout]     |
[INFO] [stdout]     = note: this error originates in the macro `$crate::sqlx_macros::expand_query` which comes from the expansion of the macro `sqlx::query_as` (in Nightly builds, run with -Z macro-backtrace for more info)
[INFO] [stdout] 
[INFO] [stdout] 
[INFO] [stdout] error: error communicating with database: Cannot assign requested address (os error 99)
[INFO] [stdout]    --> src/services_user.rs:116:15
[INFO] [stdout]     |
[INFO] [stdout] 116 |       let row = sqlx::query_as!(Addresses,
[INFO] [stdout]     |  _______________^
[INFO] [stdout] 117 | |             "INSERT INTO addresses (address_name, address_lat, address_lng, user_id) VALUES ($1, $2, $3, $4) 
[INFO] [stdout] 118 | |             RETURNING address_id, address_name, address_lat, address_lng, user_id",
[INFO] [stdout] 119 | |             a.address_name, a.address_lat, a.address_lng, a.user_id
[INFO] [stdout] 120 | |         )
[INFO] [stdout]     | |_________^
[INFO] [stdout]     |
[INFO] [stdout]     = note: this error originates in the macro `$crate::sqlx_macros::expand_query` which comes from the expansion of the macro `sqlx::query_as` (in Nightly builds, run with -Z macro-backtrace for more info)
[INFO] [stdout] 
[INFO] [stdout] 
[INFO] [stdout] error: error communicating with database: Cannot assign requested address (os error 99)
[INFO] [stdout]    --> src/services_user.rs:135:18
[INFO] [stdout]     |
[INFO] [stdout] 135 |       let user_add=sqlx::query_as!( Addresses, 
[INFO] [stdout]     |  __________________^
[INFO] [stdout] 136 | |         "SELECT address_id, address_name, address_lat, address_lng, user_id FROM addresses WHERE address_id=$1", user_add_id         
[INFO] [stdout] 137 | |     )
[INFO] [stdout]     | |_____^
[INFO] [stdout]     |
[INFO] [stdout]     = note: this error originates in the macro `$crate::sqlx_macros::expand_query` which comes from the expansion of the macro `sqlx::query_as` (in Nightly builds, run with -Z macro-backtrace for more info)
[INFO] [stdout] 
[INFO] [stdout] 
[INFO] [stdout] error: error communicating with database: Cannot assign requested address (os error 99)
[INFO] [stdout]    --> src/services_user.rs:141:18
[INFO] [stdout]     |
[INFO] [stdout] 141 |       let res_add= sqlx::query_as!( Addresses,
[INFO] [stdout]     |  __________________^
[INFO] [stdout] 142 | |         "SELECT address_id, address_name, address_lat, address_lng, user_id FROM addresses WHERE address_id=$1", res_id         
[INFO] [stdout] 143 | |     )
[INFO] [stdout]     | |_____^
[INFO] [stdout]     |
[INFO] [stdout]     = note: this error originates in the macro `$crate::sqlx_macros::expand_query` which comes from the expansion of the macro `sqlx::query_as` (in Nightly builds, run with -Z macro-backtrace for more info)
[INFO] [stdout] 
[INFO] [stdout] 
[INFO] [stdout] error: error communicating with database: Cannot assign requested address (os error 99)
[INFO] [stdout]   --> src/service_orders.rs:15:19
[INFO] [stdout]    |
[INFO] [stdout] 15 |       let dish_row= sqlx::query_as!( Dishes,
[INFO] [stdout]    |  ___________________^
[INFO] [stdout] 16 | |         "SELECT dish_id, dish_name, dish_cost, restaurant_id, user_id, time FROM dishes WHERE dish_id=$1", dish_id         
[INFO] [stdout] 17 | |     )
[INFO] [stdout]    | |_____^
[INFO] [stdout]    |
[INFO] [stdout]    = note: this error originates in the macro `$crate::sqlx_macros::expand_query` which comes from the expansion of the macro `sqlx::query_as` (in Nightly builds, run with -Z macro-backtrace for more info)
[INFO] [stdout] 
[INFO] [stdout] 
[INFO] [stdout] error: error communicating with database: Cannot assign requested address (os error 99)
[INFO] [stdout]   --> src/service_orders.rs:22:15
[INFO] [stdout]    |
[INFO] [stdout] 22 |       let row = sqlx::query_as!( Orders,
[INFO] [stdout]    |  _______________^
[INFO] [stdout] 23 | |             "INSERT INTO orders (d_id, time, user_id, is_delivered) VALUES ($1, $2, $3, $4) 
[INFO] [stdout] 24 | |             RETURNING id, d_id, time, user_id, is_delivered",
[INFO] [stdout] 25 | |             dish_row.dish_id, dish_row.time, usr.user_id, false
[INFO] [stdout] 26 | |         )
[INFO] [stdout]    | |_________^
[INFO] [stdout]    |
[INFO] [stdout]    = note: this error originates in the macro `$crate::sqlx_macros::expand_query` which comes from the expansion of the macro `sqlx::query_as` (in Nightly builds, run with -Z macro-backtrace for more info)
[INFO] [stdout] 
[INFO] [stdout] 
[INFO] [stdout] error: error communicating with database: Cannot assign requested address (os error 99)
[INFO] [stdout]   --> src/service_orders.rs:31:5
[INFO] [stdout]    |
[INFO] [stdout] 31 | /     sqlx::query_as!(Users,
[INFO] [stdout] 32 | |         "UPDATE users SET credit = $1 WHERE user_id = $2 RETURNING user_id, user_name, user_password, user_email, credit",
[INFO] [stdout] 33 | |         usr.credit - dish_row.dish_cost , usr.user_id
[INFO] [stdout] 34 | |         )
[INFO] [stdout]    | |_________^
[INFO] [stdout]    |
[INFO] [stdout]    = note: this error originates in the macro `$crate::sqlx_macros::expand_query` which comes from the expansion of the macro `sqlx::query_as` (in Nightly builds, run with -Z macro-backtrace for more info)
[INFO] [stdout] 
[INFO] [stdout] 
[INFO] [stdout] error: error communicating with database: Cannot assign requested address (os error 99)
[INFO] [stdout]   --> src/service_orders.rs:39:22
[INFO] [stdout]    |
[INFO] [stdout] 39 |       let dish_owner = sqlx::query_as!( Users, 
[INFO] [stdout]    |  ______________________^
[INFO] [stdout] 40 | |         "SELECT user_id, user_name, user_password, user_email, credit FROM users 
[INFO] [stdout] 41 | |         WHERE user_id=$1", dish_row.user_id
[INFO] [stdout] 42 | |         )
[INFO] [stdout]    | |_________^
[INFO] [stdout]    |
[INFO] [stdout]    = note: this error originates in the macro `$crate::sqlx_macros::expand_query` which comes from the expansion of the macro `sqlx::query_as` (in Nightly builds, run with -Z macro-backtrace for more info)
[INFO] [stdout] 
[INFO] [stdout] 
[INFO] [stdout] error: error communicating with database: Cannot assign requested address (os error 99)
[INFO] [stdout]   --> src/service_orders.rs:47:5
[INFO] [stdout]    |
[INFO] [stdout] 47 | /     sqlx::query_as!(Users,
[INFO] [stdout] 48 | |         "UPDATE users SET credit = $1 WHERE user_id = $2 RETURNING user_id, user_name, user_password, user_email, credit",
[INFO] [stdout] 49 | |         dish_owner.credit + dish_row.dish_cost , dish_row.user_id
[INFO] [stdout] 50 | |         )
[INFO] [stdout]    | |_________^
[INFO] [stdout]    |
[INFO] [stdout]    = note: this error originates in the macro `$crate::sqlx_macros::expand_query` which comes from the expansion of the macro `sqlx::query_as` (in Nightly builds, run with -Z macro-backtrace for more info)
[INFO] [stdout] 
[INFO] [stdout] 
[INFO] [stdout] error: error communicating with database: Cannot assign requested address (os error 99)
[INFO] [stdout]   --> src/service_orders.rs:65:20
[INFO] [stdout]    |
[INFO] [stdout] 65 |       let order_row= sqlx::query_as!( Orders,
[INFO] [stdout]    |  ____________________^
[INFO] [stdout] 66 | |         "SELECT id, d_id, time, user_id, is_delivered FROM orders WHERE id=$1", order_id         
[INFO] [stdout] 67 | |         )
[INFO] [stdout]    | |_________^
[INFO] [stdout]    |
[INFO] [stdout]    = note: this error originates in the macro `$crate::sqlx_macros::expand_query` which comes from the expansion of the macro `sqlx::query_as` (in Nightly builds, run with -Z macro-backtrace for more info)
[INFO] [stdout] 
[INFO] [stdout] 
[INFO] [stdout] error: error communicating with database: Cannot assign requested address (os error 99)
[INFO] [stdout]   --> src/service_orders.rs:74:19
[INFO] [stdout]    |
[INFO] [stdout] 74 |       let dish_row= sqlx::query_as!( Dishes,
[INFO] [stdout]    |  ___________________^
[INFO] [stdout] 75 | |         "SELECT dish_id, dish_name, dish_cost, restaurant_id, user_id, time FROM dishes 
[INFO] [stdout] 76 | |         WHERE dish_id=$1", order_row.d_id         
[INFO] [stdout] 77 | |     )
[INFO] [stdout]    | |_____^
[INFO] [stdout]    |
[INFO] [stdout]    = note: this error originates in the macro `$crate::sqlx_macros::expand_query` which comes from the expansion of the macro `sqlx::query_as` (in Nightly builds, run with -Z macro-backtrace for more info)
[INFO] [stdout] 
[INFO] [stdout] 
[INFO] [stdout] error: error communicating with database: Cannot assign requested address (os error 99)
[INFO] [stdout]   --> src/service_orders.rs:89:9
[INFO] [stdout]    |
[INFO] [stdout] 89 | /         sqlx::query_as!(Users,
[INFO] [stdout] 90 | |             "UPDATE users SET credit = $1 WHERE user_id = $2 
[INFO] [stdout] 91 | |             RETURNING user_id, user_name, user_password, user_email, credit",
[INFO] [stdout] 92 | |             usr.credit + dish_row.dish_cost , usr.user_id
[INFO] [stdout] 93 | |             )
[INFO] [stdout]    | |_____________^
[INFO] [stdout]    |
[INFO] [stdout]    = note: this error originates in the macro `$crate::sqlx_macros::expand_query` which comes from the expansion of the macro `sqlx::query_as` (in Nightly builds, run with -Z macro-backtrace for more info)
[INFO] [stdout] 
[INFO] [stdout] 
[INFO] [stdout] error: error communicating with database: Cannot assign requested address (os error 99)
[INFO] [stdout]    --> src/service_orders.rs:98:26
[INFO] [stdout]     |
[INFO] [stdout] 98  |           let dish_owner = sqlx::query_as!( Users, 
[INFO] [stdout]     |  __________________________^
[INFO] [stdout] 99  | |             "SELECT user_id, user_name, user_password, user_email, credit FROM users 
[INFO] [stdout] 100 | |             WHERE user_id=$1", dish_row.user_id
[INFO] [stdout] 101 | |             )
[INFO] [stdout]     | |_____________^
[INFO] [stdout]     |
[INFO] [stdout]     = note: this error originates in the macro `$crate::sqlx_macros::expand_query` which comes from the expansion of the macro `sqlx::query_as` (in Nightly builds, run with -Z macro-backtrace for more info)
[INFO] [stdout] 
[INFO] [stdout] 
[INFO] [stdout] error: error communicating with database: Cannot assign requested address (os error 99)
[INFO] [stdout]    --> src/service_orders.rs:106:9
[INFO] [stdout]     |
[INFO] [stdout] 106 | /         sqlx::query_as!(Users,
[INFO] [stdout] 107 | |             "UPDATE users SET credit = $1 WHERE user_id = $2 
[INFO] [stdout] 108 | |             RETURNING user_id, user_name, user_password, user_email, credit",
[INFO] [stdout] 109 | |             dish_owner.credit - dish_row.dish_cost , dish_row.user_id
[INFO] [stdout] 110 | |             )
[INFO] [stdout]     | |_____________^
[INFO] [stdout]     |
[INFO] [stdout]     = note: this error originates in the macro `$crate::sqlx_macros::expand_query` which comes from the expansion of the macro `sqlx::query_as` (in Nightly builds, run with -Z macro-backtrace for more info)
[INFO] [stdout] 
[INFO] [stdout] 
[INFO] [stdout] error: error communicating with database: Cannot assign requested address (os error 99)
[INFO] [stdout]    --> src/service_orders.rs:115:19
[INFO] [stdout]     |
[INFO] [stdout] 115 |           let row = sqlx::query_as!( Orders,
[INFO] [stdout]     |  ___________________^
[INFO] [stdout] 116 | |             "DELETE FROM orders WHERE id=$1 
[INFO] [stdout] 117 | |             RETURNING id, d_id, time, user_id, is_delivered",
[INFO] [stdout] 118 | |             order_row.id
[INFO] [stdout] 119 | |             )
[INFO] [stdout]     | |_____________^
[INFO] [stdout]     |
[INFO] [stdout]     = note: this error originates in the macro `$crate::sqlx_macros::expand_query` which comes from the expansion of the macro `sqlx::query_as` (in Nightly builds, run with -Z macro-backtrace for more info)
[INFO] [stdout] 
[INFO] [stdout] 
[INFO] [stdout] error: error communicating with database: Cannot assign requested address (os error 99)
[INFO] [stdout]    --> src/service_orders.rs:138:20
[INFO] [stdout]     |
[INFO] [stdout] 138 |       let order_row= sqlx::query_as!( Orders,
[INFO] [stdout]     |  ____________________^
[INFO] [stdout] 139 | |         "SELECT id, d_id, time, user_id, is_delivered FROM orders WHERE id=$1", order_id         
[INFO] [stdout] 140 | |         )
[INFO] [stdout]     | |_________^
[INFO] [stdout]     |
[INFO] [stdout]     = note: this error originates in the macro `$crate::sqlx_macros::expand_query` which comes from the expansion of the macro `sqlx::query_as` (in Nightly builds, run with -Z macro-backtrace for more info)
[INFO] [stdout] 
[INFO] [stdout] 
[INFO] [stdout] error: error communicating with database: Cannot assign requested address (os error 99)
[INFO] [stdout]    --> src/service_orders.rs:148:19
[INFO] [stdout]     |
[INFO] [stdout] 148 |           let row = sqlx::query_as!(Orders,
[INFO] [stdout]     |  ___________________^
[INFO] [stdout] 149 | |             "UPDATE orders SET is_delivered = $1 WHERE id = $2 
[INFO] [stdout] 150 | |             RETURNING id, d_id, time, user_id, is_delivered",
[INFO] [stdout] 151 | |             true, order_row.id
[INFO] [stdout] 152 | |         )
[INFO] [stdout]     | |_________^
[INFO] [stdout]     |
[INFO] [stdout]     = note: this error originates in the macro `$crate::sqlx_macros::expand_query` which comes from the expansion of the macro `sqlx::query_as` (in Nightly builds, run with -Z macro-backtrace for more info)
[INFO] [stdout] 
[INFO] [stdout] 
[INFO] [stdout] error: error communicating with database: Cannot assign requested address (os error 99)
[INFO] [stdout]   --> src/services_subadmin.rs:20:19
[INFO] [stdout]    |
[INFO] [stdout] 20 |           let row = sqlx::query_as!( Restaurants,
[INFO] [stdout]    |  ___________________^
[INFO] [stdout] 21 | |             "INSERT INTO restaurants (restaurant_name, restaurant_address, user_id) VALUES ($1, $2, $3) 
[INFO] [stdout] 22 | |             RETURNING restaurant_id, restaurant_name, restaurant_address, user_id",
[INFO] [stdout] 23 | |             res.restaurant_name, res.restaurant_address, usr.user_id
[INFO] [stdout] 24 | |         )
[INFO] [stdout]    | |_________^
[INFO] [stdout]    |
[INFO] [stdout]    = note: this error originates in the macro `$crate::sqlx_macros::expand_query` which comes from the expansion of the macro `sqlx::query_as` (in Nightly builds, run with -Z macro-backtrace for more info)
[INFO] [stdout] 
[INFO] [stdout] 
[INFO] [stdout] error: error communicating with database: Cannot assign requested address (os error 99)
[INFO] [stdout]   --> src/services_subadmin.rs:43:19
[INFO] [stdout]    |
[INFO] [stdout] 43 |           let row = sqlx::query_as!( Dishes,
[INFO] [stdout]    |  ___________________^
[INFO] [stdout] 44 | |             "INSERT INTO dishes (dish_name, dish_cost, restaurant_id, user_id, time) VALUES ($1, $2, $3, $4, $5) 
[INFO] [stdout] 45 | |             RETURNING dish_id, dish_name, dish_cost, restaurant_id, user_id, time",
[INFO] [stdout] 46 | |             d.dish_name, d.dish_cost, d.restaurant_id, usr.user_id, d.time
[INFO] [stdout] 47 | |         )
[INFO] [stdout]    | |_________^
[INFO] [stdout]    |
[INFO] [stdout]    = note: this error originates in the macro `$crate::sqlx_macros::expand_query` which comes from the expansion of the macro `sqlx::query_as` (in Nightly builds, run with -Z macro-backtrace for more info)
[INFO] [stdout] 
[INFO] [stdout] 
[INFO] [stdout] error: error communicating with database: Cannot assign requested address (os error 99)
[INFO] [stdout]   --> src/services_subadmin.rs:68:20
[INFO] [stdout]    |
[INFO] [stdout] 68 |           let rows = sqlx::query_as!(Restaurants,
[INFO] [stdout]    |  ____________________^
[INFO] [stdout] 69 | |             "SELECT restaurant_id, restaurant_name, restaurant_address, user_id 
[INFO] [stdout] 70 | |             FROM Restaurants"
[INFO] [stdout] 71 | |         )
[INFO] [stdout]    | |_________^
[INFO] [stdout]    |
[INFO] [stdout]    = note: this error originates in the macro `$crate::sqlx_macros::expand_query` which comes from the expansion of the macro `sqlx::query_as` (in Nightly builds, run with -Z macro-backtrace for more info)
[INFO] [stdout] 
[INFO] [stdout] 
[INFO] [stdout] error: error communicating with database: Cannot assign requested address (os error 99)
[INFO] [stdout]   --> src/services_subadmin.rs:78:20
[INFO] [stdout]    |
[INFO] [stdout] 78 |           let rows = sqlx::query_as!(Restaurants,
[INFO] [stdout]    |  ____________________^
[INFO] [stdout] 79 | |             "SELECT restaurant_id, restaurant_name, restaurant_address, user_id 
[INFO] [stdout] 80 | |             FROM Restaurants WHERE user_id=$1", usr.user_id
[INFO] [stdout] 81 | |         )
[INFO] [stdout]    | |_________^
[INFO] [stdout]    |
[INFO] [stdout]    = note: this error originates in the macro `$crate::sqlx_macros::expand_query` which comes from the expansion of the macro `sqlx::query_as` (in Nightly builds, run with -Z macro-backtrace for more info)
[INFO] [stdout] 
[INFO] [stdout] 
[INFO] [stdout] error: error communicating with database: Cannot assign requested address (os error 99)
[INFO] [stdout]    --> src/services_subadmin.rs:102:20
[INFO] [stdout]     |
[INFO] [stdout] 102 |           let rows = sqlx::query_as!(Dishes,
[INFO] [stdout]     |  ____________________^
[INFO] [stdout] 103 | |             "SELECT dish_id, dish_name, dish_cost, restaurant_id, user_id, time
[INFO] [stdout] 104 | |             FROM dishes"
[INFO] [stdout] 105 | |         )
[INFO] [stdout]     | |_________^
[INFO] [stdout]     |
[INFO] [stdout]     = note: this error originates in the macro `$crate::sqlx_macros::expand_query` which comes from the expansion of the macro `sqlx::query_as` (in Nightly builds, run with -Z macro-backtrace for more info)
[INFO] [stdout] 
[INFO] [stdout] 
[INFO] [stdout] error: error communicating with database: Cannot assign requested address (os error 99)
[INFO] [stdout]    --> src/services_subadmin.rs:112:20
[INFO] [stdout]     |
[INFO] [stdout] 112 |           let rows = sqlx::query_as!(Dishes,
[INFO] [stdout]     |  ____________________^
[INFO] [stdout] 113 | |             "SELECT dish_id, dish_name, dish_cost, restaurant_id, user_id, time 
[INFO] [stdout] 114 | |             FROM dishes WHERE user_id=$1", usr.user_id
[INFO] [stdout] 115 | |         )
[INFO] [stdout]     | |_________^
[INFO] [stdout]     |
[INFO] [stdout]     = note: this error originates in the macro `$crate::sqlx_macros::expand_query` which comes from the expansion of the macro `sqlx::query_as` (in Nightly builds, run with -Z macro-backtrace for more info)
[INFO] [stdout] 
[INFO] [stdout] 
[INFO] [stdout] error: error communicating with database: Cannot assign requested address (os error 99)
[INFO] [stdout]    --> src/services_subadmin.rs:137:19
[INFO] [stdout]     |
[INFO] [stdout] 137 |           let row = sqlx::query_as!( Users,
[INFO] [stdout]     |  ___________________^
[INFO] [stdout] 138 | |             "SELECT user_id, user_name, user_password, user_email, credit FROM users"
[INFO] [stdout] 139 | |         )
[INFO] [stdout]     | |_________^
[INFO] [stdout]     |
[INFO] [stdout]     = note: this error originates in the macro `$crate::sqlx_macros::expand_query` which comes from the expansion of the macro `sqlx::query_as` (in Nightly builds, run with -Z macro-backtrace for more info)
[INFO] [stdout] 
[INFO] [stdout] 
[INFO] [stdout] error: error communicating with database: Cannot assign requested address (os error 99)
[INFO] [stdout]   --> src/services_admin.rs:26:19
[INFO] [stdout]    |
[INFO] [stdout] 26 |           let row = sqlx::query_as!(Users,
[INFO] [stdout]    |  ___________________^
[INFO] [stdout] 27 | |             "INSERT INTO users (user_name, user_password, user_email, credit) VALUES ($1, $2, $3, $4) 
[INFO] [stdout] 28 | |             RETURNING user_id, user_name, user_password, user_email, credit",
[INFO] [stdout] 29 | |             user.user_name, user.user_password, user.user_email, user.credit
[INFO] [stdout] 30 | |         )
[INFO] [stdout]    | |_________^
[INFO] [stdout]    |
[INFO] [stdout]    = note: this error originates in the macro `$crate::sqlx_macros::expand_query` which comes from the expansion of the macro `sqlx::query_as` (in Nightly builds, run with -Z macro-backtrace for more info)
[INFO] [stdout] 
[INFO] [stdout] 
[INFO] [stdout] error: error communicating with database: Cannot assign requested address (os error 99)
[INFO] [stdout]   --> src/services_admin.rs:34:9
[INFO] [stdout]    |
[INFO] [stdout] 34 | /         sqlx::query_as!( Roles,"INSERT INTO roles (role_type, user_id) VALUES($1, $2) 
[INFO] [stdout] 35 | |         RETURNING role_id, role_type, user_id", "SubAdmin".to_string(), row.user_id
[INFO] [stdout] 36 | |         )
[INFO] [stdout]    | |_________^
[INFO] [stdout]    |
[INFO] [stdout]    = note: this error originates in the macro `$crate::sqlx_macros::expand_query` which comes from the expansion of the macro `sqlx::query_as` (in Nightly builds, run with -Z macro-backtrace for more info)
[INFO] [stdout] 
[INFO] [stdout] 
[INFO] [stdout] error: error communicating with database: Cannot assign requested address (os error 99)
[INFO] [stdout]   --> src/services_admin.rs:63:19
[INFO] [stdout]    |
[INFO] [stdout] 63 |           let row = sqlx::query_as!( Users,
[INFO] [stdout]    |  ___________________^
[INFO] [stdout] 64 | |             "SELECT u.user_id, u.user_name, u.user_password, u.user_email, u.credit FROM users u 
[INFO] [stdout] 65 | |             INNER JOIN roles r ON u.user_id = r.user_id
[INFO] [stdout] 66 | |             WHERE r.role_type = $1 ", "SubAdmin".to_string()
[INFO] [stdout] 67 | |         )
[INFO] [stdout]    | |_________^
[INFO] [stdout]    |
[INFO] [stdout]    = note: this error originates in the macro `$crate::sqlx_macros::expand_query` which comes from the expansion of the macro `sqlx::query_as` (in Nightly builds, run with -Z macro-backtrace for more info)
[INFO] [stdout] 
[INFO] [stdout] 
[INFO] [stdout] error: aborting due to 37 previous errors
[INFO] [stdout] 
[INFO] [stdout] 
[INFO] [stderr] error: could not document `rms`
[INFO] [stderr] 
[INFO] [stderr] Caused by:
[INFO] [stderr]   process didn't exit successfully: `/opt/rustwide/rustup-home/toolchains/beta-2023-12-22-x86_64-unknown-linux-gnu/bin/rustdoc --edition=2021 --crate-type bin --crate-name rms src/main.rs -o /opt/rustwide/target/doc --error-format=json --json=diagnostic-rendered-ansi,artifacts,future-incompat --document-private-items '-Arustdoc::private-intra-doc-links' -C metadata=d19b0d208afeb844 -L dependency=/opt/rustwide/target/debug/deps --extern actix_web=/opt/rustwide/target/debug/deps/libactix_web-9842f1a9cafa5289.rmeta --extern derive_more=/opt/rustwide/target/debug/deps/libderive_more-4bd2b7aea3134694.so --extern dotenv=/opt/rustwide/target/debug/deps/libdotenv-f0e4f3654fb7f16b.rmeta --extern futures_util=/opt/rustwide/target/debug/deps/libfutures_util-0d3989fe504a3c9b.rmeta --extern include_dir=/opt/rustwide/target/debug/deps/libinclude_dir-6e08d78fa893e53b.rmeta --extern pwhash=/opt/rustwide/target/debug/deps/libpwhash-ed56ebebd222b518.rmeta --extern rand=/opt/rustwide/target/debug/deps/librand-cbad32a7fcc2cb18.rmeta --extern serde=/opt/rustwide/target/debug/deps/libserde-0e72da4684d289aa.rmeta --extern serde_json=/opt/rustwide/target/debug/deps/libserde_json-bbeccf4a8017d526.rmeta --extern sqlx=/opt/rustwide/target/debug/deps/libsqlx-93d3b1a40f2c48ed.rmeta --extern sqlx_pg_migrate=/opt/rustwide/target/debug/deps/libsqlx_pg_migrate-dd736a732a9fce33.rmeta --cap-lints=warn --crate-version 0.1.0` (exit status: 1)
[INFO] [stderr] warning: build failed, waiting for other jobs to finish...
[INFO] running `Command { std: "docker" "inspect" "2c1800bbf15431e419fdd39af621796aa738708072a4b250bfdb22be32917efe", kill_on_drop: false }`
[INFO] running `Command { std: "docker" "rm" "-f" "2c1800bbf15431e419fdd39af621796aa738708072a4b250bfdb22be32917efe", kill_on_drop: false }`
[INFO] [stdout] 2c1800bbf15431e419fdd39af621796aa738708072a4b250bfdb22be32917efe
