[INFO] cloning repository https://github.com/SatsBridge/hawala
[INFO] running `Command { std: "git" "-c" "credential.helper=" "-c" "credential.helper=/workspace/cargo-home/bin/git-credential-null" "clone" "--bare" "https://github.com/SatsBridge/hawala" "/workspace/cache/git-repos/https%3A%2F%2Fgithub.com%2FSatsBridge%2Fhawala", kill_on_drop: false }`
[INFO] [stderr] Cloning into bare repository '/workspace/cache/git-repos/https%3A%2F%2Fgithub.com%2FSatsBridge%2Fhawala'...
[INFO] running `Command { std: "git" "rev-parse" "HEAD", kill_on_drop: false }`
[INFO] [stdout] d1d1f61d149a9d92dfa17ced3ccdf272a54994a0
[INFO] documenting SatsBridge/hawala against 1.75.0 for beta-1.76-rustdoc-1
[INFO] running `Command { std: "git" "clone" "/workspace/cache/git-repos/https%3A%2F%2Fgithub.com%2FSatsBridge%2Fhawala" "/workspace/builds/worker-4-tc1/source", kill_on_drop: false }`
[INFO] [stderr] Cloning into '/workspace/builds/worker-4-tc1/source'...
[INFO] [stderr] done.
[INFO] validating manifest of git repo https://github.com/SatsBridge/hawala on toolchain 1.75.0
[INFO] running `Command { std: CARGO_HOME="/workspace/cargo-home" RUSTUP_HOME="/workspace/rustup-home" "/workspace/cargo-home/bin/cargo" "+1.75.0" "metadata" "--manifest-path" "Cargo.toml" "--no-deps", kill_on_drop: false }`
[INFO] started tweaking git repo https://github.com/SatsBridge/hawala
[INFO] finished tweaking git repo https://github.com/SatsBridge/hawala
[INFO] tweaked toml for git repo https://github.com/SatsBridge/hawala written to /workspace/builds/worker-4-tc1/source/Cargo.toml
[INFO] crate git repo https://github.com/SatsBridge/hawala already has a lockfile, it will not be regenerated
[INFO] running `Command { std: CARGO_HOME="/workspace/cargo-home" RUSTUP_HOME="/workspace/rustup-home" "/workspace/cargo-home/bin/cargo" "+1.75.0" "fetch" "--manifest-path" "Cargo.toml", kill_on_drop: false }`
[INFO] [stderr]     Updating crates.io index
[INFO] [stderr]     Updating git repository `https://github.com/paritytech/polkadot-sdk.git`
[INFO] [stderr]     Updating git repository `https://github.com/scs/substrate-api-client.git`
[INFO] [stderr]     Updating git repository `https://github.com/w3f/ring-vrf`
[INFO] [stderr]     Updating git repository `https://github.com/kianenigma/simple-mermaid.git`
[INFO] [stderr]     Updating git repository `https://github.com/w3f/fflonk`
[INFO] [stderr]     Updating git repository `https://github.com/w3f/ring-proof`
[INFO] [stderr]     Updating git repository `https://github.com/paritytech/arkworks-substrate`
[INFO] [stderr]     Blocking waiting for file lock on package cache
[INFO] [stderr]  Downloading crates ...
[INFO] [stderr]   Downloaded wasmi_core v0.13.0
[INFO] [stderr]   Downloaded proc-macro-warning v1.0.0
[INFO] [stderr]   Downloaded scale-decode-derive v0.10.0
[INFO] [stderr]   Downloaded ark-ed-on-bls12-377-ext v0.4.1
[INFO] [stderr]   Downloaded getrandom_or_panic v0.0.3
[INFO] [stderr]   Downloaded scale-encode-derive v0.5.0
[INFO] [stderr]   Downloaded ark-bls12-377-ext v0.4.1
[INFO] [stderr]   Downloaded ark-scale v0.0.12
[INFO] [stderr]   Downloaded indexmap-nostd v0.4.0
[INFO] [stderr]   Downloaded ark-bw6-761-ext v0.4.1
[INFO] [stderr]   Downloaded scale-bits v0.4.0
[INFO] [stderr]   Downloaded jsonrpsee-client-transport v0.16.3
[INFO] [stderr]   Downloaded scale-value v0.13.0
[INFO] [stderr]   Downloaded secp256k1 v0.28.0
[INFO] [stderr]   Downloaded wasmparser-nostd v0.100.1
[INFO] [stderr]   Downloaded ark-bls12-381-ext v0.4.1
[INFO] [stderr]   Downloaded wasmi v0.31.1
[INFO] [stderr]   Downloaded aquamarine v0.3.2
[INFO] [stderr]   Downloaded secp256k1-sys v0.9.1
[INFO] [stderr]   Downloaded wabt-sys v0.8.0
[INFO] [stderr]   Downloaded scale-decode v0.10.0
[INFO] [stderr]   Downloaded wasm-instrument v0.4.0
[INFO] [stderr]   Downloaded ark-ed-on-bls12-377 v0.4.0
[INFO] [stderr]   Downloaded ark-ed-on-bls12-381-bandersnatch-ext v0.4.1
[INFO] [stderr]   Downloaded wasmi_arena v0.4.0
[INFO] [stderr]   Downloaded scale-encode v0.5.0
[INFO] [stderr]   Downloaded ark-bw6-761 v0.4.0
[INFO] [stderr]   Downloaded wabt v0.10.0
[INFO] [stderr]   Downloaded ark-ed-on-bls12-381-bandersnatch v0.4.0
[INFO] [stderr]   Downloaded ss58-registry v1.44.0
[INFO] [stderr]   Downloaded ark-models-ext v0.4.1
[INFO] [stderr]   Downloaded cln-plugin v0.1.7
[INFO] [stderr]   Downloaded cln-rpc v0.1.7
[INFO] running `Command { std: "docker" "create" "-v" "/var/lib/crater-agent-workspace/builds/worker-4-tc1/target:/opt/rustwide/target:rw,Z" "-v" "/var/lib/crater-agent-workspace/builds/worker-4-tc1/source:/opt/rustwide/workdir:ro,Z" "-v" "/var/lib/crater-agent-workspace/cargo-home:/opt/rustwide/cargo-home:ro,Z" "-v" "/var/lib/crater-agent-workspace/rustup-home:/opt/rustwide/rustup-home:ro,Z" "-e" "SOURCE_DIR=/opt/rustwide/workdir" "-e" "CARGO_TARGET_DIR=/opt/rustwide/target" "-e" "CARGO_HOME=/opt/rustwide/cargo-home" "-e" "RUSTUP_HOME=/opt/rustwide/rustup-home" "-w" "/opt/rustwide/workdir" "-m" "1610612736" "--user" "0:0" "--network" "none" "ghcr.io/rust-lang/crates-build-env/linux@sha256:2788e3201cd34a07e3172128adcd8b3090168a8e3bcc40d7c032b9dda1df7d1c" "/opt/rustwide/cargo-home/bin/cargo" "+1.75.0" "metadata" "--no-deps" "--format-version=1", kill_on_drop: false }`
[INFO] [stdout] e1fa94b39dae512aeab32a6fa62a93aa482748608a118a91795160dc3947662b
[INFO] running `Command { std: "docker" "start" "-a" "e1fa94b39dae512aeab32a6fa62a93aa482748608a118a91795160dc3947662b", kill_on_drop: false }`
[INFO] running `Command { std: "docker" "inspect" "e1fa94b39dae512aeab32a6fa62a93aa482748608a118a91795160dc3947662b", kill_on_drop: false }`
[INFO] running `Command { std: "docker" "rm" "-f" "e1fa94b39dae512aeab32a6fa62a93aa482748608a118a91795160dc3947662b", kill_on_drop: false }`
[INFO] [stdout] e1fa94b39dae512aeab32a6fa62a93aa482748608a118a91795160dc3947662b
[INFO] running `Command { std: "docker" "create" "-v" "/var/lib/crater-agent-workspace/builds/worker-4-tc1/target:/opt/rustwide/target:rw,Z" "-v" "/var/lib/crater-agent-workspace/builds/worker-4-tc1/source:/opt/rustwide/workdir:ro,Z" "-v" "/var/lib/crater-agent-workspace/cargo-home:/opt/rustwide/cargo-home:ro,Z" "-v" "/var/lib/crater-agent-workspace/rustup-home:/opt/rustwide/rustup-home:ro,Z" "-e" "SOURCE_DIR=/opt/rustwide/workdir" "-e" "CARGO_TARGET_DIR=/opt/rustwide/target" "-e" "CARGO_INCREMENTAL=0" "-e" "RUST_BACKTRACE=full" "-e" "RUSTFLAGS=--cap-lints=warn" "-e" "RUSTDOCFLAGS=--cap-lints=warn" "-e" "CARGO_HOME=/opt/rustwide/cargo-home" "-e" "RUSTUP_HOME=/opt/rustwide/rustup-home" "-w" "/opt/rustwide/workdir" "-m" "1610612736" "--user" "0:0" "--network" "none" "ghcr.io/rust-lang/crates-build-env/linux@sha256:2788e3201cd34a07e3172128adcd8b3090168a8e3bcc40d7c032b9dda1df7d1c" "/opt/rustwide/cargo-home/bin/cargo" "+1.75.0" "doc" "--frozen" "--no-deps" "--document-private-items" "--message-format=json", kill_on_drop: false }`
[INFO] [stdout] 892a737d8a1dbe8c58208d2219e0ca5a026f0a9e4a6e2aa62404ee4cf39f48a9
[INFO] running `Command { std: "docker" "start" "-a" "892a737d8a1dbe8c58208d2219e0ca5a026f0a9e4a6e2aa62404ee4cf39f48a9", kill_on_drop: false }`
[INFO] [stderr]    Compiling libc v0.2.151
[INFO] [stderr]    Compiling serde v1.0.193
[INFO] [stderr]    Compiling syn v1.0.109
[INFO] [stderr]     Checking once_cell v1.19.0
[INFO] [stderr]    Compiling hashbrown v0.14.3
[INFO] [stderr]    Compiling winnow v0.5.26
[INFO] [stderr]    Compiling generic-array v0.14.7
[INFO] [stderr]     Checking arrayvec v0.7.4
[INFO] [stderr]    Compiling syn v2.0.40
[INFO] [stderr]     Checking byte-slice-cast v1.2.2
[INFO] [stderr]     Checking byteorder v1.5.0
[INFO] [stderr]     Checking bitvec v1.0.1
[INFO] [stderr]     Checking const-oid v0.9.5
[INFO] [stderr]    Compiling futures-core v0.3.29
[INFO] [stderr]    Compiling subtle v2.4.1
[INFO] [stderr]     Checking tracing-core v0.1.32
[INFO] [stderr]    Compiling crunchy v0.2.2
[INFO] [stderr]    Compiling futures-channel v0.3.29
[INFO] [stderr]    Compiling futures-task v0.3.29
[INFO] [stderr]     Checking percent-encoding v2.3.1
[INFO] [stderr]     Checking futures-io v0.3.29
[INFO] [stderr]    Compiling futures-util v0.3.29
[INFO] [stderr]    Compiling indexmap v1.9.3
[INFO] [stderr]     Checking unicode-bidi v0.3.14
[INFO] [stderr]    Compiling serde_json v1.0.108
[INFO] [stderr]     Checking form_urlencoded v1.2.1
[INFO] [stderr]    Compiling ahash v0.8.6
[INFO] [stderr]    Compiling indexmap v2.1.0
[INFO] [stderr]     Checking smallvec v1.11.2
[INFO] [stderr]    Compiling rustix v0.38.28
[INFO] [stderr]     Checking zerocopy v0.7.30
[INFO] [stderr]    Compiling crypto-common v0.1.6
[INFO] [stderr]     Checking idna v0.5.0
[INFO] [stderr]    Compiling block-buffer v0.10.4
[INFO] [stderr]     Checking linux-raw-sys v0.4.12
[INFO] [stderr]    Compiling Inflector v0.11.4
[INFO] [stderr]    Compiling cc v1.0.83
[INFO] [stderr]    Compiling digest v0.10.7
[INFO] [stderr]    Compiling crc32fast v1.3.2
[INFO] [stderr]     Checking sp-std v8.0.0 (https://github.com/paritytech/polkadot-sdk.git?branch=master#097308e3)
[INFO] [stderr]     Checking generic-array v0.12.4
[INFO] [stderr]     Checking stable_deref_trait v1.2.0
[INFO] [stderr]     Checking fallible-iterator v0.2.0
[INFO] [stderr]    Compiling target-lexicon v0.12.12
[INFO] [stderr]    Compiling memoffset v0.8.0
[INFO] [stderr]    Compiling fs-err v2.11.0
[INFO] [stderr]     Checking url v2.5.0
[INFO] [stderr]     Checking byte-tools v0.3.1
[INFO] [stderr]    Compiling rustix v0.36.17
[INFO] [stderr]     Checking rustc-hex v2.1.0
[INFO] [stderr]     Checking block-padding v0.1.5
[INFO] [stderr]     Checking digest v0.8.1
[INFO] [stderr]    Compiling digest v0.9.0
[INFO] [stderr]    Compiling cpp_demangle v0.3.5
[INFO] [stderr]    Compiling expander v2.0.0
[INFO] [stderr]     Checking block-buffer v0.7.3
[INFO] [stderr]    Compiling libsecp256k1-core v0.3.0
[INFO] [stderr]     Checking uint v0.9.5
[INFO] [stderr]    Compiling blake2 v0.10.6
[INFO] [stderr]     Checking wasmtime-jit-debug v8.0.1
[INFO] [stderr]     Checking wasmtime-asm-macros v8.0.1
[INFO] [stderr]     Checking opaque-debug v0.2.3
[INFO] [stderr]    Compiling ref-cast v1.0.20
[INFO] [stderr]     Checking fake-simd v0.1.2
[INFO] [stderr]     Checking base64 v0.13.1
[INFO] [stderr]    Compiling ryu v1.0.16
[INFO] [stderr]    Compiling wasmtime v8.0.1
[INFO] [stderr]     Checking getrandom v0.2.11
[INFO] [stderr]     Checking num_cpus v1.16.0
[INFO] [stderr]     Checking getrandom v0.1.16
[INFO] [stderr]     Checking rand_core v0.6.4
[INFO] [stderr]     Checking ahash v0.7.7
[INFO] [stderr]     Checking io-lifetimes v1.0.11
[INFO] [stderr]     Checking rand_core v0.5.1
[INFO] [stderr]     Checking wasmtime-jit-icache-coherence v8.0.1
[INFO] [stderr]    Compiling itoa v1.0.10
[INFO] [stderr]     Checking rand_chacha v0.3.1
[INFO] [stderr]     Checking chrono v0.4.31
[INFO] [stderr]     Checking matchers v0.0.1
[INFO] [stderr]     Checking rand_chacha v0.2.2
[INFO] [stderr]     Checking sharded-slab v0.1.7
[INFO] [stderr]     Checking tracing-log v0.1.4
[INFO] [stderr]     Checking hashbrown v0.12.3
[INFO] [stderr]     Checking thread_local v1.1.7
[INFO] [stderr]     Checking hashbrown v0.13.2
[INFO] [stderr]     Checking rand v0.8.5
[INFO] [stderr]    Compiling wasmtime-runtime v8.0.1
[INFO] [stderr]    Compiling psm v0.1.21
[INFO] [stderr]     Checking rand v0.7.3
[INFO] [stderr]    Compiling libsecp256k1-gen-ecmult v0.3.0
[INFO] [stderr]    Compiling libsecp256k1-gen-genmult v0.3.0
[INFO] [stderr]    Compiling secp256k1-sys v0.9.1
[INFO] [stderr]     Checking environmental v1.1.4
[INFO] [stderr]     Checking hash-db v0.16.0
[INFO] [stderr]    Compiling unicode-xid v0.2.4
[INFO] [stderr]    Compiling semver v1.0.20
[INFO] [stderr]    Compiling libsecp256k1 v0.7.1
[INFO] [stderr]     Checking sha2 v0.8.2
[INFO] [stderr]     Checking arrayvec v0.5.2
[INFO] [stderr]     Checking constant_time_eq v0.3.0
[INFO] [stderr]     Checking parking_lot_core v0.9.9
[INFO] [stderr]     Checking blake2b_simd v1.0.2
[INFO] [stderr]     Checking num-format v0.4.4
[INFO] [stderr]     Checking bitcoin_hashes v0.11.0
[INFO] [stderr]     Checking itertools v0.10.5
[INFO] [stderr]     Checking parking_lot v0.12.1
[INFO] [stderr]    Compiling rustc_version v0.4.0
[INFO] [stderr]     Checking fixed-hash v0.8.0
[INFO] [stderr]    Compiling backtrace v0.3.69
[INFO] [stderr]     Checking memfd v0.6.4
[INFO] [stderr]     Checking hash256-std-hasher v0.15.2
[INFO] [stderr]     Checking gimli v0.28.1
[INFO] [stderr]    Compiling platforms v3.2.0
[INFO] [stderr]     Checking array-bytes v6.2.2
[INFO] [stderr]     Checking bs58 v0.5.0
[INFO] [stderr]     Checking object v0.32.1
[INFO] [stderr]     Checking trie-db v0.28.0
[INFO] [stderr]     Checking schnellru v0.2.1
[INFO] [stderr]    Compiling curve25519-dalek v4.1.1
[INFO] [stderr]     Checking trie-root v0.18.0
[INFO] [stderr]     Checking memory-db v0.32.0
[INFO] [stderr]    Compiling sp-io v23.0.0 (https://github.com/paritytech/polkadot-sdk.git?branch=master#097308e3)
[INFO] [stderr]     Checking integer-sqrt v0.1.5
[INFO] [stderr]    Compiling same-file v1.0.6
[INFO] [stderr]    Compiling termcolor v1.4.0
[INFO] [stderr]    Compiling common-path v1.0.0
[INFO] [stderr]     Checking simple-mermaid v0.1.0 (https://github.com/kianenigma/simple-mermaid.git?branch=main#e48b187b)
[INFO] [stderr]    Compiling walkdir v2.4.0
[INFO] [stderr]    Compiling ppv-lite86 v0.2.17
[INFO] [stderr]    Compiling tiny-keccak v2.0.2
[INFO] [stderr]    Compiling static_assertions v1.1.0
[INFO] [stderr]    Compiling cpufeatures v0.2.11
[INFO] [stderr]    Compiling arrayref v0.3.7
[INFO] [stderr]    Compiling keccak v0.1.4
[INFO] [stderr]    Compiling sha2 v0.10.8
[INFO] [stderr]    Compiling sha3 v0.10.8
[INFO] [stderr]     Checking ff v0.13.0
[INFO] [stderr]     Checking base16ct v0.2.0
[INFO] [stderr]     Checking parity-wasm v0.45.0
[INFO] [stderr]     Checking group v0.13.0
[INFO] [stderr]    Compiling proc-macro-warning v1.0.0
[INFO] [stderr]    Compiling either v1.9.0
[INFO] [stderr]    Compiling const-random-macro v0.1.16
[INFO] [stderr]    Compiling proc-macro-error-attr v1.0.4
[INFO] [stderr]    Compiling include_dir_macros v0.7.3
[INFO] [stderr]     Checking tt-call v1.0.9
[INFO] [stderr]     Checking mio v0.8.10
[INFO] [stderr]    Compiling cfg-expr v0.15.5
[INFO] [stderr]     Checking socket2 v0.5.5
[INFO] [stderr]    Compiling const-random v0.1.17
[INFO] [stderr]     Checking spin v0.9.8
[INFO] [stderr]     Checking bytemuck v1.14.0
[INFO] [stderr]    Compiling openssl-sys v0.9.97
[INFO] [stderr]    Compiling matrixmultiply v0.3.8
[INFO] [stderr]    Compiling include_dir v0.7.3
[INFO] [stderr]     Checking num-integer v0.1.45
[INFO] [stderr]     Checking num-complex v0.4.4
[INFO] [stderr]    Compiling twox-hash v1.6.3
[INFO] [stderr]     Checking approx v0.5.1
[INFO] [stderr]     Checking safe_arch v0.7.1
[INFO] [stderr]     Checking rawpointer v0.2.1
[INFO] [stderr]    Compiling ring v0.17.7
[INFO] [stderr]    Compiling proc-macro-error v1.0.4
[INFO] [stderr]     Checking num-rational v0.4.1
[INFO] [stderr]    Compiling darling_core v0.14.4
[INFO] [stderr]    Compiling openssl v0.10.61
[INFO] [stderr]    Compiling sp-core-hashing v9.0.0 (https://github.com/paritytech/polkadot-sdk.git?branch=master#097308e3)
[INFO] [stderr]     Checking wide v0.7.13
[INFO] [stderr]     Checking http v0.2.11
[INFO] [stderr]     Checking untrusted v0.9.0
[INFO] [stderr]     Checking downcast-rs v1.2.0
[INFO] [stderr]     Checking indexmap-nostd v0.4.0
[INFO] [stderr]    Compiling native-tls v0.2.11
[INFO] [stderr]     Checking wasmi_core v0.13.0
[INFO] [stderr]    Compiling rustls v0.21.10
[INFO] [stderr]    Compiling pallet-contracts v4.0.0-dev (https://github.com/paritytech/polkadot-sdk.git?branch=master#097308e3)
[INFO] [stderr]     Checking wasmi_arena v0.4.0
[INFO] [stderr]     Checking wasmparser-nostd v0.100.1
[INFO] [stderr]    Compiling bitcoin-private v0.1.0
[INFO] [stderr]     Checking addr2line v0.21.0
[INFO] [stderr]    Compiling secp256k1-sys v0.8.1
[INFO] [stderr]     Checking iovec v0.1.4
[INFO] [stderr]     Checking net2 v0.2.39
[INFO] [stderr]     Checking rustls-pemfile v1.0.4
[INFO] [stderr]    Compiling cmake v0.1.50
[INFO] [stderr]     Checking try-lock v0.2.5
[INFO] [stderr]    Compiling hex_lit v0.1.1
[INFO] [stderr]     Checking futures-timer v3.0.2
[INFO] [stderr]     Checking want v0.3.1
[INFO] [stderr]     Checking mio v0.6.23
[INFO] [stderr]     Checking rustls-native-certs v0.6.3
[INFO] [stderr]     Checking http-body v0.4.6
[INFO] [stderr]     Checking socket2 v0.4.10
[INFO] [stderr]     Checking secp256k1 v0.28.0
[INFO] [stderr]     Checking webpki-roots v0.25.3
[INFO] [stderr]    Compiling bitcoin v0.30.2
[INFO] [stderr]     Checking bytes v0.4.12
[INFO] [stderr]     Checking http v1.0.0
[INFO] [stderr]     Checking is-terminal v0.4.9
[INFO] [stderr]     Checking sha-1 v0.8.2
[INFO] [stderr]    Compiling wabt-sys v0.8.0
[INFO] [stderr]     Checking utf-8 v0.7.6
[INFO] [stderr]     Checking data-encoding v2.5.0
[INFO] [stderr]     Checking mio-extras v2.0.6
[INFO] [stderr]     Checking bech32 v0.9.1
[INFO] [stderr]     Checking simba v0.8.1
[INFO] [stderr]     Checking env_logger v0.10.1
[INFO] [stderr]    Compiling serde_derive v1.0.193
[INFO] [stderr]    Compiling zeroize_derive v1.4.2
[INFO] [stderr]    Compiling tracing-attributes v0.1.27
[INFO] [stderr]    Compiling thiserror-impl v1.0.50
[INFO] [stderr]    Compiling futures-macro v0.3.29
[INFO] [stderr]    Compiling sp-debug-derive v8.0.0 (https://github.com/paritytech/polkadot-sdk.git?branch=master#097308e3)
[INFO] [stderr]    Compiling ref-cast-impl v1.0.20
[INFO] [stderr]    Compiling curve25519-dalek-derive v0.1.1
[INFO] [stderr]     Checking sp-panic-handler v8.0.0 (https://github.com/paritytech/polkadot-sdk.git?branch=master#097308e3)
[INFO] [stderr]    Compiling impl-trait-for-tuples v0.2.2
[INFO] [stderr]    Compiling derive_more v0.99.17
[INFO] [stderr]    Compiling dyn-clonable-impl v0.9.0
[INFO] [stderr]     Checking zeroize v1.7.0
[INFO] [stderr]     Checking merlin v2.0.1
[INFO] [stderr]     Checking curve25519-dalek v2.1.3
[INFO] [stderr]    Compiling derive-syn-parse v0.1.5
[INFO] [stderr]     Checking dyn-clonable v0.9.0
[INFO] [stderr]     Checking secrecy v0.8.0
[INFO] [stderr]     Checking der v0.7.8
[INFO] [stderr]    Compiling async-trait v0.1.74
[INFO] [stderr]    Compiling macro_magic_core_macros v0.5.0
[INFO] [stderr]     Checking block-buffer v0.9.0
[INFO] [stderr]     Checking crypto-mac v0.8.0
[INFO] [stderr]     Checking sha2 v0.9.9
[INFO] [stderr]     Checking crypto-mac v0.11.1
[INFO] [stderr]     Checking hmac v0.8.1
[INFO] [stderr]     Checking thiserror v1.0.50
[INFO] [stderr]     Checking hmac v0.11.0
[INFO] [stderr]     Checking hmac-drbg v0.3.0
[INFO] [stderr]     Checking pbkdf2 v0.8.0
[INFO] [stderr]     Checking curve25519-dalek v3.2.0
[INFO] [stderr]     Checking schnorrkel v0.9.1
[INFO] [stderr]     Checking signature v2.2.0
[INFO] [stderr]     Checking tracing v0.1.40
[INFO] [stderr]    Compiling macro_magic_core v0.5.0
[INFO] [stderr]     Checking ed25519 v2.2.3
[INFO] [stderr]    Compiling sp-core-hashing-proc-macro v9.0.0 (https://github.com/paritytech/polkadot-sdk.git?branch=master#097308e3)
[INFO] [stderr]     Checking sec1 v0.7.3
[INFO] [stderr]     Checking hmac v0.12.1
[INFO] [stderr]     Checking crypto-bigint v0.5.5
[INFO] [stderr]     Checking rfc6979 v0.4.0
[INFO] [stderr]     Checking spki v0.7.3
[INFO] [stderr]     Checking ed25519-zebra v3.1.0
[INFO] [stderr]     Checking substrate-bip39 v0.4.5
[INFO] [stderr]    Compiling frame-support-procedural-tools-derive v3.0.0 (https://github.com/paritytech/polkadot-sdk.git?branch=master#097308e3)
[INFO] [stderr]    Compiling aquamarine v0.3.2
[INFO] [stderr]    Compiling tokio-macros v2.2.0
[INFO] [stderr]    Compiling nalgebra-macros v0.2.1
[INFO] [stderr]    Compiling derivative v2.2.0
[INFO] [stderr]    Compiling macro_magic_macros v0.5.0
[INFO] [stderr]    Compiling darling_macro v0.14.4
[INFO] [stderr]     Checking ed25519-dalek v2.1.0
[INFO] [stderr]    Compiling xcm-procedural v1.0.0 (https://github.com/paritytech/polkadot-sdk.git?branch=master#097308e3)
[INFO] [stderr]    Compiling openssl-macros v0.1.1
[INFO] [stderr]     Checking wasmi v0.31.1
[INFO] [stderr] error: could not compile `simba` (lib)
[INFO] [stderr] 
[INFO] [stderr] Caused by:
[INFO] [stderr]   process didn't exit successfully: `/opt/rustwide/rustup-home/toolchains/1.75.0-x86_64-unknown-linux-gnu/bin/rustc --crate-name simba --edition=2018 /opt/rustwide/cargo-home/registry/src/index.crates.io-6f17d22bba15001f/simba-0.8.1/src/lib.rs --error-format=json --json=diagnostic-rendered-ansi,artifacts,future-incompat --crate-type lib --emit=dep-info,metadata -C embed-bitcode=no -C debuginfo=2 --cfg 'feature="std"' --cfg 'feature="wide"' -C metadata=b4a8883402180159 -C extra-filename=-b4a8883402180159 --out-dir /opt/rustwide/target/debug/deps -L dependency=/opt/rustwide/target/debug/deps --extern approx=/opt/rustwide/target/debug/deps/libapprox-c9b4c097a36d1696.rmeta --extern num_complex=/opt/rustwide/target/debug/deps/libnum_complex-4709fe0d0a6c53e6.rmeta --extern num_traits=/opt/rustwide/target/debug/deps/libnum_traits-3e7dd46cce406a49.rmeta --extern paste=/opt/rustwide/target/debug/deps/libpaste-5d8b8ccb77a64e55.so --extern wide=/opt/rustwide/target/debug/deps/libwide-a2f3697b37a6c3a6.rmeta --cap-lints allow --cap-lints=warn` (signal: 9, SIGKILL: kill)
[INFO] [stderr] warning: build failed, waiting for other jobs to finish...
[INFO] [stderr] error: failed to run custom build command for `wabt-sys v0.8.0`
[INFO] [stderr] note: To improve backtraces for build dependencies, set the CARGO_PROFILE_DEV_BUILD_OVERRIDE_DEBUG=true environment variable to enable debug information generation.
[INFO] [stderr] 
[INFO] [stderr] Caused by:
[INFO] [stderr]   process didn't exit successfully: `/opt/rustwide/target/debug/build/wabt-sys-5c99893720a72258/build-script-build` (exit status: 101)
[INFO] [stderr]   --- stdout
[INFO] [stderr]   cargo:rerun-if-env-changed=WABT_CXXSTDLIB
[INFO] [stderr]   cargo:rerun-if-env-changed=CXXSTDLIB
[INFO] [stderr]   CMAKE_TOOLCHAIN_FILE_x86_64-unknown-linux-gnu = None
[INFO] [stderr]   CMAKE_TOOLCHAIN_FILE_x86_64_unknown_linux_gnu = None
[INFO] [stderr]   HOST_CMAKE_TOOLCHAIN_FILE = None
[INFO] [stderr]   CMAKE_TOOLCHAIN_FILE = None
[INFO] [stderr]   CMAKE_GENERATOR_x86_64-unknown-linux-gnu = None
[INFO] [stderr]   CMAKE_GENERATOR_x86_64_unknown_linux_gnu = None
[INFO] [stderr]   HOST_CMAKE_GENERATOR = None
[INFO] [stderr]   CMAKE_GENERATOR = None
[INFO] [stderr]   CMAKE_PREFIX_PATH_x86_64-unknown-linux-gnu = None
[INFO] [stderr]   CMAKE_PREFIX_PATH_x86_64_unknown_linux_gnu = None
[INFO] [stderr]   HOST_CMAKE_PREFIX_PATH = None
[INFO] [stderr]   CMAKE_PREFIX_PATH = None
[INFO] [stderr]   CMAKE_x86_64-unknown-linux-gnu = None
[INFO] [stderr]   CMAKE_x86_64_unknown_linux_gnu = None
[INFO] [stderr]   HOST_CMAKE = None
[INFO] [stderr]   CMAKE = None
[INFO] [stderr]   running: cd "/opt/rustwide/target/debug/build/wabt-sys-bf62beabe57888b8/out/build" && CMAKE_PREFIX_PATH="" "cmake" "/opt/rustwide/cargo-home/registry/src/index.crates.io-6f17d22bba15001f/wabt-sys-0.8.0/wabt" "-DBUILD_TESTS=OFF" "-DBUILD_TOOLS=OFF" "-DCMAKE_INSTALL_PREFIX=/opt/rustwide/target/debug/build/wabt-sys-bf62beabe57888b8/out" "-DCMAKE_C_FLAGS= -ffunction-sections -fdata-sections -fPIC -m64" "-DCMAKE_C_COMPILER=/usr/bin/cc" "-DCMAKE_CXX_FLAGS= -ffunction-sections -fdata-sections -fPIC -m64" "-DCMAKE_CXX_COMPILER=/usr/bin/c++" "-DCMAKE_ASM_FLAGS= -ffunction-sections -fdata-sections -fPIC -m64" "-DCMAKE_ASM_COMPILER=/usr/bin/cc" "-DCMAKE_BUILD_TYPE=Debug"
[INFO] [stderr]   -- The C compiler identification is GNU 11.4.0
[INFO] [stderr]   -- The CXX compiler identification is GNU 11.4.0
[INFO] [stderr]   -- Detecting C compiler ABI info
[INFO] [stderr]   -- Detecting C compiler ABI info - done
[INFO] [stderr]   -- Check for working C compiler: /usr/bin/cc - skipped
[INFO] [stderr]   -- Detecting C compile features
[INFO] [stderr]   -- Detecting C compile features - done
[INFO] [stderr]   -- Detecting CXX compiler ABI info
[INFO] [stderr]   -- Detecting CXX compiler ABI info - done
[INFO] [stderr]   -- Check for working CXX compiler: /usr/bin/c++ - skipped
[INFO] [stderr]   -- Detecting CXX compile features
[INFO] [stderr]   -- Detecting CXX compile features - done
[INFO] [stderr]   -- Looking for alloca.h
[INFO] [stderr]   -- Looking for alloca.h - found
[INFO] [stderr]   -- Looking for unistd.h
[INFO] [stderr]   -- Looking for unistd.h - found
[INFO] [stderr]   -- Looking for snprintf
[INFO] [stderr]   -- Looking for snprintf - found
[INFO] [stderr]   -- Looking for strcasecmp
[INFO] [stderr]   -- Looking for strcasecmp - found
[INFO] [stderr]   -- Looking for sys/types.h
[INFO] [stderr]   -- Looking for sys/types.h - found
[INFO] [stderr]   -- Looking for stdint.h
[INFO] [stderr]   -- Looking for stdint.h - found
[INFO] [stderr]   -- Looking for stddef.h
[INFO] [stderr]   -- Looking for stddef.h - found
[INFO] [stderr]   -- Check size of ssize_t
[INFO] [stderr]   -- Check size of ssize_t - done
[INFO] [stderr]   -- Check size of size_t
[INFO] [stderr]   -- Check size of size_t - done
[INFO] [stderr]   -- Found PythonInterp: /usr/bin/python3 (found suitable version "3.10.12", minimum required is "3.5") 
[INFO] [stderr]   -- Looking for pthread.h
[INFO] [stderr]   -- Looking for pthread.h - found
[INFO] [stderr]   -- Performing Test CMAKE_HAVE_LIBC_PTHREAD
[INFO] [stderr]   -- Performing Test CMAKE_HAVE_LIBC_PTHREAD - Success
[INFO] [stderr]   -- Found Threads: TRUE  
[INFO] [stderr]   -- Configuring done
[INFO] [stderr]   -- Generating done
[INFO] [stderr]   -- Build files have been written to: /opt/rustwide/target/debug/build/wabt-sys-bf62beabe57888b8/out/build
[INFO] [stderr]   running: cd "/opt/rustwide/target/debug/build/wabt-sys-bf62beabe57888b8/out/build" && MAKEFLAGS="-j --jobserver-fds=7,8 --jobserver-auth=7,8" "cmake" "--build" "." "--config" "Debug"
[INFO] [stderr]   [  1%] Building CXX object CMakeFiles/wabt.dir/src/apply-names.cc.o
[INFO] [stderr]   [  2%] Building CXX object CMakeFiles/wabt.dir/src/binary-reader.cc.o
[INFO] [stderr]   [  3%] Building CXX object CMakeFiles/wabt.dir/src/binary.cc.o
[INFO] [stderr]   [  4%] Building CXX object CMakeFiles/wabt.dir/src/binary-reader-logging.cc.o
[INFO] [stderr]   [  5%] Building CXX object CMakeFiles/wabt.dir/src/binary-reader-ir.cc.o
[INFO] [stderr]   [  6%] Building CXX object CMakeFiles/wabt.dir/src/binary-writer-spec.cc.o
[INFO] [stderr]   [  7%] Building CXX object CMakeFiles/wabt.dir/src/binary-writer.cc.o
[INFO] [stderr]   [  8%] Building CXX object CMakeFiles/wabt.dir/src/binding-hash.cc.o
[INFO] [stderr]   [ 10%] Building CXX object CMakeFiles/wabt.dir/src/color.cc.o
[INFO] [stderr]   [ 11%] Building CXX object CMakeFiles/wabt.dir/src/common.cc.o
[INFO] [stderr]   [ 12%] Building CXX object CMakeFiles/wabt.dir/src/config.cc.o
[INFO] [stderr]   [ 13%] Building CXX object CMakeFiles/wabt.dir/src/decompiler.cc.o
[INFO] [stderr]   [ 14%] Building CXX object CMakeFiles/wabt.dir/src/error-formatter.cc.o
[INFO] [stderr]   [ 15%] Building CXX object CMakeFiles/wabt.dir/src/expr-visitor.cc.o
[INFO] [stderr]   [ 16%] Building CXX object CMakeFiles/wabt.dir/src/feature.cc.o
[INFO] [stderr]   [ 17%] Building CXX object CMakeFiles/wabt.dir/src/filenames.cc.o
[INFO] [stderr]   [ 19%] Building CXX object CMakeFiles/wabt.dir/src/generate-names.cc.o
[INFO] [stderr]   [ 20%] Building CXX object CMakeFiles/wabt.dir/src/hash-util.cc.o
[INFO] [stderr]   [ 21%] Building CXX object CMakeFiles/wabt.dir/src/ir.cc.o
[INFO] [stderr]   [ 22%] Building CXX object CMakeFiles/wabt.dir/src/ir-util.cc.o
[INFO] [stderr]   [ 23%] Building CXX object CMakeFiles/wabt.dir/src/leb128.cc.o
[INFO] [stderr]   [ 24%] Building CXX object CMakeFiles/wabt.dir/src/lexer-source.cc.o
[INFO] [stderr]   [ 25%] Building CXX object CMakeFiles/wabt.dir/src/lexer-source-line-finder.cc.o
[INFO] [stderr]   [ 26%] Building CXX object CMakeFiles/wabt.dir/src/literal.cc.o
[INFO] [stderr]   [ 28%] Building C object CMakeFiles/wabt.dir/src/opcode-code-table.c.o
[INFO] [stderr]   [ 29%] Building CXX object CMakeFiles/wabt.dir/src/opcode.cc.o
[INFO] [stderr]   [ 30%] Building CXX object CMakeFiles/wabt.dir/src/option-parser.cc.o
[INFO] [stderr]   [ 31%] Building CXX object CMakeFiles/wabt.dir/src/resolve-names.cc.o
[INFO] [stderr]   [ 32%] Building CXX object CMakeFiles/wabt.dir/src/stream.cc.o
[INFO] [stderr]   [ 33%] Building CXX object CMakeFiles/wabt.dir/src/shared-validator.cc.o
[INFO] [stderr]   [ 34%] Building CXX object CMakeFiles/wabt.dir/src/string-view.cc.o
[INFO] [stderr]   [ 35%] Building CXX object CMakeFiles/wabt.dir/src/token.cc.o
[INFO] [stderr]   [ 37%] Building CXX object CMakeFiles/wabt.dir/src/tracing.cc.o
[INFO] [stderr]   [ 38%] Building CXX object CMakeFiles/wabt.dir/src/type-checker.cc.o
[INFO] [stderr]   [ 39%] Building CXX object CMakeFiles/wabt.dir/src/utf8.cc.o
[INFO] [stderr]   [ 40%] Building CXX object CMakeFiles/wabt.dir/src/validator.cc.o
[INFO] [stderr]   [ 41%] Building CXX object CMakeFiles/wabt.dir/src/wast-lexer.cc.o
[INFO] [stderr]   [ 42%] Building CXX object CMakeFiles/wabt.dir/src/wast-parser.cc.o
[INFO] [stderr]   [ 43%] Building CXX object CMakeFiles/wabt.dir/src/wat-writer.cc.o
[INFO] [stderr]   [ 44%] Building CXX object CMakeFiles/wabt.dir/src/interp/binary-reader-interp.cc.o
[INFO] [stderr]   [ 46%] Building CXX object CMakeFiles/wabt.dir/src/interp/interp.cc.o
[INFO] [stderr]   [ 47%] Building CXX object CMakeFiles/wabt.dir/src/interp/interp-util.cc.o
[INFO] [stderr]   [ 48%] Building CXX object CMakeFiles/wabt.dir/src/interp/istream.cc.o
[INFO] [stderr] 
[INFO] [stderr]   --- stderr
[INFO] [stderr]   CMake Warning (dev) at CMakeLists.txt:325 (add_library):
[INFO] [stderr]     Policy CMP0115 is not set: Source file extensions must be explicit.  Run
[INFO] [stderr]     "cmake --help-policy CMP0115" for policy details.  Use the cmake_policy
[INFO] [stderr]     command to set the policy and suppress this warning.
[INFO] [stderr] 
[INFO] [stderr]     File:
[INFO] [stderr] 
[INFO] [stderr]       /opt/rustwide/cargo-home/registry/src/index.crates.io-6f17d22bba15001f/wabt-sys-0.8.0/wabt/src/config.h.in
[INFO] [stderr]   This warning is for project developers.  Use -Wno-dev to suppress it.
[INFO] [stderr] 
[INFO] [stderr]   CMake Warning:
[INFO] [stderr]     Manually-specified variables were not used by the project:
[INFO] [stderr] 
[INFO] [stderr]       CMAKE_ASM_COMPILER
[INFO] [stderr]       CMAKE_ASM_FLAGS
[INFO] [stderr] 
[INFO] [stderr] 
[INFO] [stderr]   c++: fatal error: Killed signal terminated program cc1plus
[INFO] [stderr]   compilation terminated.
[INFO] [stderr]   gmake[2]: *** [CMakeFiles/wabt.dir/build.make:118: CMakeFiles/wabt.dir/src/binary-reader-ir.cc.o] Error 1
[INFO] [stderr]   gmake[2]: *** Waiting for unfinished jobs....
[INFO] [stderr]   gmake[1]: *** [CMakeFiles/Makefile2:112: CMakeFiles/wabt.dir/all] Error 2
[INFO] [stderr]   gmake: *** [Makefile:91: all] Error 2
[INFO] [stderr]   thread 'main' panicked at /opt/rustwide/cargo-home/registry/src/index.crates.io-6f17d22bba15001f/cmake-0.1.50/src/lib.rs:1098:5:
[INFO] [stderr] 
[INFO] [stderr]   command did not execute successfully, got: exit status: 2
[INFO] [stderr] 
[INFO] [stderr]   build script failed, must exit now
[INFO] [stderr]   stack backtrace:
[INFO] [stderr]      0:     0x563ac09d47fc - std::backtrace_rs::backtrace::libunwind::trace::ha637c64ce894333a
[INFO] [stderr]                                  at /rustc/82e1608dfa6e0b5569232559e3d385fea5a93112/library/std/src/../../backtrace/src/backtrace/libunwind.rs:104:5
[INFO] [stderr]      1:     0x563ac09d47fc - std::backtrace_rs::backtrace::trace_unsynchronized::h47f62dea28e0c88d
[INFO] [stderr]                                  at /rustc/82e1608dfa6e0b5569232559e3d385fea5a93112/library/std/src/../../backtrace/src/backtrace/mod.rs:66:5
[INFO] [stderr]      2:     0x563ac09d47fc - std::sys_common::backtrace::_print_fmt::h9eef0abe20ede486
[INFO] [stderr]                                  at /rustc/82e1608dfa6e0b5569232559e3d385fea5a93112/library/std/src/sys_common/backtrace.rs:67:5
[INFO] [stderr]      3:     0x563ac09d47fc - <std::sys_common::backtrace::_print::DisplayBacktrace as core::fmt::Display>::fmt::hed7f999df88cc644
[INFO] [stderr]                                  at /rustc/82e1608dfa6e0b5569232559e3d385fea5a93112/library/std/src/sys_common/backtrace.rs:44:22
[INFO] [stderr]      4:     0x563ac09fc530 - core::fmt::rt::Argument::fmt::h1539a9308b8d058d
[INFO] [stderr]                                  at /rustc/82e1608dfa6e0b5569232559e3d385fea5a93112/library/core/src/fmt/rt.rs:142:9
[INFO] [stderr]      5:     0x563ac09fc530 - core::fmt::write::h3a39390d8560d9c9
[INFO] [stderr]                                  at /rustc/82e1608dfa6e0b5569232559e3d385fea5a93112/library/core/src/fmt/mod.rs:1120:17
[INFO] [stderr]      6:     0x563ac09d18cf - std::io::Write::write_fmt::h5fc9997dfe05f882
[INFO] [stderr]                                  at /rustc/82e1608dfa6e0b5569232559e3d385fea5a93112/library/std/src/io/mod.rs:1762:15
[INFO] [stderr]      7:     0x563ac09d45e4 - std::sys_common::backtrace::_print::h894006fb5c6f3d45
[INFO] [stderr]                                  at /rustc/82e1608dfa6e0b5569232559e3d385fea5a93112/library/std/src/sys_common/backtrace.rs:47:5
[INFO] [stderr]      8:     0x563ac09d45e4 - std::sys_common::backtrace::print::h23a2d212c6fff936
[INFO] [stderr]                                  at /rustc/82e1608dfa6e0b5569232559e3d385fea5a93112/library/std/src/sys_common/backtrace.rs:34:9
[INFO] [stderr]      9:     0x563ac09d6417 - std::panicking::default_hook::{{closure}}::h8a1d2ee00185001a
[INFO] [stderr]     10:     0x563ac09d617f - std::panicking::default_hook::h6038f2eba384e475
[INFO] [stderr]                                  at /rustc/82e1608dfa6e0b5569232559e3d385fea5a93112/library/std/src/panicking.rs:292:9
[INFO] [stderr]     11:     0x563ac09d6898 - std::panicking::rust_panic_with_hook::h2b5517d590cab22e
[INFO] [stderr]                                  at /rustc/82e1608dfa6e0b5569232559e3d385fea5a93112/library/std/src/panicking.rs:779:13
[INFO] [stderr]     12:     0x563ac09d677e - std::panicking::begin_panic_handler::{{closure}}::h233112c06e0ef43e
[INFO] [stderr]                                  at /rustc/82e1608dfa6e0b5569232559e3d385fea5a93112/library/std/src/panicking.rs:657:13
[INFO] [stderr]     13:     0x563ac09d4cc6 - std::sys_common::backtrace::__rust_end_short_backtrace::h6e893f24d7ebbff8
[INFO] [stderr]                                  at /rustc/82e1608dfa6e0b5569232559e3d385fea5a93112/library/std/src/sys_common/backtrace.rs:170:18
[INFO] [stderr]     14:     0x563ac09d64e2 - rust_begin_unwind
[INFO] [stderr]                                  at /rustc/82e1608dfa6e0b5569232559e3d385fea5a93112/library/std/src/panicking.rs:645:5
[INFO] [stderr]     15:     0x563ac093f815 - core::panicking::panic_fmt::hbf0e066aabfa482c
[INFO] [stderr]                                  at /rustc/82e1608dfa6e0b5569232559e3d385fea5a93112/library/core/src/panicking.rs:72:14
[INFO] [stderr]     16:     0x563ac09555b1 - cmake::fail::h7a5caf818fa20d52
[INFO] [stderr]     17:     0x563ac0954d37 - cmake::run::hbdd51256d1726b59
[INFO] [stderr]     18:     0x563ac0951651 - cmake::Config::build::he7f58d1afe21f6cc
[INFO] [stderr]     19:     0x563ac09429c8 - build_script_build::main::h20578056fabc34d2
[INFO] [stderr]     20:     0x563ac0940743 - core::ops::function::FnOnce::call_once::hfba3e65d6f16aa6a
[INFO] [stderr]     21:     0x563ac09402c6 - std::sys_common::backtrace::__rust_begin_short_backtrace::he66de2a3926a2522
[INFO] [stderr]     22:     0x563ac0940409 - std::rt::lang_start::{{closure}}::hc734f19ababcf225
[INFO] [stderr]     23:     0x563ac09cd727 - core::ops::function::impls::<impl core::ops::function::FnOnce<A> for &F>::call_once::hd95060ecd5e1ca24
[INFO] [stderr]                                  at /rustc/82e1608dfa6e0b5569232559e3d385fea5a93112/library/core/src/ops/function.rs:284:13
[INFO] [stderr]     24:     0x563ac09cd727 - std::panicking::try::do_call::h6e8cf51db32a6e4b
[INFO] [stderr]                                  at /rustc/82e1608dfa6e0b5569232559e3d385fea5a93112/library/std/src/panicking.rs:552:40
[INFO] [stderr]     25:     0x563ac09cd727 - std::panicking::try::h3a52eefe24fe3c29
[INFO] [stderr]                                  at /rustc/82e1608dfa6e0b5569232559e3d385fea5a93112/library/std/src/panicking.rs:516:19
[INFO] [stderr]     26:     0x563ac09cd727 - std::panic::catch_unwind::h24c28c23c02c3841
[INFO] [stderr]                                  at /rustc/82e1608dfa6e0b5569232559e3d385fea5a93112/library/std/src/panic.rs:142:14
[INFO] [stderr]     27:     0x563ac09cd727 - std::rt::lang_start_internal::{{closure}}::h705d3c9cbc06ef47
[INFO] [stderr]                                  at /rustc/82e1608dfa6e0b5569232559e3d385fea5a93112/library/std/src/rt.rs:148:48
[INFO] [stderr]     28:     0x563ac09cd727 - std::panicking::try::do_call::ha21f52ba13158470
[INFO] [stderr]                                  at /rustc/82e1608dfa6e0b5569232559e3d385fea5a93112/library/std/src/panicking.rs:552:40
[INFO] [stderr]     29:     0x563ac09cd727 - std::panicking::try::h5581346bf6aeb1f8
[INFO] [stderr]                                  at /rustc/82e1608dfa6e0b5569232559e3d385fea5a93112/library/std/src/panicking.rs:516:19
[INFO] [stderr]     30:     0x563ac09cd727 - std::panic::catch_unwind::h7919645a6b72e25b
[INFO] [stderr]                                  at /rustc/82e1608dfa6e0b5569232559e3d385fea5a93112/library/std/src/panic.rs:142:14
[INFO] [stderr]     31:     0x563ac09cd727 - std::rt::lang_start_internal::h12de51168669836e
[INFO] [stderr]                                  at /rustc/82e1608dfa6e0b5569232559e3d385fea5a93112/library/std/src/rt.rs:148:20
[INFO] [stderr]     32:     0x563ac09403e7 - std::rt::lang_start::h5209abde053e26b9
[INFO] [stderr]     33:     0x563ac09437e5 - main
[INFO] [stderr]     34:     0x7f385dd0ad90 - <unknown>
[INFO] [stderr]     35:     0x7f385dd0ae40 - __libc_start_main
[INFO] [stderr]     36:     0x563ac093ff35 - _start
[INFO] [stderr]     37:                0x0 - <unknown>
[INFO] running `Command { std: "docker" "inspect" "892a737d8a1dbe8c58208d2219e0ca5a026f0a9e4a6e2aa62404ee4cf39f48a9", kill_on_drop: false }`
[INFO] running `Command { std: "docker" "rm" "-f" "892a737d8a1dbe8c58208d2219e0ca5a026f0a9e4a6e2aa62404ee4cf39f48a9", kill_on_drop: false }`
[INFO] [stdout] 892a737d8a1dbe8c58208d2219e0ca5a026f0a9e4a6e2aa62404ee4cf39f48a9
[INFO] documenting SatsBridge/hawala against beta-2023-12-22 for beta-1.76-rustdoc-1
[INFO] running `Command { std: "git" "clone" "/workspace/cache/git-repos/https%3A%2F%2Fgithub.com%2FSatsBridge%2Fhawala" "/workspace/builds/worker-4-tc2/source", kill_on_drop: false }`
[INFO] [stderr] Cloning into '/workspace/builds/worker-4-tc2/source'...
[INFO] [stderr] done.
[INFO] validating manifest of git repo https://github.com/SatsBridge/hawala on toolchain beta-2023-12-22
[INFO] running `Command { std: CARGO_HOME="/workspace/cargo-home" RUSTUP_HOME="/workspace/rustup-home" "/workspace/cargo-home/bin/cargo" "+beta-2023-12-22" "metadata" "--manifest-path" "Cargo.toml" "--no-deps", kill_on_drop: false }`
[INFO] started tweaking git repo https://github.com/SatsBridge/hawala
[INFO] finished tweaking git repo https://github.com/SatsBridge/hawala
[INFO] tweaked toml for git repo https://github.com/SatsBridge/hawala written to /workspace/builds/worker-4-tc2/source/Cargo.toml
[INFO] crate git repo https://github.com/SatsBridge/hawala already has a lockfile, it will not be regenerated
[INFO] running `Command { std: CARGO_HOME="/workspace/cargo-home" RUSTUP_HOME="/workspace/rustup-home" "/workspace/cargo-home/bin/cargo" "+beta-2023-12-22" "fetch" "--manifest-path" "Cargo.toml", kill_on_drop: false }`
[INFO] running `Command { std: "docker" "create" "-v" "/var/lib/crater-agent-workspace/builds/worker-4-tc2/target:/opt/rustwide/target:rw,Z" "-v" "/var/lib/crater-agent-workspace/builds/worker-4-tc2/source:/opt/rustwide/workdir:ro,Z" "-v" "/var/lib/crater-agent-workspace/cargo-home:/opt/rustwide/cargo-home:ro,Z" "-v" "/var/lib/crater-agent-workspace/rustup-home:/opt/rustwide/rustup-home:ro,Z" "-e" "SOURCE_DIR=/opt/rustwide/workdir" "-e" "CARGO_TARGET_DIR=/opt/rustwide/target" "-e" "CARGO_HOME=/opt/rustwide/cargo-home" "-e" "RUSTUP_HOME=/opt/rustwide/rustup-home" "-w" "/opt/rustwide/workdir" "-m" "1610612736" "--user" "0:0" "--network" "none" "ghcr.io/rust-lang/crates-build-env/linux@sha256:2788e3201cd34a07e3172128adcd8b3090168a8e3bcc40d7c032b9dda1df7d1c" "/opt/rustwide/cargo-home/bin/cargo" "+beta-2023-12-22" "metadata" "--no-deps" "--format-version=1", kill_on_drop: false }`
[INFO] [stdout] a3c0fa9c391ef05d51049992ff59f3686dc47e9d296a6c8597d8075d5404b00c
[INFO] running `Command { std: "docker" "start" "-a" "a3c0fa9c391ef05d51049992ff59f3686dc47e9d296a6c8597d8075d5404b00c", kill_on_drop: false }`
[INFO] running `Command { std: "docker" "inspect" "a3c0fa9c391ef05d51049992ff59f3686dc47e9d296a6c8597d8075d5404b00c", kill_on_drop: false }`
[INFO] running `Command { std: "docker" "rm" "-f" "a3c0fa9c391ef05d51049992ff59f3686dc47e9d296a6c8597d8075d5404b00c", kill_on_drop: false }`
[INFO] [stdout] a3c0fa9c391ef05d51049992ff59f3686dc47e9d296a6c8597d8075d5404b00c
[INFO] running `Command { std: "docker" "create" "-v" "/var/lib/crater-agent-workspace/builds/worker-4-tc2/target:/opt/rustwide/target:rw,Z" "-v" "/var/lib/crater-agent-workspace/builds/worker-4-tc2/source:/opt/rustwide/workdir:ro,Z" "-v" "/var/lib/crater-agent-workspace/cargo-home:/opt/rustwide/cargo-home:ro,Z" "-v" "/var/lib/crater-agent-workspace/rustup-home:/opt/rustwide/rustup-home:ro,Z" "-e" "SOURCE_DIR=/opt/rustwide/workdir" "-e" "CARGO_TARGET_DIR=/opt/rustwide/target" "-e" "CARGO_INCREMENTAL=0" "-e" "RUST_BACKTRACE=full" "-e" "RUSTFLAGS=--cap-lints=warn" "-e" "RUSTDOCFLAGS=--cap-lints=warn" "-e" "CARGO_HOME=/opt/rustwide/cargo-home" "-e" "RUSTUP_HOME=/opt/rustwide/rustup-home" "-w" "/opt/rustwide/workdir" "-m" "1610612736" "--user" "0:0" "--network" "none" "ghcr.io/rust-lang/crates-build-env/linux@sha256:2788e3201cd34a07e3172128adcd8b3090168a8e3bcc40d7c032b9dda1df7d1c" "/opt/rustwide/cargo-home/bin/cargo" "+beta-2023-12-22" "doc" "--frozen" "--no-deps" "--document-private-items" "--message-format=json", kill_on_drop: false }`
[INFO] [stdout] 43e04682e7803bf84b7dd7b7c00332bb4d0122ddf903bf5e7ac74aacdd32f9ce
[INFO] running `Command { std: "docker" "start" "-a" "43e04682e7803bf84b7dd7b7c00332bb4d0122ddf903bf5e7ac74aacdd32f9ce", kill_on_drop: false }`
[INFO] [stderr]    Compiling libc v0.2.151
[INFO] [stderr]    Compiling serde v1.0.193
[INFO] [stderr]    Compiling syn v1.0.109
[INFO] [stderr]     Checking once_cell v1.19.0
[INFO] [stderr]    Compiling hashbrown v0.14.3
[INFO] [stderr]    Compiling winnow v0.5.26
[INFO] [stderr]    Compiling generic-array v0.14.7
[INFO] [stderr]     Checking arrayvec v0.7.4
[INFO] [stderr]    Compiling syn v2.0.40
[INFO] [stderr]     Checking bitvec v1.0.1
[INFO] [stderr]     Checking byte-slice-cast v1.2.2
[INFO] [stderr]     Checking const-oid v0.9.5
[INFO] [stderr]     Checking byteorder v1.5.0
[INFO] [stderr]    Compiling subtle v2.4.1
[INFO] [stderr]    Compiling futures-core v0.3.29
[INFO] [stderr]     Checking tracing-core v0.1.32
[INFO] [stderr]    Compiling crunchy v0.2.2
[INFO] [stderr]    Compiling futures-channel v0.3.29
[INFO] [stderr]    Compiling futures-task v0.3.29
[INFO] [stderr]     Checking percent-encoding v2.3.1
[INFO] [stderr]     Checking futures-io v0.3.29
[INFO] [stderr]    Compiling futures-util v0.3.29
[INFO] [stderr]     Checking form_urlencoded v1.2.1
[INFO] [stderr]    Compiling indexmap v1.9.3
[INFO] [stderr]    Compiling serde_json v1.0.108
[INFO] [stderr]     Checking unicode-bidi v0.3.14
[INFO] [stderr]    Compiling ahash v0.8.6
[INFO] [stderr]     Checking smallvec v1.11.2
[INFO] [stderr]    Compiling rustix v0.38.28
[INFO] [stderr]     Checking zerocopy v0.7.30
[INFO] [stderr]    Compiling indexmap v2.1.0
[INFO] [stderr]    Compiling block-buffer v0.10.4
[INFO] [stderr]    Compiling crypto-common v0.1.6
[INFO] [stderr]     Checking linux-raw-sys v0.4.12
[INFO] [stderr]    Compiling Inflector v0.11.4
[INFO] [stderr]     Checking idna v0.5.0
[INFO] [stderr]     Checking sp-std v8.0.0 (https://github.com/paritytech/polkadot-sdk.git?branch=master#097308e3)
[INFO] [stderr]    Compiling digest v0.10.7
[INFO] [stderr]    Compiling crc32fast v1.3.2
[INFO] [stderr]     Checking generic-array v0.12.4
[INFO] [stderr]     Checking stable_deref_trait v1.2.0
[INFO] [stderr]     Checking fallible-iterator v0.2.0
[INFO] [stderr]    Compiling target-lexicon v0.12.12
[INFO] [stderr]    Compiling memoffset v0.8.0
[INFO] [stderr]    Compiling fs-err v2.11.0
[INFO] [stderr]    Compiling cc v1.0.83
[INFO] [stderr]    Compiling rustix v0.36.17
[INFO] [stderr]     Checking url v2.5.0
[INFO] [stderr]     Checking byte-tools v0.3.1
[INFO] [stderr]     Checking rustc-hex v2.1.0
[INFO] [stderr]     Checking block-padding v0.1.5
[INFO] [stderr]     Checking digest v0.8.1
[INFO] [stderr]    Compiling digest v0.9.0
[INFO] [stderr]    Compiling expander v2.0.0
[INFO] [stderr]    Compiling cpp_demangle v0.3.5
[INFO] [stderr]     Checking getrandom v0.2.11
[INFO] [stderr]     Checking num_cpus v1.16.0
[INFO] [stderr]     Checking getrandom v0.1.16
[INFO] [stderr]     Checking io-lifetimes v1.0.11
[INFO] [stderr]    Compiling libsecp256k1-core v0.3.0
[INFO] [stderr]     Checking rand_core v0.6.4
[INFO] [stderr]     Checking ahash v0.7.7
[INFO] [stderr]     Checking rand_core v0.5.1
[INFO] [stderr]     Checking block-buffer v0.7.3
[INFO] [stderr]     Checking rand_chacha v0.3.1
[INFO] [stderr]    Compiling blake2 v0.10.6
[INFO] [stderr]     Checking hashbrown v0.12.3
[INFO] [stderr]     Checking uint v0.9.5
[INFO] [stderr]     Checking wasmtime-jit-debug v8.0.1
[INFO] [stderr]     Checking wasmtime-asm-macros v8.0.1
[INFO] [stderr]    Compiling ref-cast v1.0.20
[INFO] [stderr]     Checking opaque-debug v0.2.3
[INFO] [stderr]     Checking fake-simd v0.1.2
[INFO] [stderr]     Checking rand v0.8.5
[INFO] [stderr]     Checking hashbrown v0.13.2
[INFO] [stderr]     Checking rand_chacha v0.2.2
[INFO] [stderr]     Checking wasmtime-jit-icache-coherence v8.0.1
[INFO] [stderr]    Compiling ryu v1.0.16
[INFO] [stderr]    Compiling wasmtime v8.0.1
[INFO] [stderr]    Compiling itoa v1.0.10
[INFO] [stderr]     Checking base64 v0.13.1
[INFO] [stderr]     Checking chrono v0.4.31
[INFO] [stderr]     Checking rand v0.7.3
[INFO] [stderr]     Checking matchers v0.0.1
[INFO] [stderr]     Checking sharded-slab v0.1.7
[INFO] [stderr]     Checking tracing-log v0.1.4
[INFO] [stderr]     Checking thread_local v1.1.7
[INFO] [stderr]     Checking hash-db v0.16.0
[INFO] [stderr]    Compiling libsecp256k1-gen-ecmult v0.3.0
[INFO] [stderr]    Compiling libsecp256k1-gen-genmult v0.3.0
[INFO] [stderr]     Checking environmental v1.1.4
[INFO] [stderr]    Compiling unicode-xid v0.2.4
[INFO] [stderr]    Compiling semver v1.0.20
[INFO] [stderr]     Checking sha2 v0.8.2
[INFO] [stderr]     Checking arrayvec v0.5.2
[INFO] [stderr]     Checking constant_time_eq v0.3.0
[INFO] [stderr]    Compiling wasmtime-runtime v8.0.1
[INFO] [stderr]    Compiling psm v0.1.21
[INFO] [stderr]     Checking fixed-hash v0.8.0
[INFO] [stderr]    Compiling secp256k1-sys v0.9.1
[INFO] [stderr]     Checking blake2b_simd v1.0.2
[INFO] [stderr]     Checking parking_lot_core v0.9.9
[INFO] [stderr]     Checking num-format v0.4.4
[INFO] [stderr]     Checking bitcoin_hashes v0.11.0
[INFO] [stderr]    Compiling libsecp256k1 v0.7.1
[INFO] [stderr]     Checking itertools v0.10.5
[INFO] [stderr]     Checking parking_lot v0.12.1
[INFO] [stderr]    Compiling rustc_version v0.4.0
[INFO] [stderr]    Compiling backtrace v0.3.69
[INFO] [stderr]     Checking hash256-std-hasher v0.15.2
[INFO] [stderr]     Checking gimli v0.28.1
[INFO] [stderr]     Checking memfd v0.6.4
[INFO] [stderr]     Checking bs58 v0.5.0
[INFO] [stderr]     Checking array-bytes v6.2.2
[INFO] [stderr]    Compiling platforms v3.2.0
[INFO] [stderr]     Checking object v0.32.1
[INFO] [stderr]     Checking schnellru v0.2.1
[INFO] [stderr]     Checking trie-db v0.28.0
[INFO] [stderr]     Checking memory-db v0.32.0
[INFO] [stderr]     Checking trie-root v0.18.0
[INFO] [stderr]    Compiling sp-io v23.0.0 (https://github.com/paritytech/polkadot-sdk.git?branch=master#097308e3)
[INFO] [stderr]     Checking integer-sqrt v0.1.5
[INFO] [stderr]    Compiling same-file v1.0.6
[INFO] [stderr]    Compiling common-path v1.0.0
[INFO] [stderr]    Compiling termcolor v1.4.0
[INFO] [stderr]    Compiling curve25519-dalek v4.1.1
[INFO] [stderr]    Compiling walkdir v2.4.0
[INFO] [stderr]     Checking simple-mermaid v0.1.0 (https://github.com/kianenigma/simple-mermaid.git?branch=main#e48b187b)
[INFO] [stderr]    Compiling ppv-lite86 v0.2.17
[INFO] [stderr]    Compiling tiny-keccak v2.0.2
[INFO] [stderr]    Compiling cpufeatures v0.2.11
[INFO] [stderr]    Compiling keccak v0.1.4
[INFO] [stderr]    Compiling arrayref v0.3.7
[INFO] [stderr]    Compiling static_assertions v1.1.0
[INFO] [stderr]    Compiling sha2 v0.10.8
[INFO] [stderr]     Checking ff v0.13.0
[INFO] [stderr]    Compiling sha3 v0.10.8
[INFO] [stderr]    Compiling const-random-macro v0.1.16
[INFO] [stderr]     Checking parity-wasm v0.45.0
[INFO] [stderr]     Checking base16ct v0.2.0
[INFO] [stderr]     Checking group v0.13.0
[INFO] [stderr]    Compiling proc-macro-warning v1.0.0
[INFO] [stderr]    Compiling either v1.9.0
[INFO] [stderr]    Compiling proc-macro-error-attr v1.0.4
[INFO] [stderr]    Compiling include_dir_macros v0.7.3
[INFO] [stderr]    Compiling const-random v0.1.17
[INFO] [stderr]     Checking tt-call v1.0.9
[INFO] [stderr]    Compiling proc-macro-error v1.0.4
[INFO] [stderr]    Compiling cfg-expr v0.15.5
[INFO] [stderr]     Checking socket2 v0.5.5
[INFO] [stderr]     Checking mio v0.8.10
[INFO] [stderr]     Checking spin v0.9.8
[INFO] [stderr]     Checking bytemuck v1.14.0
[INFO] [stderr]    Compiling include_dir v0.7.3
[INFO] [stderr]    Compiling openssl-sys v0.9.97
[INFO] [stderr]    Compiling matrixmultiply v0.3.8
[INFO] [stderr]     Checking num-integer v0.1.45
[INFO] [stderr]     Checking num-complex v0.4.4
[INFO] [stderr]     Checking safe_arch v0.7.1
[INFO] [stderr]     Checking addr2line v0.21.0
[INFO] [stderr]     Checking approx v0.5.1
[INFO] [stderr]     Checking rawpointer v0.2.1
[INFO] [stderr]    Compiling twox-hash v1.6.3
[INFO] [stderr]    Compiling ring v0.17.7
[INFO] [stderr]     Checking num-rational v0.4.1
[INFO] [stderr]    Compiling darling_core v0.14.4
[INFO] [stderr]    Compiling openssl v0.10.61
[INFO] [stderr]     Checking wide v0.7.13
[INFO] [stderr]     Checking http v0.2.11
[INFO] [stderr]     Checking untrusted v0.9.0
[INFO] [stderr]     Checking indexmap-nostd v0.4.0
[INFO] [stderr]    Compiling sp-core-hashing v9.0.0 (https://github.com/paritytech/polkadot-sdk.git?branch=master#097308e3)
[INFO] [stderr]     Checking downcast-rs v1.2.0
[INFO] [stderr]     Checking wasmi_arena v0.4.0
[INFO] [stderr]    Compiling pallet-contracts v4.0.0-dev (https://github.com/paritytech/polkadot-sdk.git?branch=master#097308e3)
[INFO] [stderr]     Checking wasmi_core v0.13.0
[INFO] [stderr]     Checking wasmparser-nostd v0.100.1
[INFO] [stderr]    Compiling bitcoin-private v0.1.0
[INFO] [stderr]    Compiling native-tls v0.2.11
[INFO] [stderr]    Compiling rustls v0.21.10
[INFO] [stderr]    Compiling secp256k1-sys v0.8.1
[INFO] [stderr]     Checking iovec v0.1.4
[INFO] [stderr]     Checking net2 v0.2.39
[INFO] [stderr]     Checking rustls-pemfile v1.0.4
[INFO] [stderr]    Compiling cmake v0.1.50
[INFO] [stderr]    Compiling hex_lit v0.1.1
[INFO] [stderr]     Checking try-lock v0.2.5
[INFO] [stderr]     Checking futures-timer v3.0.2
[INFO] [stderr]     Checking want v0.3.1
[INFO] [stderr]     Checking mio v0.6.23
[INFO] [stderr]     Checking rustls-native-certs v0.6.3
[INFO] [stderr]     Checking http-body v0.4.6
[INFO] [stderr]     Checking socket2 v0.4.10
[INFO] [stderr]     Checking webpki-roots v0.25.3
[INFO] [stderr]     Checking secp256k1 v0.28.0
[INFO] [stderr]    Compiling bitcoin v0.30.2
[INFO] [stderr]     Checking simba v0.8.1
[INFO] [stderr]     Checking bytes v0.4.12
[INFO] [stderr]     Checking sp-panic-handler v8.0.0 (https://github.com/paritytech/polkadot-sdk.git?branch=master#097308e3)
[INFO] [stderr]     Checking http v1.0.0
[INFO] [stderr]    Compiling wabt-sys v0.8.0
[INFO] [stderr]     Checking is-terminal v0.4.9
[INFO] [stderr]     Checking sha-1 v0.8.2
[INFO] [stderr]     Checking bech32 v0.9.1
[INFO] [stderr]     Checking mio-extras v2.0.6
[INFO] [stderr]     Checking utf-8 v0.7.6
[INFO] [stderr]     Checking data-encoding v2.5.0
[INFO] [stderr]     Checking env_logger v0.10.1
[INFO] [stderr]    Compiling serde_derive v1.0.193
[INFO] [stderr]    Compiling zeroize_derive v1.4.2
[INFO] [stderr]    Compiling tracing-attributes v0.1.27
[INFO] [stderr]    Compiling futures-macro v0.3.29
[INFO] [stderr]    Compiling thiserror-impl v1.0.50
[INFO] [stderr]    Compiling sp-debug-derive v8.0.0 (https://github.com/paritytech/polkadot-sdk.git?branch=master#097308e3)
[INFO] [stderr]    Compiling ref-cast-impl v1.0.20
[INFO] [stderr]    Compiling curve25519-dalek-derive v0.1.1
[INFO] [stderr]    Compiling macro_magic_core_macros v0.5.0
[INFO] [stderr]    Compiling async-trait v0.1.74
[INFO] [stderr]    Compiling impl-trait-for-tuples v0.2.2
[INFO] [stderr]    Compiling derive_more v0.99.17
[INFO] [stderr]    Compiling dyn-clonable-impl v0.9.0
[INFO] [stderr]    Compiling derive-syn-parse v0.1.5
[INFO] [stderr]     Checking zeroize v1.7.0
[INFO] [stderr]    Compiling sp-core-hashing-proc-macro v9.0.0 (https://github.com/paritytech/polkadot-sdk.git?branch=master#097308e3)
[INFO] [stderr]    Compiling frame-support-procedural-tools-derive v3.0.0 (https://github.com/paritytech/polkadot-sdk.git?branch=master#097308e3)
[INFO] [stderr]     Checking merlin v2.0.1
[INFO] [stderr]     Checking curve25519-dalek v2.1.3
[INFO] [stderr]     Checking dyn-clonable v0.9.0
[INFO] [stderr]     Checking secrecy v0.8.0
[INFO] [stderr]     Checking der v0.7.8
[INFO] [stderr]     Checking tracing v0.1.40
[INFO] [stderr]     Checking thiserror v1.0.50
[INFO] [stderr]     Checking block-buffer v0.9.0
[INFO] [stderr]     Checking crypto-mac v0.8.0
[INFO] [stderr]     Checking crypto-mac v0.11.1
[INFO] [stderr]     Checking sha2 v0.9.9
[INFO] [stderr]     Checking hmac v0.8.1
[INFO] [stderr]     Checking hmac v0.11.0
[INFO] [stderr]     Checking pbkdf2 v0.8.0
[INFO] [stderr]     Checking curve25519-dalek v3.2.0
[INFO] [stderr]     Checking hmac-drbg v0.3.0
[INFO] [stderr]     Checking schnorrkel v0.9.1
[INFO] [stderr]     Checking signature v2.2.0
[INFO] [stderr]     Checking ed25519 v2.2.3
[INFO] [stderr]    Compiling macro_magic_core v0.5.0
[INFO] [stderr]     Checking hmac v0.12.1
[INFO] [stderr]     Checking crypto-bigint v0.5.5
[INFO] [stderr]    Compiling aquamarine v0.3.2
[INFO] [stderr]    Compiling tokio-macros v2.2.0
[INFO] [stderr]     Checking rfc6979 v0.4.0
[INFO] [stderr]    Compiling nalgebra-macros v0.2.1
[INFO] [stderr]     Checking substrate-bip39 v0.4.5
[INFO] [stderr]     Checking ed25519-zebra v3.1.0
[INFO] [stderr]    Compiling darling_macro v0.14.4
[INFO] [stderr]     Checking sec1 v0.7.3
[INFO] [stderr]     Checking spki v0.7.3
[INFO] [stderr]    Compiling derivative v2.2.0
[INFO] [stderr]    Compiling macro_magic_macros v0.5.0
[INFO] [stderr]    Compiling openssl-macros v0.1.1
[INFO] [stderr]    Compiling xcm-procedural v1.0.0 (https://github.com/paritytech/polkadot-sdk.git?branch=master#097308e3)
[INFO] [stderr]     Checking ed25519-dalek v2.1.0
[INFO] [stderr] error: could not compile `simba` (lib)
[INFO] [stderr] 
[INFO] [stderr] Caused by:
[INFO] [stderr]   process didn't exit successfully: `/opt/rustwide/rustup-home/toolchains/beta-2023-12-22-x86_64-unknown-linux-gnu/bin/rustc --crate-name simba --edition=2018 /opt/rustwide/cargo-home/registry/src/index.crates.io-6f17d22bba15001f/simba-0.8.1/src/lib.rs --error-format=json --json=diagnostic-rendered-ansi,artifacts,future-incompat --crate-type lib --emit=dep-info,metadata -C embed-bitcode=no -C debuginfo=2 --cfg 'feature="std"' --cfg 'feature="wide"' -C metadata=b52a6339685c1a16 -C extra-filename=-b52a6339685c1a16 --out-dir /opt/rustwide/target/debug/deps -L dependency=/opt/rustwide/target/debug/deps --extern approx=/opt/rustwide/target/debug/deps/libapprox-bbc48edde6141ab8.rmeta --extern num_complex=/opt/rustwide/target/debug/deps/libnum_complex-8df27109cfc24220.rmeta --extern num_traits=/opt/rustwide/target/debug/deps/libnum_traits-8e810236d4bc3bd3.rmeta --extern paste=/opt/rustwide/target/debug/deps/libpaste-abc4f255c9df8716.so --extern wide=/opt/rustwide/target/debug/deps/libwide-ee7a0cf7fe9b751c.rmeta --cap-lints allow --cap-lints=warn` (signal: 9, SIGKILL: kill)
[INFO] [stderr] warning: build failed, waiting for other jobs to finish...
[INFO] [stderr] error: could not compile `derive_more` (lib)
[INFO] [stderr] 
[INFO] [stderr] Caused by:
[INFO] [stderr]   process didn't exit successfully: `/opt/rustwide/rustup-home/toolchains/beta-2023-12-22-x86_64-unknown-linux-gnu/bin/rustc --crate-name derive_more --edition=2018 /opt/rustwide/cargo-home/registry/src/index.crates.io-6f17d22bba15001f/derive_more-0.99.17/src/lib.rs --error-format=json --json=diagnostic-rendered-ansi,artifacts,future-incompat --crate-type proc-macro --emit=dep-info,link -C prefer-dynamic -C embed-bitcode=no --cfg 'feature="add"' --cfg 'feature="add_assign"' --cfg 'feature="as_mut"' --cfg 'feature="as_ref"' --cfg 'feature="constructor"' --cfg 'feature="convert_case"' --cfg 'feature="default"' --cfg 'feature="deref"' --cfg 'feature="deref_mut"' --cfg 'feature="display"' --cfg 'feature="error"' --cfg 'feature="from"' --cfg 'feature="from_str"' --cfg 'feature="index"' --cfg 'feature="index_mut"' --cfg 'feature="into"' --cfg 'feature="into_iterator"' --cfg 'feature="is_variant"' --cfg 'feature="iterator"' --cfg 'feature="mul"' --cfg 'feature="mul_assign"' --cfg 'feature="not"' --cfg 'feature="rustc_version"' --cfg 'feature="sum"' --cfg 'feature="try_into"' --cfg 'feature="unwrap"' -C metadata=0cab121da2ade57b -C extra-filename=-0cab121da2ade57b --out-dir /opt/rustwide/target/debug/deps -L dependency=/opt/rustwide/target/debug/deps --extern convert_case=/opt/rustwide/target/debug/deps/libconvert_case-4ce6d2898a228574.rlib --extern proc_macro2=/opt/rustwide/target/debug/deps/libproc_macro2-9cce01265a206cad.rlib --extern quote=/opt/rustwide/target/debug/deps/libquote-c5e1e8c42140dfc0.rlib --extern syn=/opt/rustwide/target/debug/deps/libsyn-afc4d45a333a6c7c.rlib --extern proc_macro --cap-lints allow --cap-lints=warn` (signal: 9, SIGKILL: kill)
[INFO] [stderr] error: failed to run custom build command for `wabt-sys v0.8.0`
[INFO] [stderr] note: To improve backtraces for build dependencies, set the CARGO_PROFILE_DEV_BUILD_OVERRIDE_DEBUG=true environment variable to enable debug information generation.
[INFO] [stderr] 
[INFO] [stderr] Caused by:
[INFO] [stderr]   process didn't exit successfully: `/opt/rustwide/target/debug/build/wabt-sys-e78e3637a124ea5b/build-script-build` (exit status: 101)
[INFO] [stderr]   --- stdout
[INFO] [stderr]   cargo:rerun-if-env-changed=WABT_CXXSTDLIB
[INFO] [stderr]   cargo:rerun-if-env-changed=CXXSTDLIB
[INFO] [stderr]   CMAKE_TOOLCHAIN_FILE_x86_64-unknown-linux-gnu = None
[INFO] [stderr]   CMAKE_TOOLCHAIN_FILE_x86_64_unknown_linux_gnu = None
[INFO] [stderr]   HOST_CMAKE_TOOLCHAIN_FILE = None
[INFO] [stderr]   CMAKE_TOOLCHAIN_FILE = None
[INFO] [stderr]   CMAKE_GENERATOR_x86_64-unknown-linux-gnu = None
[INFO] [stderr]   CMAKE_GENERATOR_x86_64_unknown_linux_gnu = None
[INFO] [stderr]   HOST_CMAKE_GENERATOR = None
[INFO] [stderr]   CMAKE_GENERATOR = None
[INFO] [stderr]   CMAKE_PREFIX_PATH_x86_64-unknown-linux-gnu = None
[INFO] [stderr]   CMAKE_PREFIX_PATH_x86_64_unknown_linux_gnu = None
[INFO] [stderr]   HOST_CMAKE_PREFIX_PATH = None
[INFO] [stderr]   CMAKE_PREFIX_PATH = None
[INFO] [stderr]   CMAKE_x86_64-unknown-linux-gnu = None
[INFO] [stderr]   CMAKE_x86_64_unknown_linux_gnu = None
[INFO] [stderr]   HOST_CMAKE = None
[INFO] [stderr]   CMAKE = None
[INFO] [stderr]   running: cd "/opt/rustwide/target/debug/build/wabt-sys-11e6a38f2e092cb1/out/build" && CMAKE_PREFIX_PATH="" "cmake" "/opt/rustwide/cargo-home/registry/src/index.crates.io-6f17d22bba15001f/wabt-sys-0.8.0/wabt" "-DBUILD_TESTS=OFF" "-DBUILD_TOOLS=OFF" "-DCMAKE_INSTALL_PREFIX=/opt/rustwide/target/debug/build/wabt-sys-11e6a38f2e092cb1/out" "-DCMAKE_C_FLAGS= -ffunction-sections -fdata-sections -fPIC -m64" "-DCMAKE_C_COMPILER=/usr/bin/cc" "-DCMAKE_CXX_FLAGS= -ffunction-sections -fdata-sections -fPIC -m64" "-DCMAKE_CXX_COMPILER=/usr/bin/c++" "-DCMAKE_ASM_FLAGS= -ffunction-sections -fdata-sections -fPIC -m64" "-DCMAKE_ASM_COMPILER=/usr/bin/cc" "-DCMAKE_BUILD_TYPE=Debug"
[INFO] [stderr]   -- The C compiler identification is GNU 11.4.0
[INFO] [stderr]   -- The CXX compiler identification is GNU 11.4.0
[INFO] [stderr]   -- Detecting C compiler ABI info
[INFO] [stderr]   -- Detecting C compiler ABI info - done
[INFO] [stderr]   -- Check for working C compiler: /usr/bin/cc - skipped
[INFO] [stderr]   -- Detecting C compile features
[INFO] [stderr]   -- Detecting C compile features - done
[INFO] [stderr]   -- Detecting CXX compiler ABI info
[INFO] [stderr]   -- Detecting CXX compiler ABI info - done
[INFO] [stderr]   -- Check for working CXX compiler: /usr/bin/c++ - skipped
[INFO] [stderr]   -- Detecting CXX compile features
[INFO] [stderr]   -- Detecting CXX compile features - done
[INFO] [stderr]   -- Looking for alloca.h
[INFO] [stderr]   -- Looking for alloca.h - found
[INFO] [stderr]   -- Looking for unistd.h
[INFO] [stderr]   -- Looking for unistd.h - found
[INFO] [stderr]   -- Looking for snprintf
[INFO] [stderr]   -- Looking for snprintf - found
[INFO] [stderr]   -- Looking for strcasecmp
[INFO] [stderr]   -- Looking for strcasecmp - found
[INFO] [stderr]   -- Looking for sys/types.h
[INFO] [stderr]   -- Looking for sys/types.h - found
[INFO] [stderr]   -- Looking for stdint.h
[INFO] [stderr]   -- Looking for stdint.h - found
[INFO] [stderr]   -- Looking for stddef.h
[INFO] [stderr]   -- Looking for stddef.h - found
[INFO] [stderr]   -- Check size of ssize_t
[INFO] [stderr]   -- Check size of ssize_t - done
[INFO] [stderr]   -- Check size of size_t
[INFO] [stderr]   -- Check size of size_t - done
[INFO] [stderr]   -- Found PythonInterp: /usr/bin/python3 (found suitable version "3.10.12", minimum required is "3.5") 
[INFO] [stderr]   -- Looking for pthread.h
[INFO] [stderr]   -- Looking for pthread.h - found
[INFO] [stderr]   -- Performing Test CMAKE_HAVE_LIBC_PTHREAD
[INFO] [stderr]   -- Performing Test CMAKE_HAVE_LIBC_PTHREAD - Success
[INFO] [stderr]   -- Found Threads: TRUE  
[INFO] [stderr]   -- Configuring done
[INFO] [stderr]   -- Generating done
[INFO] [stderr]   -- Build files have been written to: /opt/rustwide/target/debug/build/wabt-sys-11e6a38f2e092cb1/out/build
[INFO] [stderr]   running: cd "/opt/rustwide/target/debug/build/wabt-sys-11e6a38f2e092cb1/out/build" && MAKEFLAGS="-j --jobserver-fds=7,8 --jobserver-auth=7,8" "cmake" "--build" "." "--config" "Debug"
[INFO] [stderr]   [  1%] Building CXX object CMakeFiles/wabt.dir/src/apply-names.cc.o
[INFO] [stderr]   [  2%] Building CXX object CMakeFiles/wabt.dir/src/binary.cc.o
[INFO] [stderr]   [  3%] Building CXX object CMakeFiles/wabt.dir/src/binary-reader.cc.o
[INFO] [stderr]   [  4%] Building CXX object CMakeFiles/wabt.dir/src/binary-reader-logging.cc.o
[INFO] [stderr]   [  5%] Building CXX object CMakeFiles/wabt.dir/src/binary-writer.cc.o
[INFO] [stderr]   [  6%] Building CXX object CMakeFiles/wabt.dir/src/binary-reader-ir.cc.o
[INFO] [stderr]   [  7%] Building CXX object CMakeFiles/wabt.dir/src/binary-writer-spec.cc.o
[INFO] [stderr]   [  8%] Building CXX object CMakeFiles/wabt.dir/src/binding-hash.cc.o
[INFO] [stderr]   [ 10%] Building CXX object CMakeFiles/wabt.dir/src/color.cc.o
[INFO] [stderr]   [ 11%] Building CXX object CMakeFiles/wabt.dir/src/common.cc.o
[INFO] [stderr]   [ 12%] Building CXX object CMakeFiles/wabt.dir/src/config.cc.o
[INFO] [stderr]   [ 13%] Building CXX object CMakeFiles/wabt.dir/src/decompiler.cc.o
[INFO] [stderr]   [ 14%] Building CXX object CMakeFiles/wabt.dir/src/error-formatter.cc.o
[INFO] [stderr]   [ 15%] Building CXX object CMakeFiles/wabt.dir/src/expr-visitor.cc.o
[INFO] [stderr]   [ 16%] Building CXX object CMakeFiles/wabt.dir/src/feature.cc.o
[INFO] [stderr]   [ 17%] Building CXX object CMakeFiles/wabt.dir/src/filenames.cc.o
[INFO] [stderr]   [ 20%] Building CXX object CMakeFiles/wabt.dir/src/hash-util.cc.o
[INFO] [stderr]   [ 20%] Building CXX object CMakeFiles/wabt.dir/src/generate-names.cc.o
[INFO] [stderr]   [ 21%] Building CXX object CMakeFiles/wabt.dir/src/ir.cc.o
[INFO] [stderr]   [ 22%] Building CXX object CMakeFiles/wabt.dir/src/ir-util.cc.o
[INFO] [stderr]   [ 23%] Building CXX object CMakeFiles/wabt.dir/src/leb128.cc.o
[INFO] [stderr]   [ 24%] Building CXX object CMakeFiles/wabt.dir/src/lexer-source.cc.o
[INFO] [stderr]   [ 25%] Building CXX object CMakeFiles/wabt.dir/src/literal.cc.o
[INFO] [stderr]   [ 26%] Building CXX object CMakeFiles/wabt.dir/src/lexer-source-line-finder.cc.o
[INFO] [stderr]   [ 28%] Building C object CMakeFiles/wabt.dir/src/opcode-code-table.c.o
[INFO] [stderr]   [ 29%] Building CXX object CMakeFiles/wabt.dir/src/opcode.cc.o
[INFO] [stderr]   [ 30%] Building CXX object CMakeFiles/wabt.dir/src/option-parser.cc.o
[INFO] [stderr]   [ 31%] Building CXX object CMakeFiles/wabt.dir/src/resolve-names.cc.o
[INFO] [stderr]   [ 32%] Building CXX object CMakeFiles/wabt.dir/src/shared-validator.cc.o
[INFO] [stderr]   [ 33%] Building CXX object CMakeFiles/wabt.dir/src/stream.cc.o
[INFO] [stderr]   [ 34%] Building CXX object CMakeFiles/wabt.dir/src/string-view.cc.o
[INFO] [stderr]   [ 35%] Building CXX object CMakeFiles/wabt.dir/src/token.cc.o
[INFO] [stderr]   [ 37%] Building CXX object CMakeFiles/wabt.dir/src/tracing.cc.o
[INFO] [stderr]   [ 38%] Building CXX object CMakeFiles/wabt.dir/src/type-checker.cc.o
[INFO] [stderr]   [ 39%] Building CXX object CMakeFiles/wabt.dir/src/utf8.cc.o
[INFO] [stderr]   [ 40%] Building CXX object CMakeFiles/wabt.dir/src/validator.cc.o
[INFO] [stderr]   [ 41%] Building CXX object CMakeFiles/wabt.dir/src/wast-lexer.cc.o
[INFO] [stderr]   [ 42%] Building CXX object CMakeFiles/wabt.dir/src/wast-parser.cc.o
[INFO] [stderr]   [ 43%] Building CXX object CMakeFiles/wabt.dir/src/wat-writer.cc.o
[INFO] [stderr]   [ 44%] Building CXX object CMakeFiles/wabt.dir/src/interp/interp.cc.o
[INFO] [stderr]   [ 46%] Building CXX object CMakeFiles/wabt.dir/src/interp/binary-reader-interp.cc.o
[INFO] [stderr]   [ 47%] Building CXX object CMakeFiles/wabt.dir/src/interp/interp-util.cc.o
[INFO] [stderr]   [ 48%] Building CXX object CMakeFiles/wabt.dir/src/interp/istream.cc.o
[INFO] [stderr] 
[INFO] [stderr]   --- stderr
[INFO] [stderr]   CMake Warning (dev) at CMakeLists.txt:325 (add_library):
[INFO] [stderr]     Policy CMP0115 is not set: Source file extensions must be explicit.  Run
[INFO] [stderr]     "cmake --help-policy CMP0115" for policy details.  Use the cmake_policy
[INFO] [stderr]     command to set the policy and suppress this warning.
[INFO] [stderr] 
[INFO] [stderr]     File:
[INFO] [stderr] 
[INFO] [stderr]       /opt/rustwide/cargo-home/registry/src/index.crates.io-6f17d22bba15001f/wabt-sys-0.8.0/wabt/src/config.h.in
[INFO] [stderr]   This warning is for project developers.  Use -Wno-dev to suppress it.
[INFO] [stderr] 
[INFO] [stderr]   CMake Warning:
[INFO] [stderr]     Manually-specified variables were not used by the project:
[INFO] [stderr] 
[INFO] [stderr]       CMAKE_ASM_COMPILER
[INFO] [stderr]       CMAKE_ASM_FLAGS
[INFO] [stderr] 
[INFO] [stderr] 
[INFO] [stderr]   c++: fatal error: Killed signal terminated program cc1plus
[INFO] [stderr]   compilation terminated.
[INFO] [stderr]   gmake[2]: *** [CMakeFiles/wabt.dir/build.make:118: CMakeFiles/wabt.dir/src/binary-reader-ir.cc.o] Error 1
[INFO] [stderr]   gmake[2]: *** Waiting for unfinished jobs....
[INFO] [stderr]   gmake[1]: *** [CMakeFiles/Makefile2:112: CMakeFiles/wabt.dir/all] Error 2
[INFO] [stderr]   gmake: *** [Makefile:91: all] Error 2
[INFO] [stderr]   thread 'main' panicked at /opt/rustwide/cargo-home/registry/src/index.crates.io-6f17d22bba15001f/cmake-0.1.50/src/lib.rs:1098:5:
[INFO] [stderr] 
[INFO] [stderr]   command did not execute successfully, got: exit status: 2
[INFO] [stderr] 
[INFO] [stderr]   build script failed, must exit now
[INFO] [stderr]   stack backtrace:
[INFO] [stderr]      0:     0x558edd6f2646 - std::backtrace_rs::backtrace::libunwind::trace::h261606ad26a499c1
[INFO] [stderr]                                  at /rustc/0e09125c6c3c2fd70d7de961bcf0e51575235fad/library/std/src/../../backtrace/src/backtrace/libunwind.rs:104:5
[INFO] [stderr]      1:     0x558edd6f2646 - std::backtrace_rs::backtrace::trace_unsynchronized::hd183f0625477fb28
[INFO] [stderr]                                  at /rustc/0e09125c6c3c2fd70d7de961bcf0e51575235fad/library/std/src/../../backtrace/src/backtrace/mod.rs:66:5
[INFO] [stderr]      2:     0x558edd6f2646 - std::sys_common::backtrace::_print_fmt::hd7f8fef21b4eda67
[INFO] [stderr]                                  at /rustc/0e09125c6c3c2fd70d7de961bcf0e51575235fad/library/std/src/sys_common/backtrace.rs:68:5
[INFO] [stderr]      3:     0x558edd6f2646 - <std::sys_common::backtrace::_print::DisplayBacktrace as core::fmt::Display>::fmt::h623d9b51f2f453f1
[INFO] [stderr]                                  at /rustc/0e09125c6c3c2fd70d7de961bcf0e51575235fad/library/std/src/sys_common/backtrace.rs:44:22
[INFO] [stderr]      4:     0x558edd719790 - core::fmt::rt::Argument::fmt::h9f417ac76a86f368
[INFO] [stderr]                                  at /rustc/0e09125c6c3c2fd70d7de961bcf0e51575235fad/library/core/src/fmt/rt.rs:142:9
[INFO] [stderr]      5:     0x558edd719790 - core::fmt::write::hc9b6faf4ac2aeff7
[INFO] [stderr]                                  at /rustc/0e09125c6c3c2fd70d7de961bcf0e51575235fad/library/core/src/fmt/mod.rs:1120:17
[INFO] [stderr]      6:     0x558edd6ef7ff - std::io::Write::write_fmt::hfead1eee52c2e65e
[INFO] [stderr]                                  at /rustc/0e09125c6c3c2fd70d7de961bcf0e51575235fad/library/std/src/io/mod.rs:1810:15
[INFO] [stderr]      7:     0x558edd6f2424 - std::sys_common::backtrace::_print::hd5d66399c7df88a2
[INFO] [stderr]                                  at /rustc/0e09125c6c3c2fd70d7de961bcf0e51575235fad/library/std/src/sys_common/backtrace.rs:47:5
[INFO] [stderr]      8:     0x558edd6f2424 - std::sys_common::backtrace::print::he81ed2da642d37e5
[INFO] [stderr]                                  at /rustc/0e09125c6c3c2fd70d7de961bcf0e51575235fad/library/std/src/sys_common/backtrace.rs:34:9
[INFO] [stderr]      9:     0x558edd6f4357 - std::panicking::default_hook::{{closure}}::h85773f4fa117163d
[INFO] [stderr]     10:     0x558edd6f40b9 - std::panicking::default_hook::h6a1694a91d09b278
[INFO] [stderr]                                  at /rustc/0e09125c6c3c2fd70d7de961bcf0e51575235fad/library/std/src/panicking.rs:292:9
[INFO] [stderr]     11:     0x558edd6f47e8 - std::panicking::rust_panic_with_hook::h0a7ad96e90f7145b
[INFO] [stderr]                                  at /rustc/0e09125c6c3c2fd70d7de961bcf0e51575235fad/library/std/src/panicking.rs:779:13
[INFO] [stderr]     12:     0x558edd6f46c2 - std::panicking::begin_panic_handler::{{closure}}::h7919090525c6485e
[INFO] [stderr]                                  at /rustc/0e09125c6c3c2fd70d7de961bcf0e51575235fad/library/std/src/panicking.rs:657:13
[INFO] [stderr]     13:     0x558edd6f2b46 - std::sys_common::backtrace::__rust_end_short_backtrace::hf3289479464f7dfe
[INFO] [stderr]                                  at /rustc/0e09125c6c3c2fd70d7de961bcf0e51575235fad/library/std/src/sys_common/backtrace.rs:171:18
[INFO] [stderr]     14:     0x558edd6f4420 - rust_begin_unwind
[INFO] [stderr]                                  at /rustc/0e09125c6c3c2fd70d7de961bcf0e51575235fad/library/std/src/panicking.rs:645:5
[INFO] [stderr]     15:     0x558edd65b845 - core::panicking::panic_fmt::hcc9f77c5c132af55
[INFO] [stderr]                                  at /rustc/0e09125c6c3c2fd70d7de961bcf0e51575235fad/library/core/src/panicking.rs:72:14
[INFO] [stderr]     16:     0x558edd671621 - cmake::fail::h08ddde5275cf866f
[INFO] [stderr]     17:     0x558edd670db7 - cmake::run::hb09ef5cc2ea4ba27
[INFO] [stderr]     18:     0x558edd66d6ed - cmake::Config::build::h9d422ae75ceaf627
[INFO] [stderr]     19:     0x558edd65ea08 - build_script_build::main::h833df8667d4747ba
[INFO] [stderr]     20:     0x558edd65c733 - core::ops::function::FnOnce::call_once::h1fba613c0049a4a5
[INFO] [stderr]     21:     0x558edd65c2f6 - std::sys_common::backtrace::__rust_begin_short_backtrace::heb9da6a757e4607d
[INFO] [stderr]     22:     0x558edd65c409 - std::rt::lang_start::{{closure}}::hd323fcf9926eb659
[INFO] [stderr]     23:     0x558edd6eb3d1 - core::ops::function::impls::<impl core::ops::function::FnOnce<A> for &F>::call_once::h4eb4c5e1620f29b0
[INFO] [stderr]                                  at /rustc/0e09125c6c3c2fd70d7de961bcf0e51575235fad/library/core/src/ops/function.rs:284:13
[INFO] [stderr]     24:     0x558edd6eb3d1 - std::panicking::try::do_call::h73fd26535faffcdf
[INFO] [stderr]                                  at /rustc/0e09125c6c3c2fd70d7de961bcf0e51575235fad/library/std/src/panicking.rs:552:40
[INFO] [stderr]     25:     0x558edd6eb3d1 - std::panicking::try::h77ff1d98f0fb9f39
[INFO] [stderr]                                  at /rustc/0e09125c6c3c2fd70d7de961bcf0e51575235fad/library/std/src/panicking.rs:516:19
[INFO] [stderr]     26:     0x558edd6eb3d1 - std::panic::catch_unwind::hab3caf2448b95e37
[INFO] [stderr]                                  at /rustc/0e09125c6c3c2fd70d7de961bcf0e51575235fad/library/std/src/panic.rs:142:14
[INFO] [stderr]     27:     0x558edd6eb3d1 - std::rt::lang_start_internal::{{closure}}::h8086711f9c783f78
[INFO] [stderr]                                  at /rustc/0e09125c6c3c2fd70d7de961bcf0e51575235fad/library/std/src/rt.rs:148:48
[INFO] [stderr]     28:     0x558edd6eb3d1 - std::panicking::try::do_call::hf920d4dc291cd6ca
[INFO] [stderr]                                  at /rustc/0e09125c6c3c2fd70d7de961bcf0e51575235fad/library/std/src/panicking.rs:552:40
[INFO] [stderr]     29:     0x558edd6eb3d1 - std::panicking::try::h2b806ccc0a85db74
[INFO] [stderr]                                  at /rustc/0e09125c6c3c2fd70d7de961bcf0e51575235fad/library/std/src/panicking.rs:516:19
[INFO] [stderr]     30:     0x558edd6eb3d1 - std::panic::catch_unwind::h038489539c507df2
[INFO] [stderr]                                  at /rustc/0e09125c6c3c2fd70d7de961bcf0e51575235fad/library/std/src/panic.rs:142:14
[INFO] [stderr]     31:     0x558edd6eb3d1 - std::rt::lang_start_internal::h28503b88912e8a5c
[INFO] [stderr]                                  at /rustc/0e09125c6c3c2fd70d7de961bcf0e51575235fad/library/std/src/rt.rs:148:20
[INFO] [stderr]     32:     0x558edd65c3e7 - std::rt::lang_start::hfedfed5c550da276
[INFO] [stderr]     33:     0x558edd65f825 - main
[INFO] [stderr]     34:     0x7f0c7b927d90 - <unknown>
[INFO] [stderr]     35:     0x7f0c7b927e40 - __libc_start_main
[INFO] [stderr]     36:     0x558edd65bf75 - _start
[INFO] [stderr]     37:                0x0 - <unknown>
[INFO] running `Command { std: "docker" "inspect" "43e04682e7803bf84b7dd7b7c00332bb4d0122ddf903bf5e7ac74aacdd32f9ce", kill_on_drop: false }`
[INFO] running `Command { std: "docker" "rm" "-f" "43e04682e7803bf84b7dd7b7c00332bb4d0122ddf903bf5e7ac74aacdd32f9ce", kill_on_drop: false }`
[INFO] [stdout] 43e04682e7803bf84b7dd7b7c00332bb4d0122ddf903bf5e7ac74aacdd32f9ce
