[INFO] cloning repository https://github.com/Sammy99jsp/avkeys
[INFO] running `Command { std: "git" "-c" "credential.helper=" "-c" "credential.helper=/workspace/cargo-home/bin/git-credential-null" "clone" "--bare" "https://github.com/Sammy99jsp/avkeys" "/workspace/cache/git-repos/https%3A%2F%2Fgithub.com%2FSammy99jsp%2Favkeys", kill_on_drop: false }`
[INFO] [stderr] Cloning into bare repository '/workspace/cache/git-repos/https%3A%2F%2Fgithub.com%2FSammy99jsp%2Favkeys'...
[INFO] running `Command { std: "git" "rev-parse" "HEAD", kill_on_drop: false }`
[INFO] [stdout] b97a8c841eb4370516a68a6e31f2d87be1b0123f
[INFO] documenting Sammy99jsp/avkeys against 1.75.0 for beta-1.76-rustdoc-1
[INFO] running `Command { std: "git" "clone" "/workspace/cache/git-repos/https%3A%2F%2Fgithub.com%2FSammy99jsp%2Favkeys" "/workspace/builds/worker-3-tc1/source", kill_on_drop: false }`
[INFO] [stderr] Cloning into '/workspace/builds/worker-3-tc1/source'...
[INFO] [stderr] done.
[INFO] validating manifest of git repo https://github.com/Sammy99jsp/avkeys on toolchain 1.75.0
[INFO] running `Command { std: CARGO_HOME="/workspace/cargo-home" RUSTUP_HOME="/workspace/rustup-home" "/workspace/cargo-home/bin/cargo" "+1.75.0" "metadata" "--manifest-path" "Cargo.toml" "--no-deps", kill_on_drop: false }`
[INFO] started tweaking git repo https://github.com/Sammy99jsp/avkeys
[INFO] finished tweaking git repo https://github.com/Sammy99jsp/avkeys
[INFO] tweaked toml for git repo https://github.com/Sammy99jsp/avkeys written to /workspace/builds/worker-3-tc1/source/Cargo.toml
[INFO] crate git repo https://github.com/Sammy99jsp/avkeys already has a lockfile, it will not be regenerated
[INFO] running `Command { std: CARGO_HOME="/workspace/cargo-home" RUSTUP_HOME="/workspace/rustup-home" "/workspace/cargo-home/bin/cargo" "+1.75.0" "fetch" "--manifest-path" "Cargo.toml", kill_on_drop: false }`
[INFO] [stderr]  Downloading crates ...
[INFO] [stderr]   Downloaded input v0.8.2
[INFO] running `Command { std: "docker" "create" "-v" "/var/lib/crater-agent-workspace/builds/worker-3-tc1/target:/opt/rustwide/target:rw,Z" "-v" "/var/lib/crater-agent-workspace/builds/worker-3-tc1/source:/opt/rustwide/workdir:ro,Z" "-v" "/var/lib/crater-agent-workspace/cargo-home:/opt/rustwide/cargo-home:ro,Z" "-v" "/var/lib/crater-agent-workspace/rustup-home:/opt/rustwide/rustup-home:ro,Z" "-e" "SOURCE_DIR=/opt/rustwide/workdir" "-e" "CARGO_TARGET_DIR=/opt/rustwide/target" "-e" "CARGO_HOME=/opt/rustwide/cargo-home" "-e" "RUSTUP_HOME=/opt/rustwide/rustup-home" "-w" "/opt/rustwide/workdir" "-m" "1610612736" "--user" "0:0" "--network" "none" "ghcr.io/rust-lang/crates-build-env/linux@sha256:2788e3201cd34a07e3172128adcd8b3090168a8e3bcc40d7c032b9dda1df7d1c" "/opt/rustwide/cargo-home/bin/cargo" "+1.75.0" "metadata" "--no-deps" "--format-version=1", kill_on_drop: false }`
[INFO] [stdout] 9fd81680786421d5f1dc66b8a75f8ef36f00072d574088f777249cc98d936f12
[INFO] running `Command { std: "docker" "start" "-a" "9fd81680786421d5f1dc66b8a75f8ef36f00072d574088f777249cc98d936f12", kill_on_drop: false }`
[INFO] running `Command { std: "docker" "inspect" "9fd81680786421d5f1dc66b8a75f8ef36f00072d574088f777249cc98d936f12", kill_on_drop: false }`
[INFO] running `Command { std: "docker" "rm" "-f" "9fd81680786421d5f1dc66b8a75f8ef36f00072d574088f777249cc98d936f12", kill_on_drop: false }`
[INFO] [stdout] 9fd81680786421d5f1dc66b8a75f8ef36f00072d574088f777249cc98d936f12
[INFO] running `Command { std: "docker" "create" "-v" "/var/lib/crater-agent-workspace/builds/worker-3-tc1/target:/opt/rustwide/target:rw,Z" "-v" "/var/lib/crater-agent-workspace/builds/worker-3-tc1/source:/opt/rustwide/workdir:ro,Z" "-v" "/var/lib/crater-agent-workspace/cargo-home:/opt/rustwide/cargo-home:ro,Z" "-v" "/var/lib/crater-agent-workspace/rustup-home:/opt/rustwide/rustup-home:ro,Z" "-e" "SOURCE_DIR=/opt/rustwide/workdir" "-e" "CARGO_TARGET_DIR=/opt/rustwide/target" "-e" "CARGO_INCREMENTAL=0" "-e" "RUST_BACKTRACE=full" "-e" "RUSTFLAGS=--cap-lints=warn" "-e" "RUSTDOCFLAGS=--cap-lints=warn" "-e" "CARGO_HOME=/opt/rustwide/cargo-home" "-e" "RUSTUP_HOME=/opt/rustwide/rustup-home" "-w" "/opt/rustwide/workdir" "-m" "1610612736" "--user" "0:0" "--network" "none" "ghcr.io/rust-lang/crates-build-env/linux@sha256:2788e3201cd34a07e3172128adcd8b3090168a8e3bcc40d7c032b9dda1df7d1c" "/opt/rustwide/cargo-home/bin/cargo" "+1.75.0" "doc" "--frozen" "--no-deps" "--document-private-items" "--message-format=json", kill_on_drop: false }`
[INFO] [stdout] c89823a985eb51b58117ab29cbe147d5a92cf37cbcd8247d7d74c5100165296d
[INFO] running `Command { std: "docker" "start" "-a" "c89823a985eb51b58117ab29cbe147d5a92cf37cbcd8247d7d74c5100165296d", kill_on_drop: false }`
[INFO] [stderr]    Compiling proc-macro2 v1.0.51
[INFO] [stderr]    Compiling regex-syntax v0.6.28
[INFO] [stderr]    Compiling pkg-config v0.3.26
[INFO] [stderr]    Compiling memchr v2.5.0
[INFO] [stderr]    Compiling input-sys v1.17.0
[INFO] [stderr]    Compiling io-lifetimes v1.0.5
[INFO] [stderr]    Compiling unicode-segmentation v1.10.1
[INFO] [stderr]     Checking atty v0.2.14
[INFO] [stderr]     Checking colored v2.0.0
[INFO] [stderr]    Compiling convert_case v0.6.0
[INFO] [stderr]    Compiling libudev-sys v0.1.4
[INFO] [stderr]    Compiling aho-corasick v0.7.20
[INFO] [stderr]    Compiling quote v1.0.23
[INFO] [stderr]    Compiling syn v1.0.107
[INFO] [stderr]     Checking udev v0.7.0
[INFO] [stderr]     Checking input v0.8.2
[INFO] [stderr]    Compiling regex v1.7.1
[INFO] [stderr]    Compiling core-macros v0.1.0 (/opt/rustwide/workdir/core_macros)
[INFO] [stdout] warning: unused variable: `tkn`
[INFO] [stdout]   --> core_macros/src/lib.rs:16:17
[INFO] [stdout]    |
[INFO] [stdout] 16 | pub fn keycodes(tkn : TokenStream) -> TokenStream {
[INFO] [stdout]    |                 ^^^ help: if this is intentional, prefix it with an underscore: `_tkn`
[INFO] [stdout]    |
[INFO] [stdout]    = note: `#[warn(unused_variables)]` on by default
[INFO] [stdout] 
[INFO] [stdout] 
[INFO] [stdout] warning: 1 warning emitted
[INFO] [stdout] 
[INFO] [stdout] 
[INFO] [stderr]    Compiling avkeys-common v0.1.0 (/opt/rustwide/workdir/common)
[INFO] [stdout] error[E0554]: `#![feature]` may not be used on the stable release channel
[INFO] [stdout]  --> common/src/lib.rs:1:1
[INFO] [stdout]   |
[INFO] [stdout] 1 | #![feature(const_trait_impl)]
[INFO] [stdout]   | ^^^^^^^^^^^^^^^^^^^^^^^^^^^^^
[INFO] [stdout] 
[INFO] [stdout] 
[INFO] [stdout] error: aborting due to previous error
[INFO] [stdout] 
[INFO] [stdout] 
[INFO] [stdout] For more information about this error, try `rustc --explain E0554`.
[INFO] [stdout] 
[INFO] [stdout] error[E0554]: `#![feature]` may not be used on the stable release channel
[INFO] [stdout]  --> common/src/lib.rs:1:1
[INFO] [stdout]   |
[INFO] [stdout] 1 | #![feature(const_trait_impl)]
[INFO] [stdout]   | ^^^^^^^^^^^^^^^^^^^^^^^^^^^^^
[INFO] [stdout] 
[INFO] [stdout] 
[INFO] [stderr] error: could not compile `avkeys-common` (lib) due to 2 previous errors
[INFO] [stderr] warning: build failed, waiting for other jobs to finish...
[INFO] [stdout] error: aborting due to previous error
[INFO] [stdout] 
[INFO] [stdout] 
[INFO] [stdout] For more information about this error, try `rustc --explain E0554`.
[INFO] [stdout] 
[INFO] [stderr] error: could not compile `avkeys-common` (lib) due to 2 previous errors
[INFO] running `Command { std: "docker" "inspect" "c89823a985eb51b58117ab29cbe147d5a92cf37cbcd8247d7d74c5100165296d", kill_on_drop: false }`
[INFO] running `Command { std: "docker" "rm" "-f" "c89823a985eb51b58117ab29cbe147d5a92cf37cbcd8247d7d74c5100165296d", kill_on_drop: false }`
[INFO] [stdout] c89823a985eb51b58117ab29cbe147d5a92cf37cbcd8247d7d74c5100165296d
[INFO] documenting Sammy99jsp/avkeys against beta-2023-12-22 for beta-1.76-rustdoc-1
[INFO] running `Command { std: "git" "clone" "/workspace/cache/git-repos/https%3A%2F%2Fgithub.com%2FSammy99jsp%2Favkeys" "/workspace/builds/worker-3-tc2/source", kill_on_drop: false }`
[INFO] [stderr] Cloning into '/workspace/builds/worker-3-tc2/source'...
[INFO] [stderr] done.
[INFO] validating manifest of git repo https://github.com/Sammy99jsp/avkeys on toolchain beta-2023-12-22
[INFO] running `Command { std: CARGO_HOME="/workspace/cargo-home" RUSTUP_HOME="/workspace/rustup-home" "/workspace/cargo-home/bin/cargo" "+beta-2023-12-22" "metadata" "--manifest-path" "Cargo.toml" "--no-deps", kill_on_drop: false }`
[INFO] started tweaking git repo https://github.com/Sammy99jsp/avkeys
[INFO] finished tweaking git repo https://github.com/Sammy99jsp/avkeys
[INFO] tweaked toml for git repo https://github.com/Sammy99jsp/avkeys written to /workspace/builds/worker-3-tc2/source/Cargo.toml
[INFO] crate git repo https://github.com/Sammy99jsp/avkeys already has a lockfile, it will not be regenerated
[INFO] running `Command { std: CARGO_HOME="/workspace/cargo-home" RUSTUP_HOME="/workspace/rustup-home" "/workspace/cargo-home/bin/cargo" "+beta-2023-12-22" "fetch" "--manifest-path" "Cargo.toml", kill_on_drop: false }`
[INFO] running `Command { std: "docker" "create" "-v" "/var/lib/crater-agent-workspace/builds/worker-3-tc2/target:/opt/rustwide/target:rw,Z" "-v" "/var/lib/crater-agent-workspace/builds/worker-3-tc2/source:/opt/rustwide/workdir:ro,Z" "-v" "/var/lib/crater-agent-workspace/cargo-home:/opt/rustwide/cargo-home:ro,Z" "-v" "/var/lib/crater-agent-workspace/rustup-home:/opt/rustwide/rustup-home:ro,Z" "-e" "SOURCE_DIR=/opt/rustwide/workdir" "-e" "CARGO_TARGET_DIR=/opt/rustwide/target" "-e" "CARGO_HOME=/opt/rustwide/cargo-home" "-e" "RUSTUP_HOME=/opt/rustwide/rustup-home" "-w" "/opt/rustwide/workdir" "-m" "1610612736" "--user" "0:0" "--network" "none" "ghcr.io/rust-lang/crates-build-env/linux@sha256:2788e3201cd34a07e3172128adcd8b3090168a8e3bcc40d7c032b9dda1df7d1c" "/opt/rustwide/cargo-home/bin/cargo" "+beta-2023-12-22" "metadata" "--no-deps" "--format-version=1", kill_on_drop: false }`
[INFO] [stdout] 6bd3da7bb17ceed6d4ac82371512a7f9ad113ddb78365cb482856f2f99ee05db
[INFO] running `Command { std: "docker" "start" "-a" "6bd3da7bb17ceed6d4ac82371512a7f9ad113ddb78365cb482856f2f99ee05db", kill_on_drop: false }`
[INFO] running `Command { std: "docker" "inspect" "6bd3da7bb17ceed6d4ac82371512a7f9ad113ddb78365cb482856f2f99ee05db", kill_on_drop: false }`
[INFO] running `Command { std: "docker" "rm" "-f" "6bd3da7bb17ceed6d4ac82371512a7f9ad113ddb78365cb482856f2f99ee05db", kill_on_drop: false }`
[INFO] [stdout] 6bd3da7bb17ceed6d4ac82371512a7f9ad113ddb78365cb482856f2f99ee05db
[INFO] running `Command { std: "docker" "create" "-v" "/var/lib/crater-agent-workspace/builds/worker-3-tc2/target:/opt/rustwide/target:rw,Z" "-v" "/var/lib/crater-agent-workspace/builds/worker-3-tc2/source:/opt/rustwide/workdir:ro,Z" "-v" "/var/lib/crater-agent-workspace/cargo-home:/opt/rustwide/cargo-home:ro,Z" "-v" "/var/lib/crater-agent-workspace/rustup-home:/opt/rustwide/rustup-home:ro,Z" "-e" "SOURCE_DIR=/opt/rustwide/workdir" "-e" "CARGO_TARGET_DIR=/opt/rustwide/target" "-e" "CARGO_INCREMENTAL=0" "-e" "RUST_BACKTRACE=full" "-e" "RUSTFLAGS=--cap-lints=warn" "-e" "RUSTDOCFLAGS=--cap-lints=warn" "-e" "CARGO_HOME=/opt/rustwide/cargo-home" "-e" "RUSTUP_HOME=/opt/rustwide/rustup-home" "-w" "/opt/rustwide/workdir" "-m" "1610612736" "--user" "0:0" "--network" "none" "ghcr.io/rust-lang/crates-build-env/linux@sha256:2788e3201cd34a07e3172128adcd8b3090168a8e3bcc40d7c032b9dda1df7d1c" "/opt/rustwide/cargo-home/bin/cargo" "+beta-2023-12-22" "doc" "--frozen" "--no-deps" "--document-private-items" "--message-format=json", kill_on_drop: false }`
[INFO] [stdout] eeb12574f3d6b56b21e07c05b6b21ab97e557c61977ee5154d7800c622ed636f
[INFO] running `Command { std: "docker" "start" "-a" "eeb12574f3d6b56b21e07c05b6b21ab97e557c61977ee5154d7800c622ed636f", kill_on_drop: false }`
[INFO] [stderr]    Compiling proc-macro2 v1.0.51
[INFO] [stderr]    Compiling regex-syntax v0.6.28
[INFO] [stderr]    Compiling pkg-config v0.3.26
[INFO] [stderr]    Compiling memchr v2.5.0
[INFO] [stderr]    Compiling input-sys v1.17.0
[INFO] [stderr]    Compiling io-lifetimes v1.0.5
[INFO] [stderr]    Compiling unicode-segmentation v1.10.1
[INFO] [stderr]     Checking atty v0.2.14
[INFO] [stderr]     Checking colored v2.0.0
[INFO] [stderr]    Compiling convert_case v0.6.0
[INFO] [stderr]    Compiling aho-corasick v0.7.20
[INFO] [stderr]    Compiling libudev-sys v0.1.4
[INFO] [stderr]    Compiling quote v1.0.23
[INFO] [stderr]    Compiling syn v1.0.107
[INFO] [stderr]     Checking udev v0.7.0
[INFO] [stderr]     Checking input v0.8.2
[INFO] [stderr]    Compiling regex v1.7.1
[INFO] [stderr]    Compiling core-macros v0.1.0 (/opt/rustwide/workdir/core_macros)
[INFO] [stdout] warning: unused variable: `tkn`
[INFO] [stdout]   --> core_macros/src/lib.rs:16:17
[INFO] [stdout]    |
[INFO] [stdout] 16 | pub fn keycodes(tkn : TokenStream) -> TokenStream {
[INFO] [stdout]    |                 ^^^ help: if this is intentional, prefix it with an underscore: `_tkn`
[INFO] [stdout]    |
[INFO] [stdout]    = note: `#[warn(unused_variables)]` on by default
[INFO] [stdout] 
[INFO] [stdout] 
[INFO] [stdout] warning: 1 warning emitted
[INFO] [stdout] 
[INFO] [stdout] 
[INFO] [stderr]    Compiling avkeys-common v0.1.0 (/opt/rustwide/workdir/common)
[INFO] [stdout] error[E0554]: `#![feature]` may not be used on the beta release channel
[INFO] [stdout]  --> common/src/lib.rs:1:1
[INFO] [stdout]   |
[INFO] [stdout] 1 | #![feature(const_trait_impl)]
[INFO] [stdout]   | ^^^^^^^^^^^^^^^^^^^^^^^^^^^^^
[INFO] [stdout] 
[INFO] [stdout] 
[INFO] [stdout] error[E0554]: `#![feature]` may not be used on the beta release channel
[INFO] [stdout]  --> common/src/lib.rs:1:1
[INFO] [stdout]   |
[INFO] [stdout] 1 | #![feature(const_trait_impl)]
[INFO] [stdout]   | ^^^^^^^^^^^^^^^^^^^^^^^^^^^^^
[INFO] [stdout] 
[INFO] [stdout] 
[INFO] [stdout] error: aborting due to 1 previous error
[INFO] [stdout] 
[INFO] [stdout] 
[INFO] [stdout] For more information about this error, try `rustc --explain E0554`.
[INFO] [stdout] 
[INFO] [stderr] error: could not compile `avkeys-common` (lib) due to 2 previous errors
[INFO] [stderr] warning: build failed, waiting for other jobs to finish...
[INFO] [stdout] error: aborting due to 1 previous error
[INFO] [stdout] 
[INFO] [stdout] 
[INFO] [stdout] For more information about this error, try `rustc --explain E0554`.
[INFO] [stdout] 
[INFO] [stderr] error: could not compile `avkeys-common` (lib) due to 2 previous errors
[INFO] running `Command { std: "docker" "inspect" "eeb12574f3d6b56b21e07c05b6b21ab97e557c61977ee5154d7800c622ed636f", kill_on_drop: false }`
[INFO] running `Command { std: "docker" "rm" "-f" "eeb12574f3d6b56b21e07c05b6b21ab97e557c61977ee5154d7800c622ed636f", kill_on_drop: false }`
[INFO] [stdout] eeb12574f3d6b56b21e07c05b6b21ab97e557c61977ee5154d7800c622ed636f
