[INFO] cloning repository https://github.com/SakhnevichKirill/FlutterChatGptRelayServer
[INFO] running `Command { std: "git" "-c" "credential.helper=" "-c" "credential.helper=/workspace/cargo-home/bin/git-credential-null" "clone" "--bare" "https://github.com/SakhnevichKirill/FlutterChatGptRelayServer" "/workspace/cache/git-repos/https%3A%2F%2Fgithub.com%2FSakhnevichKirill%2FFlutterChatGptRelayServer", kill_on_drop: false }`
[INFO] [stderr] Cloning into bare repository '/workspace/cache/git-repos/https%3A%2F%2Fgithub.com%2FSakhnevichKirill%2FFlutterChatGptRelayServer'...
[INFO] running `Command { std: "git" "rev-parse" "HEAD", kill_on_drop: false }`
[INFO] [stdout] 99e6a1e41156dccfad21fa890ee191bc7841920e
[INFO] documenting SakhnevichKirill/FlutterChatGptRelayServer against 1.75.0 for beta-1.76-rustdoc-1
[INFO] running `Command { std: "git" "clone" "/workspace/cache/git-repos/https%3A%2F%2Fgithub.com%2FSakhnevichKirill%2FFlutterChatGptRelayServer" "/workspace/builds/worker-7-tc1/source", kill_on_drop: false }`
[INFO] [stderr] Cloning into '/workspace/builds/worker-7-tc1/source'...
[INFO] [stderr] done.
[INFO] validating manifest of git repo https://github.com/SakhnevichKirill/FlutterChatGptRelayServer on toolchain 1.75.0
[INFO] running `Command { std: CARGO_HOME="/workspace/cargo-home" RUSTUP_HOME="/workspace/rustup-home" "/workspace/cargo-home/bin/cargo" "+1.75.0" "metadata" "--manifest-path" "Cargo.toml" "--no-deps", kill_on_drop: false }`
[INFO] started tweaking git repo https://github.com/SakhnevichKirill/FlutterChatGptRelayServer
[INFO] finished tweaking git repo https://github.com/SakhnevichKirill/FlutterChatGptRelayServer
[INFO] tweaked toml for git repo https://github.com/SakhnevichKirill/FlutterChatGptRelayServer written to /workspace/builds/worker-7-tc1/source/Cargo.toml
[INFO] crate git repo https://github.com/SakhnevichKirill/FlutterChatGptRelayServer already has a lockfile, it will not be regenerated
[INFO] running `Command { std: CARGO_HOME="/workspace/cargo-home" RUSTUP_HOME="/workspace/rustup-home" "/workspace/cargo-home/bin/cargo" "+1.75.0" "fetch" "--manifest-path" "Cargo.toml", kill_on_drop: false }`
[INFO] [stderr] warning: virtual workspace defaulting to `resolver = "1"` despite one or more workspace members being on edition 2021 which implies `resolver = "2"`
[INFO] [stderr] note: to keep the current resolver, specify `workspace.resolver = "1"` in the workspace root's manifest
[INFO] [stderr] note: to use the edition 2021 resolver, specify `workspace.resolver = "2"` in the workspace root's manifest
[INFO] [stderr] note: for more details see https://doc.rust-lang.org/cargo/reference/resolver.html#resolver-versions
[INFO] [stderr]     Updating crates.io index
[INFO] [stderr]     Blocking waiting for file lock on package cache
[INFO] [stderr]  Downloading crates ...
[INFO] [stderr]   Downloaded chatgpt_rs v1.1.8
[INFO] running `Command { std: "docker" "create" "-v" "/var/lib/crater-agent-workspace/builds/worker-7-tc1/target:/opt/rustwide/target:rw,Z" "-v" "/var/lib/crater-agent-workspace/builds/worker-7-tc1/source:/opt/rustwide/workdir:ro,Z" "-v" "/var/lib/crater-agent-workspace/cargo-home:/opt/rustwide/cargo-home:ro,Z" "-v" "/var/lib/crater-agent-workspace/rustup-home:/opt/rustwide/rustup-home:ro,Z" "-e" "SOURCE_DIR=/opt/rustwide/workdir" "-e" "CARGO_TARGET_DIR=/opt/rustwide/target" "-e" "CARGO_HOME=/opt/rustwide/cargo-home" "-e" "RUSTUP_HOME=/opt/rustwide/rustup-home" "-w" "/opt/rustwide/workdir" "-m" "1610612736" "--user" "0:0" "--network" "none" "ghcr.io/rust-lang/crates-build-env/linux@sha256:2788e3201cd34a07e3172128adcd8b3090168a8e3bcc40d7c032b9dda1df7d1c" "/opt/rustwide/cargo-home/bin/cargo" "+1.75.0" "metadata" "--no-deps" "--format-version=1", kill_on_drop: false }`
[INFO] [stdout] e82d9dfdf230c25bc987a26cf86a361b2ab5ee05de72aea6cee8d5afe6678a70
[INFO] running `Command { std: "docker" "start" "-a" "e82d9dfdf230c25bc987a26cf86a361b2ab5ee05de72aea6cee8d5afe6678a70", kill_on_drop: false }`
[INFO] running `Command { std: "docker" "inspect" "e82d9dfdf230c25bc987a26cf86a361b2ab5ee05de72aea6cee8d5afe6678a70", kill_on_drop: false }`
[INFO] running `Command { std: "docker" "rm" "-f" "e82d9dfdf230c25bc987a26cf86a361b2ab5ee05de72aea6cee8d5afe6678a70", kill_on_drop: false }`
[INFO] [stdout] e82d9dfdf230c25bc987a26cf86a361b2ab5ee05de72aea6cee8d5afe6678a70
[INFO] running `Command { std: "docker" "create" "-v" "/var/lib/crater-agent-workspace/builds/worker-7-tc1/target:/opt/rustwide/target:rw,Z" "-v" "/var/lib/crater-agent-workspace/builds/worker-7-tc1/source:/opt/rustwide/workdir:ro,Z" "-v" "/var/lib/crater-agent-workspace/cargo-home:/opt/rustwide/cargo-home:ro,Z" "-v" "/var/lib/crater-agent-workspace/rustup-home:/opt/rustwide/rustup-home:ro,Z" "-e" "SOURCE_DIR=/opt/rustwide/workdir" "-e" "CARGO_TARGET_DIR=/opt/rustwide/target" "-e" "CARGO_INCREMENTAL=0" "-e" "RUST_BACKTRACE=full" "-e" "RUSTFLAGS=--cap-lints=warn" "-e" "RUSTDOCFLAGS=--cap-lints=warn" "-e" "CARGO_HOME=/opt/rustwide/cargo-home" "-e" "RUSTUP_HOME=/opt/rustwide/rustup-home" "-w" "/opt/rustwide/workdir" "-m" "1610612736" "--user" "0:0" "--network" "none" "ghcr.io/rust-lang/crates-build-env/linux@sha256:2788e3201cd34a07e3172128adcd8b3090168a8e3bcc40d7c032b9dda1df7d1c" "/opt/rustwide/cargo-home/bin/cargo" "+1.75.0" "doc" "--frozen" "--no-deps" "--document-private-items" "--message-format=json", kill_on_drop: false }`
[INFO] [stdout] 7cf307502e37de71b3a240f187cc711c89beea65802a2d6d230a2af794c36854
[INFO] running `Command { std: "docker" "start" "-a" "7cf307502e37de71b3a240f187cc711c89beea65802a2d6d230a2af794c36854", kill_on_drop: false }`
[INFO] [stderr] warning: virtual workspace defaulting to `resolver = "1"` despite one or more workspace members being on edition 2021 which implies `resolver = "2"`
[INFO] [stderr] note: to keep the current resolver, specify `workspace.resolver = "1"` in the workspace root's manifest
[INFO] [stderr] note: to use the edition 2021 resolver, specify `workspace.resolver = "2"` in the workspace root's manifest
[INFO] [stderr] note: for more details see https://doc.rust-lang.org/cargo/reference/resolver.html#resolver-versions
[INFO] [stderr]    Compiling proc-macro2 v1.0.59
[INFO] [stderr]    Compiling quote v1.0.28
[INFO] [stderr]    Compiling unicode-ident v1.0.9
[INFO] [stderr]    Compiling libc v0.2.144
[INFO] [stderr]    Compiling futures-core v0.3.28
[INFO] [stderr]    Compiling log v0.4.18
[INFO] [stderr]     Checking once_cell v1.17.2
[INFO] [stderr]    Compiling futures-task v0.3.28
[INFO] [stderr]     Checking futures-sink v0.3.28
[INFO] [stderr]    Compiling futures-channel v0.3.28
[INFO] [stderr]    Compiling futures-util v0.3.28
[INFO] [stderr]    Compiling tokio v1.28.2
[INFO] [stderr]    Compiling typenum v1.16.0
[INFO] [stderr]     Checking futures-io v0.3.28
[INFO] [stderr]    Compiling generic-array v0.14.7
[INFO] [stderr]    Compiling ring v0.16.20
[INFO] [stderr]    Compiling serde v1.0.163
[INFO] [stderr]    Compiling syn v1.0.109
[INFO] [stderr]    Compiling rustversion v1.0.12
[INFO] [stderr]     Checking tracing-core v0.1.31
[INFO] [stderr]    Compiling thiserror v1.0.40
[INFO] [stderr]    Compiling strsim v0.10.0
[INFO] [stderr]    Compiling ident_case v1.0.1
[INFO] [stderr]    Compiling fnv v1.0.7
[INFO] [stderr]     Checking cpufeatures v0.2.7
[INFO] [stderr]    Compiling rustls v0.21.1
[INFO] [stderr]    Compiling serde_json v1.0.96
[INFO] [stderr]    Compiling async-trait v0.1.68
[INFO] [stderr]     Checking want v0.3.0
[INFO] [stderr]     Checking base64 v0.13.1
[INFO] [stderr]     Checking base64 v0.21.2
[INFO] [stderr]     Checking nom v7.1.3
[INFO] [stderr]     Checking headers-core v0.2.0
[INFO] [stderr]     Checking tracing v0.1.37
[INFO] [stderr]     Checking data-encoding v2.4.0
[INFO] [stderr]     Checking ipnet v2.7.2
[INFO] [stderr]     Checking csv-core v0.1.10
[INFO] [stderr]     Checking dotenvy v0.15.7
[INFO] [stderr]     Checking rustls-pemfile v1.0.2
[INFO] [stderr]    Compiling syn v2.0.18
[INFO] [stderr]     Checking parking_lot_core v0.9.7
[INFO] [stderr]     Checking socket2 v0.4.9
[INFO] [stderr]     Checking num_cpus v1.15.0
[INFO] [stderr]     Checking signal-hook-registry v1.4.1
[INFO] [stderr]     Checking mio v0.8.8
[INFO] [stderr]     Checking getrandom v0.2.9
[INFO] [stderr]     Checking time v0.1.45
[INFO] [stderr]    Compiling axum-core v0.3.4
[INFO] [stderr]    Compiling axum v0.6.18
[INFO] [stderr]     Checking parking_lot v0.12.1
[INFO] [stderr]     Checking rand_core v0.6.4
[INFO] [stderr]     Checking chrono v0.4.26
[INFO] [stderr]     Checking rand_chacha v0.3.1
[INFO] [stderr]     Checking rand v0.8.5
[INFO] [stderr]     Checking eventsource-stream v0.2.3
[INFO] [stderr]     Checking crypto-common v0.1.6
[INFO] [stderr]     Checking block-buffer v0.10.4
[INFO] [stderr]     Checking digest v0.10.7
[INFO] [stderr]     Checking sha1 v0.10.5
[INFO] [stderr]     Checking headers v0.3.8
[INFO] [stderr]    Compiling darling_core v0.14.4
[INFO] [stderr]    Compiling futures-macro v0.3.28
[INFO] [stderr]    Compiling tokio-macros v2.1.0
[INFO] [stderr]    Compiling serde_derive v1.0.163
[INFO] [stderr]    Compiling thiserror-impl v1.0.40
[INFO] [stderr]    Compiling pin-project-internal v1.1.0
[INFO] [stderr]     Checking rustls-webpki v0.100.1
[INFO] [stderr]     Checking sct v0.7.0
[INFO] [stderr]     Checking webpki v0.22.0
[INFO] [stderr]     Checking webpki-roots v0.22.6
[INFO] [stderr]    Compiling darling_macro v0.14.4
[INFO] [stderr]     Checking tungstenite v0.18.0
[INFO] [stderr]     Checking tungstenite v0.19.0
[INFO] [stderr]     Checking pin-project v1.1.0
[INFO] [stderr]    Compiling darling v0.14.4
[INFO] [stderr]    Compiling derive_builder_core v0.12.0
[INFO] [stderr]    Compiling derive_builder_macro v0.12.0
[INFO] [stderr]     Checking derive_builder v0.12.0
[INFO] [stderr]     Checking futures-executor v0.3.28
[INFO] [stderr]     Checking futures v0.3.28
[INFO] [stderr]     Checking tokio-util v0.7.8
[INFO] [stderr]     Checking tokio-rustls v0.24.0
[INFO] [stderr]     Checking tower v0.4.13
[INFO] [stderr]     Checking tokio-tungstenite v0.18.0
[INFO] [stderr]     Checking tokio-tungstenite v0.19.0
[INFO] [stderr]     Checking h2 v0.3.19
[INFO] [stderr]     Checking serde_urlencoded v0.7.1
[INFO] [stderr]     Checking serde_path_to_error v0.1.11
[INFO] [stderr]     Checking csv v1.2.2
[INFO] [stderr]     Checking hyper v0.14.26
[INFO] [stderr]     Checking hyper-rustls v0.24.0
[INFO] [stderr]     Checking reqwest v0.11.18
[INFO] [stderr]     Checking chatgpt_rs v1.1.8
[INFO] [stderr]     Checking ws_server v0.1.0 (/opt/rustwide/workdir/ws_server)
[INFO] [stderr]  Documenting ws_server v0.1.0 (/opt/rustwide/workdir/ws_server)
[INFO] [stdout] error[E0412]: cannot find type `HashMap` in this scope
[INFO] [stdout]   --> ws_server/src/routes/ws_handler.rs:25:44
[INFO] [stdout]    |
[INFO] [stdout] 25 |     static ref HASH_MAP: std::sync::RwLock<HashMap<String, String>> = {
[INFO] [stdout]    |                                            ^^^^^^^ not found in this scope
[INFO] [stdout]    |
[INFO] [stdout] help: consider importing this struct
[INFO] [stdout]    |
[INFO] [stdout] 1  + use std::collections::HashMap;
[INFO] [stdout]    |
[INFO] [stdout] 
[INFO] [stdout] 
[INFO] [stdout] error[E0412]: cannot find type `HashMap` in this scope
[INFO] [stdout]   --> ws_server/src/routes/ws_handler.rs:25:44
[INFO] [stdout]    |
[INFO] [stdout] 25 |     static ref HASH_MAP: std::sync::RwLock<HashMap<String, String>> = {
[INFO] [stdout]    |                                            ^^^^^^^ not found in this scope
[INFO] [stdout]    |
[INFO] [stdout] help: consider importing this struct
[INFO] [stdout]    |
[INFO] [stdout] 1  + use std::collections::HashMap;
[INFO] [stdout]    |
[INFO] [stdout] 
[INFO] [stdout] 
[INFO] [stdout] error[E0433]: failed to resolve: use of undeclared type `HashMap`
[INFO] [stdout]   --> ws_server/src/routes/ws_handler.rs:26:23
[INFO] [stdout]    |
[INFO] [stdout] 26 |         let mut map = HashMap::new();
[INFO] [stdout]    |                       ^^^^^^^ use of undeclared type `HashMap`
[INFO] [stdout]    |
[INFO] [stdout] help: consider importing this struct
[INFO] [stdout]    |
[INFO] [stdout] 1  + use std::collections::HashMap;
[INFO] [stdout]    |
[INFO] [stdout] 
[INFO] [stdout] 
[INFO] [stdout] warning: unused import: `lazy_static::lazy_static`
[INFO] [stdout]   --> ws_server/src/routes/ws_handler.rs:20:5
[INFO] [stdout]    |
[INFO] [stdout] 20 | use lazy_static::lazy_static;
[INFO] [stdout]    |     ^^^^^^^^^^^^^^^^^^^^^^^^
[INFO] [stdout]    |
[INFO] [stdout]    = note: `#[warn(unused_imports)]` on by default
[INFO] [stdout] 
[INFO] [stdout] 
[INFO] [stdout] error: aborting due to previous error
[INFO] [stdout] 
[INFO] [stdout] 
[INFO] [stdout] For more information about this error, try `rustc --explain E0412`.
[INFO] [stdout] 
[INFO] [stderr] error: could not document `ws_server`
[INFO] [stderr] 
[INFO] [stderr] Caused by:
[INFO] [stderr]   process didn't exit successfully: `/opt/rustwide/rustup-home/toolchains/1.75.0-x86_64-unknown-linux-gnu/bin/rustdoc --edition=2021 --crate-type lib --crate-name ws_server ws_server/src/lib.rs -o /opt/rustwide/target/doc --error-format=json --json=diagnostic-rendered-ansi,artifacts,future-incompat --document-private-items -C metadata=1b564287fba9a2ee -L dependency=/opt/rustwide/target/debug/deps --extern axum=/opt/rustwide/target/debug/deps/libaxum-ab1d885fa11743ef.rmeta --extern chatgpt=/opt/rustwide/target/debug/deps/libchatgpt-5de590187f8760a3.rmeta --extern chrono=/opt/rustwide/target/debug/deps/libchrono-87a0eca029ff927e.rmeta --extern csv=/opt/rustwide/target/debug/deps/libcsv-a6efeca960939bbd.rmeta --extern dotenvy=/opt/rustwide/target/debug/deps/libdotenvy-410c71b8d9bcdf70.rmeta --extern futures_util=/opt/rustwide/target/debug/deps/libfutures_util-9ccfbff78fe29edb.rmeta --extern lazy_static=/opt/rustwide/target/debug/deps/liblazy_static-e7445b4e8703c20b.rmeta --extern serde=/opt/rustwide/target/debug/deps/libserde-c960c385c724bfe6.rmeta --extern serde_json=/opt/rustwide/target/debug/deps/libserde_json-2be5150a4d90572e.rmeta --extern tokio=/opt/rustwide/target/debug/deps/libtokio-0260e32574cb36df.rmeta --extern tokio_tungstenite=/opt/rustwide/target/debug/deps/libtokio_tungstenite-8a190f01cb1131ae.rmeta --cap-lints=warn --crate-version 0.1.0` (exit status: 1)
[INFO] [stderr] warning: build failed, waiting for other jobs to finish...
[INFO] [stdout] error: aborting due to 2 previous errors; 1 warning emitted
[INFO] [stdout] 
[INFO] [stdout] 
[INFO] [stdout] Some errors have detailed explanations: E0412, E0433.
[INFO] [stdout] 
[INFO] [stdout] For more information about an error, try `rustc --explain E0412`.
[INFO] [stdout] 
[INFO] [stderr] error: could not compile `ws_server` (lib) due to 3 previous errors; 1 warning emitted
[INFO] running `Command { std: "docker" "inspect" "7cf307502e37de71b3a240f187cc711c89beea65802a2d6d230a2af794c36854", kill_on_drop: false }`
[INFO] running `Command { std: "docker" "rm" "-f" "7cf307502e37de71b3a240f187cc711c89beea65802a2d6d230a2af794c36854", kill_on_drop: false }`
[INFO] [stdout] 7cf307502e37de71b3a240f187cc711c89beea65802a2d6d230a2af794c36854
[INFO] documenting SakhnevichKirill/FlutterChatGptRelayServer against beta-2023-12-22 for beta-1.76-rustdoc-1
[INFO] running `Command { std: "git" "clone" "/workspace/cache/git-repos/https%3A%2F%2Fgithub.com%2FSakhnevichKirill%2FFlutterChatGptRelayServer" "/workspace/builds/worker-7-tc2/source", kill_on_drop: false }`
[INFO] [stderr] Cloning into '/workspace/builds/worker-7-tc2/source'...
[INFO] [stderr] done.
[INFO] validating manifest of git repo https://github.com/SakhnevichKirill/FlutterChatGptRelayServer on toolchain beta-2023-12-22
[INFO] running `Command { std: CARGO_HOME="/workspace/cargo-home" RUSTUP_HOME="/workspace/rustup-home" "/workspace/cargo-home/bin/cargo" "+beta-2023-12-22" "metadata" "--manifest-path" "Cargo.toml" "--no-deps", kill_on_drop: false }`
[INFO] started tweaking git repo https://github.com/SakhnevichKirill/FlutterChatGptRelayServer
[INFO] finished tweaking git repo https://github.com/SakhnevichKirill/FlutterChatGptRelayServer
[INFO] tweaked toml for git repo https://github.com/SakhnevichKirill/FlutterChatGptRelayServer written to /workspace/builds/worker-7-tc2/source/Cargo.toml
[INFO] crate git repo https://github.com/SakhnevichKirill/FlutterChatGptRelayServer already has a lockfile, it will not be regenerated
[INFO] running `Command { std: CARGO_HOME="/workspace/cargo-home" RUSTUP_HOME="/workspace/rustup-home" "/workspace/cargo-home/bin/cargo" "+beta-2023-12-22" "fetch" "--manifest-path" "Cargo.toml", kill_on_drop: false }`
[INFO] [stderr] warning: virtual workspace defaulting to `resolver = "1"` despite one or more workspace members being on edition 2021 which implies `resolver = "2"`
[INFO] [stderr] note: to keep the current resolver, specify `workspace.resolver = "1"` in the workspace root's manifest
[INFO] [stderr] note: to use the edition 2021 resolver, specify `workspace.resolver = "2"` in the workspace root's manifest
[INFO] [stderr] note: for more details see https://doc.rust-lang.org/cargo/reference/resolver.html#resolver-versions
[INFO] running `Command { std: "docker" "create" "-v" "/var/lib/crater-agent-workspace/builds/worker-7-tc2/target:/opt/rustwide/target:rw,Z" "-v" "/var/lib/crater-agent-workspace/builds/worker-7-tc2/source:/opt/rustwide/workdir:ro,Z" "-v" "/var/lib/crater-agent-workspace/cargo-home:/opt/rustwide/cargo-home:ro,Z" "-v" "/var/lib/crater-agent-workspace/rustup-home:/opt/rustwide/rustup-home:ro,Z" "-e" "SOURCE_DIR=/opt/rustwide/workdir" "-e" "CARGO_TARGET_DIR=/opt/rustwide/target" "-e" "CARGO_HOME=/opt/rustwide/cargo-home" "-e" "RUSTUP_HOME=/opt/rustwide/rustup-home" "-w" "/opt/rustwide/workdir" "-m" "1610612736" "--user" "0:0" "--network" "none" "ghcr.io/rust-lang/crates-build-env/linux@sha256:2788e3201cd34a07e3172128adcd8b3090168a8e3bcc40d7c032b9dda1df7d1c" "/opt/rustwide/cargo-home/bin/cargo" "+beta-2023-12-22" "metadata" "--no-deps" "--format-version=1", kill_on_drop: false }`
[INFO] [stdout] 67fe63e7d0cdfd2f5a2f06a7155378a1fb9c1687c297a5a93d79af68912797c2
[INFO] running `Command { std: "docker" "start" "-a" "67fe63e7d0cdfd2f5a2f06a7155378a1fb9c1687c297a5a93d79af68912797c2", kill_on_drop: false }`
[INFO] running `Command { std: "docker" "inspect" "67fe63e7d0cdfd2f5a2f06a7155378a1fb9c1687c297a5a93d79af68912797c2", kill_on_drop: false }`
[INFO] running `Command { std: "docker" "rm" "-f" "67fe63e7d0cdfd2f5a2f06a7155378a1fb9c1687c297a5a93d79af68912797c2", kill_on_drop: false }`
[INFO] [stdout] 67fe63e7d0cdfd2f5a2f06a7155378a1fb9c1687c297a5a93d79af68912797c2
[INFO] running `Command { std: "docker" "create" "-v" "/var/lib/crater-agent-workspace/builds/worker-7-tc2/target:/opt/rustwide/target:rw,Z" "-v" "/var/lib/crater-agent-workspace/builds/worker-7-tc2/source:/opt/rustwide/workdir:ro,Z" "-v" "/var/lib/crater-agent-workspace/cargo-home:/opt/rustwide/cargo-home:ro,Z" "-v" "/var/lib/crater-agent-workspace/rustup-home:/opt/rustwide/rustup-home:ro,Z" "-e" "SOURCE_DIR=/opt/rustwide/workdir" "-e" "CARGO_TARGET_DIR=/opt/rustwide/target" "-e" "CARGO_INCREMENTAL=0" "-e" "RUST_BACKTRACE=full" "-e" "RUSTFLAGS=--cap-lints=warn" "-e" "RUSTDOCFLAGS=--cap-lints=warn" "-e" "CARGO_HOME=/opt/rustwide/cargo-home" "-e" "RUSTUP_HOME=/opt/rustwide/rustup-home" "-w" "/opt/rustwide/workdir" "-m" "1610612736" "--user" "0:0" "--network" "none" "ghcr.io/rust-lang/crates-build-env/linux@sha256:2788e3201cd34a07e3172128adcd8b3090168a8e3bcc40d7c032b9dda1df7d1c" "/opt/rustwide/cargo-home/bin/cargo" "+beta-2023-12-22" "doc" "--frozen" "--no-deps" "--document-private-items" "--message-format=json", kill_on_drop: false }`
[INFO] [stdout] c2f97c3cdbefd248ef98d945eb6330e94774fa1b43722647d050f51586c7f170
[INFO] running `Command { std: "docker" "start" "-a" "c2f97c3cdbefd248ef98d945eb6330e94774fa1b43722647d050f51586c7f170", kill_on_drop: false }`
[INFO] [stderr] warning: virtual workspace defaulting to `resolver = "1"` despite one or more workspace members being on edition 2021 which implies `resolver = "2"`
[INFO] [stderr] note: to keep the current resolver, specify `workspace.resolver = "1"` in the workspace root's manifest
[INFO] [stderr] note: to use the edition 2021 resolver, specify `workspace.resolver = "2"` in the workspace root's manifest
[INFO] [stderr] note: for more details see https://doc.rust-lang.org/cargo/reference/resolver.html#resolver-versions
[INFO] [stderr]    Compiling proc-macro2 v1.0.59
[INFO] [stderr]    Compiling unicode-ident v1.0.9
[INFO] [stderr]    Compiling quote v1.0.28
[INFO] [stderr]    Compiling libc v0.2.144
[INFO] [stderr]    Compiling log v0.4.18
[INFO] [stderr]    Compiling futures-core v0.3.28
[INFO] [stderr]     Checking once_cell v1.17.2
[INFO] [stderr]    Compiling futures-channel v0.3.28
[INFO] [stderr]    Compiling futures-task v0.3.28
[INFO] [stderr]     Checking futures-sink v0.3.28
[INFO] [stderr]    Compiling futures-util v0.3.28
[INFO] [stderr]    Compiling tokio v1.28.2
[INFO] [stderr]     Checking futures-io v0.3.28
[INFO] [stderr]    Compiling typenum v1.16.0
[INFO] [stderr]    Compiling generic-array v0.14.7
[INFO] [stderr]    Compiling ring v0.16.20
[INFO] [stderr]    Compiling serde v1.0.163
[INFO] [stderr]    Compiling syn v1.0.109
[INFO] [stderr]     Checking tracing-core v0.1.31
[INFO] [stderr]    Compiling rustversion v1.0.12
[INFO] [stderr]    Compiling thiserror v1.0.40
[INFO] [stderr]     Checking cpufeatures v0.2.7
[INFO] [stderr]    Compiling strsim v0.10.0
[INFO] [stderr]    Compiling ident_case v1.0.1
[INFO] [stderr]    Compiling fnv v1.0.7
[INFO] [stderr]    Compiling rustls v0.21.1
[INFO] [stderr]     Checking want v0.3.0
[INFO] [stderr]    Compiling serde_json v1.0.96
[INFO] [stderr]     Checking base64 v0.13.1
[INFO] [stderr]     Checking base64 v0.21.2
[INFO] [stderr]    Compiling async-trait v0.1.68
[INFO] [stderr]     Checking nom v7.1.3
[INFO] [stderr]     Checking tracing v0.1.37
[INFO] [stderr]     Checking headers-core v0.2.0
[INFO] [stderr]     Checking ipnet v2.7.2
[INFO] [stderr]     Checking data-encoding v2.4.0
[INFO] [stderr]     Checking csv-core v0.1.10
[INFO] [stderr]     Checking dotenvy v0.15.7
[INFO] [stderr]     Checking rustls-pemfile v1.0.2
[INFO] [stderr]    Compiling syn v2.0.18
[INFO] [stderr]     Checking parking_lot_core v0.9.7
[INFO] [stderr]     Checking num_cpus v1.15.0
[INFO] [stderr]     Checking signal-hook-registry v1.4.1
[INFO] [stderr]     Checking mio v0.8.8
[INFO] [stderr]     Checking socket2 v0.4.9
[INFO] [stderr]     Checking getrandom v0.2.9
[INFO] [stderr]     Checking time v0.1.45
[INFO] [stderr]    Compiling axum-core v0.3.4
[INFO] [stderr]    Compiling axum v0.6.18
[INFO] [stderr]     Checking rand_core v0.6.4
[INFO] [stderr]     Checking parking_lot v0.12.1
[INFO] [stderr]     Checking chrono v0.4.26
[INFO] [stderr]     Checking rand_chacha v0.3.1
[INFO] [stderr]     Checking rand v0.8.5
[INFO] [stderr]     Checking crypto-common v0.1.6
[INFO] [stderr]     Checking block-buffer v0.10.4
[INFO] [stderr]     Checking eventsource-stream v0.2.3
[INFO] [stderr]     Checking digest v0.10.7
[INFO] [stderr]     Checking sha1 v0.10.5
[INFO] [stderr]     Checking headers v0.3.8
[INFO] [stderr]     Checking sct v0.7.0
[INFO] [stderr]     Checking rustls-webpki v0.100.1
[INFO] [stderr]     Checking webpki v0.22.0
[INFO] [stderr]     Checking webpki-roots v0.22.6
[INFO] [stderr]    Compiling darling_core v0.14.4
[INFO] [stderr]    Compiling futures-macro v0.3.28
[INFO] [stderr]    Compiling tokio-macros v2.1.0
[INFO] [stderr]    Compiling serde_derive v1.0.163
[INFO] [stderr]    Compiling thiserror-impl v1.0.40
[INFO] [stderr]    Compiling pin-project-internal v1.1.0
[INFO] [stderr]     Checking tungstenite v0.18.0
[INFO] [stderr]     Checking tungstenite v0.19.0
[INFO] [stderr]     Checking pin-project v1.1.0
[INFO] [stderr]    Compiling darling_macro v0.14.4
[INFO] [stderr]    Compiling darling v0.14.4
[INFO] [stderr]    Compiling derive_builder_core v0.12.0
[INFO] [stderr]    Compiling derive_builder_macro v0.12.0
[INFO] [stderr]     Checking derive_builder v0.12.0
[INFO] [stderr]     Checking futures-executor v0.3.28
[INFO] [stderr]     Checking futures v0.3.28
[INFO] [stderr]     Checking tokio-util v0.7.8
[INFO] [stderr]     Checking tokio-rustls v0.24.0
[INFO] [stderr]     Checking tokio-tungstenite v0.18.0
[INFO] [stderr]     Checking tower v0.4.13
[INFO] [stderr]     Checking tokio-tungstenite v0.19.0
[INFO] [stderr]     Checking h2 v0.3.19
[INFO] [stderr]     Checking serde_urlencoded v0.7.1
[INFO] [stderr]     Checking serde_path_to_error v0.1.11
[INFO] [stderr]     Checking csv v1.2.2
[INFO] [stderr]     Checking hyper v0.14.26
[INFO] [stderr]     Checking hyper-rustls v0.24.0
[INFO] [stderr]     Checking reqwest v0.11.18
[INFO] [stderr]     Checking chatgpt_rs v1.1.8
[INFO] [stderr]     Checking ws_server v0.1.0 (/opt/rustwide/workdir/ws_server)
[INFO] [stderr]  Documenting ws_server v0.1.0 (/opt/rustwide/workdir/ws_server)
[INFO] [stdout] error[E0412]: cannot find type `HashMap` in this scope
[INFO] [stdout]   --> ws_server/src/routes/ws_handler.rs:25:44
[INFO] [stdout]    |
[INFO] [stdout] 25 |     static ref HASH_MAP: std::sync::RwLock<HashMap<String, String>> = {
[INFO] [stdout]    |                                            ^^^^^^^ not found in this scope
[INFO] [stdout]    |
[INFO] [stdout] help: consider importing this struct
[INFO] [stdout]    |
[INFO] [stdout] 1  + use std::collections::HashMap;
[INFO] [stdout]    |
[INFO] [stdout] 
[INFO] [stdout] 
[INFO] [stdout] error[E0433]: failed to resolve: use of undeclared type `HashMap`
[INFO] [stdout]   --> ws_server/src/routes/ws_handler.rs:26:23
[INFO] [stdout]    |
[INFO] [stdout] 26 |         let mut map = HashMap::new();
[INFO] [stdout]    |                       ^^^^^^^ use of undeclared type `HashMap`
[INFO] [stdout]    |
[INFO] [stdout] help: consider importing this struct
[INFO] [stdout]    |
[INFO] [stdout] 1  + use std::collections::HashMap;
[INFO] [stdout]    |
[INFO] [stdout] 
[INFO] [stdout] 
[INFO] [stdout] error[E0412]: cannot find type `HashMap` in this scope
[INFO] [stdout]   --> ws_server/src/routes/ws_handler.rs:25:44
[INFO] [stdout]    |
[INFO] [stdout] 25 |     static ref HASH_MAP: std::sync::RwLock<HashMap<String, String>> = {
[INFO] [stdout]    |                                            ^^^^^^^ not found in this scope
[INFO] [stdout]    |
[INFO] [stdout] help: consider importing this struct
[INFO] [stdout]    |
[INFO] [stdout] 1  + use std::collections::HashMap;
[INFO] [stdout]    |
[INFO] [stdout] 
[INFO] [stdout] 
[INFO] [stdout] warning: unused import: `lazy_static::lazy_static`
[INFO] [stdout]   --> ws_server/src/routes/ws_handler.rs:20:5
[INFO] [stdout]    |
[INFO] [stdout] 20 | use lazy_static::lazy_static;
[INFO] [stdout]    |     ^^^^^^^^^^^^^^^^^^^^^^^^
[INFO] [stdout]    |
[INFO] [stdout]    = note: `#[warn(unused_imports)]` on by default
[INFO] [stdout] 
[INFO] [stdout] 
[INFO] [stdout] error: aborting due to 1 previous error
[INFO] [stdout] 
[INFO] [stdout] 
[INFO] [stdout] For more information about this error, try `rustc --explain E0412`.
[INFO] [stdout] 
[INFO] [stderr] error: could not document `ws_server`
[INFO] [stderr] 
[INFO] [stderr] Caused by:
[INFO] [stderr]   process didn't exit successfully: `/opt/rustwide/rustup-home/toolchains/beta-2023-12-22-x86_64-unknown-linux-gnu/bin/rustdoc --edition=2021 --crate-type lib --crate-name ws_server ws_server/src/lib.rs -o /opt/rustwide/target/doc --error-format=json --json=diagnostic-rendered-ansi,artifacts,future-incompat --document-private-items -C metadata=8d564d6580ff85ae -L dependency=/opt/rustwide/target/debug/deps --extern axum=/opt/rustwide/target/debug/deps/libaxum-87c653285ff159c1.rmeta --extern chatgpt=/opt/rustwide/target/debug/deps/libchatgpt-e13d95541e4645a3.rmeta --extern chrono=/opt/rustwide/target/debug/deps/libchrono-dd0534c2c74c6dc4.rmeta --extern csv=/opt/rustwide/target/debug/deps/libcsv-8877b35c702edcd7.rmeta --extern dotenvy=/opt/rustwide/target/debug/deps/libdotenvy-773892e8f3c5fe6c.rmeta --extern futures_util=/opt/rustwide/target/debug/deps/libfutures_util-74860141c3905f8b.rmeta --extern lazy_static=/opt/rustwide/target/debug/deps/liblazy_static-cc91e7c9c894213a.rmeta --extern serde=/opt/rustwide/target/debug/deps/libserde-87da2de650d24ad5.rmeta --extern serde_json=/opt/rustwide/target/debug/deps/libserde_json-9e4536f23792c1f1.rmeta --extern tokio=/opt/rustwide/target/debug/deps/libtokio-c1b610eaf51b6246.rmeta --extern tokio_tungstenite=/opt/rustwide/target/debug/deps/libtokio_tungstenite-9be82d14b435c29e.rmeta --cap-lints=warn --crate-version 0.1.0` (exit status: 1)
[INFO] [stderr] warning: build failed, waiting for other jobs to finish...
[INFO] [stdout] error: aborting due to 2 previous errors; 1 warning emitted
[INFO] [stdout] 
[INFO] [stdout] 
[INFO] [stdout] Some errors have detailed explanations: E0412, E0433.
[INFO] [stdout] 
[INFO] [stdout] For more information about an error, try `rustc --explain E0412`.
[INFO] [stdout] 
[INFO] [stderr] error: could not compile `ws_server` (lib) due to 3 previous errors; 1 warning emitted
[INFO] running `Command { std: "docker" "inspect" "c2f97c3cdbefd248ef98d945eb6330e94774fa1b43722647d050f51586c7f170", kill_on_drop: false }`
[INFO] running `Command { std: "docker" "rm" "-f" "c2f97c3cdbefd248ef98d945eb6330e94774fa1b43722647d050f51586c7f170", kill_on_drop: false }`
[INFO] [stdout] c2f97c3cdbefd248ef98d945eb6330e94774fa1b43722647d050f51586c7f170
