[INFO] cloning repository https://github.com/SV-97/AdventOfCode2023
[INFO] running `Command { std: "git" "-c" "credential.helper=" "-c" "credential.helper=/workspace/cargo-home/bin/git-credential-null" "clone" "--bare" "https://github.com/SV-97/AdventOfCode2023" "/workspace/cache/git-repos/https%3A%2F%2Fgithub.com%2FSV-97%2FAdventOfCode2023", kill_on_drop: false }`
[INFO] [stderr] Cloning into bare repository '/workspace/cache/git-repos/https%3A%2F%2Fgithub.com%2FSV-97%2FAdventOfCode2023'...
[INFO] running `Command { std: "git" "rev-parse" "HEAD", kill_on_drop: false }`
[INFO] [stdout] 3ca38f07b02d3f335fbe78924257392288efffa1
[INFO] documenting SV-97/AdventOfCode2023 against 1.75.0 for beta-1.76-rustdoc-1
[INFO] running `Command { std: "git" "clone" "/workspace/cache/git-repos/https%3A%2F%2Fgithub.com%2FSV-97%2FAdventOfCode2023" "/workspace/builds/worker-7-tc1/source", kill_on_drop: false }`
[INFO] [stderr] Cloning into '/workspace/builds/worker-7-tc1/source'...
[INFO] [stderr] done.
[INFO] validating manifest of git repo https://github.com/SV-97/AdventOfCode2023 on toolchain 1.75.0
[INFO] running `Command { std: CARGO_HOME="/workspace/cargo-home" RUSTUP_HOME="/workspace/rustup-home" "/workspace/cargo-home/bin/cargo" "+1.75.0" "metadata" "--manifest-path" "Cargo.toml" "--no-deps", kill_on_drop: false }`
[INFO] started tweaking git repo https://github.com/SV-97/AdventOfCode2023
[INFO] finished tweaking git repo https://github.com/SV-97/AdventOfCode2023
[INFO] tweaked toml for git repo https://github.com/SV-97/AdventOfCode2023 written to /workspace/builds/worker-7-tc1/source/Cargo.toml
[INFO] crate git repo https://github.com/SV-97/AdventOfCode2023 already has a lockfile, it will not be regenerated
[INFO] running `Command { std: CARGO_HOME="/workspace/cargo-home" RUSTUP_HOME="/workspace/rustup-home" "/workspace/cargo-home/bin/cargo" "+1.75.0" "fetch" "--manifest-path" "Cargo.toml", kill_on_drop: false }`
[INFO] [stderr]     Blocking waiting for file lock on package cache
[INFO] [stderr]     Blocking waiting for file lock on package cache
[INFO] running `Command { std: "docker" "create" "-v" "/var/lib/crater-agent-workspace/builds/worker-7-tc1/target:/opt/rustwide/target:rw,Z" "-v" "/var/lib/crater-agent-workspace/builds/worker-7-tc1/source:/opt/rustwide/workdir:ro,Z" "-v" "/var/lib/crater-agent-workspace/cargo-home:/opt/rustwide/cargo-home:ro,Z" "-v" "/var/lib/crater-agent-workspace/rustup-home:/opt/rustwide/rustup-home:ro,Z" "-e" "SOURCE_DIR=/opt/rustwide/workdir" "-e" "CARGO_TARGET_DIR=/opt/rustwide/target" "-e" "CARGO_HOME=/opt/rustwide/cargo-home" "-e" "RUSTUP_HOME=/opt/rustwide/rustup-home" "-w" "/opt/rustwide/workdir" "-m" "1610612736" "--user" "0:0" "--network" "none" "ghcr.io/rust-lang/crates-build-env/linux@sha256:2788e3201cd34a07e3172128adcd8b3090168a8e3bcc40d7c032b9dda1df7d1c" "/opt/rustwide/cargo-home/bin/cargo" "+1.75.0" "metadata" "--no-deps" "--format-version=1", kill_on_drop: false }`
[INFO] [stdout] e8509d612e0584a20c6ceb0979031b46e2444ee2e09975e5e947c22fc8de6ec1
[INFO] running `Command { std: "docker" "start" "-a" "e8509d612e0584a20c6ceb0979031b46e2444ee2e09975e5e947c22fc8de6ec1", kill_on_drop: false }`
[INFO] running `Command { std: "docker" "inspect" "e8509d612e0584a20c6ceb0979031b46e2444ee2e09975e5e947c22fc8de6ec1", kill_on_drop: false }`
[INFO] running `Command { std: "docker" "rm" "-f" "e8509d612e0584a20c6ceb0979031b46e2444ee2e09975e5e947c22fc8de6ec1", kill_on_drop: false }`
[INFO] [stdout] e8509d612e0584a20c6ceb0979031b46e2444ee2e09975e5e947c22fc8de6ec1
[INFO] running `Command { std: "docker" "create" "-v" "/var/lib/crater-agent-workspace/builds/worker-7-tc1/target:/opt/rustwide/target:rw,Z" "-v" "/var/lib/crater-agent-workspace/builds/worker-7-tc1/source:/opt/rustwide/workdir:ro,Z" "-v" "/var/lib/crater-agent-workspace/cargo-home:/opt/rustwide/cargo-home:ro,Z" "-v" "/var/lib/crater-agent-workspace/rustup-home:/opt/rustwide/rustup-home:ro,Z" "-e" "SOURCE_DIR=/opt/rustwide/workdir" "-e" "CARGO_TARGET_DIR=/opt/rustwide/target" "-e" "CARGO_INCREMENTAL=0" "-e" "RUST_BACKTRACE=full" "-e" "RUSTFLAGS=--cap-lints=warn" "-e" "RUSTDOCFLAGS=--cap-lints=warn" "-e" "CARGO_HOME=/opt/rustwide/cargo-home" "-e" "RUSTUP_HOME=/opt/rustwide/rustup-home" "-w" "/opt/rustwide/workdir" "-m" "1610612736" "--user" "0:0" "--network" "none" "ghcr.io/rust-lang/crates-build-env/linux@sha256:2788e3201cd34a07e3172128adcd8b3090168a8e3bcc40d7c032b9dda1df7d1c" "/opt/rustwide/cargo-home/bin/cargo" "+1.75.0" "doc" "--frozen" "--no-deps" "--document-private-items" "--message-format=json", kill_on_drop: false }`
[INFO] [stdout] 4002952fe19316536a0fc0fc69045f33db29399563836720b8aafc00ecadaef0
[INFO] running `Command { std: "docker" "start" "-a" "4002952fe19316536a0fc0fc69045f33db29399563836720b8aafc00ecadaef0", kill_on_drop: false }`
[INFO] [stderr]     Checking memchr v2.6.4
[INFO] [stderr]     Checking regex-syntax v0.8.2
[INFO] [stderr]     Checking either v1.9.0
[INFO] [stderr]     Checking once_cell v1.18.0
[INFO] [stderr]     Checking itertools v0.12.0
[INFO] [stderr]     Checking aho-corasick v1.1.2
[INFO] [stderr]     Checking regex-automata v0.4.3
[INFO] [stderr]     Checking regex v1.10.2
[INFO] [stderr]  Documenting aoc v0.1.0 (/opt/rustwide/workdir)
[INFO] [stderr]     Checking aoc v0.1.0 (/opt/rustwide/workdir)
[INFO] [stdout] error[E0554]: `#![feature]` may not be used on the stable release channel
[INFO] [stdout]  --> src/bin/day_03.rs:1:12
[INFO] [stdout]   |
[INFO] [stdout] 1 | #![feature(array_windows)]
[INFO] [stdout]   |            ^^^^^^^^^^^^^
[INFO] [stdout] 
[INFO] [stdout] 
[INFO] [stdout] error[E0554]: `#![feature]` may not be used on the stable release channel
[INFO] [stdout]  --> src/bin/day_04.rs:1:12
[INFO] [stdout]   |
[INFO] [stdout] 1 | #![feature(array_windows)]
[INFO] [stdout]   |            ^^^^^^^^^^^^^
[INFO] [stdout] 
[INFO] [stdout] 
[INFO] [stdout] error: aborting due to previous error
[INFO] [stdout] 
[INFO] [stdout] 
[INFO] [stdout] For more information about this error, try `rustc --explain E0554`.
[INFO] [stdout] 
[INFO] [stderr] error: could not document `aoc`
[INFO] [stderr] 
[INFO] [stderr] Caused by:
[INFO] [stderr]   process didn't exit successfully: `/opt/rustwide/rustup-home/toolchains/1.75.0-x86_64-unknown-linux-gnu/bin/rustdoc --edition=2021 --crate-type bin --crate-name day_03 src/bin/day_03.rs -o /opt/rustwide/target/doc --error-format=json --json=diagnostic-rendered-ansi,artifacts,future-incompat --document-private-items '-Arustdoc::private-intra-doc-links' -C metadata=cf121f231a0c22c8 -L dependency=/opt/rustwide/target/debug/deps --extern aoc=/opt/rustwide/target/debug/deps/libaoc-bd5a338f2eea384c.rmeta --extern itertools=/opt/rustwide/target/debug/deps/libitertools-718e62fb194a164b.rmeta --extern once_cell=/opt/rustwide/target/debug/deps/libonce_cell-5022bfb9325dfd1a.rmeta --extern regex=/opt/rustwide/target/debug/deps/libregex-598f88fe5feb4d2b.rmeta --cap-lints=warn --crate-version 0.1.0` (exit status: 1)
[INFO] [stderr] warning: build failed, waiting for other jobs to finish...
[INFO] [stdout] error: aborting due to previous error
[INFO] [stdout] 
[INFO] [stdout] 
[INFO] [stdout] For more information about this error, try `rustc --explain E0554`.
[INFO] [stdout] 
[INFO] [stderr] error: could not document `aoc`
[INFO] [stderr] 
[INFO] [stderr] Caused by:
[INFO] [stderr]   process didn't exit successfully: `/opt/rustwide/rustup-home/toolchains/1.75.0-x86_64-unknown-linux-gnu/bin/rustdoc --edition=2021 --crate-type bin --crate-name day_04 src/bin/day_04.rs -o /opt/rustwide/target/doc --error-format=json --json=diagnostic-rendered-ansi,artifacts,future-incompat --document-private-items '-Arustdoc::private-intra-doc-links' -C metadata=9f16aea5d24aff59 -L dependency=/opt/rustwide/target/debug/deps --extern aoc=/opt/rustwide/target/debug/deps/libaoc-bd5a338f2eea384c.rmeta --extern itertools=/opt/rustwide/target/debug/deps/libitertools-718e62fb194a164b.rmeta --extern once_cell=/opt/rustwide/target/debug/deps/libonce_cell-5022bfb9325dfd1a.rmeta --extern regex=/opt/rustwide/target/debug/deps/libregex-598f88fe5feb4d2b.rmeta --cap-lints=warn --crate-version 0.1.0` (exit status: 1)
[INFO] running `Command { std: "docker" "inspect" "4002952fe19316536a0fc0fc69045f33db29399563836720b8aafc00ecadaef0", kill_on_drop: false }`
[INFO] running `Command { std: "docker" "rm" "-f" "4002952fe19316536a0fc0fc69045f33db29399563836720b8aafc00ecadaef0", kill_on_drop: false }`
[INFO] [stdout] 4002952fe19316536a0fc0fc69045f33db29399563836720b8aafc00ecadaef0
[INFO] documenting SV-97/AdventOfCode2023 against beta-2023-12-22 for beta-1.76-rustdoc-1
[INFO] running `Command { std: "git" "clone" "/workspace/cache/git-repos/https%3A%2F%2Fgithub.com%2FSV-97%2FAdventOfCode2023" "/workspace/builds/worker-7-tc2/source", kill_on_drop: false }`
[INFO] [stderr] Cloning into '/workspace/builds/worker-7-tc2/source'...
[INFO] [stderr] done.
[INFO] validating manifest of git repo https://github.com/SV-97/AdventOfCode2023 on toolchain beta-2023-12-22
[INFO] running `Command { std: CARGO_HOME="/workspace/cargo-home" RUSTUP_HOME="/workspace/rustup-home" "/workspace/cargo-home/bin/cargo" "+beta-2023-12-22" "metadata" "--manifest-path" "Cargo.toml" "--no-deps", kill_on_drop: false }`
[INFO] started tweaking git repo https://github.com/SV-97/AdventOfCode2023
[INFO] finished tweaking git repo https://github.com/SV-97/AdventOfCode2023
[INFO] tweaked toml for git repo https://github.com/SV-97/AdventOfCode2023 written to /workspace/builds/worker-7-tc2/source/Cargo.toml
[INFO] crate git repo https://github.com/SV-97/AdventOfCode2023 already has a lockfile, it will not be regenerated
[INFO] running `Command { std: CARGO_HOME="/workspace/cargo-home" RUSTUP_HOME="/workspace/rustup-home" "/workspace/cargo-home/bin/cargo" "+beta-2023-12-22" "fetch" "--manifest-path" "Cargo.toml", kill_on_drop: false }`
[INFO] running `Command { std: "docker" "create" "-v" "/var/lib/crater-agent-workspace/builds/worker-7-tc2/target:/opt/rustwide/target:rw,Z" "-v" "/var/lib/crater-agent-workspace/builds/worker-7-tc2/source:/opt/rustwide/workdir:ro,Z" "-v" "/var/lib/crater-agent-workspace/cargo-home:/opt/rustwide/cargo-home:ro,Z" "-v" "/var/lib/crater-agent-workspace/rustup-home:/opt/rustwide/rustup-home:ro,Z" "-e" "SOURCE_DIR=/opt/rustwide/workdir" "-e" "CARGO_TARGET_DIR=/opt/rustwide/target" "-e" "CARGO_HOME=/opt/rustwide/cargo-home" "-e" "RUSTUP_HOME=/opt/rustwide/rustup-home" "-w" "/opt/rustwide/workdir" "-m" "1610612736" "--user" "0:0" "--network" "none" "ghcr.io/rust-lang/crates-build-env/linux@sha256:2788e3201cd34a07e3172128adcd8b3090168a8e3bcc40d7c032b9dda1df7d1c" "/opt/rustwide/cargo-home/bin/cargo" "+beta-2023-12-22" "metadata" "--no-deps" "--format-version=1", kill_on_drop: false }`
[INFO] [stdout] e9f4d0ad117fd6edc815665ea2b9bbe38b89b3b6503ec5ef4a950e732788107c
[INFO] running `Command { std: "docker" "start" "-a" "e9f4d0ad117fd6edc815665ea2b9bbe38b89b3b6503ec5ef4a950e732788107c", kill_on_drop: false }`
[INFO] running `Command { std: "docker" "inspect" "e9f4d0ad117fd6edc815665ea2b9bbe38b89b3b6503ec5ef4a950e732788107c", kill_on_drop: false }`
[INFO] running `Command { std: "docker" "rm" "-f" "e9f4d0ad117fd6edc815665ea2b9bbe38b89b3b6503ec5ef4a950e732788107c", kill_on_drop: false }`
[INFO] [stdout] e9f4d0ad117fd6edc815665ea2b9bbe38b89b3b6503ec5ef4a950e732788107c
[INFO] running `Command { std: "docker" "create" "-v" "/var/lib/crater-agent-workspace/builds/worker-7-tc2/target:/opt/rustwide/target:rw,Z" "-v" "/var/lib/crater-agent-workspace/builds/worker-7-tc2/source:/opt/rustwide/workdir:ro,Z" "-v" "/var/lib/crater-agent-workspace/cargo-home:/opt/rustwide/cargo-home:ro,Z" "-v" "/var/lib/crater-agent-workspace/rustup-home:/opt/rustwide/rustup-home:ro,Z" "-e" "SOURCE_DIR=/opt/rustwide/workdir" "-e" "CARGO_TARGET_DIR=/opt/rustwide/target" "-e" "CARGO_INCREMENTAL=0" "-e" "RUST_BACKTRACE=full" "-e" "RUSTFLAGS=--cap-lints=warn" "-e" "RUSTDOCFLAGS=--cap-lints=warn" "-e" "CARGO_HOME=/opt/rustwide/cargo-home" "-e" "RUSTUP_HOME=/opt/rustwide/rustup-home" "-w" "/opt/rustwide/workdir" "-m" "1610612736" "--user" "0:0" "--network" "none" "ghcr.io/rust-lang/crates-build-env/linux@sha256:2788e3201cd34a07e3172128adcd8b3090168a8e3bcc40d7c032b9dda1df7d1c" "/opt/rustwide/cargo-home/bin/cargo" "+beta-2023-12-22" "doc" "--frozen" "--no-deps" "--document-private-items" "--message-format=json", kill_on_drop: false }`
[INFO] [stdout] 0a97280a67423b393d29cf8744ea3b3e19a89ef04587e60e36e3058c21f4b2a4
[INFO] running `Command { std: "docker" "start" "-a" "0a97280a67423b393d29cf8744ea3b3e19a89ef04587e60e36e3058c21f4b2a4", kill_on_drop: false }`
[INFO] [stderr]     Checking memchr v2.6.4
[INFO] [stderr]     Checking regex-syntax v0.8.2
[INFO] [stderr]     Checking either v1.9.0
[INFO] [stderr]     Checking once_cell v1.18.0
[INFO] [stderr]     Checking itertools v0.12.0
[INFO] [stderr]     Checking aho-corasick v1.1.2
[INFO] [stderr]     Checking regex-automata v0.4.3
[INFO] [stderr]     Checking regex v1.10.2
[INFO] [stderr]     Checking aoc v0.1.0 (/opt/rustwide/workdir)
[INFO] [stderr]  Documenting aoc v0.1.0 (/opt/rustwide/workdir)
[INFO] [stdout] error[E0554]: `#![feature]` may not be used on the beta release channel
[INFO] [stdout]  --> src/bin/day_03.rs:1:12
[INFO] [stdout]   |
[INFO] [stdout] 1 | #![feature(array_windows)]
[INFO] [stdout]   |            ^^^^^^^^^^^^^
[INFO] [stdout] 
[INFO] [stdout] 
[INFO] [stdout] error[E0554]: `#![feature]` may not be used on the beta release channel
[INFO] [stdout]  --> src/bin/day_04.rs:1:12
[INFO] [stdout]   |
[INFO] [stdout] 1 | #![feature(array_windows)]
[INFO] [stdout]   |            ^^^^^^^^^^^^^
[INFO] [stdout] 
[INFO] [stdout] 
[INFO] [stdout] error: aborting due to 1 previous error
[INFO] [stdout] 
[INFO] [stdout] 
[INFO] [stdout] For more information about this error, try `rustc --explain E0554`.
[INFO] [stdout] 
[INFO] [stderr] error: could not document `aoc`
[INFO] [stderr] 
[INFO] [stderr] Caused by:
[INFO] [stderr]   process didn't exit successfully: `/opt/rustwide/rustup-home/toolchains/beta-2023-12-22-x86_64-unknown-linux-gnu/bin/rustdoc --edition=2021 --crate-type bin --crate-name day_03 src/bin/day_03.rs -o /opt/rustwide/target/doc --error-format=json --json=diagnostic-rendered-ansi,artifacts,future-incompat --document-private-items '-Arustdoc::private-intra-doc-links' -C metadata=e723d066ee5b0c6a -L dependency=/opt/rustwide/target/debug/deps --extern aoc=/opt/rustwide/target/debug/deps/libaoc-56f6f4c606d49b6d.rmeta --extern itertools=/opt/rustwide/target/debug/deps/libitertools-8dbcfa8504ad0ef2.rmeta --extern once_cell=/opt/rustwide/target/debug/deps/libonce_cell-69e0e9fac18d9775.rmeta --extern regex=/opt/rustwide/target/debug/deps/libregex-8999d7b0259ede6a.rmeta --cap-lints=warn --crate-version 0.1.0` (exit status: 1)
[INFO] [stderr] warning: build failed, waiting for other jobs to finish...
[INFO] [stdout] error: aborting due to 1 previous error
[INFO] [stdout] 
[INFO] [stdout] 
[INFO] [stdout] For more information about this error, try `rustc --explain E0554`.
[INFO] [stdout] 
[INFO] [stderr] error: could not document `aoc`
[INFO] [stderr] 
[INFO] [stderr] Caused by:
[INFO] [stderr]   process didn't exit successfully: `/opt/rustwide/rustup-home/toolchains/beta-2023-12-22-x86_64-unknown-linux-gnu/bin/rustdoc --edition=2021 --crate-type bin --crate-name day_04 src/bin/day_04.rs -o /opt/rustwide/target/doc --error-format=json --json=diagnostic-rendered-ansi,artifacts,future-incompat --document-private-items '-Arustdoc::private-intra-doc-links' -C metadata=b99186216bdeea47 -L dependency=/opt/rustwide/target/debug/deps --extern aoc=/opt/rustwide/target/debug/deps/libaoc-56f6f4c606d49b6d.rmeta --extern itertools=/opt/rustwide/target/debug/deps/libitertools-8dbcfa8504ad0ef2.rmeta --extern once_cell=/opt/rustwide/target/debug/deps/libonce_cell-69e0e9fac18d9775.rmeta --extern regex=/opt/rustwide/target/debug/deps/libregex-8999d7b0259ede6a.rmeta --cap-lints=warn --crate-version 0.1.0` (exit status: 1)
[INFO] running `Command { std: "docker" "inspect" "0a97280a67423b393d29cf8744ea3b3e19a89ef04587e60e36e3058c21f4b2a4", kill_on_drop: false }`
[INFO] running `Command { std: "docker" "rm" "-f" "0a97280a67423b393d29cf8744ea3b3e19a89ef04587e60e36e3058c21f4b2a4", kill_on_drop: false }`
[INFO] [stdout] 0a97280a67423b393d29cf8744ea3b3e19a89ef04587e60e36e3058c21f4b2a4
