[INFO] cloning repository https://github.com/SUPERCILEX/grocery_bagger_9000
[INFO] running `Command { std: "git" "-c" "credential.helper=" "-c" "credential.helper=/workspace/cargo-home/bin/git-credential-null" "clone" "--bare" "https://github.com/SUPERCILEX/grocery_bagger_9000" "/workspace/cache/git-repos/https%3A%2F%2Fgithub.com%2FSUPERCILEX%2Fgrocery_bagger_9000", kill_on_drop: false }`
[INFO] [stderr] Cloning into bare repository '/workspace/cache/git-repos/https%3A%2F%2Fgithub.com%2FSUPERCILEX%2Fgrocery_bagger_9000'...
[INFO] running `Command { std: "git" "rev-parse" "HEAD", kill_on_drop: false }`
[INFO] [stdout] f3ad2691c07743bc7ef4fbcde627c26991ae4d56
[INFO] documenting SUPERCILEX/grocery_bagger_9000 against 1.75.0 for beta-1.76-rustdoc-1
[INFO] running `Command { std: "git" "clone" "/workspace/cache/git-repos/https%3A%2F%2Fgithub.com%2FSUPERCILEX%2Fgrocery_bagger_9000" "/workspace/builds/worker-2-tc1/source", kill_on_drop: false }`
[INFO] [stderr] Cloning into '/workspace/builds/worker-2-tc1/source'...
[INFO] [stderr] done.
[INFO] validating manifest of git repo https://github.com/SUPERCILEX/grocery_bagger_9000 on toolchain 1.75.0
[INFO] running `Command { std: CARGO_HOME="/workspace/cargo-home" RUSTUP_HOME="/workspace/rustup-home" "/workspace/cargo-home/bin/cargo" "+1.75.0" "metadata" "--manifest-path" "Cargo.toml" "--no-deps", kill_on_drop: false }`
[INFO] removed /workspace/builds/worker-2-tc1/source/.cargo/config.toml
[INFO] removed /workspace/builds/worker-2-tc1/source/rust-toolchain
[INFO] started tweaking git repo https://github.com/SUPERCILEX/grocery_bagger_9000
[INFO] finished tweaking git repo https://github.com/SUPERCILEX/grocery_bagger_9000
[INFO] tweaked toml for git repo https://github.com/SUPERCILEX/grocery_bagger_9000 written to /workspace/builds/worker-2-tc1/source/Cargo.toml
[INFO] crate git repo https://github.com/SUPERCILEX/grocery_bagger_9000 already has a lockfile, it will not be regenerated
[INFO] running `Command { std: CARGO_HOME="/workspace/cargo-home" RUSTUP_HOME="/workspace/rustup-home" "/workspace/cargo-home/bin/cargo" "+1.75.0" "fetch" "--manifest-path" "Cargo.toml", kill_on_drop: false }`
[INFO] [stderr]     Updating git repository `https://github.com/SUPERCILEX/bevy`
[INFO] [stderr]     Updating git repository `https://github.com/SUPERCILEX/bevy_screen_diags`
[INFO] [stderr]     Updating git repository `https://github.com/SUPERCILEX/bevy_tweening`
[INFO] [stderr]     Updating crates.io index
[INFO] [stderr]  Downloading crates ...
[INFO] [stderr]   Downloaded bevy-inspector-egui-derive v0.11.0
[INFO] [stderr]   Downloaded emath v0.18.0
[INFO] [stderr]   Downloaded bevy-web-resizer v2.0.0
[INFO] [stderr]   Downloaded bevy_mod_debugdump v0.4.0
[INFO] [stderr]   Downloaded goldenfile v1.4.3
[INFO] [stderr]   Downloaded similar-asserts v1.2.0
[INFO] [stderr]   Downloaded bevy_svg v0.7.0
[INFO] [stderr]   Downloaded similar v2.1.0
[INFO] [stderr]   Downloaded bevy_rapier3d v0.14.1
[INFO] [stderr]   Downloaded bevy_prototype_lyon v0.5.0
[INFO] [stderr]   Downloaded bevy_egui v0.14.0
[INFO] [stderr]   Downloaded bevy-inspector-egui v0.11.0
[INFO] [stderr]   Downloaded epaint v0.18.1
[INFO] [stderr]   Downloaded egui v0.18.1
[INFO] [stderr]   Downloaded tracing-subscriber v0.3.14
[INFO] [stderr]   Downloaded glam v0.21.2
[INFO] [stderr]   Downloaded bevy-inspector-egui-rapier v0.4.0
[INFO] running `Command { std: "docker" "create" "-v" "/var/lib/crater-agent-workspace/builds/worker-2-tc1/target:/opt/rustwide/target:rw,Z" "-v" "/var/lib/crater-agent-workspace/builds/worker-2-tc1/source:/opt/rustwide/workdir:ro,Z" "-v" "/var/lib/crater-agent-workspace/cargo-home:/opt/rustwide/cargo-home:ro,Z" "-v" "/var/lib/crater-agent-workspace/rustup-home:/opt/rustwide/rustup-home:ro,Z" "-e" "SOURCE_DIR=/opt/rustwide/workdir" "-e" "CARGO_TARGET_DIR=/opt/rustwide/target" "-e" "CARGO_HOME=/opt/rustwide/cargo-home" "-e" "RUSTUP_HOME=/opt/rustwide/rustup-home" "-w" "/opt/rustwide/workdir" "-m" "1610612736" "--user" "0:0" "--network" "none" "ghcr.io/rust-lang/crates-build-env/linux@sha256:2788e3201cd34a07e3172128adcd8b3090168a8e3bcc40d7c032b9dda1df7d1c" "/opt/rustwide/cargo-home/bin/cargo" "+1.75.0" "metadata" "--no-deps" "--format-version=1", kill_on_drop: false }`
[INFO] [stdout] 785465dc26cf46522e9ee151df1dc398e8e5cd259c32ff63237c1ca5b863cab9
[INFO] running `Command { std: "docker" "start" "-a" "785465dc26cf46522e9ee151df1dc398e8e5cd259c32ff63237c1ca5b863cab9", kill_on_drop: false }`
[INFO] running `Command { std: "docker" "inspect" "785465dc26cf46522e9ee151df1dc398e8e5cd259c32ff63237c1ca5b863cab9", kill_on_drop: false }`
[INFO] running `Command { std: "docker" "rm" "-f" "785465dc26cf46522e9ee151df1dc398e8e5cd259c32ff63237c1ca5b863cab9", kill_on_drop: false }`
[INFO] [stdout] 785465dc26cf46522e9ee151df1dc398e8e5cd259c32ff63237c1ca5b863cab9
[INFO] running `Command { std: "docker" "create" "-v" "/var/lib/crater-agent-workspace/builds/worker-2-tc1/target:/opt/rustwide/target:rw,Z" "-v" "/var/lib/crater-agent-workspace/builds/worker-2-tc1/source:/opt/rustwide/workdir:ro,Z" "-v" "/var/lib/crater-agent-workspace/cargo-home:/opt/rustwide/cargo-home:ro,Z" "-v" "/var/lib/crater-agent-workspace/rustup-home:/opt/rustwide/rustup-home:ro,Z" "-e" "SOURCE_DIR=/opt/rustwide/workdir" "-e" "CARGO_TARGET_DIR=/opt/rustwide/target" "-e" "CARGO_INCREMENTAL=0" "-e" "RUST_BACKTRACE=full" "-e" "RUSTFLAGS=--cap-lints=warn" "-e" "RUSTDOCFLAGS=--cap-lints=warn" "-e" "CARGO_HOME=/opt/rustwide/cargo-home" "-e" "RUSTUP_HOME=/opt/rustwide/rustup-home" "-w" "/opt/rustwide/workdir" "-m" "1610612736" "--user" "0:0" "--network" "none" "ghcr.io/rust-lang/crates-build-env/linux@sha256:2788e3201cd34a07e3172128adcd8b3090168a8e3bcc40d7c032b9dda1df7d1c" "/opt/rustwide/cargo-home/bin/cargo" "+1.75.0" "doc" "--frozen" "--no-deps" "--document-private-items" "--message-format=json", kill_on_drop: false }`
[INFO] [stdout] 27497ba95d66675503663d8b997f6d080611836e723d442ff31b3a7592756a44
[INFO] running `Command { std: "docker" "start" "-a" "27497ba95d66675503663d8b997f6d080611836e723d442ff31b3a7592756a44", kill_on_drop: false }`
[INFO] [stderr]    Compiling proc-macro2 v1.0.40
[INFO] [stderr]    Compiling quote v1.0.20
[INFO] [stderr]    Compiling unicode-ident v1.0.1
[INFO] [stderr]    Compiling syn v1.0.98
[INFO] [stderr]    Compiling serde_derive v1.0.138
[INFO] [stderr]    Compiling libc v0.2.126
[INFO] [stderr]    Compiling serde v1.0.138
[INFO] [stderr]     Checking once_cell v1.13.0
[INFO] [stderr]    Compiling indexmap v1.9.1
[INFO] [stderr]    Compiling libm v0.2.2
[INFO] [stderr]    Compiling num-traits v0.2.15
[INFO] [stderr]    Compiling hashbrown v0.12.2
[INFO] [stderr]     Checking scopeguard v1.1.0
[INFO] [stderr]    Compiling ahash v0.7.6
[INFO] [stderr]     Checking instant v0.1.12
[INFO] [stderr]    Compiling lock_api v0.4.7
[INFO] [stderr]    Compiling parking_lot_core v0.8.5
[INFO] [stderr]     Checking getrandom v0.2.7
[INFO] [stderr]     Checking mint v0.5.9
[INFO] [stderr]     Checking tracing-core v0.1.28
[INFO] [stderr]    Compiling log v0.4.17
[INFO] [stderr]    Compiling futures-core v0.3.21
[INFO] [stderr]     Checking fixedbitset v0.4.2
[INFO] [stderr]     Checking slab v0.4.6
[INFO] [stderr]    Compiling erased-serde v0.3.21
[INFO] [stderr]     Checking cache-padded v1.2.0
[INFO] [stderr]     Checking futures-io v0.3.21
[INFO] [stderr]     Checking waker-fn v1.1.0
[INFO] [stderr]     Checking fastrand v1.7.0
[INFO] [stderr]     Checking concurrent-queue v1.2.2
[INFO] [stderr]     Checking parking v2.0.0
[INFO] [stderr]     Checking event-listener v2.5.2
[INFO] [stderr]     Checking async-task v4.3.0
[INFO] [stderr]     Checking futures-lite v1.12.0
[INFO] [stderr]     Checking num_cpus v1.13.1
[INFO] [stderr]     Checking async-channel v1.6.1
[INFO] [stderr]    Compiling crossbeam-utils v0.8.10
[INFO] [stderr]    Compiling num-integer v0.1.45
[INFO] [stderr]     Checking regex-syntax v0.6.27
[INFO] [stderr]     Checking arrayvec v0.7.2
[INFO] [stderr]     Checking cty v0.2.2
[INFO] [stderr]     Checking raw-window-handle v0.4.3
[INFO] [stderr]     Checking aho-corasick v0.7.18
[INFO] [stderr]     Checking bit-vec v0.6.3
[INFO] [stderr]     Checking async-executor v1.4.1
[INFO] [stderr]     Checking rustc-hash v1.1.0
[INFO] [stderr]     Checking tracing-log v0.1.3
[INFO] [stderr]     Checking sharded-slab v0.1.4
[INFO] [stderr]     Checking bevy_tasks v0.7.0 (https://github.com/SUPERCILEX/bevy#98d2e0eb)
[INFO] [stderr]     Checking thread_local v1.1.4
[INFO] [stderr]     Checking libloading v0.7.3
[INFO] [stderr]     Checking ansi_term v0.12.1
[INFO] [stderr]    Compiling ash v0.34.0+1.2.203
[INFO] [stderr]     Checking unicode-xid v0.2.3
[INFO] [stderr]     Checking termcolor v1.1.3
[INFO] [stderr]    Compiling khronos-egl v4.1.0
[INFO] [stderr]     Checking unicode-width v0.1.9
[INFO] [stderr]     Checking pp-rs v0.2.1
[INFO] [stderr]     Checking bit-set v0.5.2
[INFO] [stderr]     Checking codespan-reporting v0.11.1
[INFO] [stderr]     Checking petgraph v0.6.2
[INFO] [stderr]     Checking crossbeam-channel v0.5.5
[INFO] [stderr]     Checking spirv v0.2.0+1.5.4
[INFO] [stderr]     Checking gpu-alloc-types v0.2.0
[INFO] [stderr]     Checking gpu-descriptor-types v0.1.1
[INFO] [stderr]     Checking rand_core v0.6.3
[INFO] [stderr]     Checking ppv-lite86 v0.2.16
[INFO] [stderr]     Checking regex-automata v0.1.10
[INFO] [stderr]     Checking regex v1.6.0
[INFO] [stderr]    Compiling cfg_aliases v0.1.1
[INFO] [stderr]    Compiling toml v0.5.9
[INFO] [stderr]    Compiling uuid v0.8.2
[INFO] [stderr]     Checking hexf-parse v0.2.1
[INFO] [stderr]    Compiling anyhow v1.0.58
[INFO] [stderr]    Compiling libm v0.1.4
[INFO] [stderr]     Checking matchers v0.1.0
[INFO] [stderr]     Checking rand_chacha v0.3.1
[INFO] [stderr]    Compiling wgpu-core v0.12.2
[INFO] [stderr]     Checking gpu-alloc v0.5.3
[INFO] [stderr]     Checking approx v0.5.1
[INFO] [stderr]     Checking euclid v0.22.7
[INFO] [stderr]     Checking wgpu-types v0.12.0
[INFO] [stderr]    Compiling num-rational v0.3.2
[INFO] [stderr]    Compiling num-iter v0.1.43
[INFO] [stderr]     Checking renderdoc-sys v0.7.1
[INFO] [stderr]     Checking glow v0.11.2
[INFO] [stderr]     Checking profiling v1.0.6
[INFO] [stderr]     Checking inplace_it v0.3.3
[INFO] [stderr]     Checking rand v0.8.5
[INFO] [stderr]     Checking copyless v0.1.5
[INFO] [stderr]     Checking glam v0.21.2
[INFO] [stderr]     Checking color_quant v1.1.0
[INFO] [stderr]    Compiling pkg-config v0.3.25
[INFO] [stderr]     Checking ttf-parser v0.15.2
[INFO] [stderr]     Checking svg_fmt v0.4.1
[INFO] [stderr]     Checking ab_glyph_rasterizer v0.1.5
[INFO] [stderr]     Checking guillotiere v0.6.2
[INFO] [stderr]     Checking base64 v0.13.0
[INFO] [stderr]     Checking rectangle-pack v0.4.2
[INFO] [stderr]     Checking xi-unicode v0.3.0
[INFO] [stderr]    Compiling winit v0.26.1
[INFO] [stderr]     Checking mio v0.8.4
[INFO] [stderr]    Compiling x11-dl v2.19.1
[INFO] [stderr]     Checking percent-encoding v2.1.0
[INFO] [stderr]     Checking stretch v0.3.2
[INFO] [stderr]    Compiling packed_simd_2 v0.3.8
[INFO] [stderr]    Compiling num-rational v0.4.1
[INFO] [stderr]    Compiling crossbeam-epoch v0.9.9
[INFO] [stderr]     Checking arrayvec v0.5.2
[INFO] [stderr]    Compiling typenum v1.15.0
[INFO] [stderr]     Checking lyon_geom v0.17.7
[INFO] [stderr]     Checking hexasphere v7.2.0
[INFO] [stderr]     Checking owned_ttf_parser v0.15.0
[INFO] [stderr]     Checking ab_glyph v0.2.15
[INFO] [stderr]     Checking num-complex v0.4.2
[INFO] [stderr]    Compiling unicode-general-category v0.4.0
[INFO] [stderr]    Compiling crossbeam-queue v0.3.5
[INFO] [stderr]     Checking glyph_brush_layout v0.2.3
[INFO] [stderr]    Compiling paste v1.0.7
[INFO] [stderr]    Compiling bytemuck_derive v1.1.0
[INFO] [stderr]    Compiling thiserror-impl v1.0.31
[INFO] [stderr]    Compiling tracing-attributes v0.1.22
[INFO] [stderr]     Checking rawpointer v0.2.1
[INFO] [stderr]     Checking matrixmultiply v0.3.2
[INFO] [stdout] error[E0554]: `#![feature]` may not be used on the stable release channel
[INFO] [stdout]    --> /opt/rustwide/cargo-home/registry/src/index.crates.io-6f17d22bba15001f/packed_simd_2-0.3.8/src/lib.rs:214:1
[INFO] [stdout]     |
[INFO] [stdout] 214 | / #![feature(
[INFO] [stdout] 215 | |     adt_const_params,
[INFO] [stdout] 216 | |     repr_simd,
[INFO] [stdout] 217 | |     rustc_attrs,
[INFO] [stdout] ...   |
[INFO] [stdout] 224 | |     custom_inner_attributes,
[INFO] [stdout] 225 | | )]
[INFO] [stdout]     | |__^
[INFO] [stdout] 
[INFO] [stdout] 
[INFO] [stderr]    Compiling nalgebra-macros v0.1.0
[INFO] [stderr]     Checking bytemuck v1.10.0
[INFO] [stdout] error[E0554]: `#![feature]` may not be used on the stable release channel
[INFO] [stdout]    --> /opt/rustwide/cargo-home/registry/src/index.crates.io-6f17d22bba15001f/packed_simd_2-0.3.8/src/lib.rs:219:5
[INFO] [stdout]     |
[INFO] [stdout] 219 |     stdsimd,
[INFO] [stdout]     |     ^^^^^^^
[INFO] [stdout] 
[INFO] [stdout] 
[INFO] [stdout] error[E0554]: `#![feature]` may not be used on the stable release channel
[INFO] [stdout]    --> /opt/rustwide/cargo-home/registry/src/index.crates.io-6f17d22bba15001f/packed_simd_2-0.3.8/src/lib.rs:222:5
[INFO] [stdout]     |
[INFO] [stdout] 222 |     core_intrinsics,
[INFO] [stdout]     |     ^^^^^^^^^^^^^^^
[INFO] [stdout] 
[INFO] [stdout] 
[INFO] [stderr]     Checking image v0.23.14
[INFO] [stderr]     Checking safe_arch v0.6.0
[INFO] [stderr]     Checking wide v0.7.4
[INFO] [stderr]     Checking thiserror v1.0.31
[INFO] [stderr]     Checking naga v0.8.5
[INFO] [stdout] error: unrecognized platform-specific intrinsic function: `simd_shuffle2`
[INFO] [stdout]   --> /opt/rustwide/cargo-home/registry/src/index.crates.io-6f17d22bba15001f/packed_simd_2-0.3.8/src/codegen/llvm.rs:10:5
[INFO] [stdout]    |
[INFO] [stdout] 10 |     pub fn simd_shuffle2<T, U>(x: T, y: T, idx: [u32; 2]) -> U;
[INFO] [stdout]    |     ^^^^^^^^^^^^^^^^^^^^^^^^^^^^^^^^^^^^^^^^^^^^^^^^^^^^^^^^^^^
[INFO] [stdout] 
[INFO] [stdout] 
[INFO] [stdout] error: unrecognized platform-specific intrinsic function: `simd_shuffle4`
[INFO] [stdout]   --> /opt/rustwide/cargo-home/registry/src/index.crates.io-6f17d22bba15001f/packed_simd_2-0.3.8/src/codegen/llvm.rs:11:5
[INFO] [stdout]    |
[INFO] [stdout] 11 |     pub fn simd_shuffle4<T, U>(x: T, y: T, idx: [u32; 4]) -> U;
[INFO] [stdout]    |     ^^^^^^^^^^^^^^^^^^^^^^^^^^^^^^^^^^^^^^^^^^^^^^^^^^^^^^^^^^^
[INFO] [stdout] 
[INFO] [stdout] 
[INFO] [stdout] error: unrecognized platform-specific intrinsic function: `simd_shuffle8`
[INFO] [stdout]   --> /opt/rustwide/cargo-home/registry/src/index.crates.io-6f17d22bba15001f/packed_simd_2-0.3.8/src/codegen/llvm.rs:12:5
[INFO] [stdout]    |
[INFO] [stdout] 12 |     pub fn simd_shuffle8<T, U>(x: T, y: T, idx: [u32; 8]) -> U;
[INFO] [stdout]    |     ^^^^^^^^^^^^^^^^^^^^^^^^^^^^^^^^^^^^^^^^^^^^^^^^^^^^^^^^^^^
[INFO] [stdout] 
[INFO] [stdout] 
[INFO] [stdout] error: unrecognized platform-specific intrinsic function: `simd_shuffle16`
[INFO] [stdout]   --> /opt/rustwide/cargo-home/registry/src/index.crates.io-6f17d22bba15001f/packed_simd_2-0.3.8/src/codegen/llvm.rs:13:5
[INFO] [stdout]    |
[INFO] [stdout] 13 |     pub fn simd_shuffle16<T, U>(x: T, y: T, idx: [u32; 16]) -> U;
[INFO] [stdout]    |     ^^^^^^^^^^^^^^^^^^^^^^^^^^^^^^^^^^^^^^^^^^^^^^^^^^^^^^^^^^^^^
[INFO] [stdout] 
[INFO] [stdout] 
[INFO] [stdout] error: unrecognized platform-specific intrinsic function: `simd_shuffle32`
[INFO] [stdout]   --> /opt/rustwide/cargo-home/registry/src/index.crates.io-6f17d22bba15001f/packed_simd_2-0.3.8/src/codegen/llvm.rs:14:5
[INFO] [stdout]    |
[INFO] [stdout] 14 |     pub fn simd_shuffle32<T, U>(x: T, y: T, idx: [u32; 32]) -> U;
[INFO] [stdout]    |     ^^^^^^^^^^^^^^^^^^^^^^^^^^^^^^^^^^^^^^^^^^^^^^^^^^^^^^^^^^^^^
[INFO] [stdout] 
[INFO] [stdout] 
[INFO] [stdout] error: unrecognized platform-specific intrinsic function: `simd_shuffle64`
[INFO] [stdout]   --> /opt/rustwide/cargo-home/registry/src/index.crates.io-6f17d22bba15001f/packed_simd_2-0.3.8/src/codegen/llvm.rs:15:5
[INFO] [stdout]    |
[INFO] [stdout] 15 |     pub fn simd_shuffle64<T, U>(x: T, y: T, idx: [u32; 64]) -> U;
[INFO] [stdout]    |     ^^^^^^^^^^^^^^^^^^^^^^^^^^^^^^^^^^^^^^^^^^^^^^^^^^^^^^^^^^^^^
[INFO] [stdout] 
[INFO] [stdout] 
[INFO] [stderr]     Checking tracing v0.1.35
[INFO] [stderr]     Checking lyon_path v0.17.7
[INFO] [stderr]     Checking optional v0.5.0
[INFO] [stderr]     Checking float-cmp v0.5.3
[INFO] [stderr]     Checking robust v0.2.3
[INFO] [stderr]     Checking ttf-parser v0.12.3
[INFO] [stderr]     Checking svgtypes v0.5.0
[INFO] [stderr]     Checking crossbeam-deque v0.8.1
[INFO] [stderr]     Checking miniz_oxide v0.5.3
[INFO] [stderr]    Compiling num-derive v0.3.3
[INFO] [stderr]     Checking float_next_after v0.1.5
[INFO] [stderr]     Checking memmap2 v0.5.4
[INFO] [stderr]     Checking unicode-script v0.5.4
[INFO] [stderr]     Checking unicode-bidi-mirroring v0.1.0
[INFO] [stderr]     Checking either v1.7.0
[INFO] [stderr]     Checking matches v0.1.9
[INFO] [stderr]     Checking xmlparser v0.13.3
[INFO] [stderr]    Compiling arrayvec v0.4.12
[INFO] [stderr]     Checking unicode-ccc v0.1.2
[INFO] [stderr]     Checking svgtypes v0.8.1
[INFO] [stderr]     Checking roxmltree v0.14.1
[INFO] [stderr]     Checking fontdb v0.7.0
[INFO] [stderr]     Checking data-url v0.1.1
[INFO] [stderr]     Checking lyon_tessellation v0.17.10
[INFO] [stderr]     Checking crossbeam v0.8.1
[INFO] [stderr]     Checking flate2 v1.0.24
[INFO] [stderr]     Checking kurbo v0.8.3
[INFO] [stderr]     Checking simplecss v0.2.1
[INFO] [stderr]     Checking nodrop v0.1.14
[INFO] [stderr]     Checking unicode-vo v0.1.0
[INFO] [stderr]     Checking xmlwriter v0.1.0
[INFO] [stderr]     Checking rctree v0.4.0
[INFO] [stderr]     Checking unicode-bidi v0.3.8
[INFO] [stderr]     Checking float-cmp v0.9.0
[INFO] [stderr]     Checking vec_map v0.8.2
[INFO] [stderr]    Compiling cargo-manifest v0.2.8
[INFO] [stderr]     Checking pico-args v0.4.2
[INFO] [stderr]     Checking lyon_svg v0.17.2
[INFO] [stderr]     Checking interpolation v0.2.0
[INFO] [stderr]     Checking itoa v0.4.8
[INFO] [stderr]     Checking num-format v0.4.0
[INFO] [stdout] error: aborting due to 9 previous errors
[INFO] [stdout] 
[INFO] [stdout] 
[INFO] [stdout] For more information about this error, try `rustc --explain E0554`.
[INFO] [stdout] 
[INFO] [stderr] error: could not compile `packed_simd_2` (lib) due to 10 previous errors
[INFO] [stderr] warning: build failed, waiting for other jobs to finish...
[INFO] running `Command { std: "docker" "inspect" "27497ba95d66675503663d8b997f6d080611836e723d442ff31b3a7592756a44", kill_on_drop: false }`
[INFO] running `Command { std: "docker" "rm" "-f" "27497ba95d66675503663d8b997f6d080611836e723d442ff31b3a7592756a44", kill_on_drop: false }`
[INFO] [stdout] 27497ba95d66675503663d8b997f6d080611836e723d442ff31b3a7592756a44
