[INFO] cloning repository https://github.com/STragt8/druidrust
[INFO] running `Command { std: "git" "-c" "credential.helper=" "-c" "credential.helper=/workspace/cargo-home/bin/git-credential-null" "clone" "--bare" "https://github.com/STragt8/druidrust" "/workspace/cache/git-repos/https%3A%2F%2Fgithub.com%2FSTragt8%2Fdruidrust", kill_on_drop: false }`
[INFO] [stderr] Cloning into bare repository '/workspace/cache/git-repos/https%3A%2F%2Fgithub.com%2FSTragt8%2Fdruidrust'...
[INFO] running `Command { std: "git" "rev-parse" "HEAD", kill_on_drop: false }`
[INFO] [stdout] 222e3f575cf07eb7cd0397d1c04f038d817a256c
[INFO] documenting STragt8/druidrust against 1.75.0 for beta-1.76-rustdoc-1
[INFO] running `Command { std: "git" "clone" "/workspace/cache/git-repos/https%3A%2F%2Fgithub.com%2FSTragt8%2Fdruidrust" "/workspace/builds/worker-6-tc1/source", kill_on_drop: false }`
[INFO] [stderr] Cloning into '/workspace/builds/worker-6-tc1/source'...
[INFO] [stderr] done.
[INFO] validating manifest of git repo https://github.com/STragt8/druidrust on toolchain 1.75.0
[INFO] running `Command { std: CARGO_HOME="/workspace/cargo-home" RUSTUP_HOME="/workspace/rustup-home" "/workspace/cargo-home/bin/cargo" "+1.75.0" "metadata" "--manifest-path" "Cargo.toml" "--no-deps", kill_on_drop: false }`
[INFO] started tweaking git repo https://github.com/STragt8/druidrust
[INFO] finished tweaking git repo https://github.com/STragt8/druidrust
[INFO] tweaked toml for git repo https://github.com/STragt8/druidrust written to /workspace/builds/worker-6-tc1/source/Cargo.toml
[INFO] crate git repo https://github.com/STragt8/druidrust already has a lockfile, it will not be regenerated
[INFO] running `Command { std: CARGO_HOME="/workspace/cargo-home" RUSTUP_HOME="/workspace/rustup-home" "/workspace/cargo-home/bin/cargo" "+1.75.0" "fetch" "--manifest-path" "Cargo.toml", kill_on_drop: false }`
[INFO] [stderr]  Downloading crates ...
[INFO] [stderr]   Downloaded kurbo v0.9.4
[INFO] [stderr]   Downloaded tracing v0.1.38
[INFO] running `Command { std: "docker" "create" "-v" "/var/lib/crater-agent-workspace/builds/worker-6-tc1/target:/opt/rustwide/target:rw,Z" "-v" "/var/lib/crater-agent-workspace/builds/worker-6-tc1/source:/opt/rustwide/workdir:ro,Z" "-v" "/var/lib/crater-agent-workspace/cargo-home:/opt/rustwide/cargo-home:ro,Z" "-v" "/var/lib/crater-agent-workspace/rustup-home:/opt/rustwide/rustup-home:ro,Z" "-e" "SOURCE_DIR=/opt/rustwide/workdir" "-e" "CARGO_TARGET_DIR=/opt/rustwide/target" "-e" "CARGO_HOME=/opt/rustwide/cargo-home" "-e" "RUSTUP_HOME=/opt/rustwide/rustup-home" "-w" "/opt/rustwide/workdir" "-m" "1610612736" "--user" "0:0" "--network" "none" "ghcr.io/rust-lang/crates-build-env/linux@sha256:2788e3201cd34a07e3172128adcd8b3090168a8e3bcc40d7c032b9dda1df7d1c" "/opt/rustwide/cargo-home/bin/cargo" "+1.75.0" "metadata" "--no-deps" "--format-version=1", kill_on_drop: false }`
[INFO] [stdout] a2589ccc8f0109d88679f2d4fd2d8f910f15f4943c25c86621a784d0e67ec787
[INFO] running `Command { std: "docker" "start" "-a" "a2589ccc8f0109d88679f2d4fd2d8f910f15f4943c25c86621a784d0e67ec787", kill_on_drop: false }`
[INFO] running `Command { std: "docker" "inspect" "a2589ccc8f0109d88679f2d4fd2d8f910f15f4943c25c86621a784d0e67ec787", kill_on_drop: false }`
[INFO] running `Command { std: "docker" "rm" "-f" "a2589ccc8f0109d88679f2d4fd2d8f910f15f4943c25c86621a784d0e67ec787", kill_on_drop: false }`
[INFO] [stdout] a2589ccc8f0109d88679f2d4fd2d8f910f15f4943c25c86621a784d0e67ec787
[INFO] running `Command { std: "docker" "create" "-v" "/var/lib/crater-agent-workspace/builds/worker-6-tc1/target:/opt/rustwide/target:rw,Z" "-v" "/var/lib/crater-agent-workspace/builds/worker-6-tc1/source:/opt/rustwide/workdir:ro,Z" "-v" "/var/lib/crater-agent-workspace/cargo-home:/opt/rustwide/cargo-home:ro,Z" "-v" "/var/lib/crater-agent-workspace/rustup-home:/opt/rustwide/rustup-home:ro,Z" "-e" "SOURCE_DIR=/opt/rustwide/workdir" "-e" "CARGO_TARGET_DIR=/opt/rustwide/target" "-e" "CARGO_INCREMENTAL=0" "-e" "RUST_BACKTRACE=full" "-e" "RUSTFLAGS=--cap-lints=warn" "-e" "RUSTDOCFLAGS=--cap-lints=warn" "-e" "CARGO_HOME=/opt/rustwide/cargo-home" "-e" "RUSTUP_HOME=/opt/rustwide/rustup-home" "-w" "/opt/rustwide/workdir" "-m" "1610612736" "--user" "0:0" "--network" "none" "ghcr.io/rust-lang/crates-build-env/linux@sha256:2788e3201cd34a07e3172128adcd8b3090168a8e3bcc40d7c032b9dda1df7d1c" "/opt/rustwide/cargo-home/bin/cargo" "+1.75.0" "doc" "--frozen" "--no-deps" "--document-private-items" "--message-format=json", kill_on_drop: false }`
[INFO] [stdout] e0130f88555b0ed8eb4f726a7ce186ee6ec0787694ce4ad6aea44165ed76c2b4
[INFO] running `Command { std: "docker" "start" "-a" "e0130f88555b0ed8eb4f726a7ce186ee6ec0787694ce4ad6aea44165ed76c2b4", kill_on_drop: false }`
[INFO] [stderr]    Compiling serde v1.0.160
[INFO] [stderr]    Compiling indexmap v1.9.3
[INFO] [stderr]    Compiling hashbrown v0.12.3
[INFO] [stderr]    Compiling winnow v0.4.1
[INFO] [stderr]    Compiling target-lexicon v0.12.7
[INFO] [stderr]    Compiling pkg-config v0.3.26
[INFO] [stderr]    Compiling smallvec v1.10.0
[INFO] [stderr]    Compiling heck v0.4.1
[INFO] [stderr]    Compiling version-compare v0.1.1
[INFO] [stderr]    Compiling proc-macro2 v1.0.56
[INFO] [stderr]    Compiling unicode-ident v1.0.8
[INFO] [stderr]    Compiling quote v1.0.26
[INFO] [stderr]    Compiling syn v1.0.109
[INFO] [stderr]    Compiling libc v0.2.142
[INFO] [stderr]    Compiling futures-core v0.3.28
[INFO] [stderr]    Compiling anyhow v1.0.70
[INFO] [stderr]    Compiling slab v0.4.8
[INFO] [stderr]    Compiling thiserror v1.0.40
[INFO] [stderr]     Checking once_cell v1.17.1
[INFO] [stderr]     Checking pin-project-lite v0.2.9
[INFO] [stderr]    Compiling futures-util v0.3.28
[INFO] [stderr]    Compiling futures-channel v0.3.28
[INFO] [stderr]    Compiling gio v0.16.7
[INFO] [stderr]    Compiling semver v1.0.17
[INFO] [stderr]     Checking unic-char-range v0.9.0
[INFO] [stderr]     Checking unic-common v0.9.0
[INFO] [stderr]     Checking unic-ucd-version v0.9.0
[INFO] [stderr]    Compiling memoffset v0.8.0
[INFO] [stderr]     Checking matches v0.1.10
[INFO] [stderr]     Checking unic-char-property v0.9.0
[INFO] [stderr]     Checking arrayvec v0.7.2
[INFO] [stderr]    Compiling gtk v0.16.2
[INFO] [stderr]     Checking tracing-core v0.1.30
[INFO] [stderr]     Checking unicode-segmentation v1.10.1
[INFO] [stderr]     Checking unic-ucd-bidi v0.9.0
[INFO] [stderr]     Checking rustc-hash v1.1.0
[INFO] [stderr]     Checking xi-unicode v0.3.0
[INFO] [stderr]     Checking time-core v0.1.0
[INFO] [stderr]     Checking type-map v0.4.0
[INFO] [stderr]    Compiling druid-shell v0.8.3
[INFO] [stderr]     Checking kurbo v0.9.4
[INFO] [stderr]     Checking sharded-slab v0.1.4
[INFO] [stderr]     Checking unic-bidi v0.9.0
[INFO] [stderr]     Checking time v0.3.20
[INFO] [stderr]     Checking instant v0.1.12
[INFO] [stderr]     Checking thread_local v1.1.7
[INFO] [stderr]    Compiling cfg-expr v0.15.1
[INFO] [stderr]    Compiling rustc_version v0.4.0
[INFO] [stderr]    Compiling syn v2.0.15
[INFO] [stderr]     Checking keyboard-types v0.6.2
[INFO] [stderr]     Checking self_cell v0.10.2
[INFO] [stderr]    Compiling proc-macro-error-attr v1.0.4
[INFO] [stderr]    Compiling field-offset v0.3.5
[INFO] [stderr]     Checking piet v0.6.2
[INFO] [stderr]     Checking tracing-subscriber v0.3.17
[INFO] [stderr]    Compiling proc-macro-error v1.0.4
[INFO] [stderr]    Compiling serde_spanned v0.6.1
[INFO] [stderr]    Compiling toml_datetime v0.6.1
[INFO] [stderr]    Compiling toml_edit v0.19.8
[INFO] [stderr]    Compiling displaydoc v0.2.3
[INFO] [stderr]    Compiling druid-derive v0.5.0
[INFO] [stdout] error[E0277]: `syn::Type` doesn't implement `Debug`
[INFO] [stdout]   --> /opt/rustwide/cargo-home/registry/src/index.crates.io-6f17d22bba15001f/druid-derive-0.5.0/src/attr.rs:66:5
[INFO] [stdout]    |
[INFO] [stdout] 63 | #[derive(Debug)]
[INFO] [stdout]    |          ----- in this derive macro expansion
[INFO] [stdout] ...
[INFO] [stdout] 66 |     pub ty: syn::Type,
[INFO] [stdout]    |     ^^^^^^^^^^^^^^^^^ `syn::Type` cannot be formatted using `{:?}` because it doesn't implement `Debug`
[INFO] [stdout]    |
[INFO] [stdout]    = help: the trait `Debug` is not implemented for `syn::Type`
[INFO] [stdout]    = note: this error originates in the derive macro `Debug` (in Nightly builds, run with -Z macro-backtrace for more info)
[INFO] [stdout] 
[INFO] [stdout] 
[INFO] [stdout] error[E0277]: `ExprPath` doesn't implement `Debug`
[INFO] [stdout]   --> /opt/rustwide/cargo-home/registry/src/index.crates.io-6f17d22bba15001f/druid-derive-0.5.0/src/attr.rs:75:12
[INFO] [stdout]    |
[INFO] [stdout] 71 | #[derive(Debug, PartialEq, Eq)]
[INFO] [stdout]    |          ----- in this derive macro expansion
[INFO] [stdout] ...
[INFO] [stdout] 75 |     SameFn(ExprPath),
[INFO] [stdout]    |            ^^^^^^^^ `ExprPath` cannot be formatted using `{:?}` because it doesn't implement `Debug`
[INFO] [stdout]    |
[INFO] [stdout]    = help: the trait `Debug` is not implemented for `ExprPath`
[INFO] [stdout]    = note: this error originates in the derive macro `Debug` (in Nightly builds, run with -Z macro-backtrace for more info)
[INFO] [stdout] 
[INFO] [stdout] 
[INFO] [stdout] error[E0369]: binary operation `==` cannot be applied to type `ExprPath`
[INFO] [stdout]   --> /opt/rustwide/cargo-home/registry/src/index.crates.io-6f17d22bba15001f/druid-derive-0.5.0/src/attr.rs:75:12
[INFO] [stdout]    |
[INFO] [stdout] 71 | #[derive(Debug, PartialEq, Eq)]
[INFO] [stdout]    |                 --------- in this derive macro expansion
[INFO] [stdout] ...
[INFO] [stdout] 75 |     SameFn(ExprPath),
[INFO] [stdout]    |            ^^^^^^^^
[INFO] [stdout]    |
[INFO] [stdout]    = note: this error originates in the derive macro `PartialEq` (in Nightly builds, run with -Z macro-backtrace for more info)
[INFO] [stdout] 
[INFO] [stdout] 
[INFO] [stdout] error[E0277]: the trait bound `ExprPath: std::cmp::Eq` is not satisfied
[INFO] [stdout]   --> /opt/rustwide/cargo-home/registry/src/index.crates.io-6f17d22bba15001f/druid-derive-0.5.0/src/attr.rs:75:12
[INFO] [stdout]    |
[INFO] [stdout] 71 | #[derive(Debug, PartialEq, Eq)]
[INFO] [stdout]    |                            -- in this derive macro expansion
[INFO] [stdout] ...
[INFO] [stdout] 75 |     SameFn(ExprPath),
[INFO] [stdout]    |            ^^^^^^^^ the trait `std::cmp::Eq` is not implemented for `ExprPath`
[INFO] [stdout]    |
[INFO] [stdout] note: required by a bound in `AssertParamIsEq`
[INFO] [stdout]   --> /rustc/82e1608dfa6e0b5569232559e3d385fea5a93112/library/core/src/cmp.rs:336:1
[INFO] [stdout]    = note: this error originates in the derive macro `Eq` (in Nightly builds, run with -Z macro-backtrace for more info)
[INFO] [stdout] 
[INFO] [stdout] 
[INFO] [stdout] error: aborting due to 4 previous errors
[INFO] [stdout] 
[INFO] [stdout] 
[INFO] [stdout] Some errors have detailed explanations: E0277, E0369.
[INFO] [stdout] 
[INFO] [stdout] For more information about an error, try `rustc --explain E0277`.
[INFO] [stdout] 
[INFO] [stderr] error: could not compile `druid-derive` (lib) due to 5 previous errors
[INFO] [stderr] warning: build failed, waiting for other jobs to finish...
[INFO] running `Command { std: "docker" "inspect" "e0130f88555b0ed8eb4f726a7ce186ee6ec0787694ce4ad6aea44165ed76c2b4", kill_on_drop: false }`
[INFO] running `Command { std: "docker" "rm" "-f" "e0130f88555b0ed8eb4f726a7ce186ee6ec0787694ce4ad6aea44165ed76c2b4", kill_on_drop: false }`
[INFO] [stdout] e0130f88555b0ed8eb4f726a7ce186ee6ec0787694ce4ad6aea44165ed76c2b4
