[INFO] cloning repository https://github.com/SMAkbar/application-master-manager
[INFO] running `Command { std: "git" "-c" "credential.helper=" "-c" "credential.helper=/workspace/cargo-home/bin/git-credential-null" "clone" "--bare" "https://github.com/SMAkbar/application-master-manager" "/workspace/cache/git-repos/https%3A%2F%2Fgithub.com%2FSMAkbar%2Fapplication-master-manager", kill_on_drop: false }`
[INFO] [stderr] Cloning into bare repository '/workspace/cache/git-repos/https%3A%2F%2Fgithub.com%2FSMAkbar%2Fapplication-master-manager'...
[INFO] running `Command { std: "git" "rev-parse" "HEAD", kill_on_drop: false }`
[INFO] [stdout] f0a128868f505c9bfc1c5cbd68b11fcc14b79458
[INFO] documenting SMAkbar/application-master-manager against 1.75.0 for beta-1.76-rustdoc-1
[INFO] running `Command { std: "git" "clone" "/workspace/cache/git-repos/https%3A%2F%2Fgithub.com%2FSMAkbar%2Fapplication-master-manager" "/workspace/builds/worker-4-tc1/source", kill_on_drop: false }`
[INFO] [stderr] Cloning into '/workspace/builds/worker-4-tc1/source'...
[INFO] [stderr] done.
[INFO] validating manifest of git repo https://github.com/SMAkbar/application-master-manager on toolchain 1.75.0
[INFO] running `Command { std: CARGO_HOME="/workspace/cargo-home" RUSTUP_HOME="/workspace/rustup-home" "/workspace/cargo-home/bin/cargo" "+1.75.0" "metadata" "--manifest-path" "Cargo.toml" "--no-deps", kill_on_drop: false }`
[INFO] started tweaking git repo https://github.com/SMAkbar/application-master-manager
[INFO] finished tweaking git repo https://github.com/SMAkbar/application-master-manager
[INFO] tweaked toml for git repo https://github.com/SMAkbar/application-master-manager written to /workspace/builds/worker-4-tc1/source/Cargo.toml
[INFO] crate git repo https://github.com/SMAkbar/application-master-manager already has a lockfile, it will not be regenerated
[INFO] running `Command { std: CARGO_HOME="/workspace/cargo-home" RUSTUP_HOME="/workspace/rustup-home" "/workspace/cargo-home/bin/cargo" "+1.75.0" "fetch" "--manifest-path" "Cargo.toml", kill_on_drop: false }`
[INFO] [stderr] warning: virtual workspace defaulting to `resolver = "1"` despite one or more workspace members being on edition 2021 which implies `resolver = "2"`
[INFO] [stderr] note: to keep the current resolver, specify `workspace.resolver = "1"` in the workspace root's manifest
[INFO] [stderr] note: to use the edition 2021 resolver, specify `workspace.resolver = "2"` in the workspace root's manifest
[INFO] [stderr] note: for more details see https://doc.rust-lang.org/cargo/reference/resolver.html#resolver-versions
[INFO] [stderr] warning: /workspace/builds/worker-4-tc1/source/pallets/template/Cargo.toml: unused manifest key: dependencies.frame-benchmarking. branch
[INFO] [stderr] warning: /workspace/builds/worker-4-tc1/source/pallets/template/Cargo.toml: unused manifest key: dependencies.frame-support. branch
[INFO] [stderr] warning: /workspace/builds/worker-4-tc1/source/pallets/template/Cargo.toml: unused manifest key: dependencies.frame-system. branch
[INFO] [stderr] warning: /workspace/builds/worker-4-tc1/source/pallets/template/Cargo.toml: unused manifest key: dev-dependencies.sp-core. branch
[INFO] [stderr] warning: /workspace/builds/worker-4-tc1/source/pallets/template/Cargo.toml: unused manifest key: dev-dependencies.sp-io. branch
[INFO] [stderr] warning: /workspace/builds/worker-4-tc1/source/pallets/template/Cargo.toml: unused manifest key: dev-dependencies.sp-runtime. branch
[INFO] [stderr] warning: /workspace/builds/worker-4-tc1/source/node/Cargo.toml: unused manifest key: dependencies.frame-benchmarking. branch
[INFO] [stderr] warning: /workspace/builds/worker-4-tc1/source/node/Cargo.toml: unused manifest key: dependencies.frame-benchmarking-cli. branch
[INFO] [stderr] warning: /workspace/builds/worker-4-tc1/source/node/Cargo.toml: unused manifest key: dependencies.frame-system. branch
[INFO] [stderr] warning: /workspace/builds/worker-4-tc1/source/node/Cargo.toml: unused manifest key: dependencies.pallet-transaction-payment. branch
[INFO] [stderr] warning: /workspace/builds/worker-4-tc1/source/node/Cargo.toml: unused manifest key: dependencies.pallet-transaction-payment-rpc. branch
[INFO] [stderr] warning: /workspace/builds/worker-4-tc1/source/node/Cargo.toml: unused manifest key: dependencies.sc-basic-authorship. branch
[INFO] [stderr] warning: /workspace/builds/worker-4-tc1/source/node/Cargo.toml: unused manifest key: dependencies.sc-cli. branch
[INFO] [stderr] warning: /workspace/builds/worker-4-tc1/source/node/Cargo.toml: unused manifest key: dependencies.sc-client-api. branch
[INFO] [stderr] warning: /workspace/builds/worker-4-tc1/source/node/Cargo.toml: unused manifest key: dependencies.sc-consensus. branch
[INFO] [stderr] warning: /workspace/builds/worker-4-tc1/source/node/Cargo.toml: unused manifest key: dependencies.sc-consensus-aura. branch
[INFO] [stderr] warning: /workspace/builds/worker-4-tc1/source/node/Cargo.toml: unused manifest key: dependencies.sc-executor. branch
[INFO] [stderr] warning: /workspace/builds/worker-4-tc1/source/node/Cargo.toml: unused manifest key: dependencies.sc-finality-grandpa. branch
[INFO] [stderr] warning: /workspace/builds/worker-4-tc1/source/node/Cargo.toml: unused manifest key: dependencies.sc-keystore. branch
[INFO] [stderr] warning: /workspace/builds/worker-4-tc1/source/node/Cargo.toml: unused manifest key: dependencies.sc-rpc. branch
[INFO] [stderr] warning: /workspace/builds/worker-4-tc1/source/node/Cargo.toml: unused manifest key: dependencies.sc-rpc-api. branch
[INFO] [stderr] warning: /workspace/builds/worker-4-tc1/source/node/Cargo.toml: unused manifest key: dependencies.sc-service. branch
[INFO] [stderr] warning: /workspace/builds/worker-4-tc1/source/node/Cargo.toml: unused manifest key: dependencies.sc-telemetry. branch
[INFO] [stderr] warning: /workspace/builds/worker-4-tc1/source/node/Cargo.toml: unused manifest key: dependencies.sc-transaction-pool. branch
[INFO] [stderr] warning: /workspace/builds/worker-4-tc1/source/node/Cargo.toml: unused manifest key: dependencies.sc-transaction-pool-api. branch
[INFO] [stderr] warning: /workspace/builds/worker-4-tc1/source/node/Cargo.toml: unused manifest key: dependencies.sp-api. branch
[INFO] [stderr] warning: /workspace/builds/worker-4-tc1/source/node/Cargo.toml: unused manifest key: dependencies.sp-block-builder. branch
[INFO] [stderr] warning: /workspace/builds/worker-4-tc1/source/node/Cargo.toml: unused manifest key: dependencies.sp-blockchain. branch
[INFO] [stderr] warning: /workspace/builds/worker-4-tc1/source/node/Cargo.toml: unused manifest key: dependencies.sp-consensus. branch
[INFO] [stderr] warning: /workspace/builds/worker-4-tc1/source/node/Cargo.toml: unused manifest key: dependencies.sp-consensus-aura. branch
[INFO] [stderr] warning: /workspace/builds/worker-4-tc1/source/node/Cargo.toml: unused manifest key: dependencies.sp-core. branch
[INFO] [stderr] warning: /workspace/builds/worker-4-tc1/source/node/Cargo.toml: unused manifest key: dependencies.sp-finality-grandpa. branch
[INFO] [stderr] warning: /workspace/builds/worker-4-tc1/source/node/Cargo.toml: unused manifest key: dependencies.sp-inherents. branch
[INFO] [stderr] warning: /workspace/builds/worker-4-tc1/source/node/Cargo.toml: unused manifest key: dependencies.sp-keyring. branch
[INFO] [stderr] warning: /workspace/builds/worker-4-tc1/source/node/Cargo.toml: unused manifest key: dependencies.sp-runtime. branch
[INFO] [stderr] warning: /workspace/builds/worker-4-tc1/source/node/Cargo.toml: unused manifest key: dependencies.sp-timestamp. branch
[INFO] [stderr] warning: /workspace/builds/worker-4-tc1/source/node/Cargo.toml: unused manifest key: dependencies.substrate-frame-rpc-system. branch
[INFO] [stderr] warning: /workspace/builds/worker-4-tc1/source/node/Cargo.toml: unused manifest key: dependencies.try-runtime-cli. branch
[INFO] [stderr] warning: /workspace/builds/worker-4-tc1/source/node/Cargo.toml: unused manifest key: build-dependencies.substrate-build-script-utils. branch
[INFO] [stderr] warning: /workspace/builds/worker-4-tc1/source/runtime/Cargo.toml: unused manifest key: dependencies.frame-benchmarking. branch
[INFO] [stderr] warning: /workspace/builds/worker-4-tc1/source/runtime/Cargo.toml: unused manifest key: dependencies.frame-executive. branch
[INFO] [stderr] warning: /workspace/builds/worker-4-tc1/source/runtime/Cargo.toml: unused manifest key: dependencies.frame-support. branch
[INFO] [stderr] warning: /workspace/builds/worker-4-tc1/source/runtime/Cargo.toml: unused manifest key: dependencies.frame-system. branch
[INFO] [stderr] warning: /workspace/builds/worker-4-tc1/source/runtime/Cargo.toml: unused manifest key: dependencies.frame-system-benchmarking. branch
[INFO] [stderr] warning: /workspace/builds/worker-4-tc1/source/runtime/Cargo.toml: unused manifest key: dependencies.frame-system-rpc-runtime-api. branch
[INFO] [stderr] warning: /workspace/builds/worker-4-tc1/source/runtime/Cargo.toml: unused manifest key: dependencies.frame-try-runtime. branch
[INFO] [stderr] warning: /workspace/builds/worker-4-tc1/source/runtime/Cargo.toml: unused manifest key: dependencies.pallet-aura. branch
[INFO] [stderr] warning: /workspace/builds/worker-4-tc1/source/runtime/Cargo.toml: unused manifest key: dependencies.pallet-authorship. branch
[INFO] [stderr] warning: /workspace/builds/worker-4-tc1/source/runtime/Cargo.toml: unused manifest key: dependencies.pallet-balances. branch
[INFO] [stderr] warning: /workspace/builds/worker-4-tc1/source/runtime/Cargo.toml: unused manifest key: dependencies.pallet-grandpa. branch
[INFO] [stderr] warning: /workspace/builds/worker-4-tc1/source/runtime/Cargo.toml: unused manifest key: dependencies.pallet-randomness-collective-flip. branch
[INFO] [stderr] warning: /workspace/builds/worker-4-tc1/source/runtime/Cargo.toml: unused manifest key: dependencies.pallet-session. branch
[INFO] [stderr] warning: /workspace/builds/worker-4-tc1/source/runtime/Cargo.toml: unused manifest key: dependencies.pallet-sudo. branch
[INFO] [stderr] warning: /workspace/builds/worker-4-tc1/source/runtime/Cargo.toml: unused manifest key: dependencies.pallet-timestamp. branch
[INFO] [stderr] warning: /workspace/builds/worker-4-tc1/source/runtime/Cargo.toml: unused manifest key: dependencies.pallet-transaction-payment. branch
[INFO] [stderr] warning: /workspace/builds/worker-4-tc1/source/runtime/Cargo.toml: unused manifest key: dependencies.pallet-transaction-payment-rpc-runtime-api. branch
[INFO] [stderr] warning: /workspace/builds/worker-4-tc1/source/runtime/Cargo.toml: unused manifest key: dependencies.sp-api. branch
[INFO] [stderr] warning: /workspace/builds/worker-4-tc1/source/runtime/Cargo.toml: unused manifest key: dependencies.sp-block-builder. branch
[INFO] [stderr] warning: /workspace/builds/worker-4-tc1/source/runtime/Cargo.toml: unused manifest key: dependencies.sp-consensus-aura. branch
[INFO] [stderr] warning: /workspace/builds/worker-4-tc1/source/runtime/Cargo.toml: unused manifest key: dependencies.sp-core. branch
[INFO] [stderr] warning: /workspace/builds/worker-4-tc1/source/runtime/Cargo.toml: unused manifest key: dependencies.sp-inherents. branch
[INFO] [stderr] warning: /workspace/builds/worker-4-tc1/source/runtime/Cargo.toml: unused manifest key: dependencies.sp-offchain. branch
[INFO] [stderr] warning: /workspace/builds/worker-4-tc1/source/runtime/Cargo.toml: unused manifest key: dependencies.sp-runtime. branch
[INFO] [stderr] warning: /workspace/builds/worker-4-tc1/source/runtime/Cargo.toml: unused manifest key: dependencies.sp-session. branch
[INFO] [stderr] warning: /workspace/builds/worker-4-tc1/source/runtime/Cargo.toml: unused manifest key: dependencies.sp-std. branch
[INFO] [stderr] warning: /workspace/builds/worker-4-tc1/source/runtime/Cargo.toml: unused manifest key: dependencies.sp-transaction-pool. branch
[INFO] [stderr] warning: /workspace/builds/worker-4-tc1/source/runtime/Cargo.toml: unused manifest key: dependencies.sp-version. branch
[INFO] [stderr] warning: /workspace/builds/worker-4-tc1/source/runtime/Cargo.toml: unused manifest key: build-dependencies.substrate-wasm-builder. branch
[INFO] [stderr]  Downloading crates ...
[INFO] [stderr]   Downloaded async-trait v0.1.59
[INFO] [stderr]   Downloaded paste v1.0.10
[INFO] [stderr]   Downloaded dtoa v1.0.4
[INFO] running `Command { std: "docker" "create" "-v" "/var/lib/crater-agent-workspace/builds/worker-4-tc1/target:/opt/rustwide/target:rw,Z" "-v" "/var/lib/crater-agent-workspace/builds/worker-4-tc1/source:/opt/rustwide/workdir:ro,Z" "-v" "/var/lib/crater-agent-workspace/cargo-home:/opt/rustwide/cargo-home:ro,Z" "-v" "/var/lib/crater-agent-workspace/rustup-home:/opt/rustwide/rustup-home:ro,Z" "-e" "SOURCE_DIR=/opt/rustwide/workdir" "-e" "CARGO_TARGET_DIR=/opt/rustwide/target" "-e" "CARGO_HOME=/opt/rustwide/cargo-home" "-e" "RUSTUP_HOME=/opt/rustwide/rustup-home" "-w" "/opt/rustwide/workdir" "-m" "1610612736" "--user" "0:0" "--network" "none" "ghcr.io/rust-lang/crates-build-env/linux@sha256:2788e3201cd34a07e3172128adcd8b3090168a8e3bcc40d7c032b9dda1df7d1c" "/opt/rustwide/cargo-home/bin/cargo" "+1.75.0" "metadata" "--no-deps" "--format-version=1", kill_on_drop: false }`
[INFO] [stdout] 67e9f8f3173ed1afa1c1da05612218fbbc032b1c9f51dddbf0c018b28a8a3f28
[INFO] running `Command { std: "docker" "start" "-a" "67e9f8f3173ed1afa1c1da05612218fbbc032b1c9f51dddbf0c018b28a8a3f28", kill_on_drop: false }`
[INFO] running `Command { std: "docker" "inspect" "67e9f8f3173ed1afa1c1da05612218fbbc032b1c9f51dddbf0c018b28a8a3f28", kill_on_drop: false }`
[INFO] running `Command { std: "docker" "rm" "-f" "67e9f8f3173ed1afa1c1da05612218fbbc032b1c9f51dddbf0c018b28a8a3f28", kill_on_drop: false }`
[INFO] [stdout] 67e9f8f3173ed1afa1c1da05612218fbbc032b1c9f51dddbf0c018b28a8a3f28
[INFO] running `Command { std: "docker" "create" "-v" "/var/lib/crater-agent-workspace/builds/worker-4-tc1/target:/opt/rustwide/target:rw,Z" "-v" "/var/lib/crater-agent-workspace/builds/worker-4-tc1/source:/opt/rustwide/workdir:ro,Z" "-v" "/var/lib/crater-agent-workspace/cargo-home:/opt/rustwide/cargo-home:ro,Z" "-v" "/var/lib/crater-agent-workspace/rustup-home:/opt/rustwide/rustup-home:ro,Z" "-e" "SOURCE_DIR=/opt/rustwide/workdir" "-e" "CARGO_TARGET_DIR=/opt/rustwide/target" "-e" "CARGO_INCREMENTAL=0" "-e" "RUST_BACKTRACE=full" "-e" "RUSTFLAGS=--cap-lints=warn" "-e" "RUSTDOCFLAGS=--cap-lints=warn" "-e" "CARGO_HOME=/opt/rustwide/cargo-home" "-e" "RUSTUP_HOME=/opt/rustwide/rustup-home" "-w" "/opt/rustwide/workdir" "-m" "1610612736" "--user" "0:0" "--network" "none" "ghcr.io/rust-lang/crates-build-env/linux@sha256:2788e3201cd34a07e3172128adcd8b3090168a8e3bcc40d7c032b9dda1df7d1c" "/opt/rustwide/cargo-home/bin/cargo" "+1.75.0" "doc" "--frozen" "--no-deps" "--document-private-items" "--message-format=json", kill_on_drop: false }`
[INFO] [stdout] 51b34b72bb339f5905902ab7af8a1c4df7062c2434a77fd98b9f3ae7ecd70996
[INFO] running `Command { std: "docker" "start" "-a" "51b34b72bb339f5905902ab7af8a1c4df7062c2434a77fd98b9f3ae7ecd70996", kill_on_drop: false }`
[INFO] [stderr] warning: virtual workspace defaulting to `resolver = "1"` despite one or more workspace members being on edition 2021 which implies `resolver = "2"`
[INFO] [stderr] note: to keep the current resolver, specify `workspace.resolver = "1"` in the workspace root's manifest
[INFO] [stderr] note: to use the edition 2021 resolver, specify `workspace.resolver = "2"` in the workspace root's manifest
[INFO] [stderr] note: for more details see https://doc.rust-lang.org/cargo/reference/resolver.html#resolver-versions
[INFO] [stderr] warning: /opt/rustwide/workdir/runtime/Cargo.toml: unused manifest key: dependencies.frame-benchmarking. branch
[INFO] [stderr] warning: /opt/rustwide/workdir/runtime/Cargo.toml: unused manifest key: dependencies.frame-executive. branch
[INFO] [stderr] warning: /opt/rustwide/workdir/runtime/Cargo.toml: unused manifest key: dependencies.frame-support. branch
[INFO] [stderr] warning: /opt/rustwide/workdir/runtime/Cargo.toml: unused manifest key: dependencies.frame-system. branch
[INFO] [stderr] warning: /opt/rustwide/workdir/runtime/Cargo.toml: unused manifest key: dependencies.frame-system-benchmarking. branch
[INFO] [stderr] warning: /opt/rustwide/workdir/runtime/Cargo.toml: unused manifest key: dependencies.frame-system-rpc-runtime-api. branch
[INFO] [stderr] warning: /opt/rustwide/workdir/runtime/Cargo.toml: unused manifest key: dependencies.frame-try-runtime. branch
[INFO] [stderr] warning: /opt/rustwide/workdir/runtime/Cargo.toml: unused manifest key: dependencies.pallet-aura. branch
[INFO] [stderr] warning: /opt/rustwide/workdir/runtime/Cargo.toml: unused manifest key: dependencies.pallet-authorship. branch
[INFO] [stderr] warning: /opt/rustwide/workdir/runtime/Cargo.toml: unused manifest key: dependencies.pallet-balances. branch
[INFO] [stderr] warning: /opt/rustwide/workdir/runtime/Cargo.toml: unused manifest key: dependencies.pallet-grandpa. branch
[INFO] [stderr] warning: /opt/rustwide/workdir/runtime/Cargo.toml: unused manifest key: dependencies.pallet-randomness-collective-flip. branch
[INFO] [stderr] warning: /opt/rustwide/workdir/runtime/Cargo.toml: unused manifest key: dependencies.pallet-session. branch
[INFO] [stderr] warning: /opt/rustwide/workdir/runtime/Cargo.toml: unused manifest key: dependencies.pallet-sudo. branch
[INFO] [stderr] warning: /opt/rustwide/workdir/runtime/Cargo.toml: unused manifest key: dependencies.pallet-timestamp. branch
[INFO] [stderr] warning: /opt/rustwide/workdir/runtime/Cargo.toml: unused manifest key: dependencies.pallet-transaction-payment. branch
[INFO] [stderr] warning: /opt/rustwide/workdir/runtime/Cargo.toml: unused manifest key: dependencies.pallet-transaction-payment-rpc-runtime-api. branch
[INFO] [stderr] warning: /opt/rustwide/workdir/runtime/Cargo.toml: unused manifest key: dependencies.sp-api. branch
[INFO] [stderr] warning: /opt/rustwide/workdir/runtime/Cargo.toml: unused manifest key: dependencies.sp-block-builder. branch
[INFO] [stderr] warning: /opt/rustwide/workdir/runtime/Cargo.toml: unused manifest key: dependencies.sp-consensus-aura. branch
[INFO] [stderr] warning: /opt/rustwide/workdir/runtime/Cargo.toml: unused manifest key: dependencies.sp-core. branch
[INFO] [stderr] warning: /opt/rustwide/workdir/runtime/Cargo.toml: unused manifest key: dependencies.sp-inherents. branch
[INFO] [stderr] warning: /opt/rustwide/workdir/runtime/Cargo.toml: unused manifest key: dependencies.sp-offchain. branch
[INFO] [stderr] warning: /opt/rustwide/workdir/runtime/Cargo.toml: unused manifest key: dependencies.sp-runtime. branch
[INFO] [stderr] warning: /opt/rustwide/workdir/runtime/Cargo.toml: unused manifest key: dependencies.sp-session. branch
[INFO] [stderr] warning: /opt/rustwide/workdir/runtime/Cargo.toml: unused manifest key: dependencies.sp-std. branch
[INFO] [stderr] warning: /opt/rustwide/workdir/runtime/Cargo.toml: unused manifest key: dependencies.sp-transaction-pool. branch
[INFO] [stderr] warning: /opt/rustwide/workdir/runtime/Cargo.toml: unused manifest key: dependencies.sp-version. branch
[INFO] [stderr] warning: /opt/rustwide/workdir/runtime/Cargo.toml: unused manifest key: build-dependencies.substrate-wasm-builder. branch
[INFO] [stderr] warning: /opt/rustwide/workdir/pallets/template/Cargo.toml: unused manifest key: dependencies.frame-benchmarking. branch
[INFO] [stderr] warning: /opt/rustwide/workdir/pallets/template/Cargo.toml: unused manifest key: dependencies.frame-support. branch
[INFO] [stderr] warning: /opt/rustwide/workdir/pallets/template/Cargo.toml: unused manifest key: dependencies.frame-system. branch
[INFO] [stderr] warning: /opt/rustwide/workdir/pallets/template/Cargo.toml: unused manifest key: dev-dependencies.sp-core. branch
[INFO] [stderr] warning: /opt/rustwide/workdir/pallets/template/Cargo.toml: unused manifest key: dev-dependencies.sp-io. branch
[INFO] [stderr] warning: /opt/rustwide/workdir/pallets/template/Cargo.toml: unused manifest key: dev-dependencies.sp-runtime. branch
[INFO] [stderr] warning: /opt/rustwide/workdir/node/Cargo.toml: unused manifest key: dependencies.frame-benchmarking. branch
[INFO] [stderr] warning: /opt/rustwide/workdir/node/Cargo.toml: unused manifest key: dependencies.frame-benchmarking-cli. branch
[INFO] [stderr] warning: /opt/rustwide/workdir/node/Cargo.toml: unused manifest key: dependencies.frame-system. branch
[INFO] [stderr] warning: /opt/rustwide/workdir/node/Cargo.toml: unused manifest key: dependencies.pallet-transaction-payment. branch
[INFO] [stderr] warning: /opt/rustwide/workdir/node/Cargo.toml: unused manifest key: dependencies.pallet-transaction-payment-rpc. branch
[INFO] [stderr] warning: /opt/rustwide/workdir/node/Cargo.toml: unused manifest key: dependencies.sc-basic-authorship. branch
[INFO] [stderr] warning: /opt/rustwide/workdir/node/Cargo.toml: unused manifest key: dependencies.sc-cli. branch
[INFO] [stderr] warning: /opt/rustwide/workdir/node/Cargo.toml: unused manifest key: dependencies.sc-client-api. branch
[INFO] [stderr] warning: /opt/rustwide/workdir/node/Cargo.toml: unused manifest key: dependencies.sc-consensus. branch
[INFO] [stderr] warning: /opt/rustwide/workdir/node/Cargo.toml: unused manifest key: dependencies.sc-consensus-aura. branch
[INFO] [stderr] warning: /opt/rustwide/workdir/node/Cargo.toml: unused manifest key: dependencies.sc-executor. branch
[INFO] [stderr] warning: /opt/rustwide/workdir/node/Cargo.toml: unused manifest key: dependencies.sc-finality-grandpa. branch
[INFO] [stderr] warning: /opt/rustwide/workdir/node/Cargo.toml: unused manifest key: dependencies.sc-keystore. branch
[INFO] [stderr] warning: /opt/rustwide/workdir/node/Cargo.toml: unused manifest key: dependencies.sc-rpc. branch
[INFO] [stderr] warning: /opt/rustwide/workdir/node/Cargo.toml: unused manifest key: dependencies.sc-rpc-api. branch
[INFO] [stderr] warning: /opt/rustwide/workdir/node/Cargo.toml: unused manifest key: dependencies.sc-service. branch
[INFO] [stderr] warning: /opt/rustwide/workdir/node/Cargo.toml: unused manifest key: dependencies.sc-telemetry. branch
[INFO] [stderr] warning: /opt/rustwide/workdir/node/Cargo.toml: unused manifest key: dependencies.sc-transaction-pool. branch
[INFO] [stderr] warning: /opt/rustwide/workdir/node/Cargo.toml: unused manifest key: dependencies.sc-transaction-pool-api. branch
[INFO] [stderr] warning: /opt/rustwide/workdir/node/Cargo.toml: unused manifest key: dependencies.sp-api. branch
[INFO] [stderr] warning: /opt/rustwide/workdir/node/Cargo.toml: unused manifest key: dependencies.sp-block-builder. branch
[INFO] [stderr] warning: /opt/rustwide/workdir/node/Cargo.toml: unused manifest key: dependencies.sp-blockchain. branch
[INFO] [stderr] warning: /opt/rustwide/workdir/node/Cargo.toml: unused manifest key: dependencies.sp-consensus. branch
[INFO] [stderr] warning: /opt/rustwide/workdir/node/Cargo.toml: unused manifest key: dependencies.sp-consensus-aura. branch
[INFO] [stderr] warning: /opt/rustwide/workdir/node/Cargo.toml: unused manifest key: dependencies.sp-core. branch
[INFO] [stderr] warning: /opt/rustwide/workdir/node/Cargo.toml: unused manifest key: dependencies.sp-finality-grandpa. branch
[INFO] [stderr] warning: /opt/rustwide/workdir/node/Cargo.toml: unused manifest key: dependencies.sp-inherents. branch
[INFO] [stderr] warning: /opt/rustwide/workdir/node/Cargo.toml: unused manifest key: dependencies.sp-keyring. branch
[INFO] [stderr] warning: /opt/rustwide/workdir/node/Cargo.toml: unused manifest key: dependencies.sp-runtime. branch
[INFO] [stderr] warning: /opt/rustwide/workdir/node/Cargo.toml: unused manifest key: dependencies.sp-timestamp. branch
[INFO] [stderr] warning: /opt/rustwide/workdir/node/Cargo.toml: unused manifest key: dependencies.substrate-frame-rpc-system. branch
[INFO] [stderr] warning: /opt/rustwide/workdir/node/Cargo.toml: unused manifest key: dependencies.try-runtime-cli. branch
[INFO] [stderr] warning: /opt/rustwide/workdir/node/Cargo.toml: unused manifest key: build-dependencies.substrate-build-script-utils. branch
[INFO] [stderr]    Compiling libc v0.2.138
[INFO] [stderr]    Compiling proc-macro2 v1.0.47
[INFO] [stderr]    Compiling syn v1.0.105
[INFO] [stderr]    Compiling serde_derive v1.0.150
[INFO] [stderr]    Compiling serde v1.0.150
[INFO] [stderr]    Compiling typenum v1.16.0
[INFO] [stderr]    Compiling once_cell v1.16.0
[INFO] [stderr]    Compiling indexmap v1.9.2
[INFO] [stderr]     Checking subtle v2.4.1
[INFO] [stderr]    Compiling futures-core v0.3.25
[INFO] [stderr]     Checking bytes v1.3.0
[INFO] [stderr]     Checking futures-io v0.3.25
[INFO] [stderr]    Compiling aho-corasick v0.7.20
[INFO] [stderr]    Compiling regex-syntax v0.6.28
[INFO] [stderr]     Checking futures-sink v0.3.25
[INFO] [stderr]    Compiling futures-task v0.3.25
[INFO] [stderr]    Compiling futures-channel v0.3.25
[INFO] [stderr]    Compiling quote v1.0.21
[INFO] [stderr]     Checking generic-array v0.14.6
[INFO] [stderr]     Checking byteorder v1.4.3
[INFO] [stderr]    Compiling futures-util v0.3.25
[INFO] [stderr]    Compiling unicode-xid v0.2.4
[INFO] [stderr]    Compiling parking_lot_core v0.9.5
[INFO] [stderr]     Checking digest v0.9.0
[INFO] [stderr]    Compiling jobserver v0.1.25
[INFO] [stderr]     Checking getrandom v0.2.8
[INFO] [stderr]     Checking num_cpus v1.14.0
[INFO] [stderr]     Checking crypto-common v0.1.6
[INFO] [stderr]     Checking rand_core v0.6.4
[INFO] [stderr]     Checking ahash v0.7.6
[INFO] [stderr]    Compiling cc v1.0.77
[INFO] [stderr]     Checking block-buffer v0.10.3
[INFO] [stderr]     Checking rand_chacha v0.3.1
[INFO] [stderr]     Checking digest v0.10.6
[INFO] [stderr]     Checking hashbrown v0.12.3
[INFO] [stderr]     Checking block-buffer v0.9.0
[INFO] [stderr]     Checking parking_lot v0.12.1
[INFO] [stderr]    Compiling getrandom v0.1.16
[INFO] [stderr]     Checking rand v0.8.5
[INFO] [stderr]    Compiling libm v0.2.6
[INFO] [stderr]     Checking either v1.8.0
[INFO] [stderr]    Compiling regex v1.7.0
[INFO] [stderr]     Checking sha2 v0.9.9
[INFO] [stderr]     Checking rand_core v0.5.1
[INFO] [stderr]     Checking arrayref v0.3.6
[INFO] [stderr]     Checking tracing-core v0.1.30
[INFO] [stderr]     Checking keccak v0.1.3
[INFO] [stderr]     Checking sha2 v0.10.6
[INFO] [stderr]     Checking rand_chacha v0.2.2
[INFO] [stderr]     Checking rand_pcg v0.2.1
[INFO] [stderr]    Compiling paste v1.0.10
[INFO] [stderr]     Checking sha3 v0.10.6
[INFO] [stderr]     Checking rand v0.7.3
[INFO] [stderr]     Checking num-traits v0.2.15
[INFO] [stderr]    Compiling serde_json v1.0.89
[INFO] [stderr]    Compiling crunchy v0.2.2
[INFO] [stderr]    Compiling zstd-sys v2.0.4+zstd.1.5.2
[INFO] [stderr]     Checking base64 v0.13.1
[INFO] [stderr]    Compiling num-integer v0.1.45
[INFO] [stderr]    Compiling zstd-safe v5.0.2+zstd.1.5.2
[INFO] [stderr]    Compiling target-lexicon v0.12.5
[INFO] [stderr]     Checking byte-slice-cast v1.2.2
[INFO] [stderr]    Compiling cranelift-isle v0.88.2
[INFO] [stderr]     Checking signature v1.6.4
[INFO] [stderr]    Compiling io-lifetimes v1.0.3
[INFO] [stderr]    Compiling cranelift-codegen-shared v0.88.2
[INFO] [stderr]    Compiling cranelift-codegen-meta v0.88.2
[INFO] [stderr]    Compiling num-bigint v0.4.3
[INFO] [stderr]    Compiling io-lifetimes v0.7.5
[INFO] [stderr]    Compiling rustix v0.36.5
[INFO] [stderr]     Checking fxhash v0.2.1
[INFO] [stderr]    Compiling num-rational v0.4.1
[INFO] [stderr]     Checking slice-group-by v0.3.0
[INFO] [stderr]     Checking linux-raw-sys v0.1.3
[INFO] [stderr]    Compiling synstructure v0.12.6
[INFO] [stderr]     Checking hex v0.4.3
[INFO] [stderr]    Compiling rustix v0.35.13
[INFO] [stderr]    Compiling parking_lot_core v0.8.6
[INFO] [stderr]     Checking regalloc2 v0.3.2
[INFO] [stderr]     Checking ed25519 v1.5.2
[INFO] [stderr]     Checking errno v0.2.8
[INFO] [stderr]     Checking bumpalo v3.11.1
[INFO] [stderr]    Compiling itoa v1.0.4
[INFO] [stderr]     Checking linux-raw-sys v0.0.46
[INFO] [stderr]    Compiling ryu v1.0.11
[INFO] [stderr]     Checking itertools v0.10.5
[INFO] [stderr]     Checking blake2 v0.10.5
[INFO] [stderr]     Checking sp-std v5.0.0 (https://github.com/paritytech/substrate.git#2a0eeff4)
[INFO] [stderr]     Checking parking_lot v0.11.2
[INFO] [stderr]     Checking uint v0.9.5
[INFO] [stderr]    Compiling Inflector v0.11.4
[INFO] [stderr]    Compiling wasmtime-runtime v1.0.2
[INFO] [stderr]     Checking atty v0.2.14
[INFO] [stderr]     Checking generic-array v0.12.4
[INFO] [stderr]    Compiling cpp_demangle v0.3.5
[INFO] [stderr]    Compiling rayon-core v1.10.1
[INFO] [stderr]     Checking humantime v2.1.0
[INFO] [stderr]     Checking memfd v0.6.2
[INFO] [stderr]     Checking env_logger v0.9.3
[INFO] [stderr]    Compiling libsecp256k1-core v0.3.0
[INFO] [stderr]    Compiling psm v0.1.21
[INFO] [stderr]     Checking time v0.1.45
[INFO] [stderr]     Checking dirs-sys-next v0.1.2
[INFO] [stderr]    Compiling cranelift-codegen v0.88.2
[INFO] [stderr]     Checking crypto-mac v0.8.0
[INFO] [stderr]     Checking wasmtime-asm-macros v1.0.2
[INFO] [stderr]     Checking byte-tools v0.3.1
[INFO] [stderr]    Compiling wasmtime-cache v1.0.2
[INFO] [stderr]    Compiling ref-cast v1.0.13
[INFO] [stderr]     Checking iana-time-zone v0.1.53
[INFO] [stderr]     Checking parity-wasm v0.45.0
[INFO] [stderr]     Checking chrono v0.4.23
[INFO] [stderr]    Compiling thiserror-impl v1.0.37
[INFO] [stderr]    Compiling futures-macro v0.3.25
[INFO] [stderr]    Compiling zeroize_derive v1.3.3
[INFO] [stderr]    Compiling tracing-attributes v0.1.23
[INFO] [stderr]    Compiling impl-trait-for-tuples v0.2.2
[INFO] [stderr]    Compiling derive_more v0.99.17
[INFO] [stderr]     Checking zeroize v1.5.7
[INFO] [stderr]     Checking curve25519-dalek v3.2.0
[INFO] [stderr]    Compiling ref-cast-impl v1.0.13
[INFO] [stderr]    Compiling thiserror v1.0.37
[INFO] [stderr]    Compiling sp-debug-derive v5.0.0 (https://github.com/paritytech/substrate.git#2a0eeff4)
[INFO] [stderr]     Checking tracing v0.1.37
[INFO] [stderr]     Checking block-padding v0.1.5
[INFO] [stderr]     Checking directories-next v2.0.0
[INFO] [stderr]     Checking file-per-thread-logger v0.1.5
[INFO] [stderr]     Checking digest v0.8.1
[INFO] [stderr]     Checking regex-automata v0.1.10
[INFO] [stderr]    Compiling async-trait v0.1.59
[INFO] [stderr]     Checking memory_units v0.4.0
[INFO] [stderr]     Checking downcast-rs v1.2.0
[INFO] [stderr]     Checking rustc-hex v2.1.0
[INFO] [stderr]    Compiling wasmtime v1.0.2
[INFO] [stderr]     Checking wasmi_core v0.2.1
[INFO] [stderr]     Checking matchers v0.0.1
[INFO] [stderr]     Checking rayon v1.6.1
[INFO] [stderr]     Checking futures-executor v0.3.25
[INFO] [stderr]     Checking block-buffer v0.7.3
[INFO] [stderr]     Checking futures v0.3.25
[INFO] [stderr]     Checking wasmi-validation v0.5.0
[INFO] [stderr]    Compiling libsecp256k1-gen-genmult v0.3.0
[INFO] [stderr]    Compiling libsecp256k1-gen-ecmult v0.3.0
[INFO] [stderr]     Checking hmac v0.8.1
[INFO] [stderr]    Compiling secp256k1-sys v0.6.1
[INFO] [stderr]     Checking tracing-log v0.1.3
[INFO] [stderr]     Checking crypto-mac v0.11.1
[INFO] [stderr]     Checking thread_local v1.1.4
[INFO] [stderr]     Checking hash-db v0.15.2
[INFO] [stderr]     Checking fake-simd v0.1.2
[INFO] [stderr]     Checking opaque-debug v0.2.3
[INFO] [stderr]     Checking wasmi v0.13.2
[INFO] [stderr]     Checking sha2 v0.8.2
[INFO] [stderr]    Compiling libsecp256k1 v0.7.1
[INFO] [stderr]     Checking fixed-hash v0.8.0
[INFO] [stderr]     Checking curve25519-dalek v2.1.3
[INFO] [stderr]     Checking merlin v2.0.1
[INFO] [stderr]     Checking arrayvec v0.5.2
[INFO] [stderr]     Checking environmental v1.1.4
[INFO] [stderr]     Checking hmac v0.11.0
[INFO] [stderr]     Checking schnorrkel v0.9.1
[INFO] [stderr]     Checking pbkdf2 v0.8.0
[INFO] [stderr]     Checking hmac-drbg v0.3.0
[INFO] [stderr]    Compiling dyn-clonable-impl v0.9.0
[INFO] [stderr]     Checking pbkdf2 v0.4.0
[INFO] [stderr]     Checking num-format v0.4.4
[INFO] [stderr]     Checking twox-hash v1.6.3
[INFO] [stderr]     Checking dyn-clone v1.0.9
[INFO] [stderr]     Checking sp-core-hashing v5.0.0 (https://github.com/paritytech/substrate.git#2a0eeff4)
[INFO] [stderr]     Checking substrate-bip39 v0.4.4
[INFO] [stderr]     Checking tiny-bip39 v0.8.2
[INFO] [stderr]     Checking ed25519-zebra v3.1.0
[INFO] [stderr]     Checking secrecy v0.8.0
[INFO] [stderr]     Checking dyn-clonable v0.9.0
[INFO] [stderr]     Checking hash256-std-hasher v0.15.2
[INFO] [stderr]     Checking base58 v0.2.0
[INFO] [stderr]     Checking array-bytes v4.2.0
[INFO] [stderr]     Checking nohash-hasher v0.2.0
[INFO] [stderr]     Checking lru v0.8.1
[INFO] [stderr]    Compiling backtrace v0.3.66
[INFO] [stderr]    Compiling heck v0.4.0
[INFO] [stderr]     Checking miniz_oxide v0.5.4
[INFO] [stderr]     Checking memory-db v0.31.0
[INFO] [stderr]     Checking cranelift-entity v0.88.2
[INFO] [stderr]     Checking ed25519-dalek v1.0.1
[INFO] [stderr]     Checking bincode v1.3.3
[INFO] [stderr]     Checking gimli v0.26.2
[INFO] [stderr]    Compiling toml v0.5.9
[INFO] [stderr]     Checking object v0.29.0
[INFO] [stderr]     Checking wasmparser v0.89.1
[INFO] [stderr]     Checking cranelift-bforest v0.88.2
[INFO] [stderr]     Checking impl-serde v0.4.0
[INFO] [stderr]     Checking tracing-serde v0.1.3
[INFO] [stderr]     Checking tracing-subscriber v0.2.25
[INFO] [stderr]    Compiling proc-macro-crate v1.2.1
[INFO] [stderr]    Compiling ss58-registry v1.36.0
[INFO] [stderr]     Checking trie-root v0.17.0
[INFO] [stderr]    Compiling parity-scale-codec-derive v3.1.3
[INFO] [stderr]    Compiling scale-info-derive v2.3.1
[INFO] [stderr]    Compiling sp-runtime-interface-proc-macro v6.0.0 (https://github.com/paritytech/substrate.git#2a0eeff4)
[INFO] [stderr]     Checking wasmtime-types v1.0.2
[INFO] [stderr]     Checking trie-db v0.24.0
[INFO] [stderr]     Checking wasmtime-jit-debug v1.0.2
[INFO] [stderr]     Checking addr2line v0.17.0
[INFO] [stderr]     Checking wasmtime-environ v1.0.2
[INFO] [stderr]    Compiling anyhow v1.0.66
[INFO] [stderr]     Checking sp-panic-handler v5.0.0 (https://github.com/paritytech/substrate.git#2a0eeff4)
[INFO] [stderr]     Checking integer-sqrt v0.1.5
[INFO] [stderr]    Compiling static_assertions v1.1.0
[INFO] [stderr]    Compiling cpufeatures v0.2.5
[INFO] [stderr]     Checking parity-scale-codec v3.2.1
[INFO] [stderr]    Compiling arrayvec v0.7.2
[INFO] [stderr]    Compiling fastrand v1.8.0
[INFO] [stderr]    Compiling remove_dir_all v0.5.3
[INFO] [stderr]     Checking futures-timer v3.0.2
[INFO] [stderr]     Checking scale-info v2.3.1
[INFO] [stderr]     Checking impl-codec v0.6.0
[INFO] [stderr]     Checking sp-storage v7.0.0 (https://github.com/paritytech/substrate.git#2a0eeff4)
[INFO] [stderr]     Checking sp-tracing v6.0.0 (https://github.com/paritytech/substrate.git#2a0eeff4)
[INFO] [stderr]    Compiling tempfile v3.3.0
[INFO] [stderr]     Checking sp-externalities v0.13.0 (https://github.com/paritytech/substrate.git#2a0eeff4)
[INFO] [stderr]    Compiling sp-api-proc-macro v4.0.0-dev (https://github.com/paritytech/substrate.git#2a0eeff4)
[INFO] [stderr]    Compiling prost-derive v0.11.2
[INFO] [stderr]     Checking primitive-types v0.12.1
[INFO] [stderr]     Checking sp-arithmetic v6.0.0 (https://github.com/paritytech/substrate.git#2a0eeff4)
[INFO] [stderr]    Compiling sp-core-hashing-proc-macro v5.0.0 (https://github.com/paritytech/substrate.git#2a0eeff4)
[INFO] [stderr]    Compiling sp-version-proc-macro v4.0.0-dev (https://github.com/paritytech/substrate.git#2a0eeff4)
[INFO] [stderr]     Checking socket2 v0.4.7
[INFO] [stderr]    Compiling prettyplease v0.1.21
[INFO] [stderr]    Compiling fixedbitset v0.4.2
[INFO] [stderr]    Compiling which v4.3.0
[INFO] [stderr]    Compiling tokio v1.23.0
[INFO] [stderr]    Compiling multimap v0.8.3
[INFO] [stderr]    Compiling tokio-macros v1.8.2
[INFO] [stderr]     Checking mio v0.8.5
[INFO] [stderr]     Checking signal-hook-registry v1.4.0
[INFO] [stderr]    Compiling petgraph v0.6.2
[INFO] [stderr]    Compiling proc-macro-error-attr v1.0.4
[INFO] [stderr]     Checking http v0.2.8
[INFO] [stderr]    Compiling prost v0.11.3
[INFO] [stderr]     Checking asynchronous-codec v0.6.1
[INFO] [stderr]    Compiling proc-macro-error v1.0.4
[INFO] [stderr]    Compiling prost-types v0.11.2
[INFO] [stderr]     Checking data-encoding v2.3.3
[INFO] [stderr]     Checking unsigned-varint v0.7.1
[INFO] [stderr]    Compiling blake3 v1.3.3
[INFO] [stderr]     Checking constant_time_eq v0.1.5
[INFO] [stderr]    Compiling pin-project-internal v1.0.12
[INFO] [stderr]     Checking constant_time_eq v0.2.4
[INFO] [stderr]     Checking url v2.3.1
[INFO] [stderr]     Checking blake2s_simd v1.0.0
[INFO] [stderr]     Checking blake2b_simd v1.0.0
[INFO] [stderr]    Compiling multihash-derive v0.8.0
[INFO] [stderr]     Checking core2 v0.4.0
[INFO] [stderr]     Checking bs58 v0.4.0
[INFO] [stderr]    Compiling prost-build v0.11.4
[INFO] [stderr]    Compiling ring v0.16.20
[INFO] [stderr]     Checking asn1_der v0.7.5
[INFO] [stderr]     Checking pin-project v1.0.12
[INFO] [stderr]    Compiling semver v1.0.14
[INFO] [stderr]     Checking rw-stream-sink v0.3.0
[INFO] [stderr]     Checking multistream-select v0.12.1
[INFO] [stderr]     Checking http-body v0.4.5
[INFO] [stderr]    Compiling pkg-config v0.3.26
[INFO] [stderr]     Checking futures-lite v1.12.0
[INFO] [stderr]     Checking want v0.3.0
[INFO] [stderr]     Checking cranelift-frontend v0.88.2
[INFO] [stderr]     Checking cranelift-native v0.88.2
[INFO] [stderr]     Checking cranelift-wasm v0.88.2
[INFO] [stderr]    Compiling libz-sys v1.1.8
[INFO] [stderr]     Checking concurrent-queue v2.0.0
[INFO] [stderr]    Compiling libp2p-core v0.37.0
[INFO] [stderr]     Checking async-lock v2.6.0
[INFO] [stderr]    Compiling polling v2.5.2
[INFO] [stderr]     Checking tokio-util v0.7.4
[INFO] [stderr]     Checking wasmtime-cranelift v1.0.2
[INFO] [stderr]    Compiling async-io v1.12.0
[INFO] [stderr]    Compiling prometheus v0.13.3
[INFO] [stderr]     Checking flate2 v1.0.25
[INFO] [stderr]     Checking h2 v0.3.15
[INFO] [stderr]     Checking sha-1 v0.9.8
[INFO] [stderr]     Checking kvdb v0.13.0
[INFO] [stderr]     Checking soketto v0.7.1
[INFO] [stderr]     Checking netlink-packet-utils v0.5.1
[INFO] [stderr]     Checking universal-hash v0.4.1
[INFO] [stderr]     Checking cipher v0.3.0
[INFO] [stderr]    Compiling wasm-bindgen-backend v0.2.83
[INFO] [stderr]     Checking netlink-packet-core v0.4.2
[INFO] [stderr]     Checking async-channel v1.8.0
[INFO] [stderr]     Checking wasm-instrument v0.3.0
[INFO] [stderr]    Compiling rustls v0.20.7
[INFO] [stderr]     Checking ipnet v2.7.0
[INFO] [stderr]     Checking linked-hash-map v0.5.6
[INFO] [stderr]     Checking blocking v1.3.0
[INFO] [stderr]     Checking async-executor v1.5.0
[INFO] [stderr]     Checking netlink-sys v0.8.3
[INFO] [stderr]     Checking sp-database v4.0.0-dev (https://github.com/paritytech/substrate.git#2a0eeff4)
[INFO] [stderr]     Checking quick-error v1.2.3
[INFO] [stderr]    Compiling sc-executor-wasmtime v0.10.0-dev (https://github.com/paritytech/substrate.git#2a0eeff4)
[INFO] [stderr]     Checking netlink-proto v0.10.0
[INFO] [stderr]     Checking async-global-executor v2.3.1
[INFO] [stderr]     Checking netlink-packet-route v0.12.0
[INFO] [stderr]     Checking webpki v0.22.0
[INFO] [stderr]    Compiling wasm-bindgen-macro-support v0.2.83
[INFO] [stderr]     Checking sct v0.7.0
[INFO] [stderr]     Checking polyval v0.5.3
[INFO] [stderr]    Compiling rustc_version v0.4.0
[INFO] [stderr]     Checking nix v0.24.3
[INFO] [stderr]     Checking aead v0.4.3
[INFO] [stderr]     Checking matches v0.1.9
[INFO] [stderr]     Checking match_cfg v0.1.0
[INFO] [stderr]     Checking hostname v0.3.1
[INFO] [stderr]     Checking idna v0.2.3
[INFO] [stderr]    Compiling snow v0.9.0
[INFO] [stderr]     Checking ghash v0.4.4
[INFO] [stderr]     Checking aes v0.7.5
[INFO] [stderr]     Checking ctr v0.8.0
[INFO] [stderr]     Checking chacha20 v0.8.2
[INFO] [stderr]     Checking sc-utils v4.0.0-dev (https://github.com/paritytech/substrate.git#2a0eeff4)
[INFO] [stderr]    Compiling wasm-bindgen-macro v0.2.83
[INFO] [stderr]     Checking poly1305 v0.7.2
[INFO] [stderr]    Compiling enum-as-inner v0.5.1
[INFO] [stderr]     Checking aes-gcm v0.9.4
[INFO] [stderr]     Checking resolv-conf v0.7.0
[INFO] [stderr]     Checking lru-cache v0.1.2
[INFO] [stderr]     Checking chacha20poly1305 v0.9.1
[INFO] [stderr]    Compiling libp2p-kad v0.41.0
[INFO] [stderr]     Checking rtnetlink v0.10.1
[INFO] [stderr]    Compiling libp2p-noise v0.40.0
[INFO] [stderr]    Compiling libp2p-identify v0.40.0
[INFO] [stderr]     Checking curve25519-dalek v4.0.0-pre.1
[INFO] [stderr]     Checking wasm-bindgen v0.2.83
[INFO] [stderr]     Checking if-watch v2.0.0
[INFO] [stderr]     Checking hyper v0.14.23
[INFO] [stderr]     Checking trust-dns-proto v0.22.0
[INFO] [stderr]     Checking const-oid v0.9.1
[INFO] [stderr]     Checking pin-project-lite v0.1.12
[INFO] [stderr]     Checking quicksink v0.1.2
[INFO] [stderr]     Checking der v0.6.1
[INFO] [stderr]     Checking js-sys v0.3.60
[INFO] [stderr]     Checking futures-rustls v0.22.2
[INFO] [stderr]     Checking webpki-roots v0.22.6
[INFO] [stderr]     Checking dns-parser v0.8.0
[INFO] [stderr]     Checking prost-codec v0.2.0
[INFO] [stderr]     Checking yamux v0.10.2
[INFO] [stderr]     Checking x25519-dalek v1.1.1
[INFO] [stderr]     Checking base64ct v1.5.3
[INFO] [stderr]     Checking parity-send-wrapper v0.1.0
[INFO] [stderr]    Compiling libp2p-swarm-derive v0.30.1
[INFO] [stderr]     Checking crypto-bigint v0.4.9
[INFO] [stderr]     Checking ff v0.12.1
[INFO] [stderr]     Checking spki v0.6.0
[INFO] [stderr]     Checking base16ct v0.1.1
[INFO] [stderr]     Checking pkcs8 v0.9.0
[INFO] [stderr]     Checking group v0.12.1
[INFO] [stderr]     Checking wasm-timer v0.2.5
[INFO] [stderr]     Checking sec1 v0.3.0
[INFO] [stderr]     Checking hmac v0.12.1
[INFO] [stderr]     Checking predicates-core v1.0.5
[INFO] [stderr]    Compiling frame-support-procedural-tools-derive v3.0.0 (https://github.com/paritytech/substrate.git#2a0eeff4)
[INFO] [stderr]     Checking float-cmp v0.9.0
[INFO] [stderr]     Checking difflib v0.4.0
[INFO] [stderr]     Checking normalize-line-endings v0.3.0
[INFO] [stderr]     Checking elliptic-curve v0.12.3
[INFO] [stderr]     Checking rfc6979 v0.3.1
[INFO] [stderr]     Checking termtree v0.4.0
[INFO] [stderr]     Checking predicates v2.1.4
[INFO] [stderr]     Checking predicates-tree v1.0.7
[INFO] [stderr]     Checking ecdsa v0.14.8
[INFO] [stderr]     Checking trust-dns-resolver v0.22.0
[INFO] [stderr]    Compiling cfg-expr v0.10.3
[INFO] [stderr]     Checking finality-grandpa v0.16.0
[INFO] [stderr]    Compiling frame-support-procedural-tools v4.0.0-dev (https://github.com/paritytech/substrate.git#2a0eeff4)
[INFO] [stderr]    Compiling mockall_derive v0.11.3
[INFO] [stderr]     Checking wasm-bindgen-futures v0.4.33
[INFO] [stderr]     Checking fragile v2.0.0
[INFO] [stderr]     Checking downcast v0.11.0
[INFO] [stderr]     Checking k256 v0.11.6
[INFO] [stderr]     Checking frame-metadata v15.0.0
[INFO] [stderr]     Checking tt-call v1.0.8
[INFO] [stderr]    Compiling frame-support-procedural v4.0.0-dev (https://github.com/paritytech/substrate.git#2a0eeff4)
[INFO] [stderr]     Checking linked_hash_set v0.1.4
[INFO] [stderr]    Compiling scratch v1.0.2
[INFO] [stderr]    Compiling rustversion v1.0.9
[INFO] [stderr]     Checking beef v0.5.2
[INFO] [stderr]    Compiling link-cplusplus v1.0.7
[INFO] [stderr]     Checking bstr v0.2.17
[INFO] [stderr]    Compiling unicode-width v0.1.10
[INFO] [stderr]    Compiling codespan-reporting v0.11.1
[INFO] [stderr]     Checking substrate-prometheus-endpoint v0.10.0-dev (https://github.com/paritytech/substrate.git#2a0eeff4)
[INFO] [stderr]     Checking jsonrpsee-types v0.16.2
[INFO] [stderr]     Checking globset v0.4.9
[INFO] [stderr]    Compiling cxxbridge-flags v1.0.83
[INFO] [stderr]     Checking tower v0.4.13
[INFO] [stderr]     Checking tokio-stream v0.1.11
[INFO] [stderr]    Compiling cxx v1.0.83
[INFO] [stderr]    Compiling jsonrpsee-proc-macros v0.16.2
[INFO] [stderr]     Checking jsonrpsee-core v0.16.2
[INFO] [stderr]    Compiling cxx-build v1.0.83
[INFO] [stderr]     Checking memmap2 v0.5.8
[INFO] [stderr]    Compiling libloading v0.7.4
[INFO] [stderr]    Compiling strum_macros v0.24.3
[INFO] [stderr]    Compiling fs_extra v1.2.0
[INFO] [stderr]    Compiling bindgen v0.60.1
[INFO] [stderr]     Checking jsonrpsee-server v0.16.2
[INFO] [stderr]    Compiling tikv-jemalloc-sys v0.5.2+5.3.0-patched
[INFO] [stderr]    Compiling clang-sys v1.4.0
[INFO] [stderr]     Checking jsonrpsee v0.16.2
[INFO] [stderr]    Compiling data-encoding-macro-internal v0.1.10
[INFO] [stderr]    Compiling sc-chain-spec-derive v4.0.0-dev (https://github.com/paritytech/substrate.git#2a0eeff4)
[INFO] [stderr]     Checking mockall v0.11.3
[INFO] [stderr]    Compiling cxxbridge-macro v1.0.83
[INFO] [stderr]     Checking data-encoding-macro v0.1.12
[INFO] [stderr]    Compiling lz4-sys v1.9.4
[INFO] [stderr]     Checking base-x v0.2.11
[INFO] [stderr]    Compiling camino v1.1.1
[INFO] [stderr]     Checking multibase v0.9.1
[INFO] [stderr]    Compiling snap v1.1.0
[INFO] [stderr]    Compiling wasm-opt-sys v0.110.2
[INFO] [stderr]    Compiling wasm-opt-cxx-sys v0.110.2
[INFO] [stderr]    Compiling semver v0.6.0
[INFO] [stderr]     Checking tower-http v0.3.5
[INFO] [stderr]    Compiling static_init_macro v1.0.2
[INFO] [stderr]    Compiling strum v0.24.1
[INFO] [stderr]     Checking fork-tree v3.0.0 (https://github.com/paritytech/substrate.git#2a0eeff4)
[INFO] [stderr]    Compiling cargo-platform v0.1.2
[INFO] [stderr]     Checking rustls-pemfile v1.0.1
[INFO] [stderr]     Checking num-complex v0.4.2
[INFO] [stderr]     Checking approx v0.5.1
[INFO] [stderr]    Compiling ucd-trie v0.1.5
[INFO] [stderr]     Checking rustls-native-certs v0.6.2
[INFO] [stderr]    Compiling pest v2.5.1
[INFO] [stderr]     Checking simba v0.5.1
[INFO] [stderr]    Compiling walkdir v2.3.2
[INFO] [stderr]    Compiling cargo_metadata v0.14.2
[INFO] [stderr]     Checking sc-rpc-server v4.0.0-dev (https://github.com/paritytech/substrate.git#2a0eeff4)
[INFO] [stderr]    Compiling build-helper v0.1.1
[INFO] [stderr]    Compiling static_init v1.0.3
[INFO] [stderr]     Checking tokio-rustls v0.23.4
[INFO] [stderr]    Compiling sc-network-sync v0.10.0-dev (https://github.com/paritytech/substrate.git#2a0eeff4)
[INFO] [stderr]    Compiling sc-network-light v0.10.0-dev (https://github.com/paritytech/substrate.git#2a0eeff4)
[INFO] [stderr]    Compiling sc-network-bitswap v0.10.0-dev (https://github.com/paritytech/substrate.git#2a0eeff4)
[INFO] [stderr]    Compiling sc-tracing-proc-macro v4.0.0-dev (https://github.com/paritytech/substrate.git#2a0eeff4)
[INFO] [stderr]    Compiling librocksdb-sys v0.8.0+7.4.4
[INFO] [stderr]    Compiling nalgebra-macros v0.1.0
[INFO] [stderr]     Checking rand_distr v0.4.3
[INFO] [stderr]    Compiling filetime v0.2.19
[INFO] [stderr]     Checking fs2 v0.4.3
[INFO] [stderr]    Compiling platforms v2.0.0
[INFO] [stderr]    Compiling ansi_term v0.12.1
[INFO] [stderr]     Checking ip_network v0.4.1
[INFO] [stderr]    Compiling sc-sysinfo v6.0.0-dev (https://github.com/paritytech/substrate.git#2a0eeff4)
[INFO] [stderr]     Checking hyper-rustls v0.23.2
[INFO] [stderr]    Compiling pest_meta v2.5.1
[INFO] [stderr]     Checking kvdb-memorydb v0.13.0
[INFO] [stderr]     Checking threadpool v1.8.1
[INFO] [stderr]     Checking dirs-sys v0.3.7
[INFO] [stderr]    Compiling names v0.13.0
[INFO] [stderr]     Checking os_str_bytes v6.4.1
[INFO] [stderr]     Checking directories v4.0.1
[INFO] [stderr]     Checking clap_lex v0.3.0
[INFO] [stderr]    Compiling pest_generator v2.5.1
[INFO] [stderr]     Checking tracing-futures v0.2.5
[INFO] [stderr]    Compiling clap_derive v4.0.21
[INFO] [stderr]     Checking exit-future v0.2.0
[INFO] [stderr]     Checking is-terminal v0.4.1
[INFO] [stderr]     Checking rtoolbox v0.0.1
[INFO] [stderr]     Checking safe-mix v1.0.1
[INFO] [stderr]    Compiling sc-consensus-slots v0.10.0-dev (https://github.com/paritytech/substrate.git#2a0eeff4)
[INFO] [stderr]     Checking rpassword v7.2.0
[INFO] [stderr]    Compiling substrate-build-script-utils v3.0.0 (https://github.com/paritytech/substrate.git#2a0eeff4)
[INFO] [stderr]     Checking fdlimit v0.2.1
[INFO] [stderr]    Compiling frame-benchmarking-cli v4.0.0-dev (https://github.com/paritytech/substrate.git#2a0eeff4)
[INFO] [stderr]    Compiling node-template v4.0.0-dev (/opt/rustwide/workdir/node)
[INFO] [stderr]     Checking sc-proposer-metrics v0.10.0-dev (https://github.com/paritytech/substrate.git#2a0eeff4)
[INFO] [stderr]     Checking comfy-table v6.1.3
[INFO] [stderr]     Checking serde_nanos v0.1.2
[INFO] [stderr]     Checking nalgebra v0.27.1
[INFO] [stderr]    Compiling pest_derive v2.5.1
[INFO] [stderr]     Checking rand_pcg v0.3.1
[INFO] [stderr]     Checking gethostname v0.2.3
[INFO] [stderr]     Checking thousands v0.2.0
[INFO] [stderr]     Checking handlebars v4.3.5
[INFO] [stderr]     Checking wasmtime-jit v1.0.2
[INFO] [stderr]     Checking secp256k1 v0.24.2
[INFO] [stderr]     Checking clap v4.0.29
[INFO] [stderr]     Checking multihash v0.16.3
[INFO] [stderr]     Checking multiaddr v0.14.0
[INFO] [stderr]     Checking cid v0.8.6
[INFO] [stderr]     Checking libp2p-swarm v0.40.1
[INFO] [stderr]     Checking libp2p-request-response v0.22.1
[INFO] [stderr]     Checking libp2p-ping v0.40.1
[INFO] [stderr]     Checking libp2p-mdns v0.41.0
[INFO] [stderr]     Checking libp2p-tcp v0.37.0
[INFO] [stderr]     Checking libp2p-wasm-ext v0.37.0
[INFO] [stderr]     Checking libp2p-mplex v0.37.0
[INFO] [stderr]     Checking libp2p-websocket v0.39.0
[INFO] [stderr]     Checking libp2p-dns v0.37.0
[INFO] [stderr]     Checking libp2p-yamux v0.41.1
[INFO] [stderr]     Checking libp2p v0.49.0
[INFO] [stderr]     Checking sc-peerset v4.0.0-dev (https://github.com/paritytech/substrate.git#2a0eeff4)
[INFO] [stderr]     Checking sc-telemetry v4.0.0-dev (https://github.com/paritytech/substrate.git#2a0eeff4)
[INFO] [stderr]     Checking lz4 v1.24.0
[INFO] [stderr]     Checking parity-db v0.4.2
[INFO] [stderr] error: could not compile `nalgebra` (lib)
[INFO] [stderr] 
[INFO] [stderr] Caused by:
[INFO] [stderr]   process didn't exit successfully: `/opt/rustwide/rustup-home/toolchains/1.75.0-x86_64-unknown-linux-gnu/bin/rustc --crate-name nalgebra --edition=2018 /opt/rustwide/cargo-home/registry/src/index.crates.io-6f17d22bba15001f/nalgebra-0.27.1/src/lib.rs --error-format=json --json=diagnostic-rendered-ansi,artifacts,future-incompat --crate-type lib --emit=dep-info,metadata -C embed-bitcode=no -C debuginfo=2 --cfg 'feature="default"' --cfg 'feature="macros"' --cfg 'feature="matrixmultiply"' --cfg 'feature="nalgebra-macros"' --cfg 'feature="rand"' --cfg 'feature="rand-no-std"' --cfg 'feature="rand-package"' --cfg 'feature="rand_distr"' --cfg 'feature="std"' -C metadata=0078b8207eaa60ee -C extra-filename=-0078b8207eaa60ee --out-dir /opt/rustwide/target/debug/deps -L dependency=/opt/rustwide/target/debug/deps --extern approx=/opt/rustwide/target/debug/deps/libapprox-13820f568d6e9548.rmeta --extern matrixmultiply=/opt/rustwide/target/debug/deps/libmatrixmultiply-4dec818a67f09e23.rmeta --extern nalgebra_macros=/opt/rustwide/target/debug/deps/libnalgebra_macros-aafd5cf63ba63961.so --extern num_complex=/opt/rustwide/target/debug/deps/libnum_complex-bd9d99b5e565708f.rmeta --extern num_rational=/opt/rustwide/target/debug/deps/libnum_rational-f93675b5a7afa98b.rmeta --extern num_traits=/opt/rustwide/target/debug/deps/libnum_traits-4c96c678a142c9d4.rmeta --extern rand_package=/opt/rustwide/target/debug/deps/librand-3525fb75af9cf5df.rmeta --extern rand_distr=/opt/rustwide/target/debug/deps/librand_distr-588ca43f8c44a7fd.rmeta --extern simba=/opt/rustwide/target/debug/deps/libsimba-8fa76475caf0818c.rmeta --extern typenum=/opt/rustwide/target/debug/deps/libtypenum-2dd4cae8f17fd22b.rmeta --cap-lints allow --cap-lints=warn` (signal: 9, SIGKILL: kill)
[INFO] [stderr] warning: build failed, waiting for other jobs to finish...
[INFO] [stderr] The following warnings were emitted during compilation:
[INFO] [stderr] 
[INFO] [stderr] warning: wasm-opt-sys@0.110.2: c++: fatal error: Killed signal terminated program cc1plus
[INFO] [stderr] warning: wasm-opt-sys@0.110.2: compilation terminated.
[INFO] [stderr] warning: wasm-opt-sys@0.110.2: c++: fatal error: Killed signal terminated program cc1plus
[INFO] [stderr] warning: wasm-opt-sys@0.110.2: compilation terminated.
[INFO] [stderr] 
[INFO] [stderr] error: failed to run custom build command for `wasm-opt-sys v0.110.2`
[INFO] [stderr] note: To improve backtraces for build dependencies, set the CARGO_PROFILE_DEV_BUILD_OVERRIDE_DEBUG=true environment variable to enable debug information generation.
[INFO] [stderr] 
[INFO] [stderr] Caused by:
[INFO] [stderr]   process didn't exit successfully: `/opt/rustwide/target/debug/build/wasm-opt-sys-7f48dff7c716314b/build-script-build` (exit status: 1)
[INFO] [stderr]   --- stdout
[INFO] [stderr]   TARGET = Some("x86_64-unknown-linux-gnu")
[INFO] [stderr]   HOST = Some("x86_64-unknown-linux-gnu")
[INFO] [stderr]   cargo:rerun-if-env-changed=CXX_x86_64-unknown-linux-gnu
[INFO] [stderr]   CXX_x86_64-unknown-linux-gnu = None
[INFO] [stderr]   cargo:rerun-if-env-changed=CXX_x86_64_unknown_linux_gnu
[INFO] [stderr]   CXX_x86_64_unknown_linux_gnu = None
[INFO] [stderr]   cargo:rerun-if-env-changed=HOST_CXX
[INFO] [stderr]   HOST_CXX = None
[INFO] [stderr]   cargo:rerun-if-env-changed=CXX
[INFO] [stderr]   CXX = None
[INFO] [stderr]   cargo:rerun-if-env-changed=CXXFLAGS_x86_64-unknown-linux-gnu
[INFO] [stderr]   CXXFLAGS_x86_64-unknown-linux-gnu = None
[INFO] [stderr]   cargo:rerun-if-env-changed=CXXFLAGS_x86_64_unknown_linux_gnu
[INFO] [stderr]   CXXFLAGS_x86_64_unknown_linux_gnu = None
[INFO] [stderr]   cargo:rerun-if-env-changed=HOST_CXXFLAGS
[INFO] [stderr]   HOST_CXXFLAGS = None
[INFO] [stderr]   cargo:rerun-if-env-changed=CXXFLAGS
[INFO] [stderr]   CXXFLAGS = None
[INFO] [stderr]   cargo:rerun-if-env-changed=CRATE_CC_NO_DEFAULTS
[INFO] [stderr]   CRATE_CC_NO_DEFAULTS = None
[INFO] [stderr]   CARGO_CFG_TARGET_FEATURE = Some("fxsr,sse,sse2")
[INFO] [stderr]   cargo:CXXBRIDGE_PREFIX=wasm-opt-sys
[INFO] [stderr]   cargo:CXXBRIDGE_LINKS=binaryen
[INFO] [stderr]   cargo:CXXBRIDGE_DIR0=/opt/rustwide/target/debug/build/wasm-opt-sys-8276e8001dccae32/out/cxxbridge/include
[INFO] [stderr]   cargo:CXXBRIDGE_DIR1=/opt/rustwide/target/debug/build/wasm-opt-sys-8276e8001dccae32/out/cxxbridge/crate
[INFO] [stderr]   cargo:CXXBRIDGE_DIR2=/opt/rustwide/cargo-home/registry/src/index.crates.io-6f17d22bba15001f/wasm-opt-sys-0.110.2/binaryen/src
[INFO] [stderr]   cargo:CXXBRIDGE_DIR3=/opt/rustwide/cargo-home/registry/src/index.crates.io-6f17d22bba15001f/wasm-opt-sys-0.110.2/binaryen/src/tools
[INFO] [stderr]   cargo:CXXBRIDGE_DIR4=/opt/rustwide/target/debug/build/wasm-opt-sys-8276e8001dccae32/out
[INFO] [stderr]   TARGET = Some("x86_64-unknown-linux-gnu")
[INFO] [stderr]   OPT_LEVEL = Some("0")
[INFO] [stderr]   HOST = Some("x86_64-unknown-linux-gnu")
[INFO] [stderr]   cargo:rerun-if-env-changed=CXX_x86_64-unknown-linux-gnu
[INFO] [stderr]   CXX_x86_64-unknown-linux-gnu = None
[INFO] [stderr]   cargo:rerun-if-env-changed=CXX_x86_64_unknown_linux_gnu
[INFO] [stderr]   CXX_x86_64_unknown_linux_gnu = None
[INFO] [stderr]   cargo:rerun-if-env-changed=HOST_CXX
[INFO] [stderr]   HOST_CXX = None
[INFO] [stderr]   cargo:rerun-if-env-changed=CXX
[INFO] [stderr]   CXX = None
[INFO] [stderr]   cargo:rerun-if-env-changed=CXXFLAGS_x86_64-unknown-linux-gnu
[INFO] [stderr]   CXXFLAGS_x86_64-unknown-linux-gnu = None
[INFO] [stderr]   cargo:rerun-if-env-changed=CXXFLAGS_x86_64_unknown_linux_gnu
[INFO] [stderr]   CXXFLAGS_x86_64_unknown_linux_gnu = None
[INFO] [stderr]   cargo:rerun-if-env-changed=HOST_CXXFLAGS
[INFO] [stderr]   HOST_CXXFLAGS = None
[INFO] [stderr]   cargo:rerun-if-env-changed=CXXFLAGS
[INFO] [stderr]   CXXFLAGS = None
[INFO] [stderr]   cargo:rerun-if-env-changed=CRATE_CC_NO_DEFAULTS
[INFO] [stderr]   CRATE_CC_NO_DEFAULTS = None
[INFO] [stderr]   DEBUG = Some("false")
[INFO] [stderr]   CARGO_CFG_TARGET_FEATURE = Some("fxsr,sse,sse2")
[INFO] [stderr]   running: "c++" "-O0" "-ffunction-sections" "-fdata-sections" "-fPIC" "-m64" "-I" "/opt/rustwide/target/debug/build/wasm-opt-sys-8276e8001dccae32/out/cxxbridge/include" "-I" "/opt/rustwide/target/debug/build/wasm-opt-sys-8276e8001dccae32/out/cxxbridge/crate" "-I" "/opt/rustwide/cargo-home/registry/src/index.crates.io-6f17d22bba15001f/wasm-opt-sys-0.110.2/binaryen/src" "-I" "/opt/rustwide/cargo-home/registry/src/index.crates.io-6f17d22bba15001f/wasm-opt-sys-0.110.2/binaryen/src/tools" "-I" "/opt/rustwide/target/debug/build/wasm-opt-sys-8276e8001dccae32/out" "-Wall" "-Wextra" "-std=c++17" "-Wno-unused-parameter" "-DTHROW_ON_FATAL" "-o" "/opt/rustwide/target/debug/build/wasm-opt-sys-8276e8001dccae32/out/cxxbridge/sources/wasm-opt-sys/src/lib.rs.o" "-c" "/opt/rustwide/target/debug/build/wasm-opt-sys-8276e8001dccae32/out/cxxbridge/sources/wasm-opt-sys/src/lib.rs.cc"
[INFO] [stderr]   exit status: 0
[INFO] [stderr]   running: "c++" "-O0" "-ffunction-sections" "-fdata-sections" "-fPIC" "-m64" "-I" "/opt/rustwide/target/debug/build/wasm-opt-sys-8276e8001dccae32/out/cxxbridge/include" "-I" "/opt/rustwide/target/debug/build/wasm-opt-sys-8276e8001dccae32/out/cxxbridge/crate" "-I" "/opt/rustwide/cargo-home/registry/src/index.crates.io-6f17d22bba15001f/wasm-opt-sys-0.110.2/binaryen/src" "-I" "/opt/rustwide/cargo-home/registry/src/index.crates.io-6f17d22bba15001f/wasm-opt-sys-0.110.2/binaryen/src/tools" "-I" "/opt/rustwide/target/debug/build/wasm-opt-sys-8276e8001dccae32/out" "-Wall" "-Wextra" "-std=c++17" "-Wno-unused-parameter" "-DTHROW_ON_FATAL" "-o" "/opt/rustwide/target/debug/build/wasm-opt-sys-8276e8001dccae32/out/wasm-opt-main-shim.o" "-c" "/opt/rustwide/cargo-home/registry/src/index.crates.io-6f17d22bba15001f/wasm-opt-sys-0.110.2/src/wasm-opt-main-shim.cpp"
[INFO] [stderr]   exit status: 0
[INFO] [stderr]   running: "c++" "-O0" "-ffunction-sections" "-fdata-sections" "-fPIC" "-m64" "-I" "/opt/rustwide/target/debug/build/wasm-opt-sys-8276e8001dccae32/out/cxxbridge/include" "-I" "/opt/rustwide/target/debug/build/wasm-opt-sys-8276e8001dccae32/out/cxxbridge/crate" "-I" "/opt/rustwide/cargo-home/registry/src/index.crates.io-6f17d22bba15001f/wasm-opt-sys-0.110.2/binaryen/src" "-I" "/opt/rustwide/cargo-home/registry/src/index.crates.io-6f17d22bba15001f/wasm-opt-sys-0.110.2/binaryen/src/tools" "-I" "/opt/rustwide/target/debug/build/wasm-opt-sys-8276e8001dccae32/out" "-Wall" "-Wextra" "-std=c++17" "-Wno-unused-parameter" "-DTHROW_ON_FATAL" "-o" "/opt/rustwide/target/debug/build/wasm-opt-sys-8276e8001dccae32/out/literal.o" "-c" "/opt/rustwide/cargo-home/registry/src/index.crates.io-6f17d22bba15001f/wasm-opt-sys-0.110.2/binaryen/src/wasm/literal.cpp"
[INFO] [stderr]   running: "c++" "-O0" "-ffunction-sections" "-fdata-sections" "-fPIC" "-m64" "-I" "/opt/rustwide/target/debug/build/wasm-opt-sys-8276e8001dccae32/out/cxxbridge/include" "-I" "/opt/rustwide/target/debug/build/wasm-opt-sys-8276e8001dccae32/out/cxxbridge/crate" "-I" "/opt/rustwide/cargo-home/registry/src/index.crates.io-6f17d22bba15001f/wasm-opt-sys-0.110.2/binaryen/src" "-I" "/opt/rustwide/cargo-home/registry/src/index.crates.io-6f17d22bba15001f/wasm-opt-sys-0.110.2/binaryen/src/tools" "-I" "/opt/rustwide/target/debug/build/wasm-opt-sys-8276e8001dccae32/out" "-Wall" "-Wextra" "-std=c++17" "-Wno-unused-parameter" "-DTHROW_ON_FATAL" "-o" "/opt/rustwide/target/debug/build/wasm-opt-sys-8276e8001dccae32/out/parsing.o" "-c" "/opt/rustwide/cargo-home/registry/src/index.crates.io-6f17d22bba15001f/wasm-opt-sys-0.110.2/binaryen/src/wasm/parsing.cpp"
[INFO] [stderr]   exit status: 0
[INFO] [stderr]   running: "c++" "-O0" "-ffunction-sections" "-fdata-sections" "-fPIC" "-m64" "-I" "/opt/rustwide/target/debug/build/wasm-opt-sys-8276e8001dccae32/out/cxxbridge/include" "-I" "/opt/rustwide/target/debug/build/wasm-opt-sys-8276e8001dccae32/out/cxxbridge/crate" "-I" "/opt/rustwide/cargo-home/registry/src/index.crates.io-6f17d22bba15001f/wasm-opt-sys-0.110.2/binaryen/src" "-I" "/opt/rustwide/cargo-home/registry/src/index.crates.io-6f17d22bba15001f/wasm-opt-sys-0.110.2/binaryen/src/tools" "-I" "/opt/rustwide/target/debug/build/wasm-opt-sys-8276e8001dccae32/out" "-Wall" "-Wextra" "-std=c++17" "-Wno-unused-parameter" "-DTHROW_ON_FATAL" "-o" "/opt/rustwide/target/debug/build/wasm-opt-sys-8276e8001dccae32/out/wasm-binary.o" "-c" "/opt/rustwide/cargo-home/registry/src/index.crates.io-6f17d22bba15001f/wasm-opt-sys-0.110.2/binaryen/src/wasm/wasm-binary.cpp"
[INFO] [stderr]   running: "c++" "-O0" "-ffunction-sections" "-fdata-sections" "-fPIC" "-m64" "-I" "/opt/rustwide/target/debug/build/wasm-opt-sys-8276e8001dccae32/out/cxxbridge/include" "-I" "/opt/rustwide/target/debug/build/wasm-opt-sys-8276e8001dccae32/out/cxxbridge/crate" "-I" "/opt/rustwide/cargo-home/registry/src/index.crates.io-6f17d22bba15001f/wasm-opt-sys-0.110.2/binaryen/src" "-I" "/opt/rustwide/cargo-home/registry/src/index.crates.io-6f17d22bba15001f/wasm-opt-sys-0.110.2/binaryen/src/tools" "-I" "/opt/rustwide/target/debug/build/wasm-opt-sys-8276e8001dccae32/out" "-Wall" "-Wextra" "-std=c++17" "-Wno-unused-parameter" "-DTHROW_ON_FATAL" "-o" "/opt/rustwide/target/debug/build/wasm-opt-sys-8276e8001dccae32/out/wasm-debug.o" "-c" "/opt/rustwide/cargo-home/registry/src/index.crates.io-6f17d22bba15001f/wasm-opt-sys-0.110.2/binaryen/src/wasm/wasm-debug.cpp"
[INFO] [stderr]   exit status: 0
[INFO] [stderr]   running: "c++" "-O0" "-ffunction-sections" "-fdata-sections" "-fPIC" "-m64" "-I" "/opt/rustwide/target/debug/build/wasm-opt-sys-8276e8001dccae32/out/cxxbridge/include" "-I" "/opt/rustwide/target/debug/build/wasm-opt-sys-8276e8001dccae32/out/cxxbridge/crate" "-I" "/opt/rustwide/cargo-home/registry/src/index.crates.io-6f17d22bba15001f/wasm-opt-sys-0.110.2/binaryen/src" "-I" "/opt/rustwide/cargo-home/registry/src/index.crates.io-6f17d22bba15001f/wasm-opt-sys-0.110.2/binaryen/src/tools" "-I" "/opt/rustwide/target/debug/build/wasm-opt-sys-8276e8001dccae32/out" "-Wall" "-Wextra" "-std=c++17" "-Wno-unused-parameter" "-DTHROW_ON_FATAL" "-o" "/opt/rustwide/target/debug/build/wasm-opt-sys-8276e8001dccae32/out/wasm-emscripten.o" "-c" "/opt/rustwide/cargo-home/registry/src/index.crates.io-6f17d22bba15001f/wasm-opt-sys-0.110.2/binaryen/src/wasm/wasm-emscripten.cpp"
[INFO] [stderr]   running: "c++" "-O0" "-ffunction-sections" "-fdata-sections" "-fPIC" "-m64" "-I" "/opt/rustwide/target/debug/build/wasm-opt-sys-8276e8001dccae32/out/cxxbridge/include" "-I" "/opt/rustwide/target/debug/build/wasm-opt-sys-8276e8001dccae32/out/cxxbridge/crate" "-I" "/opt/rustwide/cargo-home/registry/src/index.crates.io-6f17d22bba15001f/wasm-opt-sys-0.110.2/binaryen/src" "-I" "/opt/rustwide/cargo-home/registry/src/index.crates.io-6f17d22bba15001f/wasm-opt-sys-0.110.2/binaryen/src/tools" "-I" "/opt/rustwide/target/debug/build/wasm-opt-sys-8276e8001dccae32/out" "-Wall" "-Wextra" "-std=c++17" "-Wno-unused-parameter" "-DTHROW_ON_FATAL" "-o" "/opt/rustwide/target/debug/build/wasm-opt-sys-8276e8001dccae32/out/wasm-interpreter.o" "-c" "/opt/rustwide/cargo-home/registry/src/index.crates.io-6f17d22bba15001f/wasm-opt-sys-0.110.2/binaryen/src/wasm/wasm-interpreter.cpp"
[INFO] [stderr]   running: "c++" "-O0" "-ffunction-sections" "-fdata-sections" "-fPIC" "-m64" "-I" "/opt/rustwide/target/debug/build/wasm-opt-sys-8276e8001dccae32/out/cxxbridge/include" "-I" "/opt/rustwide/target/debug/build/wasm-opt-sys-8276e8001dccae32/out/cxxbridge/crate" "-I" "/opt/rustwide/cargo-home/registry/src/index.crates.io-6f17d22bba15001f/wasm-opt-sys-0.110.2/binaryen/src" "-I" "/opt/rustwide/cargo-home/registry/src/index.crates.io-6f17d22bba15001f/wasm-opt-sys-0.110.2/binaryen/src/tools" "-I" "/opt/rustwide/target/debug/build/wasm-opt-sys-8276e8001dccae32/out" "-Wall" "-Wextra" "-std=c++17" "-Wno-unused-parameter" "-DTHROW_ON_FATAL" "-o" "/opt/rustwide/target/debug/build/wasm-opt-sys-8276e8001dccae32/out/wasm-io.o" "-c" "/opt/rustwide/cargo-home/registry/src/index.crates.io-6f17d22bba15001f/wasm-opt-sys-0.110.2/binaryen/src/wasm/wasm-io.cpp"
[INFO] [stderr]   running: "c++" "-O0" "-ffunction-sections" "-fdata-sections" "-fPIC" "-m64" "-I" "/opt/rustwide/target/debug/build/wasm-opt-sys-8276e8001dccae32/out/cxxbridge/include" "-I" "/opt/rustwide/target/debug/build/wasm-opt-sys-8276e8001dccae32/out/cxxbridge/crate" "-I" "/opt/rustwide/cargo-home/registry/src/index.crates.io-6f17d22bba15001f/wasm-opt-sys-0.110.2/binaryen/src" "-I" "/opt/rustwide/cargo-home/registry/src/index.crates.io-6f17d22bba15001f/wasm-opt-sys-0.110.2/binaryen/src/tools" "-I" "/opt/rustwide/target/debug/build/wasm-opt-sys-8276e8001dccae32/out" "-Wall" "-Wextra" "-std=c++17" "-Wno-unused-parameter" "-DTHROW_ON_FATAL" "-o" "/opt/rustwide/target/debug/build/wasm-opt-sys-8276e8001dccae32/out/wasm-stack.o" "-c" "/opt/rustwide/cargo-home/registry/src/index.crates.io-6f17d22bba15001f/wasm-opt-sys-0.110.2/binaryen/src/wasm/wasm-stack.cpp"
[INFO] [stderr]   running: "c++" "-O0" "-ffunction-sections" "-fdata-sections" "-fPIC" "-m64" "-I" "/opt/rustwide/target/debug/build/wasm-opt-sys-8276e8001dccae32/out/cxxbridge/include" "-I" "/opt/rustwide/target/debug/build/wasm-opt-sys-8276e8001dccae32/out/cxxbridge/crate" "-I" "/opt/rustwide/cargo-home/registry/src/index.crates.io-6f17d22bba15001f/wasm-opt-sys-0.110.2/binaryen/src" "-I" "/opt/rustwide/cargo-home/registry/src/index.crates.io-6f17d22bba15001f/wasm-opt-sys-0.110.2/binaryen/src/tools" "-I" "/opt/rustwide/target/debug/build/wasm-opt-sys-8276e8001dccae32/out" "-Wall" "-Wextra" "-std=c++17" "-Wno-unused-parameter" "-DTHROW_ON_FATAL" "-o" "/opt/rustwide/target/debug/build/wasm-opt-sys-8276e8001dccae32/out/wasm-s-parser.o" "-c" "/opt/rustwide/cargo-home/registry/src/index.crates.io-6f17d22bba15001f/wasm-opt-sys-0.110.2/binaryen/src/wasm/wasm-s-parser.cpp"
[INFO] [stderr]   cargo:warning=c++: fatal error: Killed signal terminated program cc1plus
[INFO] [stderr]   cargo:warning=compilation terminated.
[INFO] [stderr]   exit status: 1
[INFO] [stderr]   running: "c++" "-O0" "-ffunction-sections" "-fdata-sections" "-fPIC" "-m64" "-I" "/opt/rustwide/target/debug/build/wasm-opt-sys-8276e8001dccae32/out/cxxbridge/include" "-I" "/opt/rustwide/target/debug/build/wasm-opt-sys-8276e8001dccae32/out/cxxbridge/crate" "-I" "/opt/rustwide/cargo-home/registry/src/index.crates.io-6f17d22bba15001f/wasm-opt-sys-0.110.2/binaryen/src" "-I" "/opt/rustwide/cargo-home/registry/src/index.crates.io-6f17d22bba15001f/wasm-opt-sys-0.110.2/binaryen/src/tools" "-I" "/opt/rustwide/target/debug/build/wasm-opt-sys-8276e8001dccae32/out" "-Wall" "-Wextra" "-std=c++17" "-Wno-unused-parameter" "-DTHROW_ON_FATAL" "-o" "/opt/rustwide/target/debug/build/wasm-opt-sys-8276e8001dccae32/out/wasm-type.o" "-c" "/opt/rustwide/cargo-home/registry/src/index.crates.io-6f17d22bba15001f/wasm-opt-sys-0.110.2/binaryen/src/wasm/wasm-type.cpp"
[INFO] [stderr]   exit status: 0
[INFO] [stderr]   exit status: 0
[INFO] [stderr]   exit status: 0
[INFO] [stderr]   exit status: 0
[INFO] [stderr]   cargo:warning=c++: fatal error: Killed signal terminated program cc1plus
[INFO] [stderr]   cargo:warning=compilation terminated.
[INFO] [stderr]   exit status: 1
[INFO] [stderr]   exit status: 0
[INFO] [stderr]   exit status: 0
[INFO] [stderr] 
[INFO] [stderr]   --- stderr
[INFO] [stderr] 
[INFO] [stderr]   CXX include path:
[INFO] [stderr]     /opt/rustwide/target/debug/build/wasm-opt-sys-8276e8001dccae32/out/cxxbridge/include
[INFO] [stderr]     /opt/rustwide/target/debug/build/wasm-opt-sys-8276e8001dccae32/out/cxxbridge/crate
[INFO] [stderr]     /opt/rustwide/cargo-home/registry/src/index.crates.io-6f17d22bba15001f/wasm-opt-sys-0.110.2/binaryen/src
[INFO] [stderr]     /opt/rustwide/cargo-home/registry/src/index.crates.io-6f17d22bba15001f/wasm-opt-sys-0.110.2/binaryen/src/tools
[INFO] [stderr]     /opt/rustwide/target/debug/build/wasm-opt-sys-8276e8001dccae32/out
[INFO] [stderr] 
[INFO] [stderr] 
[INFO] [stderr]   error occurred: Command "c++" "-O0" "-ffunction-sections" "-fdata-sections" "-fPIC" "-m64" "-I" "/opt/rustwide/target/debug/build/wasm-opt-sys-8276e8001dccae32/out/cxxbridge/include" "-I" "/opt/rustwide/target/debug/build/wasm-opt-sys-8276e8001dccae32/out/cxxbridge/crate" "-I" "/opt/rustwide/cargo-home/registry/src/index.crates.io-6f17d22bba15001f/wasm-opt-sys-0.110.2/binaryen/src" "-I" "/opt/rustwide/cargo-home/registry/src/index.crates.io-6f17d22bba15001f/wasm-opt-sys-0.110.2/binaryen/src/tools" "-I" "/opt/rustwide/target/debug/build/wasm-opt-sys-8276e8001dccae32/out" "-Wall" "-Wextra" "-std=c++17" "-Wno-unused-parameter" "-DTHROW_ON_FATAL" "-o" "/opt/rustwide/target/debug/build/wasm-opt-sys-8276e8001dccae32/out/wasm-binary.o" "-c" "/opt/rustwide/cargo-home/registry/src/index.crates.io-6f17d22bba15001f/wasm-opt-sys-0.110.2/binaryen/src/wasm/wasm-binary.cpp" with args "c++" did not execute successfully (status code exit status: 1).
[INFO] [stderr] 
[INFO] [stderr] 
[INFO] running `Command { std: "docker" "inspect" "51b34b72bb339f5905902ab7af8a1c4df7062c2434a77fd98b9f3ae7ecd70996", kill_on_drop: false }`
[INFO] running `Command { std: "docker" "rm" "-f" "51b34b72bb339f5905902ab7af8a1c4df7062c2434a77fd98b9f3ae7ecd70996", kill_on_drop: false }`
[INFO] [stdout] 51b34b72bb339f5905902ab7af8a1c4df7062c2434a77fd98b9f3ae7ecd70996
[INFO] documenting SMAkbar/application-master-manager against beta-2023-12-22 for beta-1.76-rustdoc-1
[INFO] running `Command { std: "git" "clone" "/workspace/cache/git-repos/https%3A%2F%2Fgithub.com%2FSMAkbar%2Fapplication-master-manager" "/workspace/builds/worker-4-tc2/source", kill_on_drop: false }`
[INFO] [stderr] Cloning into '/workspace/builds/worker-4-tc2/source'...
[INFO] [stderr] done.
[INFO] validating manifest of git repo https://github.com/SMAkbar/application-master-manager on toolchain beta-2023-12-22
[INFO] running `Command { std: CARGO_HOME="/workspace/cargo-home" RUSTUP_HOME="/workspace/rustup-home" "/workspace/cargo-home/bin/cargo" "+beta-2023-12-22" "metadata" "--manifest-path" "Cargo.toml" "--no-deps", kill_on_drop: false }`
[INFO] started tweaking git repo https://github.com/SMAkbar/application-master-manager
[INFO] finished tweaking git repo https://github.com/SMAkbar/application-master-manager
[INFO] tweaked toml for git repo https://github.com/SMAkbar/application-master-manager written to /workspace/builds/worker-4-tc2/source/Cargo.toml
[INFO] crate git repo https://github.com/SMAkbar/application-master-manager already has a lockfile, it will not be regenerated
[INFO] running `Command { std: CARGO_HOME="/workspace/cargo-home" RUSTUP_HOME="/workspace/rustup-home" "/workspace/cargo-home/bin/cargo" "+beta-2023-12-22" "fetch" "--manifest-path" "Cargo.toml", kill_on_drop: false }`
[INFO] [stderr] warning: virtual workspace defaulting to `resolver = "1"` despite one or more workspace members being on edition 2021 which implies `resolver = "2"`
[INFO] [stderr] note: to keep the current resolver, specify `workspace.resolver = "1"` in the workspace root's manifest
[INFO] [stderr] note: to use the edition 2021 resolver, specify `workspace.resolver = "2"` in the workspace root's manifest
[INFO] [stderr] note: for more details see https://doc.rust-lang.org/cargo/reference/resolver.html#resolver-versions
[INFO] [stderr] warning: /workspace/builds/worker-4-tc2/source/node/Cargo.toml: unused manifest key: dependencies.frame-benchmarking. branch
[INFO] [stderr] warning: /workspace/builds/worker-4-tc2/source/node/Cargo.toml: unused manifest key: dependencies.frame-benchmarking-cli. branch
[INFO] [stderr] warning: /workspace/builds/worker-4-tc2/source/node/Cargo.toml: unused manifest key: dependencies.frame-system. branch
[INFO] [stderr] warning: /workspace/builds/worker-4-tc2/source/node/Cargo.toml: unused manifest key: dependencies.pallet-transaction-payment. branch
[INFO] [stderr] warning: /workspace/builds/worker-4-tc2/source/node/Cargo.toml: unused manifest key: dependencies.pallet-transaction-payment-rpc. branch
[INFO] [stderr] warning: /workspace/builds/worker-4-tc2/source/node/Cargo.toml: unused manifest key: dependencies.sc-basic-authorship. branch
[INFO] [stderr] warning: /workspace/builds/worker-4-tc2/source/node/Cargo.toml: unused manifest key: dependencies.sc-cli. branch
[INFO] [stderr] warning: /workspace/builds/worker-4-tc2/source/node/Cargo.toml: unused manifest key: dependencies.sc-client-api. branch
[INFO] [stderr] warning: /workspace/builds/worker-4-tc2/source/node/Cargo.toml: unused manifest key: dependencies.sc-consensus. branch
[INFO] [stderr] warning: /workspace/builds/worker-4-tc2/source/node/Cargo.toml: unused manifest key: dependencies.sc-consensus-aura. branch
[INFO] [stderr] warning: /workspace/builds/worker-4-tc2/source/node/Cargo.toml: unused manifest key: dependencies.sc-executor. branch
[INFO] [stderr] warning: /workspace/builds/worker-4-tc2/source/node/Cargo.toml: unused manifest key: dependencies.sc-finality-grandpa. branch
[INFO] [stderr] warning: /workspace/builds/worker-4-tc2/source/node/Cargo.toml: unused manifest key: dependencies.sc-keystore. branch
[INFO] [stderr] warning: /workspace/builds/worker-4-tc2/source/node/Cargo.toml: unused manifest key: dependencies.sc-rpc. branch
[INFO] [stderr] warning: /workspace/builds/worker-4-tc2/source/node/Cargo.toml: unused manifest key: dependencies.sc-rpc-api. branch
[INFO] [stderr] warning: /workspace/builds/worker-4-tc2/source/node/Cargo.toml: unused manifest key: dependencies.sc-service. branch
[INFO] [stderr] warning: /workspace/builds/worker-4-tc2/source/node/Cargo.toml: unused manifest key: dependencies.sc-telemetry. branch
[INFO] [stderr] warning: /workspace/builds/worker-4-tc2/source/node/Cargo.toml: unused manifest key: dependencies.sc-transaction-pool. branch
[INFO] [stderr] warning: /workspace/builds/worker-4-tc2/source/node/Cargo.toml: unused manifest key: dependencies.sc-transaction-pool-api. branch
[INFO] [stderr] warning: /workspace/builds/worker-4-tc2/source/node/Cargo.toml: unused manifest key: dependencies.sp-api. branch
[INFO] [stderr] warning: /workspace/builds/worker-4-tc2/source/node/Cargo.toml: unused manifest key: dependencies.sp-block-builder. branch
[INFO] [stderr] warning: /workspace/builds/worker-4-tc2/source/node/Cargo.toml: unused manifest key: dependencies.sp-blockchain. branch
[INFO] [stderr] warning: /workspace/builds/worker-4-tc2/source/node/Cargo.toml: unused manifest key: dependencies.sp-consensus. branch
[INFO] [stderr] warning: /workspace/builds/worker-4-tc2/source/node/Cargo.toml: unused manifest key: dependencies.sp-consensus-aura. branch
[INFO] [stderr] warning: /workspace/builds/worker-4-tc2/source/node/Cargo.toml: unused manifest key: dependencies.sp-core. branch
[INFO] [stderr] warning: /workspace/builds/worker-4-tc2/source/node/Cargo.toml: unused manifest key: dependencies.sp-finality-grandpa. branch
[INFO] [stderr] warning: /workspace/builds/worker-4-tc2/source/node/Cargo.toml: unused manifest key: dependencies.sp-inherents. branch
[INFO] [stderr] warning: /workspace/builds/worker-4-tc2/source/node/Cargo.toml: unused manifest key: dependencies.sp-keyring. branch
[INFO] [stderr] warning: /workspace/builds/worker-4-tc2/source/node/Cargo.toml: unused manifest key: dependencies.sp-runtime. branch
[INFO] [stderr] warning: /workspace/builds/worker-4-tc2/source/node/Cargo.toml: unused manifest key: dependencies.sp-timestamp. branch
[INFO] [stderr] warning: /workspace/builds/worker-4-tc2/source/node/Cargo.toml: unused manifest key: dependencies.substrate-frame-rpc-system. branch
[INFO] [stderr] warning: /workspace/builds/worker-4-tc2/source/node/Cargo.toml: unused manifest key: dependencies.try-runtime-cli. branch
[INFO] [stderr] warning: /workspace/builds/worker-4-tc2/source/node/Cargo.toml: unused manifest key: build-dependencies.substrate-build-script-utils. branch
[INFO] [stderr] warning: /workspace/builds/worker-4-tc2/source/pallets/template/Cargo.toml: unused manifest key: dependencies.frame-benchmarking. branch
[INFO] [stderr] warning: /workspace/builds/worker-4-tc2/source/pallets/template/Cargo.toml: unused manifest key: dependencies.frame-support. branch
[INFO] [stderr] warning: /workspace/builds/worker-4-tc2/source/pallets/template/Cargo.toml: unused manifest key: dependencies.frame-system. branch
[INFO] [stderr] warning: /workspace/builds/worker-4-tc2/source/pallets/template/Cargo.toml: unused manifest key: dev-dependencies.sp-core. branch
[INFO] [stderr] warning: /workspace/builds/worker-4-tc2/source/pallets/template/Cargo.toml: unused manifest key: dev-dependencies.sp-io. branch
[INFO] [stderr] warning: /workspace/builds/worker-4-tc2/source/pallets/template/Cargo.toml: unused manifest key: dev-dependencies.sp-runtime. branch
[INFO] [stderr] warning: /workspace/builds/worker-4-tc2/source/runtime/Cargo.toml: unused manifest key: dependencies.frame-benchmarking. branch
[INFO] [stderr] warning: /workspace/builds/worker-4-tc2/source/runtime/Cargo.toml: unused manifest key: dependencies.frame-executive. branch
[INFO] [stderr] warning: /workspace/builds/worker-4-tc2/source/runtime/Cargo.toml: unused manifest key: dependencies.frame-support. branch
[INFO] [stderr] warning: /workspace/builds/worker-4-tc2/source/runtime/Cargo.toml: unused manifest key: dependencies.frame-system. branch
[INFO] [stderr] warning: /workspace/builds/worker-4-tc2/source/runtime/Cargo.toml: unused manifest key: dependencies.frame-system-benchmarking. branch
[INFO] [stderr] warning: /workspace/builds/worker-4-tc2/source/runtime/Cargo.toml: unused manifest key: dependencies.frame-system-rpc-runtime-api. branch
[INFO] [stderr] warning: /workspace/builds/worker-4-tc2/source/runtime/Cargo.toml: unused manifest key: dependencies.frame-try-runtime. branch
[INFO] [stderr] warning: /workspace/builds/worker-4-tc2/source/runtime/Cargo.toml: unused manifest key: dependencies.pallet-aura. branch
[INFO] [stderr] warning: /workspace/builds/worker-4-tc2/source/runtime/Cargo.toml: unused manifest key: dependencies.pallet-authorship. branch
[INFO] [stderr] warning: /workspace/builds/worker-4-tc2/source/runtime/Cargo.toml: unused manifest key: dependencies.pallet-balances. branch
[INFO] [stderr] warning: /workspace/builds/worker-4-tc2/source/runtime/Cargo.toml: unused manifest key: dependencies.pallet-grandpa. branch
[INFO] [stderr] warning: /workspace/builds/worker-4-tc2/source/runtime/Cargo.toml: unused manifest key: dependencies.pallet-randomness-collective-flip. branch
[INFO] [stderr] warning: /workspace/builds/worker-4-tc2/source/runtime/Cargo.toml: unused manifest key: dependencies.pallet-session. branch
[INFO] [stderr] warning: /workspace/builds/worker-4-tc2/source/runtime/Cargo.toml: unused manifest key: dependencies.pallet-sudo. branch
[INFO] [stderr] warning: /workspace/builds/worker-4-tc2/source/runtime/Cargo.toml: unused manifest key: dependencies.pallet-timestamp. branch
[INFO] [stderr] warning: /workspace/builds/worker-4-tc2/source/runtime/Cargo.toml: unused manifest key: dependencies.pallet-transaction-payment. branch
[INFO] [stderr] warning: /workspace/builds/worker-4-tc2/source/runtime/Cargo.toml: unused manifest key: dependencies.pallet-transaction-payment-rpc-runtime-api. branch
[INFO] [stderr] warning: /workspace/builds/worker-4-tc2/source/runtime/Cargo.toml: unused manifest key: dependencies.sp-api. branch
[INFO] [stderr] warning: /workspace/builds/worker-4-tc2/source/runtime/Cargo.toml: unused manifest key: dependencies.sp-block-builder. branch
[INFO] [stderr] warning: /workspace/builds/worker-4-tc2/source/runtime/Cargo.toml: unused manifest key: dependencies.sp-consensus-aura. branch
[INFO] [stderr] warning: /workspace/builds/worker-4-tc2/source/runtime/Cargo.toml: unused manifest key: dependencies.sp-core. branch
[INFO] [stderr] warning: /workspace/builds/worker-4-tc2/source/runtime/Cargo.toml: unused manifest key: dependencies.sp-inherents. branch
[INFO] [stderr] warning: /workspace/builds/worker-4-tc2/source/runtime/Cargo.toml: unused manifest key: dependencies.sp-offchain. branch
[INFO] [stderr] warning: /workspace/builds/worker-4-tc2/source/runtime/Cargo.toml: unused manifest key: dependencies.sp-runtime. branch
[INFO] [stderr] warning: /workspace/builds/worker-4-tc2/source/runtime/Cargo.toml: unused manifest key: dependencies.sp-session. branch
[INFO] [stderr] warning: /workspace/builds/worker-4-tc2/source/runtime/Cargo.toml: unused manifest key: dependencies.sp-std. branch
[INFO] [stderr] warning: /workspace/builds/worker-4-tc2/source/runtime/Cargo.toml: unused manifest key: dependencies.sp-transaction-pool. branch
[INFO] [stderr] warning: /workspace/builds/worker-4-tc2/source/runtime/Cargo.toml: unused manifest key: dependencies.sp-version. branch
[INFO] [stderr] warning: /workspace/builds/worker-4-tc2/source/runtime/Cargo.toml: unused manifest key: build-dependencies.substrate-wasm-builder. branch
[INFO] running `Command { std: "docker" "create" "-v" "/var/lib/crater-agent-workspace/builds/worker-4-tc2/target:/opt/rustwide/target:rw,Z" "-v" "/var/lib/crater-agent-workspace/builds/worker-4-tc2/source:/opt/rustwide/workdir:ro,Z" "-v" "/var/lib/crater-agent-workspace/cargo-home:/opt/rustwide/cargo-home:ro,Z" "-v" "/var/lib/crater-agent-workspace/rustup-home:/opt/rustwide/rustup-home:ro,Z" "-e" "SOURCE_DIR=/opt/rustwide/workdir" "-e" "CARGO_TARGET_DIR=/opt/rustwide/target" "-e" "CARGO_HOME=/opt/rustwide/cargo-home" "-e" "RUSTUP_HOME=/opt/rustwide/rustup-home" "-w" "/opt/rustwide/workdir" "-m" "1610612736" "--user" "0:0" "--network" "none" "ghcr.io/rust-lang/crates-build-env/linux@sha256:2788e3201cd34a07e3172128adcd8b3090168a8e3bcc40d7c032b9dda1df7d1c" "/opt/rustwide/cargo-home/bin/cargo" "+beta-2023-12-22" "metadata" "--no-deps" "--format-version=1", kill_on_drop: false }`
[INFO] [stdout] 98bed02180c41ff5ebe48d7b053c9723d293516511e2226b8d7d5da2c08fb7b4
[INFO] running `Command { std: "docker" "start" "-a" "98bed02180c41ff5ebe48d7b053c9723d293516511e2226b8d7d5da2c08fb7b4", kill_on_drop: false }`
[INFO] running `Command { std: "docker" "inspect" "98bed02180c41ff5ebe48d7b053c9723d293516511e2226b8d7d5da2c08fb7b4", kill_on_drop: false }`
[INFO] running `Command { std: "docker" "rm" "-f" "98bed02180c41ff5ebe48d7b053c9723d293516511e2226b8d7d5da2c08fb7b4", kill_on_drop: false }`
[INFO] [stdout] 98bed02180c41ff5ebe48d7b053c9723d293516511e2226b8d7d5da2c08fb7b4
[INFO] running `Command { std: "docker" "create" "-v" "/var/lib/crater-agent-workspace/builds/worker-4-tc2/target:/opt/rustwide/target:rw,Z" "-v" "/var/lib/crater-agent-workspace/builds/worker-4-tc2/source:/opt/rustwide/workdir:ro,Z" "-v" "/var/lib/crater-agent-workspace/cargo-home:/opt/rustwide/cargo-home:ro,Z" "-v" "/var/lib/crater-agent-workspace/rustup-home:/opt/rustwide/rustup-home:ro,Z" "-e" "SOURCE_DIR=/opt/rustwide/workdir" "-e" "CARGO_TARGET_DIR=/opt/rustwide/target" "-e" "CARGO_INCREMENTAL=0" "-e" "RUST_BACKTRACE=full" "-e" "RUSTFLAGS=--cap-lints=warn" "-e" "RUSTDOCFLAGS=--cap-lints=warn" "-e" "CARGO_HOME=/opt/rustwide/cargo-home" "-e" "RUSTUP_HOME=/opt/rustwide/rustup-home" "-w" "/opt/rustwide/workdir" "-m" "1610612736" "--user" "0:0" "--network" "none" "ghcr.io/rust-lang/crates-build-env/linux@sha256:2788e3201cd34a07e3172128adcd8b3090168a8e3bcc40d7c032b9dda1df7d1c" "/opt/rustwide/cargo-home/bin/cargo" "+beta-2023-12-22" "doc" "--frozen" "--no-deps" "--document-private-items" "--message-format=json", kill_on_drop: false }`
[INFO] [stdout] b550730d4a58c8d43810d337c8d1e07d40b00ee394991ad89a29bb3c377f084a
[INFO] running `Command { std: "docker" "start" "-a" "b550730d4a58c8d43810d337c8d1e07d40b00ee394991ad89a29bb3c377f084a", kill_on_drop: false }`
[INFO] [stderr] warning: virtual workspace defaulting to `resolver = "1"` despite one or more workspace members being on edition 2021 which implies `resolver = "2"`
[INFO] [stderr] note: to keep the current resolver, specify `workspace.resolver = "1"` in the workspace root's manifest
[INFO] [stderr] note: to use the edition 2021 resolver, specify `workspace.resolver = "2"` in the workspace root's manifest
[INFO] [stderr] note: for more details see https://doc.rust-lang.org/cargo/reference/resolver.html#resolver-versions
[INFO] [stderr] warning: /opt/rustwide/workdir/runtime/Cargo.toml: unused manifest key: dependencies.frame-benchmarking. branch
[INFO] [stderr] warning: /opt/rustwide/workdir/runtime/Cargo.toml: unused manifest key: dependencies.frame-executive. branch
[INFO] [stderr] warning: /opt/rustwide/workdir/runtime/Cargo.toml: unused manifest key: dependencies.frame-support. branch
[INFO] [stderr] warning: /opt/rustwide/workdir/runtime/Cargo.toml: unused manifest key: dependencies.frame-system. branch
[INFO] [stderr] warning: /opt/rustwide/workdir/runtime/Cargo.toml: unused manifest key: dependencies.frame-system-benchmarking. branch
[INFO] [stderr] warning: /opt/rustwide/workdir/runtime/Cargo.toml: unused manifest key: dependencies.frame-system-rpc-runtime-api. branch
[INFO] [stderr] warning: /opt/rustwide/workdir/runtime/Cargo.toml: unused manifest key: dependencies.frame-try-runtime. branch
[INFO] [stderr] warning: /opt/rustwide/workdir/runtime/Cargo.toml: unused manifest key: dependencies.pallet-aura. branch
[INFO] [stderr] warning: /opt/rustwide/workdir/runtime/Cargo.toml: unused manifest key: dependencies.pallet-authorship. branch
[INFO] [stderr] warning: /opt/rustwide/workdir/runtime/Cargo.toml: unused manifest key: dependencies.pallet-balances. branch
[INFO] [stderr] warning: /opt/rustwide/workdir/runtime/Cargo.toml: unused manifest key: dependencies.pallet-grandpa. branch
[INFO] [stderr] warning: /opt/rustwide/workdir/runtime/Cargo.toml: unused manifest key: dependencies.pallet-randomness-collective-flip. branch
[INFO] [stderr] warning: /opt/rustwide/workdir/runtime/Cargo.toml: unused manifest key: dependencies.pallet-session. branch
[INFO] [stderr] warning: /opt/rustwide/workdir/runtime/Cargo.toml: unused manifest key: dependencies.pallet-sudo. branch
[INFO] [stderr] warning: /opt/rustwide/workdir/runtime/Cargo.toml: unused manifest key: dependencies.pallet-timestamp. branch
[INFO] [stderr] warning: /opt/rustwide/workdir/runtime/Cargo.toml: unused manifest key: dependencies.pallet-transaction-payment. branch
[INFO] [stderr] warning: /opt/rustwide/workdir/runtime/Cargo.toml: unused manifest key: dependencies.pallet-transaction-payment-rpc-runtime-api. branch
[INFO] [stderr] warning: /opt/rustwide/workdir/runtime/Cargo.toml: unused manifest key: dependencies.sp-api. branch
[INFO] [stderr] warning: /opt/rustwide/workdir/runtime/Cargo.toml: unused manifest key: dependencies.sp-block-builder. branch
[INFO] [stderr] warning: /opt/rustwide/workdir/runtime/Cargo.toml: unused manifest key: dependencies.sp-consensus-aura. branch
[INFO] [stderr] warning: /opt/rustwide/workdir/runtime/Cargo.toml: unused manifest key: dependencies.sp-core. branch
[INFO] [stderr] warning: /opt/rustwide/workdir/runtime/Cargo.toml: unused manifest key: dependencies.sp-inherents. branch
[INFO] [stderr] warning: /opt/rustwide/workdir/runtime/Cargo.toml: unused manifest key: dependencies.sp-offchain. branch
[INFO] [stderr] warning: /opt/rustwide/workdir/runtime/Cargo.toml: unused manifest key: dependencies.sp-runtime. branch
[INFO] [stderr] warning: /opt/rustwide/workdir/runtime/Cargo.toml: unused manifest key: dependencies.sp-session. branch
[INFO] [stderr] warning: /opt/rustwide/workdir/runtime/Cargo.toml: unused manifest key: dependencies.sp-std. branch
[INFO] [stderr] warning: /opt/rustwide/workdir/runtime/Cargo.toml: unused manifest key: dependencies.sp-transaction-pool. branch
[INFO] [stderr] warning: /opt/rustwide/workdir/runtime/Cargo.toml: unused manifest key: dependencies.sp-version. branch
[INFO] [stderr] warning: /opt/rustwide/workdir/runtime/Cargo.toml: unused manifest key: build-dependencies.substrate-wasm-builder. branch
[INFO] [stderr] warning: /opt/rustwide/workdir/node/Cargo.toml: unused manifest key: dependencies.frame-benchmarking. branch
[INFO] [stderr] warning: /opt/rustwide/workdir/node/Cargo.toml: unused manifest key: dependencies.frame-benchmarking-cli. branch
[INFO] [stderr] warning: /opt/rustwide/workdir/node/Cargo.toml: unused manifest key: dependencies.frame-system. branch
[INFO] [stderr] warning: /opt/rustwide/workdir/node/Cargo.toml: unused manifest key: dependencies.pallet-transaction-payment. branch
[INFO] [stderr] warning: /opt/rustwide/workdir/node/Cargo.toml: unused manifest key: dependencies.pallet-transaction-payment-rpc. branch
[INFO] [stderr] warning: /opt/rustwide/workdir/node/Cargo.toml: unused manifest key: dependencies.sc-basic-authorship. branch
[INFO] [stderr] warning: /opt/rustwide/workdir/node/Cargo.toml: unused manifest key: dependencies.sc-cli. branch
[INFO] [stderr] warning: /opt/rustwide/workdir/node/Cargo.toml: unused manifest key: dependencies.sc-client-api. branch
[INFO] [stderr] warning: /opt/rustwide/workdir/node/Cargo.toml: unused manifest key: dependencies.sc-consensus. branch
[INFO] [stderr] warning: /opt/rustwide/workdir/node/Cargo.toml: unused manifest key: dependencies.sc-consensus-aura. branch
[INFO] [stderr] warning: /opt/rustwide/workdir/node/Cargo.toml: unused manifest key: dependencies.sc-executor. branch
[INFO] [stderr] warning: /opt/rustwide/workdir/node/Cargo.toml: unused manifest key: dependencies.sc-finality-grandpa. branch
[INFO] [stderr] warning: /opt/rustwide/workdir/node/Cargo.toml: unused manifest key: dependencies.sc-keystore. branch
[INFO] [stderr] warning: /opt/rustwide/workdir/node/Cargo.toml: unused manifest key: dependencies.sc-rpc. branch
[INFO] [stderr] warning: /opt/rustwide/workdir/node/Cargo.toml: unused manifest key: dependencies.sc-rpc-api. branch
[INFO] [stderr] warning: /opt/rustwide/workdir/node/Cargo.toml: unused manifest key: dependencies.sc-service. branch
[INFO] [stderr] warning: /opt/rustwide/workdir/node/Cargo.toml: unused manifest key: dependencies.sc-telemetry. branch
[INFO] [stderr] warning: /opt/rustwide/workdir/node/Cargo.toml: unused manifest key: dependencies.sc-transaction-pool. branch
[INFO] [stderr] warning: /opt/rustwide/workdir/node/Cargo.toml: unused manifest key: dependencies.sc-transaction-pool-api. branch
[INFO] [stderr] warning: /opt/rustwide/workdir/node/Cargo.toml: unused manifest key: dependencies.sp-api. branch
[INFO] [stderr] warning: /opt/rustwide/workdir/node/Cargo.toml: unused manifest key: dependencies.sp-block-builder. branch
[INFO] [stderr] warning: /opt/rustwide/workdir/node/Cargo.toml: unused manifest key: dependencies.sp-blockchain. branch
[INFO] [stderr] warning: /opt/rustwide/workdir/node/Cargo.toml: unused manifest key: dependencies.sp-consensus. branch
[INFO] [stderr] warning: /opt/rustwide/workdir/node/Cargo.toml: unused manifest key: dependencies.sp-consensus-aura. branch
[INFO] [stderr] warning: /opt/rustwide/workdir/node/Cargo.toml: unused manifest key: dependencies.sp-core. branch
[INFO] [stderr] warning: /opt/rustwide/workdir/node/Cargo.toml: unused manifest key: dependencies.sp-finality-grandpa. branch
[INFO] [stderr] warning: /opt/rustwide/workdir/node/Cargo.toml: unused manifest key: dependencies.sp-inherents. branch
[INFO] [stderr] warning: /opt/rustwide/workdir/node/Cargo.toml: unused manifest key: dependencies.sp-keyring. branch
[INFO] [stderr] warning: /opt/rustwide/workdir/node/Cargo.toml: unused manifest key: dependencies.sp-runtime. branch
[INFO] [stderr] warning: /opt/rustwide/workdir/node/Cargo.toml: unused manifest key: dependencies.sp-timestamp. branch
[INFO] [stderr] warning: /opt/rustwide/workdir/node/Cargo.toml: unused manifest key: dependencies.substrate-frame-rpc-system. branch
[INFO] [stderr] warning: /opt/rustwide/workdir/node/Cargo.toml: unused manifest key: dependencies.try-runtime-cli. branch
[INFO] [stderr] warning: /opt/rustwide/workdir/node/Cargo.toml: unused manifest key: build-dependencies.substrate-build-script-utils. branch
[INFO] [stderr] warning: /opt/rustwide/workdir/pallets/template/Cargo.toml: unused manifest key: dependencies.frame-benchmarking. branch
[INFO] [stderr] warning: /opt/rustwide/workdir/pallets/template/Cargo.toml: unused manifest key: dependencies.frame-support. branch
[INFO] [stderr] warning: /opt/rustwide/workdir/pallets/template/Cargo.toml: unused manifest key: dependencies.frame-system. branch
[INFO] [stderr] warning: /opt/rustwide/workdir/pallets/template/Cargo.toml: unused manifest key: dev-dependencies.sp-core. branch
[INFO] [stderr] warning: /opt/rustwide/workdir/pallets/template/Cargo.toml: unused manifest key: dev-dependencies.sp-io. branch
[INFO] [stderr] warning: /opt/rustwide/workdir/pallets/template/Cargo.toml: unused manifest key: dev-dependencies.sp-runtime. branch
[INFO] [stderr]    Compiling libc v0.2.138
[INFO] [stderr]    Compiling proc-macro2 v1.0.47
[INFO] [stderr]    Compiling syn v1.0.105
[INFO] [stderr]    Compiling serde_derive v1.0.150
[INFO] [stderr]    Compiling serde v1.0.150
[INFO] [stderr]    Compiling typenum v1.16.0
[INFO] [stderr]    Compiling once_cell v1.16.0
[INFO] [stderr]    Compiling indexmap v1.9.2
[INFO] [stderr]     Checking subtle v2.4.1
[INFO] [stderr]    Compiling futures-core v0.3.25
[INFO] [stderr]     Checking bytes v1.3.0
[INFO] [stderr]     Checking futures-io v0.3.25
[INFO] [stderr]    Compiling aho-corasick v0.7.20
[INFO] [stderr]    Compiling regex-syntax v0.6.28
[INFO] [stderr]     Checking futures-sink v0.3.25
[INFO] [stderr]    Compiling futures-task v0.3.25
[INFO] [stderr]     Checking generic-array v0.14.6
[INFO] [stderr]    Compiling futures-channel v0.3.25
[INFO] [stderr]    Compiling quote v1.0.21
[INFO] [stderr]    Compiling futures-util v0.3.25
[INFO] [stderr]     Checking byteorder v1.4.3
[INFO] [stderr]    Compiling unicode-xid v0.2.4
[INFO] [stderr]    Compiling parking_lot_core v0.9.5
[INFO] [stderr]     Checking digest v0.9.0
[INFO] [stderr]     Checking crypto-common v0.1.6
[INFO] [stderr]     Checking getrandom v0.2.8
[INFO] [stderr]     Checking num_cpus v1.14.0
[INFO] [stderr]     Checking block-buffer v0.10.3
[INFO] [stderr]     Checking rand_core v0.6.4
[INFO] [stderr]     Checking ahash v0.7.6
[INFO] [stderr]     Checking rand_chacha v0.3.1
[INFO] [stderr]     Checking digest v0.10.6
[INFO] [stderr]     Checking hashbrown v0.12.3
[INFO] [stderr]    Compiling jobserver v0.1.25
[INFO] [stderr]     Checking parking_lot v0.12.1
[INFO] [stderr]     Checking rand v0.8.5
[INFO] [stderr]     Checking block-buffer v0.9.0
[INFO] [stderr]    Compiling getrandom v0.1.16
[INFO] [stderr]    Compiling cc v1.0.77
[INFO] [stderr]    Compiling regex v1.7.0
[INFO] [stderr]    Compiling libm v0.2.6
[INFO] [stderr]     Checking either v1.8.0
[INFO] [stderr]     Checking rand_core v0.5.1
[INFO] [stderr]     Checking sha2 v0.9.9
[INFO] [stderr]     Checking arrayref v0.3.6
[INFO] [stderr]     Checking tracing-core v0.1.30
[INFO] [stderr]     Checking keccak v0.1.3
[INFO] [stderr]     Checking sha2 v0.10.6
[INFO] [stderr]     Checking rand_pcg v0.2.1
[INFO] [stderr]     Checking num-traits v0.2.15
[INFO] [stderr]     Checking rand_chacha v0.2.2
[INFO] [stderr]    Compiling paste v1.0.10
[INFO] [stderr]     Checking sha3 v0.10.6
[INFO] [stderr]     Checking rand v0.7.3
[INFO] [stderr]    Compiling serde_json v1.0.89
[INFO] [stderr]    Compiling crunchy v0.2.2
[INFO] [stderr]    Compiling zstd-sys v2.0.4+zstd.1.5.2
[INFO] [stderr]     Checking base64 v0.13.1
[INFO] [stderr]    Compiling num-integer v0.1.45
[INFO] [stderr]    Compiling zstd-safe v5.0.2+zstd.1.5.2
[INFO] [stderr]    Compiling target-lexicon v0.12.5
[INFO] [stderr]     Checking byte-slice-cast v1.2.2
[INFO] [stderr]    Compiling cranelift-isle v0.88.2
[INFO] [stderr]     Checking signature v1.6.4
[INFO] [stderr]    Compiling cranelift-codegen-shared v0.88.2
[INFO] [stderr]    Compiling io-lifetimes v1.0.3
[INFO] [stderr]    Compiling cranelift-codegen-meta v0.88.2
[INFO] [stderr]    Compiling num-bigint v0.4.3
[INFO] [stderr]    Compiling synstructure v0.12.6
[INFO] [stderr]    Compiling io-lifetimes v0.7.5
[INFO] [stderr]    Compiling rustix v0.36.5
[INFO] [stderr]     Checking fxhash v0.2.1
[INFO] [stderr]    Compiling num-rational v0.4.1
[INFO] [stderr]     Checking linux-raw-sys v0.1.3
[INFO] [stderr]     Checking hex v0.4.3
[INFO] [stderr]    Compiling parking_lot_core v0.8.6
[INFO] [stderr]     Checking slice-group-by v0.3.0
[INFO] [stderr]    Compiling rustix v0.35.13
[INFO] [stderr]     Checking regalloc2 v0.3.2
[INFO] [stderr]     Checking ed25519 v1.5.2
[INFO] [stderr]     Checking errno v0.2.8
[INFO] [stderr]    Compiling ryu v1.0.11
[INFO] [stderr]     Checking bumpalo v3.11.1
[INFO] [stderr]    Compiling itoa v1.0.4
[INFO] [stderr]     Checking linux-raw-sys v0.0.46
[INFO] [stderr]     Checking itertools v0.10.5
[INFO] [stderr]     Checking blake2 v0.10.5
[INFO] [stderr]     Checking sp-std v5.0.0 (https://github.com/paritytech/substrate.git#2a0eeff4)
[INFO] [stderr]     Checking parking_lot v0.11.2
[INFO] [stderr]     Checking uint v0.9.5
[INFO] [stderr]    Compiling wasmtime-runtime v1.0.2
[INFO] [stderr]    Compiling Inflector v0.11.4
[INFO] [stderr]     Checking atty v0.2.14
[INFO] [stderr]     Checking generic-array v0.12.4
[INFO] [stderr]     Checking humantime v2.1.0
[INFO] [stderr]    Compiling cpp_demangle v0.3.5
[INFO] [stderr]    Compiling rayon-core v1.10.1
[INFO] [stderr]     Checking env_logger v0.9.3
[INFO] [stderr]    Compiling libsecp256k1-core v0.3.0
[INFO] [stderr]     Checking memfd v0.6.2
[INFO] [stderr]    Compiling cranelift-codegen v0.88.2
[INFO] [stderr]    Compiling thiserror-impl v1.0.37
[INFO] [stderr]    Compiling futures-macro v0.3.25
[INFO] [stderr]    Compiling zeroize_derive v1.3.3
[INFO] [stderr]    Compiling tracing-attributes v0.1.23
[INFO] [stderr]    Compiling impl-trait-for-tuples v0.2.2
[INFO] [stderr]     Checking zeroize v1.5.7
[INFO] [stderr]     Checking curve25519-dalek v3.2.0
[INFO] [stderr]    Compiling derive_more v0.99.17
[INFO] [stderr]    Compiling psm v0.1.21
[INFO] [stderr]     Checking time v0.1.45
[INFO] [stderr]    Compiling thiserror v1.0.37
[INFO] [stderr]     Checking dirs-sys-next v0.1.2
[INFO] [stderr]     Checking crypto-mac v0.8.0
[INFO] [stderr]     Checking tracing v0.1.37
[INFO] [stderr]     Checking wasmtime-asm-macros v1.0.2
[INFO] [stderr]    Compiling wasmtime-cache v1.0.2
[INFO] [stderr]     Checking parity-wasm v0.45.0
[INFO] [stderr]     Checking byte-tools v0.3.1
[INFO] [stderr]    Compiling ref-cast v1.0.13
[INFO] [stderr]     Checking iana-time-zone v0.1.53
[INFO] [stderr]     Checking block-padding v0.1.5
[INFO] [stderr]     Checking chrono v0.4.23
[INFO] [stderr]     Checking directories-next v2.0.0
[INFO] [stderr]     Checking file-per-thread-logger v0.1.5
[INFO] [stderr]    Compiling ref-cast-impl v1.0.13
[INFO] [stderr]    Compiling sp-debug-derive v5.0.0 (https://github.com/paritytech/substrate.git#2a0eeff4)
[INFO] [stderr]     Checking digest v0.8.1
[INFO] [stderr]     Checking futures-executor v0.3.25
[INFO] [stderr]     Checking regex-automata v0.1.10
[INFO] [stderr]     Checking futures v0.3.25
[INFO] [stderr]     Checking memory_units v0.4.0
[INFO] [stderr]    Compiling wasmtime v1.0.2
[INFO] [stderr]     Checking downcast-rs v1.2.0
[INFO] [stderr]    Compiling async-trait v0.1.59
[INFO] [stderr]     Checking rustc-hex v2.1.0
[INFO] [stderr]     Checking wasmi_core v0.2.1
[INFO] [stderr]     Checking matchers v0.0.1
[INFO] [stderr]     Checking rayon v1.6.1
[INFO] [stderr]     Checking wasmi-validation v0.5.0
[INFO] [stderr]     Checking block-buffer v0.7.3
[INFO] [stderr]     Checking hmac v0.8.1
[INFO] [stderr]    Compiling libsecp256k1-gen-ecmult v0.3.0
[INFO] [stderr]    Compiling libsecp256k1-gen-genmult v0.3.0
[INFO] [stderr]    Compiling secp256k1-sys v0.6.1
[INFO] [stderr]     Checking tracing-log v0.1.3
[INFO] [stderr]     Checking crypto-mac v0.11.1
[INFO] [stderr]     Checking thread_local v1.1.4
[INFO] [stderr]     Checking hash-db v0.15.2
[INFO] [stderr]     Checking fake-simd v0.1.2
[INFO] [stderr]     Checking opaque-debug v0.2.3
[INFO] [stderr]    Compiling libsecp256k1 v0.7.1
[INFO] [stderr]     Checking sha2 v0.8.2
[INFO] [stderr]     Checking wasmi v0.13.2
[INFO] [stderr]     Checking fixed-hash v0.8.0
[INFO] [stderr]     Checking curve25519-dalek v2.1.3
[INFO] [stderr]     Checking merlin v2.0.1
[INFO] [stderr]     Checking environmental v1.1.4
[INFO] [stderr]     Checking arrayvec v0.5.2
[INFO] [stderr]     Checking pbkdf2 v0.8.0
[INFO] [stderr]     Checking schnorrkel v0.9.1
[INFO] [stderr]     Checking hmac v0.11.0
[INFO] [stderr]     Checking hmac-drbg v0.3.0
[INFO] [stderr]     Checking pbkdf2 v0.4.0
[INFO] [stderr]    Compiling dyn-clonable-impl v0.9.0
[INFO] [stderr]     Checking num-format v0.4.4
[INFO] [stderr]     Checking twox-hash v1.6.3
[INFO] [stderr]     Checking dyn-clone v1.0.9
[INFO] [stderr]     Checking sp-core-hashing v5.0.0 (https://github.com/paritytech/substrate.git#2a0eeff4)
[INFO] [stderr]     Checking substrate-bip39 v0.4.4
[INFO] [stderr]     Checking cranelift-entity v0.88.2
[INFO] [stderr]     Checking ed25519-dalek v1.0.1
[INFO] [stderr]     Checking bincode v1.3.3
[INFO] [stderr]     Checking toml v0.5.9
[INFO] [stderr]     Checking impl-serde v0.4.0
[INFO] [stderr]     Checking tracing-serde v0.1.3
[INFO] [stderr]     Checking cranelift-bforest v0.88.2
[INFO] [stderr]     Checking gimli v0.26.2
[INFO] [stderr]     Checking object v0.29.0
[INFO] [stderr]     Checking wasmparser v0.89.1
[INFO] [stderr]     Checking dyn-clonable v0.9.0
[INFO] [stderr]     Checking tracing-subscriber v0.2.25
[INFO] [stderr]     Checking tiny-bip39 v0.8.2
[INFO] [stderr]    Compiling proc-macro-crate v1.2.1
[INFO] [stderr]     Checking ed25519-zebra v3.1.0
[INFO] [stderr]    Compiling ss58-registry v1.36.0
[INFO] [stderr]     Checking secrecy v0.8.0
[INFO] [stderr]     Checking hash256-std-hasher v0.15.2
[INFO] [stderr]    Compiling parity-scale-codec-derive v3.1.3
[INFO] [stderr]    Compiling scale-info-derive v2.3.1
[INFO] [stderr]    Compiling sp-runtime-interface-proc-macro v6.0.0 (https://github.com/paritytech/substrate.git#2a0eeff4)
[INFO] [stderr]     Checking wasmtime-types v1.0.2
[INFO] [stderr]     Checking addr2line v0.17.0
[INFO] [stderr]     Checking wasmtime-environ v1.0.2
[INFO] [stderr]     Checking wasmtime-jit-debug v1.0.2
[INFO] [stderr]     Checking base58 v0.2.0
[INFO] [stderr]     Checking array-bytes v4.2.0
[INFO] [stderr]     Checking nohash-hasher v0.2.0
[INFO] [stderr]     Checking lru v0.8.1
[INFO] [stderr]    Compiling backtrace v0.3.66
[INFO] [stderr]    Compiling heck v0.4.0
[INFO] [stderr]     Checking parity-scale-codec v3.2.1
[INFO] [stderr]     Checking miniz_oxide v0.5.4
[INFO] [stderr]     Checking memory-db v0.31.0
[INFO] [stderr]     Checking trie-root v0.17.0
[INFO] [stderr]     Checking trie-db v0.24.0
[INFO] [stderr]    Compiling anyhow v1.0.66
[INFO] [stderr]     Checking scale-info v2.3.1
[INFO] [stderr]     Checking sp-storage v7.0.0 (https://github.com/paritytech/substrate.git#2a0eeff4)
[INFO] [stderr]     Checking impl-codec v0.6.0
[INFO] [stderr]     Checking sp-tracing v6.0.0 (https://github.com/paritytech/substrate.git#2a0eeff4)
[INFO] [stderr]     Checking sp-panic-handler v5.0.0 (https://github.com/paritytech/substrate.git#2a0eeff4)
[INFO] [stderr]     Checking sp-externalities v0.13.0 (https://github.com/paritytech/substrate.git#2a0eeff4)
[INFO] [stderr]     Checking integer-sqrt v0.1.5
[INFO] [stderr]    Compiling static_assertions v1.1.0
[INFO] [stderr]    Compiling cpufeatures v0.2.5
[INFO] [stderr]     Checking primitive-types v0.12.1
[INFO] [stderr]     Checking sp-arithmetic v6.0.0 (https://github.com/paritytech/substrate.git#2a0eeff4)
[INFO] [stderr]    Compiling arrayvec v0.7.2
[INFO] [stderr]    Compiling remove_dir_all v0.5.3
[INFO] [stderr]     Checking futures-timer v3.0.2
[INFO] [stderr]    Compiling fastrand v1.8.0
[INFO] [stderr]    Compiling sp-api-proc-macro v4.0.0-dev (https://github.com/paritytech/substrate.git#2a0eeff4)
[INFO] [stderr]    Compiling tempfile v3.3.0
[INFO] [stderr]    Compiling prost-derive v0.11.2
[INFO] [stderr]     Checking socket2 v0.4.7
[INFO] [stderr]    Compiling prettyplease v0.1.21
[INFO] [stderr]    Compiling sp-version-proc-macro v4.0.0-dev (https://github.com/paritytech/substrate.git#2a0eeff4)
[INFO] [stderr]    Compiling fixedbitset v0.4.2
[INFO] [stderr]    Compiling sp-core-hashing-proc-macro v5.0.0 (https://github.com/paritytech/substrate.git#2a0eeff4)
[INFO] [stderr]    Compiling which v4.3.0
[INFO] [stderr]    Compiling tokio v1.23.0
[INFO] [stderr]    Compiling multimap v0.8.3
[INFO] [stderr]    Compiling tokio-macros v1.8.2
[INFO] [stderr]    Compiling petgraph v0.6.2
[INFO] [stderr]     Checking signal-hook-registry v1.4.0
[INFO] [stderr]     Checking mio v0.8.5
[INFO] [stderr]    Compiling proc-macro-error-attr v1.0.4
[INFO] [stderr]     Checking http v0.2.8
[INFO] [stderr]     Checking asynchronous-codec v0.6.1
[INFO] [stderr]    Compiling proc-macro-error v1.0.4
[INFO] [stderr]     Checking data-encoding v2.3.3
[INFO] [stderr]     Checking unsigned-varint v0.7.1
[INFO] [stderr]    Compiling blake3 v1.3.3
[INFO] [stderr]    Compiling prost v0.11.3
[INFO] [stderr]     Checking constant_time_eq v0.1.5
[INFO] [stderr]    Compiling pin-project-internal v1.0.12
[INFO] [stderr]     Checking constant_time_eq v0.2.4
[INFO] [stderr]     Checking blake2s_simd v1.0.0
[INFO] [stderr]     Checking blake2b_simd v1.0.0
[INFO] [stderr]    Compiling prost-types v0.11.2
[INFO] [stderr]     Checking url v2.3.1
[INFO] [stderr]    Compiling multihash-derive v0.8.0
[INFO] [stderr]     Checking core2 v0.4.0
[INFO] [stderr]     Checking cranelift-frontend v0.88.2
[INFO] [stderr]     Checking cranelift-native v0.88.2
[INFO] [stderr]    Compiling prost-build v0.11.4
[INFO] [stderr]     Checking cranelift-wasm v0.88.2
[INFO] [stderr]     Checking pin-project v1.0.12
[INFO] [stderr]     Checking wasmtime-jit v1.0.2
[INFO] [stderr]     Checking bs58 v0.4.0
[INFO] [stderr]     Checking rw-stream-sink v0.3.0
[INFO] [stderr]     Checking multistream-select v0.12.1
[INFO] [stderr]    Compiling ring v0.16.20
[INFO] [stderr]     Checking asn1_der v0.7.5
[INFO] [stderr]    Compiling semver v1.0.14
[INFO] [stderr]     Checking http-body v0.4.5
[INFO] [stderr]     Checking try-lock v0.2.3
[INFO] [stderr]    Compiling pkg-config v0.3.26
[INFO] [stderr]     Checking futures-lite v1.12.0
[INFO] [stderr]     Checking wasmtime-cranelift v1.0.2
[INFO] [stderr]     Checking want v0.3.0
[INFO] [stderr]    Compiling libz-sys v1.1.8
[INFO] [stderr]     Checking tokio-util v0.7.4
[INFO] [stderr]     Checking concurrent-queue v2.0.0
[INFO] [stderr]     Checking async-lock v2.6.0
[INFO] [stderr]    Compiling libp2p-core v0.37.0
[INFO] [stderr]    Compiling polling v2.5.2
[INFO] [stderr]    Compiling async-io v1.12.0
[INFO] [stderr]    Compiling prometheus v0.13.3
[INFO] [stderr]     Checking h2 v0.3.15
[INFO] [stderr]     Checking flate2 v1.0.25
[INFO] [stderr]     Checking sha-1 v0.9.8
[INFO] [stderr]     Checking kvdb v0.13.0
[INFO] [stderr]     Checking netlink-packet-utils v0.5.1
[INFO] [stderr]     Checking soketto v0.7.1
[INFO] [stderr]     Checking universal-hash v0.4.1
[INFO] [stderr]     Checking cipher v0.3.0
[INFO] [stderr]    Compiling wasm-bindgen-backend v0.2.83
[INFO] [stderr]     Checking netlink-packet-core v0.4.2
[INFO] [stderr]     Checking async-channel v1.8.0
[INFO] [stderr]     Checking wasm-instrument v0.3.0
[INFO] [stderr]     Checking ipnet v2.7.0
[INFO] [stderr]    Compiling rustls v0.20.7
[INFO] [stderr]     Checking linked-hash-map v0.5.6
[INFO] [stderr]     Checking blocking v1.3.0
[INFO] [stderr]     Checking async-executor v1.5.0
[INFO] [stderr]     Checking netlink-sys v0.8.3
[INFO] [stderr]     Checking sp-database v4.0.0-dev (https://github.com/paritytech/substrate.git#2a0eeff4)
[INFO] [stderr]    Compiling sc-executor-wasmtime v0.10.0-dev (https://github.com/paritytech/substrate.git#2a0eeff4)
[INFO] [stderr]    Compiling wasm-bindgen-macro-support v0.2.83
[INFO] [stderr]     Checking quick-error v1.2.3
[INFO] [stderr]     Checking netlink-proto v0.10.0
[INFO] [stderr]     Checking async-global-executor v2.3.1
[INFO] [stderr]     Checking netlink-packet-route v0.12.0
[INFO] [stderr]     Checking polyval v0.5.3
[INFO] [stderr]    Compiling rustc_version v0.4.0
[INFO] [stderr]     Checking nix v0.24.3
[INFO] [stderr]     Checking aead v0.4.3
[INFO] [stderr]     Checking match_cfg v0.1.0
[INFO] [stderr]     Checking matches v0.1.9
[INFO] [stderr]     Checking webpki v0.22.0
[INFO] [stderr]     Checking sct v0.7.0
[INFO] [stderr]     Checking idna v0.2.3
[INFO] [stderr]     Checking hostname v0.3.1
[INFO] [stderr]    Compiling snow v0.9.0
[INFO] [stderr]    Compiling wasm-bindgen-macro v0.2.83
[INFO] [stderr]     Checking ghash v0.4.4
[INFO] [stderr]     Checking sc-utils v4.0.0-dev (https://github.com/paritytech/substrate.git#2a0eeff4)
[INFO] [stderr]     Checking chacha20 v0.8.2
[INFO] [stderr]     Checking ctr v0.8.0
[INFO] [stderr]     Checking aes v0.7.5
[INFO] [stderr]     Checking poly1305 v0.7.2
[INFO] [stderr]    Compiling enum-as-inner v0.5.1
[INFO] [stderr]     Checking resolv-conf v0.7.0
[INFO] [stderr]     Checking chacha20poly1305 v0.9.1
[INFO] [stderr]     Checking aes-gcm v0.9.4
[INFO] [stderr]     Checking lru-cache v0.1.2
[INFO] [stderr]    Compiling libp2p-kad v0.41.0
[INFO] [stderr]    Compiling libp2p-noise v0.40.0
[INFO] [stderr]    Compiling libp2p-identify v0.40.0
[INFO] [stderr]     Checking wasm-bindgen v0.2.83
[INFO] [stderr]     Checking rtnetlink v0.10.1
[INFO] [stderr]     Checking hyper v0.14.23
[INFO] [stderr]     Checking trust-dns-proto v0.22.0
[INFO] [stderr]     Checking if-watch v2.0.0
[INFO] [stderr]     Checking js-sys v0.3.60
[INFO] [stderr]     Checking curve25519-dalek v4.0.0-pre.1
[INFO] [stderr]     Checking pin-project-lite v0.1.12
[INFO] [stderr]     Checking const-oid v0.9.1
[INFO] [stderr]     Checking der v0.6.1
[INFO] [stderr]     Checking quicksink v0.1.2
[INFO] [stderr]     Checking futures-rustls v0.22.2
[INFO] [stderr]     Checking webpki-roots v0.22.6
[INFO] [stderr]     Checking dns-parser v0.8.0
[INFO] [stderr]     Checking prost-codec v0.2.0
[INFO] [stderr]     Checking yamux v0.10.2
[INFO] [stderr]     Checking x25519-dalek v1.1.1
[INFO] [stderr]     Checking base64ct v1.5.3
[INFO] [stderr]     Checking parity-send-wrapper v0.1.0
[INFO] [stderr]    Compiling libp2p-swarm-derive v0.30.1
[INFO] [stderr]     Checking crypto-bigint v0.4.9
[INFO] [stderr]     Checking ff v0.12.1
[INFO] [stderr]     Checking base16ct v0.1.1
[INFO] [stderr]     Checking spki v0.6.0
[INFO] [stderr]     Checking group v0.12.1
[INFO] [stderr]     Checking wasm-timer v0.2.5
[INFO] [stderr]     Checking hmac v0.12.1
[INFO] [stderr]     Checking pkcs8 v0.9.0
[INFO] [stderr]     Checking predicates-core v1.0.5
[INFO] [stderr]     Checking sec1 v0.3.0
[INFO] [stderr]    Compiling frame-support-procedural-tools-derive v3.0.0 (https://github.com/paritytech/substrate.git#2a0eeff4)
[INFO] [stderr]     Checking float-cmp v0.9.0
[INFO] [stderr]     Checking rfc6979 v0.3.1
[INFO] [stderr]     Checking difflib v0.4.0
[INFO] [stderr]     Checking wasm-bindgen-futures v0.4.33
[INFO] [stderr]     Checking elliptic-curve v0.12.3
[INFO] [stderr]     Checking normalize-line-endings v0.3.0
[INFO] [stderr]     Checking termtree v0.4.0
[INFO] [stderr]     Checking trust-dns-resolver v0.22.0
[INFO] [stderr]    Compiling cfg-expr v0.10.3
[INFO] [stderr]     Checking predicates v2.1.4
[INFO] [stderr]     Checking predicates-tree v1.0.7
[INFO] [stderr]     Checking finality-grandpa v0.16.0
[INFO] [stderr]     Checking ecdsa v0.14.8
[INFO] [stderr]    Compiling frame-support-procedural-tools v4.0.0-dev (https://github.com/paritytech/substrate.git#2a0eeff4)
[INFO] [stderr]    Compiling mockall_derive v0.11.3
[INFO] [stderr]     Checking downcast v0.11.0
[INFO] [stderr]     Checking fragile v2.0.0
[INFO] [stderr]     Checking k256 v0.11.6
[INFO] [stderr]     Checking frame-metadata v15.0.0
[INFO] [stderr]     Checking tt-call v1.0.8
[INFO] [stderr]     Checking linked_hash_set v0.1.4
[INFO] [stderr]    Compiling frame-support-procedural v4.0.0-dev (https://github.com/paritytech/substrate.git#2a0eeff4)
[INFO] [stderr]    Compiling rustversion v1.0.9
[INFO] [stderr]    Compiling scratch v1.0.2
[INFO] [stderr]     Checking beef v0.5.2
[INFO] [stderr]    Compiling link-cplusplus v1.0.7
[INFO] [stderr]     Checking bstr v0.2.17
[INFO] [stderr]    Compiling unicode-width v0.1.10
[INFO] [stderr]    Compiling codespan-reporting v0.11.1
[INFO] [stderr]     Checking substrate-prometheus-endpoint v0.10.0-dev (https://github.com/paritytech/substrate.git#2a0eeff4)
[INFO] [stderr]     Checking jsonrpsee-types v0.16.2
[INFO] [stderr]    Compiling cxxbridge-flags v1.0.83
[INFO] [stderr]     Checking globset v0.4.9
[INFO] [stderr]    Compiling cxx v1.0.83
[INFO] [stderr]     Checking tower v0.4.13
[INFO] [stderr]     Checking jsonrpsee-core v0.16.2
[INFO] [stderr]    Compiling cxx-build v1.0.83
[INFO] [stderr]     Checking tokio-stream v0.1.11
[INFO] [stderr]    Compiling jsonrpsee-proc-macros v0.16.2
[INFO] [stderr]     Checking memmap2 v0.5.8
[INFO] [stderr]    Compiling libloading v0.7.4
[INFO] [stderr]    Compiling bindgen v0.60.1
[INFO] [stderr]    Compiling strum_macros v0.24.3
[INFO] [stderr]    Compiling fs_extra v1.2.0
[INFO] [stderr]    Compiling clang-sys v1.4.0
[INFO] [stderr]     Checking jsonrpsee-server v0.16.2
[INFO] [stderr]    Compiling tikv-jemalloc-sys v0.5.2+5.3.0-patched
[INFO] [stderr]    Compiling data-encoding-macro-internal v0.1.10
[INFO] [stderr]     Checking jsonrpsee v0.16.2
[INFO] [stderr]    Compiling sc-chain-spec-derive v4.0.0-dev (https://github.com/paritytech/substrate.git#2a0eeff4)
[INFO] [stderr]     Checking mockall v0.11.3
[INFO] [stderr]    Compiling cxxbridge-macro v1.0.83
[INFO] [stderr]     Checking data-encoding-macro v0.1.12
[INFO] [stderr]    Compiling lz4-sys v1.9.4
[INFO] [stderr]     Checking base-x v0.2.11
[INFO] [stderr]    Compiling camino v1.1.1
[INFO] [stderr]     Checking multibase v0.9.1
[INFO] [stderr]    Compiling wasm-opt-sys v0.110.2
[INFO] [stderr]    Compiling wasm-opt-cxx-sys v0.110.2
[INFO] [stderr]    Compiling snap v1.1.0
[INFO] [stderr]     Checking tower-http v0.3.5
[INFO] [stderr]    Compiling semver v0.6.0
[INFO] [stderr]    Compiling static_init_macro v1.0.2
[INFO] [stderr]    Compiling strum v0.24.1
[INFO] [stderr]     Checking fork-tree v3.0.0 (https://github.com/paritytech/substrate.git#2a0eeff4)
[INFO] [stderr]    Compiling cargo-platform v0.1.2
[INFO] [stderr]     Checking rustls-pemfile v1.0.1
[INFO] [stderr]     Checking num-complex v0.4.2
[INFO] [stderr]     Checking approx v0.5.1
[INFO] [stderr]    Compiling ucd-trie v0.1.5
[INFO] [stderr]    Compiling walkdir v2.3.2
[INFO] [stderr]     Checking simba v0.5.1
[INFO] [stderr]    Compiling pest v2.5.1
[INFO] [stderr]     Checking rustls-native-certs v0.6.2
[INFO] [stderr]    Compiling cargo_metadata v0.14.2
[INFO] [stderr]    Compiling build-helper v0.1.1
[INFO] [stderr]     Checking sc-rpc-server v4.0.0-dev (https://github.com/paritytech/substrate.git#2a0eeff4)
[INFO] [stderr]    Compiling static_init v1.0.3
[INFO] [stderr]     Checking tokio-rustls v0.23.4
[INFO] [stderr]    Compiling sc-network-light v0.10.0-dev (https://github.com/paritytech/substrate.git#2a0eeff4)
[INFO] [stderr]    Compiling sc-network-sync v0.10.0-dev (https://github.com/paritytech/substrate.git#2a0eeff4)
[INFO] [stderr]    Compiling sc-network-bitswap v0.10.0-dev (https://github.com/paritytech/substrate.git#2a0eeff4)
[INFO] [stderr]    Compiling librocksdb-sys v0.8.0+7.4.4
[INFO] [stderr]    Compiling sc-tracing-proc-macro v4.0.0-dev (https://github.com/paritytech/substrate.git#2a0eeff4)
[INFO] [stderr]    Compiling nalgebra-macros v0.1.0
[INFO] [stderr]     Checking rand_distr v0.4.3
[INFO] [stderr]    Compiling filetime v0.2.19
[INFO] [stderr]     Checking fs2 v0.4.3
[INFO] [stderr]    Compiling ansi_term v0.12.1
[INFO] [stderr]     Checking ip_network v0.4.1
[INFO] [stderr]    Compiling sc-sysinfo v6.0.0-dev (https://github.com/paritytech/substrate.git#2a0eeff4)
[INFO] [stderr]    Compiling platforms v2.0.0
[INFO] [stderr]     Checking hyper-rustls v0.23.2
[INFO] [stderr]    Compiling pest_meta v2.5.1
[INFO] [stderr]     Checking kvdb-memorydb v0.13.0
[INFO] [stderr]     Checking threadpool v1.8.1
[INFO] [stderr]     Checking dirs-sys v0.3.7
[INFO] [stderr]    Compiling names v0.13.0
[INFO] [stderr]     Checking os_str_bytes v6.4.1
[INFO] [stderr]     Checking directories v4.0.1
[INFO] [stderr]     Checking tracing-futures v0.2.5
[INFO] [stderr]     Checking clap_lex v0.3.0
[INFO] [stderr]    Compiling clap_derive v4.0.21
[INFO] [stderr]     Checking exit-future v0.2.0
[INFO] [stderr]     Checking is-terminal v0.4.1
[INFO] [stderr]     Checking rtoolbox v0.0.1
[INFO] [stderr]    Compiling sc-consensus-slots v0.10.0-dev (https://github.com/paritytech/substrate.git#2a0eeff4)
[INFO] [stderr]     Checking safe-mix v1.0.1
[INFO] [stderr]     Checking nalgebra v0.27.1
[INFO] [stderr]    Compiling pest_generator v2.5.1
[INFO] [stderr]     Checking rpassword v7.2.0
[INFO] [stderr]    Compiling substrate-build-script-utils v3.0.0 (https://github.com/paritytech/substrate.git#2a0eeff4)
[INFO] [stderr]     Checking fdlimit v0.2.1
[INFO] [stderr]    Compiling frame-benchmarking-cli v4.0.0-dev (https://github.com/paritytech/substrate.git#2a0eeff4)
[INFO] [stderr]     Checking comfy-table v6.1.3
[INFO] [stderr]    Compiling node-template v4.0.0-dev (/opt/rustwide/workdir/node)
[INFO] [stderr]     Checking sc-proposer-metrics v0.10.0-dev (https://github.com/paritytech/substrate.git#2a0eeff4)
[INFO] [stderr]     Checking serde_nanos v0.1.2
[INFO] [stderr]     Checking rand_pcg v0.3.1
[INFO] [stderr]     Checking gethostname v0.2.3
[INFO] [stderr]     Checking thousands v0.2.0
[INFO] [stderr]    Compiling pest_derive v2.5.1
[INFO] [stderr]     Checking handlebars v4.3.5
[INFO] [stderr]     Checking clap v4.0.29
[INFO] [stderr]     Checking multihash v0.16.3
[INFO] [stderr]     Checking multiaddr v0.14.0
[INFO] [stderr]     Checking cid v0.8.6
[INFO] [stderr]     Checking secp256k1 v0.24.2
[INFO] [stderr]     Checking libp2p-swarm v0.40.1
[INFO] [stderr]     Checking libp2p-mplex v0.37.0
[INFO] [stderr]     Checking libp2p-tcp v0.37.0
[INFO] [stderr]     Checking libp2p-websocket v0.39.0
[INFO] [stderr]     Checking libp2p-yamux v0.41.1
[INFO] [stderr]     Checking libp2p-wasm-ext v0.37.0
[INFO] [stderr]     Checking libp2p-request-response v0.22.1
[INFO] [stderr]     Checking libp2p-ping v0.40.1
[INFO] [stderr]     Checking libp2p-mdns v0.41.0
[INFO] [stderr]     Checking libp2p-dns v0.37.0
[INFO] [stderr]     Checking libp2p v0.49.0
[INFO] [stderr]     Checking sc-peerset v4.0.0-dev (https://github.com/paritytech/substrate.git#2a0eeff4)
[INFO] [stderr]     Checking sc-telemetry v4.0.0-dev (https://github.com/paritytech/substrate.git#2a0eeff4)
[INFO] [stderr]     Checking lz4 v1.24.0
[INFO] [stderr]     Checking parity-db v0.4.2
[INFO] [stderr]     Checking statrs v0.15.0
[INFO] [stderr]     Checking linregress v0.4.4
[INFO] [stderr]     Checking zstd v0.11.2+zstd.1.5.2
[INFO] [stderr]     Checking sp-maybe-compressed-blob v4.1.0-dev (https://github.com/paritytech/substrate.git#2a0eeff4)
[INFO] [stderr]     Checking sp-wasm-interface v7.0.0 (https://github.com/paritytech/substrate.git#2a0eeff4)
[INFO] [stderr]     Checking sp-runtime-interface v7.0.0 (https://github.com/paritytech/substrate.git#2a0eeff4)
[INFO] [stderr] The following warnings were emitted during compilation:
[INFO] [stderr] 
[INFO] [stderr] warning: wasm-opt-sys@0.110.2: c++: fatal error: Killed signal terminated program cc1plus
[INFO] [stderr] warning: wasm-opt-sys@0.110.2: compilation terminated.
[INFO] [stderr] warning: wasm-opt-sys@0.110.2: c++: fatal error: Killed signal terminated program cc1plus
[INFO] [stderr] warning: wasm-opt-sys@0.110.2: compilation terminated.
[INFO] [stderr] warning: wasm-opt-sys@0.110.2: c++: fatal error: Killed signal terminated program cc1plus
[INFO] [stderr] warning: wasm-opt-sys@0.110.2: compilation terminated.
[INFO] [stderr] warning: wasm-opt-sys@0.110.2: c++: fatal error: Killed signal terminated program cc1plus
[INFO] [stderr] warning: wasm-opt-sys@0.110.2: compilation terminated.
[INFO] [stderr] warning: wasm-opt-sys@0.110.2: c++: fatal error: Killed signal terminated program cc1plus
[INFO] [stderr] warning: wasm-opt-sys@0.110.2: compilation terminated.
[INFO] [stderr] 
[INFO] [stderr] error: failed to run custom build command for `wasm-opt-sys v0.110.2`
[INFO] [stderr] note: To improve backtraces for build dependencies, set the CARGO_PROFILE_DEV_BUILD_OVERRIDE_DEBUG=true environment variable to enable debug information generation.
[INFO] [stderr] 
[INFO] [stderr] Caused by:
[INFO] [stderr]   process didn't exit successfully: `/opt/rustwide/target/debug/build/wasm-opt-sys-4b39914c45b299e5/build-script-build` (exit status: 1)
[INFO] [stderr]   --- stdout
[INFO] [stderr]   TARGET = Some("x86_64-unknown-linux-gnu")
[INFO] [stderr]   HOST = Some("x86_64-unknown-linux-gnu")
[INFO] [stderr]   cargo:rerun-if-env-changed=CXX_x86_64-unknown-linux-gnu
[INFO] [stderr]   CXX_x86_64-unknown-linux-gnu = None
[INFO] [stderr]   cargo:rerun-if-env-changed=CXX_x86_64_unknown_linux_gnu
[INFO] [stderr]   CXX_x86_64_unknown_linux_gnu = None
[INFO] [stderr]   cargo:rerun-if-env-changed=HOST_CXX
[INFO] [stderr]   HOST_CXX = None
[INFO] [stderr]   cargo:rerun-if-env-changed=CXX
[INFO] [stderr]   CXX = None
[INFO] [stderr]   cargo:rerun-if-env-changed=CXXFLAGS_x86_64-unknown-linux-gnu
[INFO] [stderr]   CXXFLAGS_x86_64-unknown-linux-gnu = None
[INFO] [stderr]   cargo:rerun-if-env-changed=CXXFLAGS_x86_64_unknown_linux_gnu
[INFO] [stderr]   CXXFLAGS_x86_64_unknown_linux_gnu = None
[INFO] [stderr]   cargo:rerun-if-env-changed=HOST_CXXFLAGS
[INFO] [stderr]   HOST_CXXFLAGS = None
[INFO] [stderr]   cargo:rerun-if-env-changed=CXXFLAGS
[INFO] [stderr]   CXXFLAGS = None
[INFO] [stderr]   cargo:rerun-if-env-changed=CRATE_CC_NO_DEFAULTS
[INFO] [stderr]   CRATE_CC_NO_DEFAULTS = None
[INFO] [stderr]   CARGO_CFG_TARGET_FEATURE = Some("fxsr,sse,sse2")
[INFO] [stderr]   cargo:CXXBRIDGE_PREFIX=wasm-opt-sys
[INFO] [stderr]   cargo:CXXBRIDGE_LINKS=binaryen
[INFO] [stderr]   cargo:CXXBRIDGE_DIR0=/opt/rustwide/target/debug/build/wasm-opt-sys-c1fb131ef58a6ea6/out/cxxbridge/include
[INFO] [stderr]   cargo:CXXBRIDGE_DIR1=/opt/rustwide/target/debug/build/wasm-opt-sys-c1fb131ef58a6ea6/out/cxxbridge/crate
[INFO] [stderr]   cargo:CXXBRIDGE_DIR2=/opt/rustwide/cargo-home/registry/src/index.crates.io-6f17d22bba15001f/wasm-opt-sys-0.110.2/binaryen/src
[INFO] [stderr]   cargo:CXXBRIDGE_DIR3=/opt/rustwide/cargo-home/registry/src/index.crates.io-6f17d22bba15001f/wasm-opt-sys-0.110.2/binaryen/src/tools
[INFO] [stderr]   cargo:CXXBRIDGE_DIR4=/opt/rustwide/target/debug/build/wasm-opt-sys-c1fb131ef58a6ea6/out
[INFO] [stderr]   TARGET = Some("x86_64-unknown-linux-gnu")
[INFO] [stderr]   OPT_LEVEL = Some("0")
[INFO] [stderr]   HOST = Some("x86_64-unknown-linux-gnu")
[INFO] [stderr]   cargo:rerun-if-env-changed=CXX_x86_64-unknown-linux-gnu
[INFO] [stderr]   CXX_x86_64-unknown-linux-gnu = None
[INFO] [stderr]   cargo:rerun-if-env-changed=CXX_x86_64_unknown_linux_gnu
[INFO] [stderr]   CXX_x86_64_unknown_linux_gnu = None
[INFO] [stderr]   cargo:rerun-if-env-changed=HOST_CXX
[INFO] [stderr]   HOST_CXX = None
[INFO] [stderr]   cargo:rerun-if-env-changed=CXX
[INFO] [stderr]   CXX = None
[INFO] [stderr]   cargo:rerun-if-env-changed=CXXFLAGS_x86_64-unknown-linux-gnu
[INFO] [stderr]   CXXFLAGS_x86_64-unknown-linux-gnu = None
[INFO] [stderr]   cargo:rerun-if-env-changed=CXXFLAGS_x86_64_unknown_linux_gnu
[INFO] [stderr]   CXXFLAGS_x86_64_unknown_linux_gnu = None
[INFO] [stderr]   cargo:rerun-if-env-changed=HOST_CXXFLAGS
[INFO] [stderr]   HOST_CXXFLAGS = None
[INFO] [stderr]   cargo:rerun-if-env-changed=CXXFLAGS
[INFO] [stderr]   CXXFLAGS = None
[INFO] [stderr]   cargo:rerun-if-env-changed=CRATE_CC_NO_DEFAULTS
[INFO] [stderr]   CRATE_CC_NO_DEFAULTS = None
[INFO] [stderr]   DEBUG = Some("false")
[INFO] [stderr]   CARGO_CFG_TARGET_FEATURE = Some("fxsr,sse,sse2")
[INFO] [stderr]   running: "c++" "-O0" "-ffunction-sections" "-fdata-sections" "-fPIC" "-m64" "-I" "/opt/rustwide/target/debug/build/wasm-opt-sys-c1fb131ef58a6ea6/out/cxxbridge/include" "-I" "/opt/rustwide/target/debug/build/wasm-opt-sys-c1fb131ef58a6ea6/out/cxxbridge/crate" "-I" "/opt/rustwide/cargo-home/registry/src/index.crates.io-6f17d22bba15001f/wasm-opt-sys-0.110.2/binaryen/src" "-I" "/opt/rustwide/cargo-home/registry/src/index.crates.io-6f17d22bba15001f/wasm-opt-sys-0.110.2/binaryen/src/tools" "-I" "/opt/rustwide/target/debug/build/wasm-opt-sys-c1fb131ef58a6ea6/out" "-Wall" "-Wextra" "-std=c++17" "-Wno-unused-parameter" "-DTHROW_ON_FATAL" "-o" "/opt/rustwide/target/debug/build/wasm-opt-sys-c1fb131ef58a6ea6/out/cxxbridge/sources/wasm-opt-sys/src/lib.rs.o" "-c" "/opt/rustwide/target/debug/build/wasm-opt-sys-c1fb131ef58a6ea6/out/cxxbridge/sources/wasm-opt-sys/src/lib.rs.cc"
[INFO] [stderr]   exit status: 0
[INFO] [stderr]   running: "c++" "-O0" "-ffunction-sections" "-fdata-sections" "-fPIC" "-m64" "-I" "/opt/rustwide/target/debug/build/wasm-opt-sys-c1fb131ef58a6ea6/out/cxxbridge/include" "-I" "/opt/rustwide/target/debug/build/wasm-opt-sys-c1fb131ef58a6ea6/out/cxxbridge/crate" "-I" "/opt/rustwide/cargo-home/registry/src/index.crates.io-6f17d22bba15001f/wasm-opt-sys-0.110.2/binaryen/src" "-I" "/opt/rustwide/cargo-home/registry/src/index.crates.io-6f17d22bba15001f/wasm-opt-sys-0.110.2/binaryen/src/tools" "-I" "/opt/rustwide/target/debug/build/wasm-opt-sys-c1fb131ef58a6ea6/out" "-Wall" "-Wextra" "-std=c++17" "-Wno-unused-parameter" "-DTHROW_ON_FATAL" "-o" "/opt/rustwide/target/debug/build/wasm-opt-sys-c1fb131ef58a6ea6/out/wasm-opt-main-shim.o" "-c" "/opt/rustwide/cargo-home/registry/src/index.crates.io-6f17d22bba15001f/wasm-opt-sys-0.110.2/src/wasm-opt-main-shim.cpp"
[INFO] [stderr]   running: "c++" "-O0" "-ffunction-sections" "-fdata-sections" "-fPIC" "-m64" "-I" "/opt/rustwide/target/debug/build/wasm-opt-sys-c1fb131ef58a6ea6/out/cxxbridge/include" "-I" "/opt/rustwide/target/debug/build/wasm-opt-sys-c1fb131ef58a6ea6/out/cxxbridge/crate" "-I" "/opt/rustwide/cargo-home/registry/src/index.crates.io-6f17d22bba15001f/wasm-opt-sys-0.110.2/binaryen/src" "-I" "/opt/rustwide/cargo-home/registry/src/index.crates.io-6f17d22bba15001f/wasm-opt-sys-0.110.2/binaryen/src/tools" "-I" "/opt/rustwide/target/debug/build/wasm-opt-sys-c1fb131ef58a6ea6/out" "-Wall" "-Wextra" "-std=c++17" "-Wno-unused-parameter" "-DTHROW_ON_FATAL" "-o" "/opt/rustwide/target/debug/build/wasm-opt-sys-c1fb131ef58a6ea6/out/literal.o" "-c" "/opt/rustwide/cargo-home/registry/src/index.crates.io-6f17d22bba15001f/wasm-opt-sys-0.110.2/binaryen/src/wasm/literal.cpp"
[INFO] [stderr]   exit status: 0
[INFO] [stderr]   running: "c++" "-O0" "-ffunction-sections" "-fdata-sections" "-fPIC" "-m64" "-I" "/opt/rustwide/target/debug/build/wasm-opt-sys-c1fb131ef58a6ea6/out/cxxbridge/include" "-I" "/opt/rustwide/target/debug/build/wasm-opt-sys-c1fb131ef58a6ea6/out/cxxbridge/crate" "-I" "/opt/rustwide/cargo-home/registry/src/index.crates.io-6f17d22bba15001f/wasm-opt-sys-0.110.2/binaryen/src" "-I" "/opt/rustwide/cargo-home/registry/src/index.crates.io-6f17d22bba15001f/wasm-opt-sys-0.110.2/binaryen/src/tools" "-I" "/opt/rustwide/target/debug/build/wasm-opt-sys-c1fb131ef58a6ea6/out" "-Wall" "-Wextra" "-std=c++17" "-Wno-unused-parameter" "-DTHROW_ON_FATAL" "-o" "/opt/rustwide/target/debug/build/wasm-opt-sys-c1fb131ef58a6ea6/out/parsing.o" "-c" "/opt/rustwide/cargo-home/registry/src/index.crates.io-6f17d22bba15001f/wasm-opt-sys-0.110.2/binaryen/src/wasm/parsing.cpp"
[INFO] [stderr]   running: "c++" "-O0" "-ffunction-sections" "-fdata-sections" "-fPIC" "-m64" "-I" "/opt/rustwide/target/debug/build/wasm-opt-sys-c1fb131ef58a6ea6/out/cxxbridge/include" "-I" "/opt/rustwide/target/debug/build/wasm-opt-sys-c1fb131ef58a6ea6/out/cxxbridge/crate" "-I" "/opt/rustwide/cargo-home/registry/src/index.crates.io-6f17d22bba15001f/wasm-opt-sys-0.110.2/binaryen/src" "-I" "/opt/rustwide/cargo-home/registry/src/index.crates.io-6f17d22bba15001f/wasm-opt-sys-0.110.2/binaryen/src/tools" "-I" "/opt/rustwide/target/debug/build/wasm-opt-sys-c1fb131ef58a6ea6/out" "-Wall" "-Wextra" "-std=c++17" "-Wno-unused-parameter" "-DTHROW_ON_FATAL" "-o" "/opt/rustwide/target/debug/build/wasm-opt-sys-c1fb131ef58a6ea6/out/wasm-binary.o" "-c" "/opt/rustwide/cargo-home/registry/src/index.crates.io-6f17d22bba15001f/wasm-opt-sys-0.110.2/binaryen/src/wasm/wasm-binary.cpp"
[INFO] [stderr]   running: "c++" "-O0" "-ffunction-sections" "-fdata-sections" "-fPIC" "-m64" "-I" "/opt/rustwide/target/debug/build/wasm-opt-sys-c1fb131ef58a6ea6/out/cxxbridge/include" "-I" "/opt/rustwide/target/debug/build/wasm-opt-sys-c1fb131ef58a6ea6/out/cxxbridge/crate" "-I" "/opt/rustwide/cargo-home/registry/src/index.crates.io-6f17d22bba15001f/wasm-opt-sys-0.110.2/binaryen/src" "-I" "/opt/rustwide/cargo-home/registry/src/index.crates.io-6f17d22bba15001f/wasm-opt-sys-0.110.2/binaryen/src/tools" "-I" "/opt/rustwide/target/debug/build/wasm-opt-sys-c1fb131ef58a6ea6/out" "-Wall" "-Wextra" "-std=c++17" "-Wno-unused-parameter" "-DTHROW_ON_FATAL" "-o" "/opt/rustwide/target/debug/build/wasm-opt-sys-c1fb131ef58a6ea6/out/wasm-debug.o" "-c" "/opt/rustwide/cargo-home/registry/src/index.crates.io-6f17d22bba15001f/wasm-opt-sys-0.110.2/binaryen/src/wasm/wasm-debug.cpp"
[INFO] [stderr]   running: "c++" "-O0" "-ffunction-sections" "-fdata-sections" "-fPIC" "-m64" "-I" "/opt/rustwide/target/debug/build/wasm-opt-sys-c1fb131ef58a6ea6/out/cxxbridge/include" "-I" "/opt/rustwide/target/debug/build/wasm-opt-sys-c1fb131ef58a6ea6/out/cxxbridge/crate" "-I" "/opt/rustwide/cargo-home/registry/src/index.crates.io-6f17d22bba15001f/wasm-opt-sys-0.110.2/binaryen/src" "-I" "/opt/rustwide/cargo-home/registry/src/index.crates.io-6f17d22bba15001f/wasm-opt-sys-0.110.2/binaryen/src/tools" "-I" "/opt/rustwide/target/debug/build/wasm-opt-sys-c1fb131ef58a6ea6/out" "-Wall" "-Wextra" "-std=c++17" "-Wno-unused-parameter" "-DTHROW_ON_FATAL" "-o" "/opt/rustwide/target/debug/build/wasm-opt-sys-c1fb131ef58a6ea6/out/wasm-emscripten.o" "-c" "/opt/rustwide/cargo-home/registry/src/index.crates.io-6f17d22bba15001f/wasm-opt-sys-0.110.2/binaryen/src/wasm/wasm-emscripten.cpp"
[INFO] [stderr]   exit status: 0
[INFO] [stderr]   exit status: 0
[INFO] [stderr]   running: "c++" "-O0" "-ffunction-sections" "-fdata-sections" "-fPIC" "-m64" "-I" "/opt/rustwide/target/debug/build/wasm-opt-sys-c1fb131ef58a6ea6/out/cxxbridge/include" "-I" "/opt/rustwide/target/debug/build/wasm-opt-sys-c1fb131ef58a6ea6/out/cxxbridge/crate" "-I" "/opt/rustwide/cargo-home/registry/src/index.crates.io-6f17d22bba15001f/wasm-opt-sys-0.110.2/binaryen/src" "-I" "/opt/rustwide/cargo-home/registry/src/index.crates.io-6f17d22bba15001f/wasm-opt-sys-0.110.2/binaryen/src/tools" "-I" "/opt/rustwide/target/debug/build/wasm-opt-sys-c1fb131ef58a6ea6/out" "-Wall" "-Wextra" "-std=c++17" "-Wno-unused-parameter" "-DTHROW_ON_FATAL" "-o" "/opt/rustwide/target/debug/build/wasm-opt-sys-c1fb131ef58a6ea6/out/wasm-interpreter.o" "-c" "/opt/rustwide/cargo-home/registry/src/index.crates.io-6f17d22bba15001f/wasm-opt-sys-0.110.2/binaryen/src/wasm/wasm-interpreter.cpp"
[INFO] [stderr]   running: "c++" "-O0" "-ffunction-sections" "-fdata-sections" "-fPIC" "-m64" "-I" "/opt/rustwide/target/debug/build/wasm-opt-sys-c1fb131ef58a6ea6/out/cxxbridge/include" "-I" "/opt/rustwide/target/debug/build/wasm-opt-sys-c1fb131ef58a6ea6/out/cxxbridge/crate" "-I" "/opt/rustwide/cargo-home/registry/src/index.crates.io-6f17d22bba15001f/wasm-opt-sys-0.110.2/binaryen/src" "-I" "/opt/rustwide/cargo-home/registry/src/index.crates.io-6f17d22bba15001f/wasm-opt-sys-0.110.2/binaryen/src/tools" "-I" "/opt/rustwide/target/debug/build/wasm-opt-sys-c1fb131ef58a6ea6/out" "-Wall" "-Wextra" "-std=c++17" "-Wno-unused-parameter" "-DTHROW_ON_FATAL" "-o" "/opt/rustwide/target/debug/build/wasm-opt-sys-c1fb131ef58a6ea6/out/wasm-io.o" "-c" "/opt/rustwide/cargo-home/registry/src/index.crates.io-6f17d22bba15001f/wasm-opt-sys-0.110.2/binaryen/src/wasm/wasm-io.cpp"
[INFO] [stderr]   exit status: 0
[INFO] [stderr]   running: "c++" "-O0" "-ffunction-sections" "-fdata-sections" "-fPIC" "-m64" "-I" "/opt/rustwide/target/debug/build/wasm-opt-sys-c1fb131ef58a6ea6/out/cxxbridge/include" "-I" "/opt/rustwide/target/debug/build/wasm-opt-sys-c1fb131ef58a6ea6/out/cxxbridge/crate" "-I" "/opt/rustwide/cargo-home/registry/src/index.crates.io-6f17d22bba15001f/wasm-opt-sys-0.110.2/binaryen/src" "-I" "/opt/rustwide/cargo-home/registry/src/index.crates.io-6f17d22bba15001f/wasm-opt-sys-0.110.2/binaryen/src/tools" "-I" "/opt/rustwide/target/debug/build/wasm-opt-sys-c1fb131ef58a6ea6/out" "-Wall" "-Wextra" "-std=c++17" "-Wno-unused-parameter" "-DTHROW_ON_FATAL" "-o" "/opt/rustwide/target/debug/build/wasm-opt-sys-c1fb131ef58a6ea6/out/wasm-stack.o" "-c" "/opt/rustwide/cargo-home/registry/src/index.crates.io-6f17d22bba15001f/wasm-opt-sys-0.110.2/binaryen/src/wasm/wasm-stack.cpp"
[INFO] [stderr]   running: "c++" "-O0" "-ffunction-sections" "-fdata-sections" "-fPIC" "-m64" "-I" "/opt/rustwide/target/debug/build/wasm-opt-sys-c1fb131ef58a6ea6/out/cxxbridge/include" "-I" "/opt/rustwide/target/debug/build/wasm-opt-sys-c1fb131ef58a6ea6/out/cxxbridge/crate" "-I" "/opt/rustwide/cargo-home/registry/src/index.crates.io-6f17d22bba15001f/wasm-opt-sys-0.110.2/binaryen/src" "-I" "/opt/rustwide/cargo-home/registry/src/index.crates.io-6f17d22bba15001f/wasm-opt-sys-0.110.2/binaryen/src/tools" "-I" "/opt/rustwide/target/debug/build/wasm-opt-sys-c1fb131ef58a6ea6/out" "-Wall" "-Wextra" "-std=c++17" "-Wno-unused-parameter" "-DTHROW_ON_FATAL" "-o" "/opt/rustwide/target/debug/build/wasm-opt-sys-c1fb131ef58a6ea6/out/wasm-s-parser.o" "-c" "/opt/rustwide/cargo-home/registry/src/index.crates.io-6f17d22bba15001f/wasm-opt-sys-0.110.2/binaryen/src/wasm/wasm-s-parser.cpp"
[INFO] [stderr]   exit status: 0
[INFO] [stderr]   running: "c++" "-O0" "-ffunction-sections" "-fdata-sections" "-fPIC" "-m64" "-I" "/opt/rustwide/target/debug/build/wasm-opt-sys-c1fb131ef58a6ea6/out/cxxbridge/include" "-I" "/opt/rustwide/target/debug/build/wasm-opt-sys-c1fb131ef58a6ea6/out/cxxbridge/crate" "-I" "/opt/rustwide/cargo-home/registry/src/index.crates.io-6f17d22bba15001f/wasm-opt-sys-0.110.2/binaryen/src" "-I" "/opt/rustwide/cargo-home/registry/src/index.crates.io-6f17d22bba15001f/wasm-opt-sys-0.110.2/binaryen/src/tools" "-I" "/opt/rustwide/target/debug/build/wasm-opt-sys-c1fb131ef58a6ea6/out" "-Wall" "-Wextra" "-std=c++17" "-Wno-unused-parameter" "-DTHROW_ON_FATAL" "-o" "/opt/rustwide/target/debug/build/wasm-opt-sys-c1fb131ef58a6ea6/out/wasm-type.o" "-c" "/opt/rustwide/cargo-home/registry/src/index.crates.io-6f17d22bba15001f/wasm-opt-sys-0.110.2/binaryen/src/wasm/wasm-type.cpp"
[INFO] [stderr]   running: "c++" "-O0" "-ffunction-sections" "-fdata-sections" "-fPIC" "-m64" "-I" "/opt/rustwide/target/debug/build/wasm-opt-sys-c1fb131ef58a6ea6/out/cxxbridge/include" "-I" "/opt/rustwide/target/debug/build/wasm-opt-sys-c1fb131ef58a6ea6/out/cxxbridge/crate" "-I" "/opt/rustwide/cargo-home/registry/src/index.crates.io-6f17d22bba15001f/wasm-opt-sys-0.110.2/binaryen/src" "-I" "/opt/rustwide/cargo-home/registry/src/index.crates.io-6f17d22bba15001f/wasm-opt-sys-0.110.2/binaryen/src/tools" "-I" "/opt/rustwide/target/debug/build/wasm-opt-sys-c1fb131ef58a6ea6/out" "-Wall" "-Wextra" "-std=c++17" "-Wno-unused-parameter" "-DTHROW_ON_FATAL" "-o" "/opt/rustwide/target/debug/build/wasm-opt-sys-c1fb131ef58a6ea6/out/wasm-validator.o" "-c" "/opt/rustwide/cargo-home/registry/src/index.crates.io-6f17d22bba15001f/wasm-opt-sys-0.110.2/binaryen/src/wasm/wasm-validator.cpp"
[INFO] [stderr]   cargo:warning=c++: fatal error: Killed signal terminated program cc1plus
[INFO] [stderr]   cargo:warning=compilation terminated.
[INFO] [stderr]   exit status: 1
[INFO] [stderr]   exit status: 0
[INFO] [stderr]   running: "c++" "-O0" "-ffunction-sections" "-fdata-sections" "-fPIC" "-m64" "-I" "/opt/rustwide/target/debug/build/wasm-opt-sys-c1fb131ef58a6ea6/out/cxxbridge/include" "-I" "/opt/rustwide/target/debug/build/wasm-opt-sys-c1fb131ef58a6ea6/out/cxxbridge/crate" "-I" "/opt/rustwide/cargo-home/registry/src/index.crates.io-6f17d22bba15001f/wasm-opt-sys-0.110.2/binaryen/src" "-I" "/opt/rustwide/cargo-home/registry/src/index.crates.io-6f17d22bba15001f/wasm-opt-sys-0.110.2/binaryen/src/tools" "-I" "/opt/rustwide/target/debug/build/wasm-opt-sys-c1fb131ef58a6ea6/out" "-Wall" "-Wextra" "-std=c++17" "-Wno-unused-parameter" "-DTHROW_ON_FATAL" "-o" "/opt/rustwide/target/debug/build/wasm-opt-sys-c1fb131ef58a6ea6/out/wasm.o" "-c" "/opt/rustwide/cargo-home/registry/src/index.crates.io-6f17d22bba15001f/wasm-opt-sys-0.110.2/binaryen/src/wasm/wasm.cpp"
[INFO] [stderr]   cargo:warning=c++: fatal error: Killed signal terminated program cc1plus
[INFO] [stderr]   cargo:warning=compilation terminated.
[INFO] [stderr]   exit status: 1
[INFO] [stderr]   cargo:warning=c++: fatal error: Killed signal terminated program cc1plus
[INFO] [stderr]   cargo:warning=compilation terminated.
[INFO] [stderr]   exit status: 1
[INFO] [stderr]   cargo:warning=c++: fatal error: Killed signal terminated program cc1plus
[INFO] [stderr]   cargo:warning=compilation terminated.
[INFO] [stderr]   exit status: 1
[INFO] [stderr]   cargo:warning=c++: fatal error: Killed signal terminated program cc1plus
[INFO] [stderr]   cargo:warning=compilation terminated.
[INFO] [stderr]   exit status: 1
[INFO] [stderr]   exit status: 0
[INFO] [stderr]   exit status: 0
[INFO] [stderr] 
[INFO] [stderr]   --- stderr
[INFO] [stderr] 
[INFO] [stderr]   CXX include path:
[INFO] [stderr]     /opt/rustwide/target/debug/build/wasm-opt-sys-c1fb131ef58a6ea6/out/cxxbridge/include
[INFO] [stderr]     /opt/rustwide/target/debug/build/wasm-opt-sys-c1fb131ef58a6ea6/out/cxxbridge/crate
[INFO] [stderr]     /opt/rustwide/cargo-home/registry/src/index.crates.io-6f17d22bba15001f/wasm-opt-sys-0.110.2/binaryen/src
[INFO] [stderr]     /opt/rustwide/cargo-home/registry/src/index.crates.io-6f17d22bba15001f/wasm-opt-sys-0.110.2/binaryen/src/tools
[INFO] [stderr]     /opt/rustwide/target/debug/build/wasm-opt-sys-c1fb131ef58a6ea6/out
[INFO] [stderr] 
[INFO] [stderr] 
[INFO] [stderr]   error occurred: Command "c++" "-O0" "-ffunction-sections" "-fdata-sections" "-fPIC" "-m64" "-I" "/opt/rustwide/target/debug/build/wasm-opt-sys-c1fb131ef58a6ea6/out/cxxbridge/include" "-I" "/opt/rustwide/target/debug/build/wasm-opt-sys-c1fb131ef58a6ea6/out/cxxbridge/crate" "-I" "/opt/rustwide/cargo-home/registry/src/index.crates.io-6f17d22bba15001f/wasm-opt-sys-0.110.2/binaryen/src" "-I" "/opt/rustwide/cargo-home/registry/src/index.crates.io-6f17d22bba15001f/wasm-opt-sys-0.110.2/binaryen/src/tools" "-I" "/opt/rustwide/target/debug/build/wasm-opt-sys-c1fb131ef58a6ea6/out" "-Wall" "-Wextra" "-std=c++17" "-Wno-unused-parameter" "-DTHROW_ON_FATAL" "-o" "/opt/rustwide/target/debug/build/wasm-opt-sys-c1fb131ef58a6ea6/out/wasm-binary.o" "-c" "/opt/rustwide/cargo-home/registry/src/index.crates.io-6f17d22bba15001f/wasm-opt-sys-0.110.2/binaryen/src/wasm/wasm-binary.cpp" with args "c++" did not execute successfully (status code exit status: 1).
[INFO] [stderr] 
[INFO] [stderr] 
[INFO] [stderr] warning: build failed, waiting for other jobs to finish...
[INFO] running `Command { std: "docker" "inspect" "b550730d4a58c8d43810d337c8d1e07d40b00ee394991ad89a29bb3c377f084a", kill_on_drop: false }`
[INFO] running `Command { std: "docker" "rm" "-f" "b550730d4a58c8d43810d337c8d1e07d40b00ee394991ad89a29bb3c377f084a", kill_on_drop: false }`
[INFO] [stdout] b550730d4a58c8d43810d337c8d1e07d40b00ee394991ad89a29bb3c377f084a
