[INFO] cloning repository https://github.com/SAY683/Nebula.github.io
[INFO] running `Command { std: "git" "-c" "credential.helper=" "-c" "credential.helper=/workspace/cargo-home/bin/git-credential-null" "clone" "--bare" "https://github.com/SAY683/Nebula.github.io" "/workspace/cache/git-repos/https%3A%2F%2Fgithub.com%2FSAY683%2FNebula.github.io", kill_on_drop: false }`
[INFO] [stderr] Cloning into bare repository '/workspace/cache/git-repos/https%3A%2F%2Fgithub.com%2FSAY683%2FNebula.github.io'...
[INFO] running `Command { std: "git" "rev-parse" "HEAD", kill_on_drop: false }`
[INFO] [stdout] 57296f63f2553389cc59fb2ce175dec1b43b79f2
[INFO] documenting SAY683/Nebula.github.io against 1.75.0 for beta-1.76-rustdoc-1
[INFO] running `Command { std: "git" "clone" "/workspace/cache/git-repos/https%3A%2F%2Fgithub.com%2FSAY683%2FNebula.github.io" "/workspace/builds/worker-5-tc1/source", kill_on_drop: false }`
[INFO] [stderr] Cloning into '/workspace/builds/worker-5-tc1/source'...
[INFO] [stderr] done.
[INFO] validating manifest of git repo https://github.com/SAY683/Nebula.github.io on toolchain 1.75.0
[INFO] running `Command { std: CARGO_HOME="/workspace/cargo-home" RUSTUP_HOME="/workspace/rustup-home" "/workspace/cargo-home/bin/cargo" "+1.75.0" "metadata" "--manifest-path" "Cargo.toml" "--no-deps", kill_on_drop: false }`
[INFO] started tweaking git repo https://github.com/SAY683/Nebula.github.io
[INFO] finished tweaking git repo https://github.com/SAY683/Nebula.github.io
[INFO] tweaked toml for git repo https://github.com/SAY683/Nebula.github.io written to /workspace/builds/worker-5-tc1/source/Cargo.toml
[INFO] crate git repo https://github.com/SAY683/Nebula.github.io already has a lockfile, it will not be regenerated
[INFO] running `Command { std: CARGO_HOME="/workspace/cargo-home" RUSTUP_HOME="/workspace/rustup-home" "/workspace/cargo-home/bin/cargo" "+1.75.0" "fetch" "--manifest-path" "Cargo.toml", kill_on_drop: false }`
[INFO] [stderr] warning: /workspace/builds/worker-5-tc1/source/Cargo.toml: file `/workspace/builds/worker-5-tc1/source/./src/main.rs` found to be present in multiple build targets:
[INFO] [stderr]   * `lib` target `Nebula`
[INFO] [stderr]   * `bin` target `Nebula`
[INFO] [stderr] warning: /workspace/builds/worker-5-tc1/source/Cargo.toml: unused manifest key: dependencies.parking_lot.feature
[INFO] [stderr]     Updating crates.io index
[INFO] [stderr]  Downloading crates ...
[INFO] [stderr]   Downloaded async-io v1.10.0
[INFO] [stderr]   Downloaded rbs v0.1.11
[INFO] [stderr]   Downloaded rbatis-macro-driver v4.0.15
[INFO] [stderr]   Downloaded polling v2.4.0
[INFO] [stderr]   Downloaded pest_generator v2.4.1
[INFO] [stderr]   Downloaded rbdc v0.1.22
[INFO] [stderr]   Downloaded pest_meta v2.4.1
[INFO] [stderr]   Downloaded compact_str v0.6.1
[INFO] [stderr]   Downloaded comfy-table v6.1.2
[INFO] [stderr]   Downloaded wg v0.3.1
[INFO] [stderr]   Downloaded pest_derive v2.4.1
[INFO] [stderr]   Downloaded async-backtrace-attributes v0.2.2
[INFO] [stderr]   Downloaded rbatis-codegen v4.0.24
[INFO] [stderr]   Downloaded fastdate v0.1.30
[INFO] [stderr]   Downloaded deluge v0.1.10
[INFO] [stderr]   Downloaded rbdc-mysql v0.1.17
[INFO] [stderr]   Downloaded async-backtrace v0.2.2
[INFO] [stderr]   Downloaded stretto v0.7.1
[INFO] [stderr]   Downloaded rbatis v4.0.40
[INFO] running `Command { std: "docker" "create" "-v" "/var/lib/crater-agent-workspace/builds/worker-5-tc1/target:/opt/rustwide/target:rw,Z" "-v" "/var/lib/crater-agent-workspace/builds/worker-5-tc1/source:/opt/rustwide/workdir:ro,Z" "-v" "/var/lib/crater-agent-workspace/cargo-home:/opt/rustwide/cargo-home:ro,Z" "-v" "/var/lib/crater-agent-workspace/rustup-home:/opt/rustwide/rustup-home:ro,Z" "-e" "SOURCE_DIR=/opt/rustwide/workdir" "-e" "CARGO_TARGET_DIR=/opt/rustwide/target" "-e" "CARGO_HOME=/opt/rustwide/cargo-home" "-e" "RUSTUP_HOME=/opt/rustwide/rustup-home" "-w" "/opt/rustwide/workdir" "-m" "1610612736" "--user" "0:0" "--network" "none" "ghcr.io/rust-lang/crates-build-env/linux@sha256:2788e3201cd34a07e3172128adcd8b3090168a8e3bcc40d7c032b9dda1df7d1c" "/opt/rustwide/cargo-home/bin/cargo" "+1.75.0" "metadata" "--no-deps" "--format-version=1", kill_on_drop: false }`
[INFO] [stdout] 247384c30d11a752c5eeebc352f889170c86a51652c28a9724d2ef2a049b4f16
[INFO] running `Command { std: "docker" "start" "-a" "247384c30d11a752c5eeebc352f889170c86a51652c28a9724d2ef2a049b4f16", kill_on_drop: false }`
[INFO] running `Command { std: "docker" "inspect" "247384c30d11a752c5eeebc352f889170c86a51652c28a9724d2ef2a049b4f16", kill_on_drop: false }`
[INFO] running `Command { std: "docker" "rm" "-f" "247384c30d11a752c5eeebc352f889170c86a51652c28a9724d2ef2a049b4f16", kill_on_drop: false }`
[INFO] [stdout] 247384c30d11a752c5eeebc352f889170c86a51652c28a9724d2ef2a049b4f16
[INFO] running `Command { std: "docker" "create" "-v" "/var/lib/crater-agent-workspace/builds/worker-5-tc1/target:/opt/rustwide/target:rw,Z" "-v" "/var/lib/crater-agent-workspace/builds/worker-5-tc1/source:/opt/rustwide/workdir:ro,Z" "-v" "/var/lib/crater-agent-workspace/cargo-home:/opt/rustwide/cargo-home:ro,Z" "-v" "/var/lib/crater-agent-workspace/rustup-home:/opt/rustwide/rustup-home:ro,Z" "-e" "SOURCE_DIR=/opt/rustwide/workdir" "-e" "CARGO_TARGET_DIR=/opt/rustwide/target" "-e" "CARGO_INCREMENTAL=0" "-e" "RUST_BACKTRACE=full" "-e" "RUSTFLAGS=--cap-lints=warn" "-e" "RUSTDOCFLAGS=--cap-lints=warn" "-e" "CARGO_HOME=/opt/rustwide/cargo-home" "-e" "RUSTUP_HOME=/opt/rustwide/rustup-home" "-w" "/opt/rustwide/workdir" "-m" "1610612736" "--user" "0:0" "--network" "none" "ghcr.io/rust-lang/crates-build-env/linux@sha256:2788e3201cd34a07e3172128adcd8b3090168a8e3bcc40d7c032b9dda1df7d1c" "/opt/rustwide/cargo-home/bin/cargo" "+1.75.0" "doc" "--frozen" "--no-deps" "--document-private-items" "--message-format=json", kill_on_drop: false }`
[INFO] [stdout] a5f4996e30120895179606cea74758a2620a684d069142957ab25fc867675548
[INFO] running `Command { std: "docker" "start" "-a" "a5f4996e30120895179606cea74758a2620a684d069142957ab25fc867675548", kill_on_drop: false }`
[INFO] [stderr] warning: /opt/rustwide/workdir/Cargo.toml: file `/opt/rustwide/workdir/./src/main.rs` found to be present in multiple build targets:
[INFO] [stderr]   * `lib` target `Nebula`
[INFO] [stderr]   * `bin` target `Nebula`
[INFO] [stderr] warning: /opt/rustwide/workdir/Cargo.toml: unused manifest key: dependencies.parking_lot.feature
[INFO] [stderr]    Compiling proc-macro2 v1.0.47
[INFO] [stderr]    Compiling libc v0.2.137
[INFO] [stderr]    Compiling syn v1.0.103
[INFO] [stderr]     Checking cfg-if v1.0.0
[INFO] [stderr]    Compiling log v0.4.17
[INFO] [stderr]    Compiling cc v1.0.74
[INFO] [stderr]     Checking memchr v2.5.0
[INFO] [stderr]    Compiling serde_derive v1.0.147
[INFO] [stderr]    Compiling serde v1.0.147
[INFO] [stderr]     Checking smallvec v1.10.0
[INFO] [stderr]     Checking scopeguard v1.1.0
[INFO] [stderr]     Checking once_cell v1.16.0
[INFO] [stderr]     Checking pin-project-lite v0.2.9
[INFO] [stderr]     Checking lock_api v0.4.9
[INFO] [stderr]    Compiling futures-core v0.3.25
[INFO] [stderr]     Checking libm v0.2.5
[INFO] [stderr]    Compiling tokio v1.21.2
[INFO] [stderr]     Checking bytes v1.2.1
[INFO] [stderr]     Checking spin v0.5.2
[INFO] [stderr]     Checking typenum v1.15.0
[INFO] [stderr]     Checking futures-sink v0.3.25
[INFO] [stderr]    Compiling quote v1.0.21
[INFO] [stderr]     Checking futures-io v0.3.25
[INFO] [stderr]     Checking num-traits v0.2.15
[INFO] [stderr]     Checking parking_lot_core v0.9.4
[INFO] [stderr]     Checking getrandom v0.2.8
[INFO] [stderr]     Checking parking_lot v0.12.1
[INFO] [stderr]     Checking signal-hook-registry v1.4.0
[INFO] [stderr]     Checking mio v0.8.5
[INFO] [stderr]     Checking socket2 v0.4.7
[INFO] [stderr]     Checking num_cpus v1.14.0
[INFO] [stderr]     Checking rand_core v0.6.4
[INFO] [stderr]    Compiling serde_json v1.0.87
[INFO] [stderr]     Checking generic-array v0.14.6
[INFO] [stderr]     Checking ppv-lite86 v0.2.17
[INFO] [stderr]    Compiling futures-task v0.3.25
[INFO] [stderr]    Compiling futures-channel v0.3.25
[INFO] [stderr]     Checking slab v0.4.7
[INFO] [stderr]    Compiling futures-util v0.3.25
[INFO] [stderr]     Checking itoa v1.0.4
[INFO] [stderr]     Checking pin-utils v0.1.0
[INFO] [stderr]    Compiling regex-syntax v0.6.28
[INFO] [stderr]     Checking ryu v1.0.11
[INFO] [stderr]     Checking rand_chacha v0.3.1
[INFO] [stderr]    Compiling ring v0.16.20
[INFO] [stderr]    Compiling ahash v0.7.6
[INFO] [stderr]     Checking static_assertions v1.1.0
[INFO] [stderr]    Compiling async-trait v0.1.58
[INFO] [stderr]     Checking rand v0.8.5
[INFO] [stderr]     Checking aho-corasick v0.7.19
[INFO] [stderr]     Checking byteorder v1.4.3
[INFO] [stderr]    Compiling crossbeam-utils v0.8.12
[INFO] [stderr]     Checking bitflags v1.3.2
[INFO] [stderr]     Checking tinyvec_macros v0.1.0
[INFO] [stderr]     Checking tinyvec v1.6.0
[INFO] [stderr]     Checking num-integer v0.1.45
[INFO] [stderr]    Compiling glob v0.3.0
[INFO] [stderr]     Checking untrusted v0.7.1
[INFO] [stderr]     Checking hashbrown v0.12.3
[INFO] [stderr]    Compiling clang-sys v1.4.0
[INFO] [stderr]     Checking unicode-normalization v0.1.22
[INFO] [stderr]     Checking lexical-util v0.8.5
[INFO] [stderr]    Compiling openssl-sys v0.9.77
[INFO] [stderr]    Compiling regex v1.7.0
[INFO] [stderr]     Checking base64 v0.13.1
[INFO] [stderr]     Checking percent-encoding v2.2.0
[INFO] [stderr]     Checking unicode-bidi v0.3.8
[INFO] [stderr]     Checking form_urlencoded v1.1.0
[INFO] [stderr]     Checking idna v0.3.0
[INFO] [stderr]     Checking block-buffer v0.10.3
[INFO] [stderr]     Checking crypto-common v0.1.6
[INFO] [stderr]     Checking lazy_static v1.4.0
[INFO] [stderr]     Checking subtle v2.4.1
[INFO] [stderr]    Compiling proc-macro-hack v0.5.19
[INFO] [stderr]     Checking base64ct v1.5.3
[INFO] [stderr]    Compiling nom v7.1.1
[INFO] [stderr]     Checking crypto-bigint v0.3.2
[INFO] [stderr]     Checking env_logger v0.8.4
[INFO] [stderr]     Checking pem-rfc7468 v0.3.1
[INFO] [stderr]    Compiling frunk_proc_macro_helpers v0.1.1
[INFO] [stderr]     Checking url v2.3.1
[INFO] [stderr]     Checking digest v0.10.5
[INFO] [stderr]     Checking tracing-core v0.1.30
[INFO] [stderr]    Compiling bindgen v0.59.2
[INFO] [stderr]    Compiling rustversion v1.0.9
[INFO] [stderr]     Checking const-oid v0.7.1
[INFO] [stderr]    Compiling rustls v0.20.7
[INFO] [stderr]     Checking der v0.5.1
[INFO] [stderr]     Checking tracing v0.1.37
[INFO] [stderr]     Checking webpki v0.22.0
[INFO] [stderr]    Compiling cexpr v0.6.0
[INFO] [stderr]     Checking sct v0.7.0
[INFO] [stderr]     Checking memoffset v0.6.5
[INFO] [stderr]     Checking quickcheck v1.0.3
[INFO] [stderr]     Checking lexical-write-integer v0.8.5
[INFO] [stderr]     Checking lexical-parse-integer v0.8.6
[INFO] [stderr]     Checking rmp v0.8.11
[INFO] [stderr]    Compiling libz-sys v1.1.8
[INFO] [stderr]     Checking uuid v1.2.1
[INFO] [stderr]    Compiling num-iter v0.1.43
[INFO] [stderr]     Checking unicode-ident v1.0.5
[INFO] [stderr]     Checking cpufeatures v0.2.5
[INFO] [stderr]    Compiling crossbeam-queue v0.3.6
[INFO] [stderr]    Compiling signal-hook v0.3.14
[INFO] [stderr]     Checking zeroize v1.5.7
[INFO] [stderr]     Checking foreign-types-shared v0.1.1
[INFO] [stderr]    Compiling thiserror-impl v1.0.37
[INFO] [stderr]    Compiling tokio-macros v1.8.0
[INFO] [stderr]    Compiling futures-macro v0.3.25
[INFO] [stderr]     Checking retain_mut v0.1.9
[INFO] [stderr]    Compiling openssl v0.10.42
[INFO] [stderr]    Compiling frunk_proc_macros_impl v0.1.1
[INFO] [stderr]    Compiling thiserror v1.0.37
[INFO] [stderr]    Compiling pest v2.4.1
[INFO] [stderr]    Compiling openssl-macros v0.1.0
[INFO] [stderr]     Checking foreign-types v0.3.2
[INFO] [stderr]    Compiling pest_meta v2.4.1
[INFO] [stderr]     Checking lexical-parse-float v0.8.5
[INFO] [stderr]     Checking lexical-write-float v0.8.5
[INFO] [stderr]     Checking crossbeam-epoch v0.9.11
[INFO] [stderr]    Compiling pest_generator v2.4.1
[INFO] [stderr]     Checking spki v0.5.4
[INFO] [stderr]     Checking futures-executor v0.3.25
[INFO] [stderr]     Checking futures v0.3.25
[INFO] [stderr]     Checking crossbeam-channel v0.5.6
[INFO] [stderr]     Checking deadpool-runtime v0.1.2
[INFO] [stderr]    Compiling pest_derive v2.4.1
[INFO] [stderr]     Checking tokio-util v0.7.4
[INFO] [stderr]    Compiling subprocess v0.2.9
[INFO] [stderr]    Compiling cmake v0.1.49
[INFO] [stderr]    Compiling polling v2.4.0
[INFO] [stderr]     Checking tap v1.0.1
[INFO] [stderr]    Compiling rust_decimal v1.26.1
[INFO] [stderr]     Checking parking v2.0.0
[INFO] [stderr]     Checking ucd-trie v0.1.5
[INFO] [stderr]     Checking frunk_core v0.4.1
[INFO] [stderr]     Checking fastrand v1.8.0
[INFO] [stderr]     Checking event-listener v2.5.3
[INFO] [stderr]     Checking cache-padded v1.2.0
[INFO] [stderr]    Compiling num-bigint-dig v0.8.1
[INFO] [stderr]     Checking waker-fn v1.1.0
[INFO] [stderr]     Checking futures-lite v1.12.0
[INFO] [stderr]     Checking concurrent-queue v1.2.4
[INFO] [stderr]    Compiling native-tls v0.2.11
[INFO] [stderr]     Checking wyz v0.5.0
[INFO] [stderr]     Checking tokio-rustls v0.23.4
[INFO] [stderr]    Compiling mysql_common v0.29.1
[INFO] [stderr]     Checking pkcs8 v0.8.0
[INFO] [stderr]     Checking crossbeam-deque v0.8.2
[INFO] [stderr]     Checking lexical-core v0.8.5
[INFO] [stderr]     Checking num-bigint v0.4.3
[INFO] [stderr]     Checking radium v0.7.0
[INFO] [stderr]     Checking crc32fast v1.3.2
[INFO] [stderr]     Checking frunk_proc_macros v0.1.1
[INFO] [stderr]    Compiling frunk_derives v0.4.1
[INFO] [stderr]    Compiling pin-project-internal v1.0.12
[INFO] [stderr]     Checking sha-1 v0.10.0
[INFO] [stderr]     Checking serde_bytes v0.11.7
[INFO] [stderr]     Checking deadpool v0.9.5
[INFO] [stderr]     Checking rbs v0.1.11
[INFO] [stderr]     Checking fastdate v0.1.30
[INFO] [stderr]     Checking sha2 v0.10.6
[INFO] [stderr]     Checking webpki-roots v0.22.5
[INFO] [stderr]     Checking rustls-pemfile v1.0.1
[INFO] [stderr]     Checking hashlink v0.8.1
[INFO] [stderr]    Compiling decimal v2.1.0
[INFO] [stderr]    Compiling async-io v1.10.0
[INFO] [stderr]    Compiling atomic v0.5.1
[INFO] [stderr]     Checking arrayvec v0.7.2
[INFO] [stderr]     Checking stable_deref_trait v1.2.0
[INFO] [stderr]     Checking funty v2.0.0
[INFO] [stderr]     Checking time-core v0.1.0
[INFO] [stderr]     Checking openssl-probe v0.1.5
[INFO] [stderr]     Checking either v1.8.0
[INFO] [stderr]     Checking time v0.3.17
[INFO] [stderr]     Checking triomphe v0.1.8
[INFO] [stderr]    Compiling html_parser v0.6.3
[INFO] [stderr]     Checking pin-project v1.0.12
[INFO] [stderr]     Checking bitvec v1.0.1
[INFO] [stderr]     Checking rbdc v0.1.22
[INFO] [stderr]     Checking frunk v0.4.1
[INFO] [stderr]     Checking bigdecimal v0.3.0
[INFO] [stderr]     Checking signal-hook-mio v0.2.3
[INFO] [stderr]    Compiling rbatis-codegen v4.0.24
[INFO] [stderr]     Checking crossbeam v0.8.2
[INFO] [stderr]     Checking flate2 v1.0.24
[INFO] [stderr]     Checking lexical v6.1.1
[INFO] [stderr]     Checking pkcs1 v0.3.3
[INFO] [stderr]     Checking async-lock v2.6.0
[INFO] [stderr]     Checking combine v4.6.6
[INFO] [stderr]     Checking rustc-serialize v0.3.24
[INFO] [stderr]     Checking saturating v0.1.0
[INFO] [stderr]    Compiling anyhow v1.0.66
[INFO] [stderr]     Checking ord_subset v3.1.1
[INFO] [stderr]     Checking regex-automata v0.1.10
[INFO] [stderr]     Checking hex v0.4.3
[INFO] [stderr]     Checking bstr v0.2.17
[INFO] [stderr]    Compiling strum_macros v0.24.3
[INFO] [stderr]    Compiling rbatis-macro-driver v4.0.15
[INFO] [stderr]     Checking rsa v0.6.1
[INFO] [stderr]     Checking crossterm v0.25.0
[INFO] [stderr]     Checking tokio-native-tls v0.3.0
[INFO] [stderr]     Checking wg v0.3.1
[INFO] [stderr]     Checking itertools v0.10.5
[INFO] [stderr]     Checking async-channel v1.7.1
[INFO] [stderr]     Checking castaway v0.2.2
[INFO] [stderr]    Compiling async-backtrace-attributes v0.2.2
[INFO] [stderr]    Compiling async-stream-impl v0.3.3
[INFO] [stderr]     Checking pem v1.1.0
[INFO] [stderr]     Checking dashmap v5.4.0
[INFO] [stderr]     Checking lru v0.7.8
[INFO] [stderr]     Checking twox-hash v1.6.3
[INFO] [stderr]     Checking time v0.1.44
[INFO] [stderr]    Compiling Nebula v0.1.0 (/opt/rustwide/workdir)
[INFO] [stderr]     Checking iana-time-zone v0.1.53
[INFO] [stderr]     Checking unicode-width v0.1.10
[INFO] [stderr]     Checking same-file v1.0.6
[INFO] [stderr]     Checking rustc-hash v1.1.0
[INFO] [stderr]     Checking strum v0.24.1
[INFO] [stderr]     Checking xxhash-rust v0.8.6
[INFO] [stderr]     Checking seahash v4.1.0
[INFO] [stderr]     Checking async-backtrace v0.2.2
[INFO] [stderr]     Checking walkdir v2.3.2
[INFO] [stderr]     Checking chrono v0.4.22
[INFO] [stderr]     Checking async-stream v0.3.3
[INFO] [stderr]     Checking stretto v0.7.1
[INFO] [stderr]     Checking rbatis v4.0.40
[INFO] [stderr]     Checking compact_str v0.6.1
[INFO] [stderr]     Checking rbdc-mysql v0.1.17
[INFO] [stderr]     Checking comfy-table v6.1.2
[INFO] [stderr]     Checking opener v0.5.0
[INFO] [stderr]     Checking deluge v0.1.10
[INFO] [stderr]     Checking quick-xml v0.26.0
[INFO] [stderr]     Checking dotenv v0.15.0
[INFO] [stderr]     Checking arc-swap v1.5.1
[INFO] [stdout] error[E0554]: `#![feature]` may not be used on the stable release channel
[INFO] [stdout]  --> /opt/rustwide/cargo-home/registry/src/index.crates.io-6f17d22bba15001f/deluge-0.1.10/src/lib.rs:1:1
[INFO] [stdout]   |
[INFO] [stdout] 1 | #![feature(associated_type_defaults)]
[INFO] [stdout]   | ^^^^^^^^^^^^^^^^^^^^^^^^^^^^^^^^^^^^^
[INFO] [stdout] 
[INFO] [stdout] 
[INFO] [stdout] error[E0554]: `#![feature]` may not be used on the stable release channel
[INFO] [stdout]  --> /opt/rustwide/cargo-home/registry/src/index.crates.io-6f17d22bba15001f/deluge-0.1.10/src/lib.rs:2:1
[INFO] [stdout]   |
[INFO] [stdout] 2 | #![feature(type_alias_impl_trait)]
[INFO] [stdout]   | ^^^^^^^^^^^^^^^^^^^^^^^^^^^^^^^^^^
[INFO] [stdout] 
[INFO] [stdout] 
[INFO] [stdout] error[E0554]: `#![feature]` may not be used on the stable release channel
[INFO] [stdout]  --> /opt/rustwide/cargo-home/registry/src/index.crates.io-6f17d22bba15001f/deluge-0.1.10/src/lib.rs:3:1
[INFO] [stdout]   |
[INFO] [stdout] 3 | #![feature(const_trait_impl)]
[INFO] [stdout]   | ^^^^^^^^^^^^^^^^^^^^^^^^^^^^^
[INFO] [stdout] 
[INFO] [stdout] 
[INFO] [stdout] error[E0554]: `#![feature]` may not be used on the stable release channel
[INFO] [stdout]  --> /opt/rustwide/cargo-home/registry/src/index.crates.io-6f17d22bba15001f/deluge-0.1.10/src/lib.rs:4:1
[INFO] [stdout]   |
[INFO] [stdout] 4 | #![feature(let_chains)]
[INFO] [stdout]   | ^^^^^^^^^^^^^^^^^^^^^^^
[INFO] [stdout] 
[INFO] [stdout] 
[INFO] [stdout] error[E0554]: `#![feature]` may not be used on the stable release channel
[INFO] [stdout]  --> /opt/rustwide/cargo-home/registry/src/index.crates.io-6f17d22bba15001f/deluge-0.1.10/src/lib.rs:5:1
[INFO] [stdout]   |
[INFO] [stdout] 5 | #![feature(stmt_expr_attributes)]
[INFO] [stdout]   | ^^^^^^^^^^^^^^^^^^^^^^^^^^^^^^^^^
[INFO] [stdout] 
[INFO] [stdout] 
[INFO] [stdout] error[E0554]: `#![feature]` may not be used on the stable release channel
[INFO] [stdout]  --> /opt/rustwide/cargo-home/registry/src/index.crates.io-6f17d22bba15001f/deluge-0.1.10/src/lib.rs:6:1
[INFO] [stdout]   |
[INFO] [stdout] 6 | #![feature(extend_one)]
[INFO] [stdout]   | ^^^^^^^^^^^^^^^^^^^^^^^
[INFO] [stdout] 
[INFO] [stdout] 
[INFO] [stdout] error[E0658]: `impl Trait` in associated types is unstable
[INFO] [stdout]   --> /opt/rustwide/cargo-home/registry/src/index.crates.io-6f17d22bba15001f/deluge-0.1.10/src/helpers/preloaded_futures.rs:44:23
[INFO] [stdout]    |
[INFO] [stdout] 44 |     type Output<'x> = impl Future<Output = Option<Self::Item>> + 'x where Self: 'x;
[INFO] [stdout]    |                       ^^^^^^^^^^^^^^^^^^^^^^^^^^^^^^^^^^^^^^^^^^^^^
[INFO] [stdout]    |
[INFO] [stdout]    = note: see issue #63063 <https://github.com/rust-lang/rust/issues/63063> for more information
[INFO] [stdout] 
[INFO] [stdout] 
[INFO] [stdout] error[E0658]: `impl Trait` in associated types is unstable
[INFO] [stdout]   --> /opt/rustwide/cargo-home/registry/src/index.crates.io-6f17d22bba15001f/deluge-0.1.10/src/iter.rs:27:23
[INFO] [stdout]    |
[INFO] [stdout] 27 |     type Output<'a> = impl Future<Output = Option<Self::Item>> + 'a;
[INFO] [stdout]    |                       ^^^^^^^^^^^^^^^^^^^^^^^^^^^^^^^^^^^^^^^^^^^^^
[INFO] [stdout]    |
[INFO] [stdout]    = note: see issue #63063 <https://github.com/rust-lang/rust/issues/63063> for more information
[INFO] [stdout] 
[INFO] [stdout] 
[INFO] [stdout] error[E0658]: `impl Trait` in associated types is unstable
[INFO] [stdout]   --> /opt/rustwide/cargo-home/registry/src/index.crates.io-6f17d22bba15001f/deluge-0.1.10/src/ops/chain.rs:35:23
[INFO] [stdout]    |
[INFO] [stdout] 35 |     type Output<'x> = impl Future<Output = Option<Self::Item>> + 'x where Self: 'x;
[INFO] [stdout]    |                       ^^^^^^^^^^^^^^^^^^^^^^^^^^^^^^^^^^^^^^^^^^^^^
[INFO] [stdout]    |
[INFO] [stdout]    = note: see issue #63063 <https://github.com/rust-lang/rust/issues/63063> for more information
[INFO] [stdout] 
[INFO] [stdout] 
[INFO] [stdout] error[E0658]: `impl Trait` in associated types is unstable
[INFO] [stdout]   --> /opt/rustwide/cargo-home/registry/src/index.crates.io-6f17d22bba15001f/deluge-0.1.10/src/ops/filter_map.rs:23:23
[INFO] [stdout]    |
[INFO] [stdout] 23 |     type Output<'x> = impl Future<Output = Option<Self::Item>> + 'x where Self: 'x;
[INFO] [stdout]    |                       ^^^^^^^^^^^^^^^^^^^^^^^^^^^^^^^^^^^^^^^^^^^^^
[INFO] [stdout]    |
[INFO] [stdout]    = note: see issue #63063 <https://github.com/rust-lang/rust/issues/63063> for more information
[INFO] [stdout] 
[INFO] [stdout] 
[INFO] [stdout] error[E0658]: `impl Trait` in associated types is unstable
[INFO] [stdout]   --> /opt/rustwide/cargo-home/registry/src/index.crates.io-6f17d22bba15001f/deluge-0.1.10/src/ops/map.rs:23:23
[INFO] [stdout]    |
[INFO] [stdout] 23 |     type Output<'a> = impl Future<Output = Option<Self::Item>> + 'a where Self: 'a;
[INFO] [stdout]    |                       ^^^^^^^^^^^^^^^^^^^^^^^^^^^^^^^^^^^^^^^^^^^^^
[INFO] [stdout]    |
[INFO] [stdout]    = note: see issue #63063 <https://github.com/rust-lang/rust/issues/63063> for more information
[INFO] [stdout] 
[INFO] [stdout] 
[INFO] [stdout] error[E0658]: `impl Trait` in associated types is unstable
[INFO] [stdout]   --> /opt/rustwide/cargo-home/registry/src/index.crates.io-6f17d22bba15001f/deluge-0.1.10/src/ops/take.rs:25:23
[INFO] [stdout]    |
[INFO] [stdout] 25 |     type Output<'a> = impl Future<Output = Option<Self::Item>> + 'a;
[INFO] [stdout]    |                       ^^^^^^^^^^^^^^^^^^^^^^^^^^^^^^^^^^^^^^^^^^^^^
[INFO] [stdout]    |
[INFO] [stdout]    = note: see issue #63063 <https://github.com/rust-lang/rust/issues/63063> for more information
[INFO] [stdout] 
[INFO] [stdout] 
[INFO] [stdout] error[E0658]: `impl Trait` in associated types is unstable
[INFO] [stdout]   --> /opt/rustwide/cargo-home/registry/src/index.crates.io-6f17d22bba15001f/deluge-0.1.10/src/ops/zip.rs:70:23
[INFO] [stdout]    |
[INFO] [stdout] 70 |     type Output<'x> = impl Future<Output = Option<Self::Item>> + 'x where Self: 'x;
[INFO] [stdout]    |                       ^^^^^^^^^^^^^^^^^^^^^^^^^^^^^^^^^^^^^^^^^^^^^
[INFO] [stdout]    |
[INFO] [stdout]    = note: see issue #63063 <https://github.com/rust-lang/rust/issues/63063> for more information
[INFO] [stdout] 
[INFO] [stdout] 
[INFO] [stdout] error[E0554]: `#![feature]` may not be used on the stable release channel
[INFO] [stdout]  --> /opt/rustwide/cargo-home/registry/src/index.crates.io-6f17d22bba15001f/deluge-0.1.10/src/lib.rs:6:12
[INFO] [stdout]   |
[INFO] [stdout] 6 | #![feature(extend_one)]
[INFO] [stdout]   |            ^^^^^^^^^^
[INFO] [stdout] 
[INFO] [stdout] 
[INFO] [stderr]     Checking whoami v1.2.3
[INFO] [stderr]     Checking mysql_async v0.30.0
[INFO] [stdout] error: aborting due to 14 previous errors
[INFO] [stdout] 
[INFO] [stdout] 
[INFO] [stdout] Some errors have detailed explanations: E0554, E0658.
[INFO] [stdout] 
[INFO] [stdout] For more information about an error, try `rustc --explain E0554`.
[INFO] [stdout] 
[INFO] [stderr] error: could not compile `deluge` (lib) due to 15 previous errors
[INFO] [stderr] warning: build failed, waiting for other jobs to finish...
[INFO] running `Command { std: "docker" "inspect" "a5f4996e30120895179606cea74758a2620a684d069142957ab25fc867675548", kill_on_drop: false }`
[INFO] running `Command { std: "docker" "rm" "-f" "a5f4996e30120895179606cea74758a2620a684d069142957ab25fc867675548", kill_on_drop: false }`
[INFO] [stdout] a5f4996e30120895179606cea74758a2620a684d069142957ab25fc867675548
[INFO] documenting SAY683/Nebula.github.io against beta-2023-12-22 for beta-1.76-rustdoc-1
[INFO] running `Command { std: "git" "clone" "/workspace/cache/git-repos/https%3A%2F%2Fgithub.com%2FSAY683%2FNebula.github.io" "/workspace/builds/worker-5-tc2/source", kill_on_drop: false }`
[INFO] [stderr] Cloning into '/workspace/builds/worker-5-tc2/source'...
[INFO] [stderr] done.
[INFO] validating manifest of git repo https://github.com/SAY683/Nebula.github.io on toolchain beta-2023-12-22
[INFO] running `Command { std: CARGO_HOME="/workspace/cargo-home" RUSTUP_HOME="/workspace/rustup-home" "/workspace/cargo-home/bin/cargo" "+beta-2023-12-22" "metadata" "--manifest-path" "Cargo.toml" "--no-deps", kill_on_drop: false }`
[INFO] started tweaking git repo https://github.com/SAY683/Nebula.github.io
[INFO] finished tweaking git repo https://github.com/SAY683/Nebula.github.io
[INFO] tweaked toml for git repo https://github.com/SAY683/Nebula.github.io written to /workspace/builds/worker-5-tc2/source/Cargo.toml
[INFO] crate git repo https://github.com/SAY683/Nebula.github.io already has a lockfile, it will not be regenerated
[INFO] running `Command { std: CARGO_HOME="/workspace/cargo-home" RUSTUP_HOME="/workspace/rustup-home" "/workspace/cargo-home/bin/cargo" "+beta-2023-12-22" "fetch" "--manifest-path" "Cargo.toml", kill_on_drop: false }`
[INFO] [stderr] warning: /workspace/builds/worker-5-tc2/source/Cargo.toml: file `/workspace/builds/worker-5-tc2/source/./src/main.rs` found to be present in multiple build targets:
[INFO] [stderr]   * `lib` target `Nebula`
[INFO] [stderr]   * `bin` target `Nebula`
[INFO] [stderr] warning: /workspace/builds/worker-5-tc2/source/Cargo.toml: unused manifest key: dependencies.parking_lot.feature
[INFO] running `Command { std: "docker" "create" "-v" "/var/lib/crater-agent-workspace/builds/worker-5-tc2/target:/opt/rustwide/target:rw,Z" "-v" "/var/lib/crater-agent-workspace/builds/worker-5-tc2/source:/opt/rustwide/workdir:ro,Z" "-v" "/var/lib/crater-agent-workspace/cargo-home:/opt/rustwide/cargo-home:ro,Z" "-v" "/var/lib/crater-agent-workspace/rustup-home:/opt/rustwide/rustup-home:ro,Z" "-e" "SOURCE_DIR=/opt/rustwide/workdir" "-e" "CARGO_TARGET_DIR=/opt/rustwide/target" "-e" "CARGO_HOME=/opt/rustwide/cargo-home" "-e" "RUSTUP_HOME=/opt/rustwide/rustup-home" "-w" "/opt/rustwide/workdir" "-m" "1610612736" "--user" "0:0" "--network" "none" "ghcr.io/rust-lang/crates-build-env/linux@sha256:2788e3201cd34a07e3172128adcd8b3090168a8e3bcc40d7c032b9dda1df7d1c" "/opt/rustwide/cargo-home/bin/cargo" "+beta-2023-12-22" "metadata" "--no-deps" "--format-version=1", kill_on_drop: false }`
[INFO] [stdout] 171db7b50d0c87e01eb3ff6f3df4f32041e2f5d5c4e8fcbd88fbdcb6cb356da0
[INFO] running `Command { std: "docker" "start" "-a" "171db7b50d0c87e01eb3ff6f3df4f32041e2f5d5c4e8fcbd88fbdcb6cb356da0", kill_on_drop: false }`
[INFO] running `Command { std: "docker" "inspect" "171db7b50d0c87e01eb3ff6f3df4f32041e2f5d5c4e8fcbd88fbdcb6cb356da0", kill_on_drop: false }`
[INFO] running `Command { std: "docker" "rm" "-f" "171db7b50d0c87e01eb3ff6f3df4f32041e2f5d5c4e8fcbd88fbdcb6cb356da0", kill_on_drop: false }`
[INFO] [stdout] 171db7b50d0c87e01eb3ff6f3df4f32041e2f5d5c4e8fcbd88fbdcb6cb356da0
[INFO] running `Command { std: "docker" "create" "-v" "/var/lib/crater-agent-workspace/builds/worker-5-tc2/target:/opt/rustwide/target:rw,Z" "-v" "/var/lib/crater-agent-workspace/builds/worker-5-tc2/source:/opt/rustwide/workdir:ro,Z" "-v" "/var/lib/crater-agent-workspace/cargo-home:/opt/rustwide/cargo-home:ro,Z" "-v" "/var/lib/crater-agent-workspace/rustup-home:/opt/rustwide/rustup-home:ro,Z" "-e" "SOURCE_DIR=/opt/rustwide/workdir" "-e" "CARGO_TARGET_DIR=/opt/rustwide/target" "-e" "CARGO_INCREMENTAL=0" "-e" "RUST_BACKTRACE=full" "-e" "RUSTFLAGS=--cap-lints=warn" "-e" "RUSTDOCFLAGS=--cap-lints=warn" "-e" "CARGO_HOME=/opt/rustwide/cargo-home" "-e" "RUSTUP_HOME=/opt/rustwide/rustup-home" "-w" "/opt/rustwide/workdir" "-m" "1610612736" "--user" "0:0" "--network" "none" "ghcr.io/rust-lang/crates-build-env/linux@sha256:2788e3201cd34a07e3172128adcd8b3090168a8e3bcc40d7c032b9dda1df7d1c" "/opt/rustwide/cargo-home/bin/cargo" "+beta-2023-12-22" "doc" "--frozen" "--no-deps" "--document-private-items" "--message-format=json", kill_on_drop: false }`
[INFO] [stdout] bb158bf482aeffd426559312e68ad681ac1b2a7042f2768881e444e2455bd286
[INFO] running `Command { std: "docker" "start" "-a" "bb158bf482aeffd426559312e68ad681ac1b2a7042f2768881e444e2455bd286", kill_on_drop: false }`
[INFO] [stderr] warning: /opt/rustwide/workdir/Cargo.toml: file `/opt/rustwide/workdir/./src/main.rs` found to be present in multiple build targets:
[INFO] [stderr]   * `lib` target `Nebula`
[INFO] [stderr]   * `bin` target `Nebula`
[INFO] [stderr] warning: /opt/rustwide/workdir/Cargo.toml: unused manifest key: dependencies.parking_lot.feature
[INFO] [stderr]    Compiling proc-macro2 v1.0.47
[INFO] [stderr]    Compiling libc v0.2.137
[INFO] [stderr]    Compiling syn v1.0.103
[INFO] [stderr]     Checking cfg-if v1.0.0
[INFO] [stderr]    Compiling log v0.4.17
[INFO] [stderr]    Compiling cc v1.0.74
[INFO] [stderr]     Checking memchr v2.5.0
[INFO] [stderr]    Compiling serde_derive v1.0.147
[INFO] [stderr]    Compiling serde v1.0.147
[INFO] [stderr]     Checking once_cell v1.16.0
[INFO] [stderr]     Checking scopeguard v1.1.0
[INFO] [stderr]     Checking smallvec v1.10.0
[INFO] [stderr]     Checking pin-project-lite v0.2.9
[INFO] [stderr]     Checking lock_api v0.4.9
[INFO] [stderr]    Compiling futures-core v0.3.25
[INFO] [stderr]     Checking libm v0.2.5
[INFO] [stderr]    Compiling tokio v1.21.2
[INFO] [stderr]     Checking spin v0.5.2
[INFO] [stderr]     Checking bytes v1.2.1
[INFO] [stderr]     Checking typenum v1.15.0
[INFO] [stderr]    Compiling quote v1.0.21
[INFO] [stderr]     Checking futures-io v0.3.25
[INFO] [stderr]     Checking num-traits v0.2.15
[INFO] [stderr]     Checking parking_lot_core v0.9.4
[INFO] [stderr]     Checking getrandom v0.2.8
[INFO] [stderr]     Checking signal-hook-registry v1.4.0
[INFO] [stderr]     Checking mio v0.8.5
[INFO] [stderr]     Checking parking_lot v0.12.1
[INFO] [stderr]     Checking socket2 v0.4.7
[INFO] [stderr]     Checking num_cpus v1.14.0
[INFO] [stderr]     Checking futures-sink v0.3.25
[INFO] [stderr]     Checking generic-array v0.14.6
[INFO] [stderr]     Checking rand_core v0.6.4
[INFO] [stderr]     Checking ppv-lite86 v0.2.17
[INFO] [stderr]    Compiling futures-channel v0.3.25
[INFO] [stderr]    Compiling futures-task v0.3.25
[INFO] [stderr]    Compiling serde_json v1.0.87
[INFO] [stderr]     Checking slab v0.4.7
[INFO] [stderr]    Compiling futures-util v0.3.25
[INFO] [stderr]     Checking rand_chacha v0.3.1
[INFO] [stderr]    Compiling regex-syntax v0.6.28
[INFO] [stderr]     Checking pin-utils v0.1.0
[INFO] [stderr]     Checking itoa v1.0.4
[INFO] [stderr]     Checking ryu v1.0.11
[INFO] [stderr]    Compiling ring v0.16.20
[INFO] [stderr]    Compiling ahash v0.7.6
[INFO] [stderr]    Compiling async-trait v0.1.58
[INFO] [stderr]     Checking rand v0.8.5
[INFO] [stderr]     Checking static_assertions v1.1.0
[INFO] [stderr]     Checking aho-corasick v0.7.19
[INFO] [stderr]     Checking tinyvec_macros v0.1.0
[INFO] [stderr]    Compiling crossbeam-utils v0.8.12
[INFO] [stderr]     Checking byteorder v1.4.3
[INFO] [stderr]     Checking bitflags v1.3.2
[INFO] [stderr]     Checking tinyvec v1.6.0
[INFO] [stderr]     Checking num-integer v0.1.45
[INFO] [stderr]     Checking untrusted v0.7.1
[INFO] [stderr]     Checking hashbrown v0.12.3
[INFO] [stderr]     Checking lexical-util v0.8.5
[INFO] [stderr]    Compiling openssl-sys v0.9.77
[INFO] [stderr]     Checking unicode-normalization v0.1.22
[INFO] [stderr]     Checking base64 v0.13.1
[INFO] [stderr]     Checking percent-encoding v2.2.0
[INFO] [stderr]    Compiling regex v1.7.0
[INFO] [stderr]     Checking unicode-bidi v0.3.8
[INFO] [stderr]     Checking form_urlencoded v1.1.0
[INFO] [stderr]     Checking idna v0.3.0
[INFO] [stderr]     Checking crypto-common v0.1.6
[INFO] [stderr]     Checking block-buffer v0.10.3
[INFO] [stderr]     Checking lazy_static v1.4.0
[INFO] [stderr]     Checking subtle v2.4.1
[INFO] [stderr]    Compiling proc-macro-hack v0.5.19
[INFO] [stderr]     Checking base64ct v1.5.3
[INFO] [stderr]     Checking pem-rfc7468 v0.3.1
[INFO] [stderr]     Checking env_logger v0.8.4
[INFO] [stderr]     Checking crypto-bigint v0.3.2
[INFO] [stderr]    Compiling frunk_proc_macro_helpers v0.1.1
[INFO] [stderr]     Checking digest v0.10.5
[INFO] [stderr]     Checking url v2.3.1
[INFO] [stderr]     Checking tracing-core v0.1.30
[INFO] [stderr]    Compiling bindgen v0.59.2
[INFO] [stderr]    Compiling rustls v0.20.7
[INFO] [stderr]     Checking const-oid v0.7.1
[INFO] [stderr]     Checking der v0.5.1
[INFO] [stderr]     Checking tracing v0.1.37
[INFO] [stderr]    Compiling clang-sys v1.4.0
[INFO] [stderr]     Checking webpki v0.22.0
[INFO] [stderr]     Checking sct v0.7.0
[INFO] [stderr]     Checking memoffset v0.6.5
[INFO] [stderr]     Checking quickcheck v1.0.3
[INFO] [stderr]     Checking lexical-parse-integer v0.8.6
[INFO] [stderr]     Checking lexical-write-integer v0.8.5
[INFO] [stderr]     Checking rmp v0.8.11
[INFO] [stderr]    Compiling libz-sys v1.1.8
[INFO] [stderr]     Checking uuid v1.2.1
[INFO] [stderr]    Compiling num-iter v0.1.43
[INFO] [stderr]     Checking retain_mut v0.1.9
[INFO] [stderr]     Checking cpufeatures v0.2.5
[INFO] [stderr]    Compiling crossbeam-queue v0.3.6
[INFO] [stderr]    Compiling openssl v0.10.42
[INFO] [stderr]     Checking unicode-ident v1.0.5
[INFO] [stderr]    Compiling signal-hook v0.3.14
[INFO] [stderr]     Checking zeroize v1.5.7
[INFO] [stderr]     Checking foreign-types-shared v0.1.1
[INFO] [stderr]     Checking foreign-types v0.3.2
[INFO] [stderr]     Checking lexical-write-float v0.8.5
[INFO] [stderr]     Checking lexical-parse-float v0.8.5
[INFO] [stderr]    Compiling thiserror-impl v1.0.37
[INFO] [stderr]    Compiling tokio-macros v1.8.0
[INFO] [stderr]    Compiling futures-macro v0.3.25
[INFO] [stderr]    Compiling openssl-macros v0.1.0
[INFO] [stderr]    Compiling frunk_proc_macros_impl v0.1.1
[INFO] [stderr]    Compiling thiserror v1.0.37
[INFO] [stderr]    Compiling pest v2.4.1
[INFO] [stderr]     Checking crossbeam-epoch v0.9.11
[INFO] [stderr]     Checking spki v0.5.4
[INFO] [stderr]    Compiling pest_meta v2.4.1
[INFO] [stderr]     Checking crossbeam-channel v0.5.6
[INFO] [stderr]    Compiling subprocess v0.2.9
[INFO] [stderr]    Compiling pest_generator v2.4.1
[INFO] [stderr]    Compiling cmake v0.1.49
[INFO] [stderr]    Compiling polling v2.4.0
[INFO] [stderr]     Checking futures-executor v0.3.25
[INFO] [stderr]     Checking futures v0.3.25
[INFO] [stderr]     Checking waker-fn v1.1.0
[INFO] [stderr]     Checking ucd-trie v0.1.5
[INFO] [stderr]     Checking frunk_core v0.4.1
[INFO] [stderr]     Checking cache-padded v1.2.0
[INFO] [stderr]    Compiling rust_decimal v1.26.1
[INFO] [stderr]     Checking parking v2.0.0
[INFO] [stderr]     Checking deadpool-runtime v0.1.2
[INFO] [stderr]     Checking tokio-util v0.7.4
[INFO] [stderr]    Compiling pest_derive v2.4.1
[INFO] [stderr]     Checking event-listener v2.5.3
[INFO] [stderr]    Compiling num-bigint-dig v0.8.1
[INFO] [stderr]     Checking tap v1.0.1
[INFO] [stderr]     Checking fastrand v1.8.0
[INFO] [stderr]    Compiling native-tls v0.2.11
[INFO] [stderr]     Checking wyz v0.5.0
[INFO] [stderr]     Checking tokio-rustls v0.23.4
[INFO] [stderr]     Checking futures-lite v1.12.0
[INFO] [stderr]     Checking concurrent-queue v1.2.4
[INFO] [stderr]     Checking pkcs8 v0.8.0
[INFO] [stderr]     Checking crossbeam-deque v0.8.2
[INFO] [stderr]    Compiling mysql_common v0.29.1
[INFO] [stderr]     Checking lexical-core v0.8.5
[INFO] [stderr]    Compiling frunk_derives v0.4.1
[INFO] [stderr]    Compiling pin-project-internal v1.0.12
[INFO] [stderr]     Checking frunk_proc_macros v0.1.1
[INFO] [stderr]     Checking num-bigint v0.4.3
[INFO] [stderr]     Checking radium v0.7.0
[INFO] [stderr]     Checking crc32fast v1.3.2
[INFO] [stderr]     Checking sha2 v0.10.6
[INFO] [stderr]     Checking sha-1 v0.10.0
[INFO] [stderr]     Checking webpki-roots v0.22.5
[INFO] [stderr]     Checking serde_bytes v0.11.7
[INFO] [stderr]     Checking deadpool v0.9.5
[INFO] [stderr]     Checking fastdate v0.1.30
[INFO] [stderr]     Checking rbs v0.1.11
[INFO] [stderr]     Checking rustls-pemfile v1.0.1
[INFO] [stderr]     Checking hashlink v0.8.1
[INFO] [stderr]    Compiling decimal v2.1.0
[INFO] [stderr]    Compiling async-io v1.10.0
[INFO] [stderr]    Compiling atomic v0.5.1
[INFO] [stderr]     Checking stable_deref_trait v1.2.0
[INFO] [stderr]     Checking either v1.8.0
[INFO] [stderr]     Checking funty v2.0.0
[INFO] [stderr]     Checking openssl-probe v0.1.5
[INFO] [stderr]     Checking arrayvec v0.7.2
[INFO] [stderr]     Checking time-core v0.1.0
[INFO] [stderr]     Checking time v0.3.17
[INFO] [stderr]     Checking pin-project v1.0.12
[INFO] [stderr]     Checking rbdc v0.1.22
[INFO] [stderr]     Checking html_parser v0.6.3
[INFO] [stderr]     Checking triomphe v0.1.8
[INFO] [stderr]     Checking bitvec v1.0.1
[INFO] [stderr]     Checking bigdecimal v0.3.0
[INFO] [stderr]     Checking signal-hook-mio v0.2.3
[INFO] [stderr]     Checking frunk v0.4.1
[INFO] [stderr]     Checking flate2 v1.0.24
[INFO] [stderr]     Checking crossbeam v0.8.2
[INFO] [stderr]    Compiling rbatis-codegen v4.0.24
[INFO] [stderr]     Checking async-lock v2.6.0
[INFO] [stderr]     Checking lexical v6.1.1
[INFO] [stderr]     Checking pkcs1 v0.3.3
[INFO] [stderr]     Checking combine v4.6.6
[INFO] [stderr]     Checking rustc-serialize v0.3.24
[INFO] [stdout] error[E0310]: the parameter type `T` may not live long enough
[INFO] [stdout]     --> /opt/rustwide/cargo-home/registry/src/index.crates.io-6f17d22bba15001f/rustc-serialize-0.3.24/src/serialize.rs:1155:5
[INFO] [stdout]      |
[INFO] [stdout] 1155 |     fn decode<D: Decoder>(d: &mut D) -> Result<Cow<'static, T>, D::Error> {
[INFO] [stdout]      |     ^^^^^^^^^^^^^^^^^^^^^^^^^^^^^^^^^^^^^^^^^^^^^^^^^^^^^^^^^^^^^^^^^^^^^
[INFO] [stdout]      |     |
[INFO] [stdout]      |     the parameter type `T` must be valid for the static lifetime...
[INFO] [stdout]      |     ...so that the type `T` will meet its required lifetime bounds...
[INFO] [stdout]      |
[INFO] [stdout] note: ...that is required by this bound
[INFO] [stdout]     --> /rustc/0e09125c6c3c2fd70d7de961bcf0e51575235fad/library/alloc/src/borrow.rs:180:30
[INFO] [stdout] help: consider adding an explicit lifetime bound
[INFO] [stdout]      |
[INFO] [stdout] 1151 | impl<'a, T: ?Sized + 'static> Decodable for Cow<'a, T>
[INFO] [stdout]      |                    +++++++++
[INFO] [stdout] 
[INFO] [stdout] 
[INFO] [stderr]    Compiling anyhow v1.0.66
[INFO] [stderr]     Checking saturating v0.1.0
[INFO] [stderr]     Checking regex-automata v0.1.10
[INFO] [stderr]     Checking hex v0.4.3
[INFO] [stderr]     Checking ord_subset v3.1.1
[INFO] [stdout] error: aborting due to 1 previous error
[INFO] [stdout] 
[INFO] [stdout] 
[INFO] [stdout] For more information about this error, try `rustc --explain E0310`.
[INFO] [stdout] 
[INFO] [stderr] error: could not compile `rustc-serialize` (lib) due to 2 previous errors
[INFO] [stderr] warning: build failed, waiting for other jobs to finish...
[INFO] running `Command { std: "docker" "inspect" "bb158bf482aeffd426559312e68ad681ac1b2a7042f2768881e444e2455bd286", kill_on_drop: false }`
[INFO] running `Command { std: "docker" "rm" "-f" "bb158bf482aeffd426559312e68ad681ac1b2a7042f2768881e444e2455bd286", kill_on_drop: false }`
[INFO] [stdout] bb158bf482aeffd426559312e68ad681ac1b2a7042f2768881e444e2455bd286
