[INFO] cloning repository https://github.com/SARDONYX-sard/rv32imac-os
[INFO] running `Command { std: "git" "-c" "credential.helper=" "-c" "credential.helper=/workspace/cargo-home/bin/git-credential-null" "clone" "--bare" "https://github.com/SARDONYX-sard/rv32imac-os" "/workspace/cache/git-repos/https%3A%2F%2Fgithub.com%2FSARDONYX-sard%2Frv32imac-os", kill_on_drop: false }`
[INFO] [stderr] Cloning into bare repository '/workspace/cache/git-repos/https%3A%2F%2Fgithub.com%2FSARDONYX-sard%2Frv32imac-os'...
[INFO] running `Command { std: "git" "rev-parse" "HEAD", kill_on_drop: false }`
[INFO] [stdout] dac6a3a4044a6496b938ca236e953b21756d34ab
[INFO] documenting SARDONYX-sard/rv32imac-os against 1.75.0 for beta-1.76-rustdoc-1
[INFO] running `Command { std: "git" "clone" "/workspace/cache/git-repos/https%3A%2F%2Fgithub.com%2FSARDONYX-sard%2Frv32imac-os" "/workspace/builds/worker-6-tc1/source", kill_on_drop: false }`
[INFO] [stderr] Cloning into '/workspace/builds/worker-6-tc1/source'...
[INFO] [stderr] done.
[INFO] validating manifest of git repo https://github.com/SARDONYX-sard/rv32imac-os on toolchain 1.75.0
[INFO] running `Command { std: CARGO_HOME="/workspace/cargo-home" RUSTUP_HOME="/workspace/rustup-home" "/workspace/cargo-home/bin/cargo" "+1.75.0" "metadata" "--manifest-path" "Cargo.toml" "--no-deps", kill_on_drop: false }`
[INFO] removed /workspace/builds/worker-6-tc1/source/.cargo/config.toml
[INFO] removed /workspace/builds/worker-6-tc1/source/rust-toolchain.toml
[INFO] started tweaking git repo https://github.com/SARDONYX-sard/rv32imac-os
[INFO] finished tweaking git repo https://github.com/SARDONYX-sard/rv32imac-os
[INFO] tweaked toml for git repo https://github.com/SARDONYX-sard/rv32imac-os written to /workspace/builds/worker-6-tc1/source/Cargo.toml
[INFO] crate git repo https://github.com/SARDONYX-sard/rv32imac-os already has a lockfile, it will not be regenerated
[INFO] running `Command { std: CARGO_HOME="/workspace/cargo-home" RUSTUP_HOME="/workspace/rustup-home" "/workspace/cargo-home/bin/cargo" "+1.75.0" "fetch" "--manifest-path" "Cargo.toml", kill_on_drop: false }`
[INFO] running `Command { std: "docker" "create" "-v" "/var/lib/crater-agent-workspace/builds/worker-6-tc1/target:/opt/rustwide/target:rw,Z" "-v" "/var/lib/crater-agent-workspace/builds/worker-6-tc1/source:/opt/rustwide/workdir:ro,Z" "-v" "/var/lib/crater-agent-workspace/cargo-home:/opt/rustwide/cargo-home:ro,Z" "-v" "/var/lib/crater-agent-workspace/rustup-home:/opt/rustwide/rustup-home:ro,Z" "-e" "SOURCE_DIR=/opt/rustwide/workdir" "-e" "CARGO_TARGET_DIR=/opt/rustwide/target" "-e" "CARGO_HOME=/opt/rustwide/cargo-home" "-e" "RUSTUP_HOME=/opt/rustwide/rustup-home" "-w" "/opt/rustwide/workdir" "-m" "1610612736" "--user" "0:0" "--network" "none" "ghcr.io/rust-lang/crates-build-env/linux@sha256:2788e3201cd34a07e3172128adcd8b3090168a8e3bcc40d7c032b9dda1df7d1c" "/opt/rustwide/cargo-home/bin/cargo" "+1.75.0" "metadata" "--no-deps" "--format-version=1", kill_on_drop: false }`
[INFO] [stdout] 0094ebbdc9a85804ba975e71c379322332deae993dea55c0278cbae0216e040f
[INFO] running `Command { std: "docker" "start" "-a" "0094ebbdc9a85804ba975e71c379322332deae993dea55c0278cbae0216e040f", kill_on_drop: false }`
[INFO] running `Command { std: "docker" "inspect" "0094ebbdc9a85804ba975e71c379322332deae993dea55c0278cbae0216e040f", kill_on_drop: false }`
[INFO] running `Command { std: "docker" "rm" "-f" "0094ebbdc9a85804ba975e71c379322332deae993dea55c0278cbae0216e040f", kill_on_drop: false }`
[INFO] [stdout] 0094ebbdc9a85804ba975e71c379322332deae993dea55c0278cbae0216e040f
[INFO] running `Command { std: "docker" "create" "-v" "/var/lib/crater-agent-workspace/builds/worker-6-tc1/target:/opt/rustwide/target:rw,Z" "-v" "/var/lib/crater-agent-workspace/builds/worker-6-tc1/source:/opt/rustwide/workdir:ro,Z" "-v" "/var/lib/crater-agent-workspace/cargo-home:/opt/rustwide/cargo-home:ro,Z" "-v" "/var/lib/crater-agent-workspace/rustup-home:/opt/rustwide/rustup-home:ro,Z" "-e" "SOURCE_DIR=/opt/rustwide/workdir" "-e" "CARGO_TARGET_DIR=/opt/rustwide/target" "-e" "CARGO_INCREMENTAL=0" "-e" "RUST_BACKTRACE=full" "-e" "RUSTFLAGS=--cap-lints=warn" "-e" "RUSTDOCFLAGS=--cap-lints=warn" "-e" "CARGO_HOME=/opt/rustwide/cargo-home" "-e" "RUSTUP_HOME=/opt/rustwide/rustup-home" "-w" "/opt/rustwide/workdir" "-m" "1610612736" "--user" "0:0" "--network" "none" "ghcr.io/rust-lang/crates-build-env/linux@sha256:2788e3201cd34a07e3172128adcd8b3090168a8e3bcc40d7c032b9dda1df7d1c" "/opt/rustwide/cargo-home/bin/cargo" "+1.75.0" "doc" "--frozen" "--no-deps" "--document-private-items" "--message-format=json", kill_on_drop: false }`
[INFO] [stdout] 1fcef03f0c37b670f7e666f26d68f26d6aa435c2448ecd269b33fa0698f275b3
[INFO] running `Command { std: "docker" "start" "-a" "1fcef03f0c37b670f7e666f26d68f26d6aa435c2448ecd269b33fa0698f275b3", kill_on_drop: false }`
[INFO] [stderr]    Compiling OS1000line v0.1.0 (/opt/rustwide/workdir)
[INFO] [stderr]     Checking os_1000line_kernel v0.1.0 (/opt/rustwide/workdir/src/kernel)
[INFO] [stdout] error[E0554]: `#![feature]` may not be used on the stable release channel
[INFO] [stdout]  --> src/kernel/lib.rs:2:1
[INFO] [stdout]   |
[INFO] [stdout] 2 | #![feature(naked_functions)]
[INFO] [stdout]   | ^^^^^^^^^^^^^^^^^^^^^^^^^^^^
[INFO] [stdout] 
[INFO] [stdout] 
[INFO] [stdout] error[E0554]: `#![feature]` may not be used on the stable release channel
[INFO] [stdout]  --> src/kernel/lib.rs:3:1
[INFO] [stdout]   |
[INFO] [stdout] 3 | #![feature(asm_const)]
[INFO] [stdout]   | ^^^^^^^^^^^^^^^^^^^^^^
[INFO] [stdout] 
[INFO] [stdout] 
[INFO] [stdout] error[E0554]: `#![feature]` may not be used on the stable release channel
[INFO] [stdout]  --> src/kernel/lib.rs:4:1
[INFO] [stdout]   |
[INFO] [stdout] 4 | #![feature(fn_align)]
[INFO] [stdout]   | ^^^^^^^^^^^^^^^^^^^^^
[INFO] [stdout] 
[INFO] [stdout] 
[INFO] [stdout] error: aborting due to 3 previous errors
[INFO] [stdout] 
[INFO] [stdout] 
[INFO] [stdout] For more information about this error, try `rustc --explain E0554`.
[INFO] [stdout] 
[INFO] [stderr] error: could not compile `os_1000line_kernel` (lib) due to 4 previous errors
[INFO] [stderr] warning: build failed, waiting for other jobs to finish...
[INFO] running `Command { std: "docker" "inspect" "1fcef03f0c37b670f7e666f26d68f26d6aa435c2448ecd269b33fa0698f275b3", kill_on_drop: false }`
[INFO] running `Command { std: "docker" "rm" "-f" "1fcef03f0c37b670f7e666f26d68f26d6aa435c2448ecd269b33fa0698f275b3", kill_on_drop: false }`
[INFO] [stdout] 1fcef03f0c37b670f7e666f26d68f26d6aa435c2448ecd269b33fa0698f275b3
