[INFO] cloning repository https://github.com/RyoAsano/sockets_api
[INFO] running `Command { std: "git" "-c" "credential.helper=" "-c" "credential.helper=/workspace/cargo-home/bin/git-credential-null" "clone" "--bare" "https://github.com/RyoAsano/sockets_api" "/workspace/cache/git-repos/https%3A%2F%2Fgithub.com%2FRyoAsano%2Fsockets_api", kill_on_drop: false }`
[INFO] [stderr] Cloning into bare repository '/workspace/cache/git-repos/https%3A%2F%2Fgithub.com%2FRyoAsano%2Fsockets_api'...
[INFO] running `Command { std: "git" "rev-parse" "HEAD", kill_on_drop: false }`
[INFO] [stdout] 558d105cb51b1317b059e350a4ac02d3cdaf6e07
[INFO] documenting RyoAsano/sockets_api against 1.75.0 for beta-1.76-rustdoc-1
[INFO] running `Command { std: "git" "clone" "/workspace/cache/git-repos/https%3A%2F%2Fgithub.com%2FRyoAsano%2Fsockets_api" "/workspace/builds/worker-2-tc1/source", kill_on_drop: false }`
[INFO] [stderr] Cloning into '/workspace/builds/worker-2-tc1/source'...
[INFO] [stderr] done.
[INFO] validating manifest of git repo https://github.com/RyoAsano/sockets_api on toolchain 1.75.0
[INFO] running `Command { std: CARGO_HOME="/workspace/cargo-home" RUSTUP_HOME="/workspace/rustup-home" "/workspace/cargo-home/bin/cargo" "+1.75.0" "metadata" "--manifest-path" "Cargo.toml" "--no-deps", kill_on_drop: false }`
[INFO] started tweaking git repo https://github.com/RyoAsano/sockets_api
[INFO] finished tweaking git repo https://github.com/RyoAsano/sockets_api
[INFO] tweaked toml for git repo https://github.com/RyoAsano/sockets_api written to /workspace/builds/worker-2-tc1/source/Cargo.toml
[INFO] crate git repo https://github.com/RyoAsano/sockets_api already has a lockfile, it will not be regenerated
[INFO] running `Command { std: CARGO_HOME="/workspace/cargo-home" RUSTUP_HOME="/workspace/rustup-home" "/workspace/cargo-home/bin/cargo" "+1.75.0" "fetch" "--manifest-path" "Cargo.toml", kill_on_drop: false }`
[INFO] running `Command { std: "docker" "create" "-v" "/var/lib/crater-agent-workspace/builds/worker-2-tc1/target:/opt/rustwide/target:rw,Z" "-v" "/var/lib/crater-agent-workspace/builds/worker-2-tc1/source:/opt/rustwide/workdir:ro,Z" "-v" "/var/lib/crater-agent-workspace/cargo-home:/opt/rustwide/cargo-home:ro,Z" "-v" "/var/lib/crater-agent-workspace/rustup-home:/opt/rustwide/rustup-home:ro,Z" "-e" "SOURCE_DIR=/opt/rustwide/workdir" "-e" "CARGO_TARGET_DIR=/opt/rustwide/target" "-e" "CARGO_HOME=/opt/rustwide/cargo-home" "-e" "RUSTUP_HOME=/opt/rustwide/rustup-home" "-w" "/opt/rustwide/workdir" "-m" "1610612736" "--user" "0:0" "--network" "none" "ghcr.io/rust-lang/crates-build-env/linux@sha256:2788e3201cd34a07e3172128adcd8b3090168a8e3bcc40d7c032b9dda1df7d1c" "/opt/rustwide/cargo-home/bin/cargo" "+1.75.0" "metadata" "--no-deps" "--format-version=1", kill_on_drop: false }`
[INFO] [stdout] bbe913d25a80ce132fbbffe30ad395221b3e764312971acd0414e3b4fdf81136
[INFO] running `Command { std: "docker" "start" "-a" "bbe913d25a80ce132fbbffe30ad395221b3e764312971acd0414e3b4fdf81136", kill_on_drop: false }`
[INFO] running `Command { std: "docker" "inspect" "bbe913d25a80ce132fbbffe30ad395221b3e764312971acd0414e3b4fdf81136", kill_on_drop: false }`
[INFO] running `Command { std: "docker" "rm" "-f" "bbe913d25a80ce132fbbffe30ad395221b3e764312971acd0414e3b4fdf81136", kill_on_drop: false }`
[INFO] [stdout] bbe913d25a80ce132fbbffe30ad395221b3e764312971acd0414e3b4fdf81136
[INFO] running `Command { std: "docker" "create" "-v" "/var/lib/crater-agent-workspace/builds/worker-2-tc1/target:/opt/rustwide/target:rw,Z" "-v" "/var/lib/crater-agent-workspace/builds/worker-2-tc1/source:/opt/rustwide/workdir:ro,Z" "-v" "/var/lib/crater-agent-workspace/cargo-home:/opt/rustwide/cargo-home:ro,Z" "-v" "/var/lib/crater-agent-workspace/rustup-home:/opt/rustwide/rustup-home:ro,Z" "-e" "SOURCE_DIR=/opt/rustwide/workdir" "-e" "CARGO_TARGET_DIR=/opt/rustwide/target" "-e" "CARGO_INCREMENTAL=0" "-e" "RUST_BACKTRACE=full" "-e" "RUSTFLAGS=--cap-lints=warn" "-e" "RUSTDOCFLAGS=--cap-lints=warn" "-e" "CARGO_HOME=/opt/rustwide/cargo-home" "-e" "RUSTUP_HOME=/opt/rustwide/rustup-home" "-w" "/opt/rustwide/workdir" "-m" "1610612736" "--user" "0:0" "--network" "none" "ghcr.io/rust-lang/crates-build-env/linux@sha256:2788e3201cd34a07e3172128adcd8b3090168a8e3bcc40d7c032b9dda1df7d1c" "/opt/rustwide/cargo-home/bin/cargo" "+1.75.0" "doc" "--frozen" "--no-deps" "--document-private-items" "--message-format=json", kill_on_drop: false }`
[INFO] [stdout] 2216318b4d9fa3dae5b23311a2ba4bfb9edd8e3ac6eb1984e2be51a161934da8
[INFO] running `Command { std: "docker" "start" "-a" "2216318b4d9fa3dae5b23311a2ba4bfb9edd8e3ac6eb1984e2be51a161934da8", kill_on_drop: false }`
[INFO] [stderr]    Compiling libc v0.2.147
[INFO] [stderr]     Checking log v0.4.19
[INFO] [stderr]     Checking socket2 v0.5.3
[INFO] [stderr]     Checking sockets_api v0.1.0 (/opt/rustwide/workdir)
[INFO] [stderr]  Documenting sockets_api v0.1.0 (/opt/rustwide/workdir)
[INFO] [stdout] error[E0425]: cannot find value `AF_LINK` in crate `libc`
[INFO] [stdout]  --> src/api/addr/safamily.rs:7:20
[INFO] [stdout]   |
[INFO] [stdout] 7 |     AfLink = libc::AF_LINK,
[INFO] [stdout]   |                    ^^^^^^^ not found in `libc`
[INFO] [stdout] 
[INFO] [stdout] 
[INFO] [stdout] error[E0425]: cannot find value `AF_LINK` in crate `libc`
[INFO] [stdout]  --> src/api/addr/safamily.rs:7:20
[INFO] [stdout]   |
[INFO] [stdout] 7 |     AfLink = libc::AF_LINK,
[INFO] [stdout]   |                    ^^^^^^^ not found in `libc`
[INFO] [stdout] 
[INFO] [stdout] 
[INFO] [stdout] error[E0433]: failed to resolve: could not resolve path `libc::AF_LINK`
[INFO] [stdout]  --> src/api/addr/safamily.rs:7:14
[INFO] [stdout]   |
[INFO] [stdout] 7 |     AfLink = libc::AF_LINK,
[INFO] [stdout]   |              ^^^^^^^^^^^^^ could not resolve path `libc::AF_LINK`
[INFO] [stdout]   |
[INFO] [stdout]   = note: this error was originally ignored because you are running `rustdoc`
[INFO] [stdout]   = note: try running again with `rustc` or `cargo check` and you may get a more detailed error
[INFO] [stdout] 
[INFO] [stdout] 
[INFO] [stdout] error[E0081]: discriminant value `2` assigned more than once
[INFO] [stdout]  --> src/api/addr/safamily.rs:3:1
[INFO] [stdout]   |
[INFO] [stdout] 3 | pub enum SAFamily {
[INFO] [stdout]   | ^^^^^^^^^^^^^^^^^
[INFO] [stdout] 4 |     AfInet = libc::AF_INET,
[INFO] [stdout]   |              ------------- `2` assigned here
[INFO] [stdout] ...
[INFO] [stdout] 7 |     AfLink = libc::AF_LINK,
[INFO] [stdout]   |              ------------- `2` assigned here
[INFO] [stdout] 
[INFO] [stdout] 
[INFO] [stdout] error[E0081]: discriminant value `2` assigned more than once
[INFO] [stdout]  --> src/api/addr/safamily.rs:3:1
[INFO] [stdout]   |
[INFO] [stdout] 3 | pub enum SAFamily {
[INFO] [stdout]   | ^^^^^^^^^^^^^^^^^
[INFO] [stdout] 4 |     AfInet = libc::AF_INET,
[INFO] [stdout]   |              ------------- `2` assigned here
[INFO] [stdout] ...
[INFO] [stdout] 7 |     AfLink = libc::AF_LINK,
[INFO] [stdout]   |              ------------- `2` assigned here
[INFO] [stdout] 
[INFO] [stdout] 
[INFO] [stdout] error: aborting due to 3 previous errors
[INFO] [stdout] 
[INFO] [stdout] 
[INFO] [stdout] Some errors have detailed explanations: E0081, E0425, E0433.
[INFO] [stdout] 
[INFO] [stdout] For more information about an error, try `rustc --explain E0081`.
[INFO] [stdout] 
[INFO] [stderr] error: could not document `sockets_api`
[INFO] [stderr] 
[INFO] [stderr] Caused by:
[INFO] [stderr]   process didn't exit successfully: `/opt/rustwide/rustup-home/toolchains/1.75.0-x86_64-unknown-linux-gnu/bin/rustdoc --edition=2021 --crate-type lib --crate-name sockets_api src/lib.rs -o /opt/rustwide/target/doc --error-format=json --json=diagnostic-rendered-ansi,artifacts,future-incompat --document-private-items -C metadata=c835dd49e7ec7d2b -L dependency=/opt/rustwide/target/debug/deps --extern libc=/opt/rustwide/target/debug/deps/liblibc-e14274eab64b2805.rmeta --extern log=/opt/rustwide/target/debug/deps/liblog-7fa3ce7c91dd0018.rmeta --extern socket2=/opt/rustwide/target/debug/deps/libsocket2-7799da30fcc1662f.rmeta --cap-lints=warn --crate-version 0.1.0` (exit status: 1)
[INFO] [stderr] warning: build failed, waiting for other jobs to finish...
[INFO] [stdout] error[E0308]: mismatched types
[INFO] [stdout]   --> src/api/addr/sockaddr_in.rs:58:39
[INFO] [stdout]    |
[INFO] [stdout] 58 |         self.sockaddr_in.sin_family = af as u8;
[INFO] [stdout]    |         ---------------------------   ^^^^^^^^ expected `u16`, found `u8`
[INFO] [stdout]    |         |
[INFO] [stdout]    |         expected due to the type of this binding
[INFO] [stdout] 
[INFO] [stdout] 
[INFO] [stdout] error: aborting due to 3 previous errors
[INFO] [stdout] 
[INFO] [stdout] 
[INFO] [stdout] Some errors have detailed explanations: E0081, E0308, E0425.
[INFO] [stdout] 
[INFO] [stdout] For more information about an error, try `rustc --explain E0081`.
[INFO] [stdout] 
[INFO] [stderr] error: could not compile `sockets_api` (lib) due to 4 previous errors
[INFO] running `Command { std: "docker" "inspect" "2216318b4d9fa3dae5b23311a2ba4bfb9edd8e3ac6eb1984e2be51a161934da8", kill_on_drop: false }`
[INFO] running `Command { std: "docker" "rm" "-f" "2216318b4d9fa3dae5b23311a2ba4bfb9edd8e3ac6eb1984e2be51a161934da8", kill_on_drop: false }`
[INFO] [stdout] 2216318b4d9fa3dae5b23311a2ba4bfb9edd8e3ac6eb1984e2be51a161934da8
