[INFO] cloning repository https://github.com/Ryman/nickel-todo-backend
[INFO] running `Command { std: "git" "-c" "credential.helper=" "-c" "credential.helper=/workspace/cargo-home/bin/git-credential-null" "clone" "--bare" "https://github.com/Ryman/nickel-todo-backend" "/workspace/cache/git-repos/https%3A%2F%2Fgithub.com%2FRyman%2Fnickel-todo-backend", kill_on_drop: false }`
[INFO] [stderr] Cloning into bare repository '/workspace/cache/git-repos/https%3A%2F%2Fgithub.com%2FRyman%2Fnickel-todo-backend'...
[INFO] running `Command { std: "git" "rev-parse" "HEAD", kill_on_drop: false }`
[INFO] [stdout] b46cad174c15a076e2f9893dd7b2ead513fcb1d2
[INFO] documenting Ryman/nickel-todo-backend against 1.75.0 for beta-1.76-rustdoc-1
[INFO] running `Command { std: "git" "clone" "/workspace/cache/git-repos/https%3A%2F%2Fgithub.com%2FRyman%2Fnickel-todo-backend" "/workspace/builds/worker-2-tc1/source", kill_on_drop: false }`
[INFO] [stderr] Cloning into '/workspace/builds/worker-2-tc1/source'...
[INFO] [stderr] done.
[INFO] validating manifest of git repo https://github.com/Ryman/nickel-todo-backend on toolchain 1.75.0
[INFO] running `Command { std: CARGO_HOME="/workspace/cargo-home" RUSTUP_HOME="/workspace/rustup-home" "/workspace/cargo-home/bin/cargo" "+1.75.0" "metadata" "--manifest-path" "Cargo.toml" "--no-deps", kill_on_drop: false }`
[INFO] started tweaking git repo https://github.com/Ryman/nickel-todo-backend
[INFO] finished tweaking git repo https://github.com/Ryman/nickel-todo-backend
[INFO] tweaked toml for git repo https://github.com/Ryman/nickel-todo-backend written to /workspace/builds/worker-2-tc1/source/Cargo.toml
[INFO] crate git repo https://github.com/Ryman/nickel-todo-backend already has a lockfile, it will not be regenerated
[INFO] running `Command { std: CARGO_HOME="/workspace/cargo-home" RUSTUP_HOME="/workspace/rustup-home" "/workspace/cargo-home/bin/cargo" "+1.75.0" "fetch" "--manifest-path" "Cargo.toml", kill_on_drop: false }`
[INFO] [stderr]     Updating git repository `https://github.com/nickel-org/nickel-postgres.git`
[INFO] [stderr]  Downloading crates ...
[INFO] [stderr]   Downloaded regex v0.1.41
[INFO] [stderr]   Downloaded phf_generator v0.7.7
[INFO] [stderr]   Downloaded r2d2_postgres v0.9.3
[INFO] [stderr]   Downloaded memchr v0.1.7
[INFO] [stderr]   Downloaded bufstream v0.1.1
[INFO] [stderr]   Downloaded language-tags v0.0.7
[INFO] [stderr]   Downloaded openssl-sys v0.6.7
[INFO] [stderr]   Downloaded cookie v0.1.21
[INFO] [stderr]   Downloaded rand v0.3.12
[INFO] [stderr]   Downloaded unicase v1.0.1
[INFO] [stderr]   Downloaded mustache v0.6.3
[INFO] [stderr]   Downloaded regex-syntax v0.2.2
[INFO] [stderr]   Downloaded aho-corasick v0.3.4
[INFO] [stderr]   Downloaded url v0.2.37
[INFO] [stderr]   Downloaded httparse v1.0.0
[INFO] [stderr]   Downloaded openssl v0.6.7
[INFO] [stderr]   Downloaded mime v0.1.0
[INFO] [stderr]   Downloaded num_cpus v0.2.7
[INFO] [stderr]   Downloaded time v0.1.34
[INFO] [stderr]   Downloaded libc v0.2.2
[INFO] [stderr]   Downloaded phf_codegen v0.7.7
[INFO] [stderr]   Downloaded phf v0.7.7
[INFO] [stderr]   Downloaded r2d2 v0.6.1
[INFO] [stderr]   Downloaded phf_shared v0.7.7
[INFO] [stderr]   Downloaded net2 v0.2.17
[INFO] [stderr]   Downloaded postgres v0.10.1
[INFO] [stderr]   Downloaded nickel v0.7.1
[INFO] [stderr]   Downloaded hyper v0.6.15
[INFO] running `Command { std: "docker" "create" "-v" "/var/lib/crater-agent-workspace/builds/worker-2-tc1/target:/opt/rustwide/target:rw,Z" "-v" "/var/lib/crater-agent-workspace/builds/worker-2-tc1/source:/opt/rustwide/workdir:ro,Z" "-v" "/var/lib/crater-agent-workspace/cargo-home:/opt/rustwide/cargo-home:ro,Z" "-v" "/var/lib/crater-agent-workspace/rustup-home:/opt/rustwide/rustup-home:ro,Z" "-e" "SOURCE_DIR=/opt/rustwide/workdir" "-e" "CARGO_TARGET_DIR=/opt/rustwide/target" "-e" "CARGO_HOME=/opt/rustwide/cargo-home" "-e" "RUSTUP_HOME=/opt/rustwide/rustup-home" "-w" "/opt/rustwide/workdir" "-m" "1610612736" "--user" "0:0" "--network" "none" "ghcr.io/rust-lang/crates-build-env/linux@sha256:2788e3201cd34a07e3172128adcd8b3090168a8e3bcc40d7c032b9dda1df7d1c" "/opt/rustwide/cargo-home/bin/cargo" "+1.75.0" "metadata" "--no-deps" "--format-version=1", kill_on_drop: false }`
[INFO] [stdout] f2b254e0705f63a6374b349ce3e545abdf44a35a3fec350b8965cf9707d8d092
[INFO] running `Command { std: "docker" "start" "-a" "f2b254e0705f63a6374b349ce3e545abdf44a35a3fec350b8965cf9707d8d092", kill_on_drop: false }`
[INFO] running `Command { std: "docker" "inspect" "f2b254e0705f63a6374b349ce3e545abdf44a35a3fec350b8965cf9707d8d092", kill_on_drop: false }`
[INFO] running `Command { std: "docker" "rm" "-f" "f2b254e0705f63a6374b349ce3e545abdf44a35a3fec350b8965cf9707d8d092", kill_on_drop: false }`
[INFO] [stdout] f2b254e0705f63a6374b349ce3e545abdf44a35a3fec350b8965cf9707d8d092
[INFO] running `Command { std: "docker" "create" "-v" "/var/lib/crater-agent-workspace/builds/worker-2-tc1/target:/opt/rustwide/target:rw,Z" "-v" "/var/lib/crater-agent-workspace/builds/worker-2-tc1/source:/opt/rustwide/workdir:ro,Z" "-v" "/var/lib/crater-agent-workspace/cargo-home:/opt/rustwide/cargo-home:ro,Z" "-v" "/var/lib/crater-agent-workspace/rustup-home:/opt/rustwide/rustup-home:ro,Z" "-e" "SOURCE_DIR=/opt/rustwide/workdir" "-e" "CARGO_TARGET_DIR=/opt/rustwide/target" "-e" "CARGO_INCREMENTAL=0" "-e" "RUST_BACKTRACE=full" "-e" "RUSTFLAGS=--cap-lints=warn" "-e" "RUSTDOCFLAGS=--cap-lints=warn" "-e" "CARGO_HOME=/opt/rustwide/cargo-home" "-e" "RUSTUP_HOME=/opt/rustwide/rustup-home" "-w" "/opt/rustwide/workdir" "-m" "1610612736" "--user" "0:0" "--network" "none" "ghcr.io/rust-lang/crates-build-env/linux@sha256:2788e3201cd34a07e3172128adcd8b3090168a8e3bcc40d7c032b9dda1df7d1c" "/opt/rustwide/cargo-home/bin/cargo" "+1.75.0" "doc" "--frozen" "--no-deps" "--document-private-items" "--message-format=json", kill_on_drop: false }`
[INFO] [stdout] 7ec8aa022577f360fcf344d0fba2ad5c1633c8d60c277d63a56731aca058d9fd
[INFO] running `Command { std: "docker" "start" "-a" "7ec8aa022577f360fcf344d0fba2ad5c1633c8d60c277d63a56731aca058d9fd", kill_on_drop: false }`
[INFO] [stderr]    Compiling winapi-build v0.1.1
[INFO] [stderr]     Checking libc v0.1.12
[INFO] [stderr]     Checking libc v0.2.2
[INFO] [stderr]     Checking winapi v0.2.5
[INFO] [stderr]    Compiling gcc v0.3.19
[INFO] [stderr]    Compiling pkg-config v0.3.6
[INFO] [stderr]     Checking rustc-serialize v0.3.16
[INFO] [stderr]     Checking bitflags v0.3.2
[INFO] [stderr]    Compiling phf_shared v0.7.7
[INFO] [stderr]     Checking lazy_static v0.1.15
[INFO] [stderr]     Checking traitobject v0.0.3
[INFO] [stderr]     Checking matches v0.1.2
[INFO] [stderr]     Checking cfg-if v0.1.0
[INFO] [stderr]     Checking language-tags v0.0.7
[INFO] [stderr]     Checking typeable v0.1.2
[INFO] [stderr]     Checking bufstream v0.1.1
[INFO] [stderr]     Checking traitobject v0.0.1
[INFO] [stderr]     Checking regex-syntax v0.2.2
[INFO] [stderr]     Checking byteorder v0.4.2
[INFO] [stderr]     Checking unsafe-any v0.4.1
[INFO] [stderr]     Checking phf v0.7.7
[INFO] [stderr]     Checking unicase v1.0.1
[INFO] [stderr]    Compiling kernel32-sys v0.2.1
[INFO] [stderr]    Compiling advapi32-sys v0.1.2
[INFO] [stderr]    Compiling ws2_32-sys v0.2.1
[INFO] [stdout] error[E0642]: patterns aren't allowed in functions without bodies
[INFO] [stdout]    --> /opt/rustwide/cargo-home/registry/src/index.crates.io-6f17d22bba15001f/rustc-serialize-0.3.16/src/serialize.rs:145:45
[INFO] [stdout]     |
[INFO] [stdout] 145 | ...                   &f_name: &str,
[INFO] [stdout]     |                       ^^^^^^^ pattern not allowed in function without body
[INFO] [stdout] 
[INFO] [stdout] 
[INFO] [stderr]     Checking httparse v1.0.0
[INFO] [stderr]     Checking typemap v0.3.3
[INFO] [stderr]     Checking log v0.3.3
[INFO] [stderr]     Checking memchr v0.1.7
[INFO] [stderr]     Checking num_cpus v0.2.7
[INFO] [stderr]     Checking groupable v0.2.0
[INFO] [stderr]     Checking modifier v0.1.0
[INFO] [stderr]     Checking aho-corasick v0.3.4
[INFO] [stderr]     Checking plugin v0.2.6
[INFO] [stderr]     Checking hpack v0.2.0
[INFO] [stderr]     Checking mime v0.1.0
[INFO] [stderr]    Compiling openssl-sys v0.6.7
[INFO] [stderr]    Compiling rand v0.3.12
[INFO] [stderr]     Checking time v0.1.34
[INFO] [stderr]     Checking net2 v0.2.17
[INFO] [stderr]     Checking solicit v0.4.4
[INFO] [stderr]     Checking regex v0.1.41
[INFO] [stderr]     Checking r2d2 v0.6.1
[INFO] [stderr]    Compiling phf_generator v0.7.7
[INFO] [stderr]    Compiling phf_codegen v0.7.7
[INFO] [stderr] error: failed to run custom build command for `openssl-sys v0.6.7`
[INFO] [stderr] note: To improve backtraces for build dependencies, set the CARGO_PROFILE_DEV_BUILD_OVERRIDE_DEBUG=true environment variable to enable debug information generation.
[INFO] [stderr] 
[INFO] [stderr] Caused by:
[INFO] [stderr]   process didn't exit successfully: `/opt/rustwide/target/debug/build/openssl-sys-f02ed950e2070533/build-script-build` (exit status: 101)
[INFO] [stderr]   --- stdout
[INFO] [stderr]   cargo:rustc-link-search=native=/usr/lib/x86_64-linux-gnu
[INFO] [stderr]   cargo:rustc-link-lib=ssl
[INFO] [stderr]   cargo:rustc-link-lib=crypto
[INFO] [stderr] 
[INFO] [stderr]   TARGET = Some("x86_64-unknown-linux-gnu")
[INFO] [stderr]   OPT_LEVEL = Some("0")
[INFO] [stderr]   PROFILE = Some("debug")
[INFO] [stderr]   TARGET = Some("x86_64-unknown-linux-gnu")
[INFO] [stderr]   debug=true opt-level=0
[INFO] [stderr]   HOST = Some("x86_64-unknown-linux-gnu")
[INFO] [stderr]   TARGET = Some("x86_64-unknown-linux-gnu")
[INFO] [stderr]   TARGET = Some("x86_64-unknown-linux-gnu")
[INFO] [stderr]   HOST = Some("x86_64-unknown-linux-gnu")
[INFO] [stderr]   CC_x86_64-unknown-linux-gnu = None
[INFO] [stderr]   CC_x86_64_unknown_linux_gnu = None
[INFO] [stderr]   HOST_CC = None
[INFO] [stderr]   CC = None
[INFO] [stderr]   HOST = Some("x86_64-unknown-linux-gnu")
[INFO] [stderr]   TARGET = Some("x86_64-unknown-linux-gnu")
[INFO] [stderr]   HOST = Some("x86_64-unknown-linux-gnu")
[INFO] [stderr]   CFLAGS_x86_64-unknown-linux-gnu = None
[INFO] [stderr]   CFLAGS_x86_64_unknown_linux_gnu = None
[INFO] [stderr]   HOST_CFLAGS = None
[INFO] [stderr]   CFLAGS = None
[INFO] [stderr]   running: "cc" "-O0" "-ffunction-sections" "-fdata-sections" "-g" "-m64" "-fPIC" "-o" "/opt/rustwide/target/debug/build/openssl-sys-365d9e2b25047c43/out/src/openssl_shim.o" "-c" "src/openssl_shim.c"
[INFO] [stderr]   ExitStatus(unix_wait_status(256))
[INFO] [stderr] 
[INFO] [stderr] 
[INFO] [stderr]   command did not execute successfully, got: exit status: 1
[INFO] [stderr] 
[INFO] [stderr] 
[INFO] [stderr] 
[INFO] [stderr]   --- stderr
[INFO] [stderr]   src/openssl_shim.c: In function 'HMAC_Init_ex_shim':
[INFO] [stderr]   src/openssl_shim.c:68:5: warning: 'HMAC_Init_ex' is deprecated: Since OpenSSL 3.0 [-Wdeprecated-declarations]
[INFO] [stderr]      68 |     return HMAC_Init_ex(ctx, key, key_len, md, impl);
[INFO] [stderr]         |     ^~~~~~
[INFO] [stderr]   In file included from src/openssl_shim.c:1:
[INFO] [stderr]   /usr/include/openssl/hmac.h:43:27: note: declared here
[INFO] [stderr]      43 | OSSL_DEPRECATEDIN_3_0 int HMAC_Init_ex(HMAC_CTX *ctx, const void *key, int len,
[INFO] [stderr]         |                           ^~~~~~~~~~~~
[INFO] [stderr]   src/openssl_shim.c: In function 'HMAC_Update_shim':
[INFO] [stderr]   src/openssl_shim.c:72:5: warning: 'HMAC_Update' is deprecated: Since OpenSSL 3.0 [-Wdeprecated-declarations]
[INFO] [stderr]      72 |     return HMAC_Update(ctx, data, len);
[INFO] [stderr]         |     ^~~~~~
[INFO] [stderr]   In file included from src/openssl_shim.c:1:
[INFO] [stderr]   /usr/include/openssl/hmac.h:45:27: note: declared here
[INFO] [stderr]      45 | OSSL_DEPRECATEDIN_3_0 int HMAC_Update(HMAC_CTX *ctx, const unsigned char *data,
[INFO] [stderr]         |                           ^~~~~~~~~~~
[INFO] [stderr]   src/openssl_shim.c: In function 'HMAC_Final_shim':
[INFO] [stderr]   src/openssl_shim.c:76:5: warning: 'HMAC_Final' is deprecated: Since OpenSSL 3.0 [-Wdeprecated-declarations]
[INFO] [stderr]      76 |     return HMAC_Final(ctx, md, len);
[INFO] [stderr]         |     ^~~~~~
[INFO] [stderr]   In file included from src/openssl_shim.c:1:
[INFO] [stderr]   /usr/include/openssl/hmac.h:47:27: note: declared here
[INFO] [stderr]      47 | OSSL_DEPRECATEDIN_3_0 int HMAC_Final(HMAC_CTX *ctx, unsigned char *md,
[INFO] [stderr]         |                           ^~~~~~~~~~
[INFO] [stderr]   src/openssl_shim.c: In function 'DH_new_from_params':
[INFO] [stderr]   src/openssl_shim.c:123:5: warning: 'DH_new' is deprecated: Since OpenSSL 3.0 [-Wdeprecated-declarations]
[INFO] [stderr]     123 |     if ((dh = DH_new()) == NULL) {
[INFO] [stderr]         |     ^~
[INFO] [stderr]   In file included from /usr/include/openssl/dsa.h:51,
[INFO] [stderr]                    from /usr/include/openssl/x509.h:37,
[INFO] [stderr]                    from /usr/include/openssl/ssl.h:31,
[INFO] [stderr]                    from src/openssl_shim.c:2:
[INFO] [stderr]   /usr/include/openssl/dh.h:203:27: note: declared here
[INFO] [stderr]     203 | OSSL_DEPRECATEDIN_3_0 DH *DH_new(void);
[INFO] [stderr]         |                           ^~~~~~
[INFO] [stderr]   src/openssl_shim.c:126:7: error: invalid use of incomplete typedef 'DH' {aka 'struct dh_st'}
[INFO] [stderr]     126 |     dh->p = p;
[INFO] [stderr]         |       ^~
[INFO] [stderr]   src/openssl_shim.c:127:7: error: invalid use of incomplete typedef 'DH' {aka 'struct dh_st'}
[INFO] [stderr]     127 |     dh->g = g;
[INFO] [stderr]         |       ^~
[INFO] [stderr]   src/openssl_shim.c:128:7: error: invalid use of incomplete typedef 'DH' {aka 'struct dh_st'}
[INFO] [stderr]     128 |     dh->q = q;
[INFO] [stderr]         |       ^~
[INFO] [stderr]   src/openssl_shim.c: In function 'X509_get_extensions_shim':
[INFO] [stderr]   src/openssl_shim.c:137:13: error: invalid use of incomplete typedef 'X509' {aka 'struct x509_st'}
[INFO] [stderr]     137 |     return x->cert_info ? x->cert_info->extensions : NULL;
[INFO] [stderr]         |             ^~
[INFO] [stderr]   src/openssl_shim.c:137:28: error: invalid use of incomplete typedef 'X509' {aka 'struct x509_st'}
[INFO] [stderr]     137 |     return x->cert_info ? x->cert_info->extensions : NULL;
[INFO] [stderr]         |                            ^~
[INFO] [stderr]   thread 'main' panicked at /opt/rustwide/cargo-home/registry/src/index.crates.io-6f17d22bba15001f/gcc-0.3.19/src/lib.rs:771:5:
[INFO] [stderr]   explicit panic
[INFO] [stderr]   stack backtrace:
[INFO] [stderr]      0:     0x55db47c1316c - std::backtrace_rs::backtrace::libunwind::trace::ha637c64ce894333a
[INFO] [stderr]                                  at /rustc/82e1608dfa6e0b5569232559e3d385fea5a93112/library/std/src/../../backtrace/src/backtrace/libunwind.rs:104:5
[INFO] [stderr]      1:     0x55db47c1316c - std::backtrace_rs::backtrace::trace_unsynchronized::h47f62dea28e0c88d
[INFO] [stderr]                                  at /rustc/82e1608dfa6e0b5569232559e3d385fea5a93112/library/std/src/../../backtrace/src/backtrace/mod.rs:66:5
[INFO] [stderr]      2:     0x55db47c1316c - std::sys_common::backtrace::_print_fmt::h9eef0abe20ede486
[INFO] [stderr]                                  at /rustc/82e1608dfa6e0b5569232559e3d385fea5a93112/library/std/src/sys_common/backtrace.rs:67:5
[INFO] [stderr]      3:     0x55db47c1316c - <std::sys_common::backtrace::_print::DisplayBacktrace as core::fmt::Display>::fmt::hed7f999df88cc644
[INFO] [stderr]                                  at /rustc/82e1608dfa6e0b5569232559e3d385fea5a93112/library/std/src/sys_common/backtrace.rs:44:22
[INFO] [stderr]      4:     0x55db47c38540 - core::fmt::rt::Argument::fmt::h1539a9308b8d058d
[INFO] [stderr]                                  at /rustc/82e1608dfa6e0b5569232559e3d385fea5a93112/library/core/src/fmt/rt.rs:142:9
[INFO] [stderr]      5:     0x55db47c38540 - core::fmt::write::h3a39390d8560d9c9
[INFO] [stderr]                                  at /rustc/82e1608dfa6e0b5569232559e3d385fea5a93112/library/core/src/fmt/mod.rs:1120:17
[INFO] [stderr]      6:     0x55db47c106ef - std::io::Write::write_fmt::h5fc9997dfe05f882
[INFO] [stderr]                                  at /rustc/82e1608dfa6e0b5569232559e3d385fea5a93112/library/std/src/io/mod.rs:1762:15
[INFO] [stderr]      7:     0x55db47c12f54 - std::sys_common::backtrace::_print::h894006fb5c6f3d45
[INFO] [stderr]                                  at /rustc/82e1608dfa6e0b5569232559e3d385fea5a93112/library/std/src/sys_common/backtrace.rs:47:5
[INFO] [stderr]      8:     0x55db47c12f54 - std::sys_common::backtrace::print::h23a2d212c6fff936
[INFO] [stderr]                                  at /rustc/82e1608dfa6e0b5569232559e3d385fea5a93112/library/std/src/sys_common/backtrace.rs:34:9
[INFO] [stderr]      9:     0x55db47c14677 - std::panicking::default_hook::{{closure}}::h8a1d2ee00185001a
[INFO] [stderr]     10:     0x55db47c143df - std::panicking::default_hook::h6038f2eba384e475
[INFO] [stderr]                                  at /rustc/82e1608dfa6e0b5569232559e3d385fea5a93112/library/std/src/panicking.rs:292:9
[INFO] [stderr]     11:     0x55db47c14af8 - std::panicking::rust_panic_with_hook::h2b5517d590cab22e
[INFO] [stderr]                                  at /rustc/82e1608dfa6e0b5569232559e3d385fea5a93112/library/std/src/panicking.rs:779:13
[INFO] [stderr]     12:     0x55db47bcc7ee - std::panicking::begin_panic::{{closure}}::h03bcbeab87ab24ba
[INFO] [stderr]     13:     0x55db47bc806a - std::sys_common::backtrace::__rust_end_short_backtrace::h9c754925ff44c511
[INFO] [stderr]     14:     0x55db47bcc76b - std::panicking::begin_panic::hdc3f10d173448066
[INFO] [stderr]     15:     0x55db47be10d6 - gcc::fail::he2e0b9b7e0ffb45f
[INFO] [stderr]     16:     0x55db47be0c2b - gcc::run::hb8911a8ca99d50ea
[INFO] [stderr]     17:     0x55db47bdb0a4 - gcc::Config::compile_object::hea9672a07ab7aab9
[INFO] [stderr]     18:     0x55db47bda857 - gcc::Config::compile::h3146f2bcf4c7d1f1
[INFO] [stderr]     19:     0x55db47bc5b3f - build_script_build::build_openssl_shim::h8c72262e4eea7623
[INFO] [stderr]     20:     0x55db47bc3663 - build_script_build::main::h348f6c81e2e35051
[INFO] [stderr]     21:     0x55db47bc6893 - core::ops::function::FnOnce::call_once::hddda0b84681cb8d8
[INFO] [stderr]     22:     0x55db47bc1216 - std::sys_common::backtrace::__rust_begin_short_backtrace::heeedb7fd6c8d7913
[INFO] [stderr]     23:     0x55db47bc6559 - std::rt::lang_start::{{closure}}::hf4c8b97266779e07
[INFO] [stderr]     24:     0x55db47c0cc77 - core::ops::function::impls::<impl core::ops::function::FnOnce<A> for &F>::call_once::hd95060ecd5e1ca24
[INFO] [stderr]                                  at /rustc/82e1608dfa6e0b5569232559e3d385fea5a93112/library/core/src/ops/function.rs:284:13
[INFO] [stderr]     25:     0x55db47c0cc77 - std::panicking::try::do_call::h6e8cf51db32a6e4b
[INFO] [stderr]                                  at /rustc/82e1608dfa6e0b5569232559e3d385fea5a93112/library/std/src/panicking.rs:552:40
[INFO] [stderr]     26:     0x55db47c0cc77 - std::panicking::try::h3a52eefe24fe3c29
[INFO] [stderr]                                  at /rustc/82e1608dfa6e0b5569232559e3d385fea5a93112/library/std/src/panicking.rs:516:19
[INFO] [stderr]     27:     0x55db47c0cc77 - std::panic::catch_unwind::h24c28c23c02c3841
[INFO] [stderr]                                  at /rustc/82e1608dfa6e0b5569232559e3d385fea5a93112/library/std/src/panic.rs:142:14
[INFO] [stderr]     28:     0x55db47c0cc77 - std::rt::lang_start_internal::{{closure}}::h705d3c9cbc06ef47
[INFO] [stderr]                                  at /rustc/82e1608dfa6e0b5569232559e3d385fea5a93112/library/std/src/rt.rs:148:48
[INFO] [stderr]     29:     0x55db47c0cc77 - std::panicking::try::do_call::ha21f52ba13158470
[INFO] [stderr]                                  at /rustc/82e1608dfa6e0b5569232559e3d385fea5a93112/library/std/src/panicking.rs:552:40
[INFO] [stderr]     30:     0x55db47c0cc77 - std::panicking::try::h5581346bf6aeb1f8
[INFO] [stderr]                                  at /rustc/82e1608dfa6e0b5569232559e3d385fea5a93112/library/std/src/panicking.rs:516:19
[INFO] [stderr]     31:     0x55db47c0cc77 - std::panic::catch_unwind::h7919645a6b72e25b
[INFO] [stderr]                                  at /rustc/82e1608dfa6e0b5569232559e3d385fea5a93112/library/std/src/panic.rs:142:14
[INFO] [stderr]     32:     0x55db47c0cc77 - std::rt::lang_start_internal::h12de51168669836e
[INFO] [stderr]                                  at /rustc/82e1608dfa6e0b5569232559e3d385fea5a93112/library/std/src/rt.rs:148:20
[INFO] [stderr]     33:     0x55db47bc6537 - std::rt::lang_start::h7ed4a0c38290110f
[INFO] [stderr]     34:     0x55db47bc5f75 - main
[INFO] [stderr]     35:     0x7fd2f60ccd90 - <unknown>
[INFO] [stderr]     36:     0x7fd2f60cce40 - __libc_start_main
[INFO] [stderr]     37:     0x55db47bc0d45 - _start
[INFO] [stderr]     38:                0x0 - <unknown>
[INFO] [stderr] warning: build failed, waiting for other jobs to finish...
[INFO] [stdout] error: aborting due to previous error
[INFO] [stdout] 
[INFO] [stdout] 
[INFO] [stdout] For more information about this error, try `rustc --explain E0642`.
[INFO] [stdout] 
[INFO] [stderr] error: could not compile `rustc-serialize` (lib) due to 2 previous errors; 1 warning emitted
[INFO] running `Command { std: "docker" "inspect" "7ec8aa022577f360fcf344d0fba2ad5c1633c8d60c277d63a56731aca058d9fd", kill_on_drop: false }`
[INFO] running `Command { std: "docker" "rm" "-f" "7ec8aa022577f360fcf344d0fba2ad5c1633c8d60c277d63a56731aca058d9fd", kill_on_drop: false }`
[INFO] [stdout] 7ec8aa022577f360fcf344d0fba2ad5c1633c8d60c277d63a56731aca058d9fd
[INFO] documenting Ryman/nickel-todo-backend against beta-2023-12-22 for beta-1.76-rustdoc-1
[INFO] running `Command { std: "git" "clone" "/workspace/cache/git-repos/https%3A%2F%2Fgithub.com%2FRyman%2Fnickel-todo-backend" "/workspace/builds/worker-2-tc2/source", kill_on_drop: false }`
[INFO] [stderr] Cloning into '/workspace/builds/worker-2-tc2/source'...
[INFO] [stderr] done.
[INFO] validating manifest of git repo https://github.com/Ryman/nickel-todo-backend on toolchain beta-2023-12-22
[INFO] running `Command { std: CARGO_HOME="/workspace/cargo-home" RUSTUP_HOME="/workspace/rustup-home" "/workspace/cargo-home/bin/cargo" "+beta-2023-12-22" "metadata" "--manifest-path" "Cargo.toml" "--no-deps", kill_on_drop: false }`
[INFO] started tweaking git repo https://github.com/Ryman/nickel-todo-backend
[INFO] finished tweaking git repo https://github.com/Ryman/nickel-todo-backend
[INFO] tweaked toml for git repo https://github.com/Ryman/nickel-todo-backend written to /workspace/builds/worker-2-tc2/source/Cargo.toml
[INFO] crate git repo https://github.com/Ryman/nickel-todo-backend already has a lockfile, it will not be regenerated
[INFO] running `Command { std: CARGO_HOME="/workspace/cargo-home" RUSTUP_HOME="/workspace/rustup-home" "/workspace/cargo-home/bin/cargo" "+beta-2023-12-22" "fetch" "--manifest-path" "Cargo.toml", kill_on_drop: false }`
[INFO] running `Command { std: "docker" "create" "-v" "/var/lib/crater-agent-workspace/builds/worker-2-tc2/target:/opt/rustwide/target:rw,Z" "-v" "/var/lib/crater-agent-workspace/builds/worker-2-tc2/source:/opt/rustwide/workdir:ro,Z" "-v" "/var/lib/crater-agent-workspace/cargo-home:/opt/rustwide/cargo-home:ro,Z" "-v" "/var/lib/crater-agent-workspace/rustup-home:/opt/rustwide/rustup-home:ro,Z" "-e" "SOURCE_DIR=/opt/rustwide/workdir" "-e" "CARGO_TARGET_DIR=/opt/rustwide/target" "-e" "CARGO_HOME=/opt/rustwide/cargo-home" "-e" "RUSTUP_HOME=/opt/rustwide/rustup-home" "-w" "/opt/rustwide/workdir" "-m" "1610612736" "--user" "0:0" "--network" "none" "ghcr.io/rust-lang/crates-build-env/linux@sha256:2788e3201cd34a07e3172128adcd8b3090168a8e3bcc40d7c032b9dda1df7d1c" "/opt/rustwide/cargo-home/bin/cargo" "+beta-2023-12-22" "metadata" "--no-deps" "--format-version=1", kill_on_drop: false }`
[INFO] [stdout] 7595f906e195850f9541c0ff797cb94330f00ef32f5ed3d946e4771381be381e
[INFO] running `Command { std: "docker" "start" "-a" "7595f906e195850f9541c0ff797cb94330f00ef32f5ed3d946e4771381be381e", kill_on_drop: false }`
[INFO] running `Command { std: "docker" "inspect" "7595f906e195850f9541c0ff797cb94330f00ef32f5ed3d946e4771381be381e", kill_on_drop: false }`
[INFO] running `Command { std: "docker" "rm" "-f" "7595f906e195850f9541c0ff797cb94330f00ef32f5ed3d946e4771381be381e", kill_on_drop: false }`
[INFO] [stdout] 7595f906e195850f9541c0ff797cb94330f00ef32f5ed3d946e4771381be381e
[INFO] running `Command { std: "docker" "create" "-v" "/var/lib/crater-agent-workspace/builds/worker-2-tc2/target:/opt/rustwide/target:rw,Z" "-v" "/var/lib/crater-agent-workspace/builds/worker-2-tc2/source:/opt/rustwide/workdir:ro,Z" "-v" "/var/lib/crater-agent-workspace/cargo-home:/opt/rustwide/cargo-home:ro,Z" "-v" "/var/lib/crater-agent-workspace/rustup-home:/opt/rustwide/rustup-home:ro,Z" "-e" "SOURCE_DIR=/opt/rustwide/workdir" "-e" "CARGO_TARGET_DIR=/opt/rustwide/target" "-e" "CARGO_INCREMENTAL=0" "-e" "RUST_BACKTRACE=full" "-e" "RUSTFLAGS=--cap-lints=warn" "-e" "RUSTDOCFLAGS=--cap-lints=warn" "-e" "CARGO_HOME=/opt/rustwide/cargo-home" "-e" "RUSTUP_HOME=/opt/rustwide/rustup-home" "-w" "/opt/rustwide/workdir" "-m" "1610612736" "--user" "0:0" "--network" "none" "ghcr.io/rust-lang/crates-build-env/linux@sha256:2788e3201cd34a07e3172128adcd8b3090168a8e3bcc40d7c032b9dda1df7d1c" "/opt/rustwide/cargo-home/bin/cargo" "+beta-2023-12-22" "doc" "--frozen" "--no-deps" "--document-private-items" "--message-format=json", kill_on_drop: false }`
[INFO] [stdout] 5874939127c268acfb63d8a8df4894c23431ce6cc9fec4f0c5ec10e0fbc922f3
[INFO] running `Command { std: "docker" "start" "-a" "5874939127c268acfb63d8a8df4894c23431ce6cc9fec4f0c5ec10e0fbc922f3", kill_on_drop: false }`
[INFO] [stderr]    Compiling winapi-build v0.1.1
[INFO] [stderr]     Checking libc v0.1.12
[INFO] [stderr]     Checking libc v0.2.2
[INFO] [stderr]     Checking winapi v0.2.5
[INFO] [stderr]    Compiling gcc v0.3.19
[INFO] [stderr]    Compiling pkg-config v0.3.6
[INFO] [stderr]     Checking rustc-serialize v0.3.16
[INFO] [stderr]     Checking lazy_static v0.1.15
[INFO] [stderr]     Checking bitflags v0.3.2
[INFO] [stderr]    Compiling phf_shared v0.7.7
[INFO] [stderr]     Checking matches v0.1.2
[INFO] [stderr]     Checking traitobject v0.0.3
[INFO] [stderr]     Checking cfg-if v0.1.0
[INFO] [stderr]     Checking traitobject v0.0.1
[INFO] [stderr]     Checking typeable v0.1.2
[INFO] [stderr]     Checking bufstream v0.1.1
[INFO] [stderr]     Checking unicase v1.0.1
[INFO] [stderr]     Checking regex-syntax v0.2.2
[INFO] [stderr]     Checking httparse v1.0.0
[INFO] [stderr]     Checking unsafe-any v0.4.1
[INFO] [stderr]     Checking language-tags v0.0.7
[INFO] [stderr]     Checking phf v0.7.7
[INFO] [stderr]     Checking byteorder v0.4.2
[INFO] [stderr]     Checking groupable v0.2.0
[INFO] [stderr]     Checking modifier v0.1.0
[INFO] [stdout] error[E0642]: patterns aren't allowed in functions without bodies
[INFO] [stdout]    --> /opt/rustwide/cargo-home/registry/src/index.crates.io-6f17d22bba15001f/rustc-serialize-0.3.16/src/serialize.rs:145:45
[INFO] [stdout]     |
[INFO] [stdout] 145 | ...                   &f_name: &str,
[INFO] [stdout]     |                       ^^^^^^^ pattern not allowed in function without body
[INFO] [stdout] 
[INFO] [stdout] 
[INFO] [stderr]    Compiling kernel32-sys v0.2.1
[INFO] [stderr]    Compiling advapi32-sys v0.1.2
[INFO] [stderr]     Checking log v0.3.3
[INFO] [stderr]    Compiling ws2_32-sys v0.2.1
[INFO] [stderr]     Checking typemap v0.3.3
[INFO] [stderr]     Checking memchr v0.1.7
[INFO] [stderr]     Checking num_cpus v0.2.7
[INFO] [stderr]     Checking aho-corasick v0.3.4
[INFO] [stderr]     Checking hpack v0.2.0
[INFO] [stderr]     Checking mime v0.1.0
[INFO] [stderr]     Checking plugin v0.2.6
[INFO] [stdout] error[E0310]: the parameter type `T` may not live long enough
[INFO] [stdout]    --> /opt/rustwide/cargo-home/registry/src/index.crates.io-6f17d22bba15001f/rustc-serialize-0.3.16/src/serialize.rs:452:5
[INFO] [stdout]     |
[INFO] [stdout] 452 |     fn decode<D: Decoder>(d: &mut D) -> Result<Cow<'static, T>, D::Error> {
[INFO] [stdout]     |     ^^^^^^^^^^^^^^^^^^^^^^^^^^^^^^^^^^^^^^^^^^^^^^^^^^^^^^^^^^^^^^^^^^^^^
[INFO] [stdout]     |     |
[INFO] [stdout]     |     the parameter type `T` must be valid for the static lifetime...
[INFO] [stdout]     |     ...so that the type `T` will meet its required lifetime bounds...
[INFO] [stdout]     |
[INFO] [stdout] note: ...that is required by this bound
[INFO] [stdout]    --> /rustc/0e09125c6c3c2fd70d7de961bcf0e51575235fad/library/alloc/src/borrow.rs:180:30
[INFO] [stdout] help: consider adding an explicit lifetime bound
[INFO] [stdout]     |
[INFO] [stdout] 448 | impl<'a, T: ?Sized + 'static> Decodable for Cow<'a, T>
[INFO] [stdout]     |                    +++++++++
[INFO] [stdout] 
[INFO] [stdout] 
[INFO] [stderr]    Compiling openssl-sys v0.6.7
[INFO] [stderr]    Compiling rand v0.3.12
[INFO] [stderr]     Checking solicit v0.4.4
[INFO] [stderr]     Checking time v0.1.34
[INFO] [stderr]     Checking net2 v0.2.17
[INFO] [stderr]     Checking regex v0.1.41
[INFO] [stderr]     Checking r2d2 v0.6.1
[INFO] [stderr]    Compiling phf_generator v0.7.7
[INFO] [stderr] error: failed to run custom build command for `openssl-sys v0.6.7`
[INFO] [stderr] note: To improve backtraces for build dependencies, set the CARGO_PROFILE_DEV_BUILD_OVERRIDE_DEBUG=true environment variable to enable debug information generation.
[INFO] [stderr] 
[INFO] [stderr] Caused by:
[INFO] [stderr]   process didn't exit successfully: `/opt/rustwide/target/debug/build/openssl-sys-5384c81fdb51e8e5/build-script-build` (exit status: 101)
[INFO] [stderr]   --- stdout
[INFO] [stderr]   cargo:rustc-link-search=native=/usr/lib/x86_64-linux-gnu
[INFO] [stderr]   cargo:rustc-link-lib=ssl
[INFO] [stderr]   cargo:rustc-link-lib=crypto
[INFO] [stderr] 
[INFO] [stderr]   TARGET = Some("x86_64-unknown-linux-gnu")
[INFO] [stderr]   OPT_LEVEL = Some("0")
[INFO] [stderr]   PROFILE = Some("debug")
[INFO] [stderr]   TARGET = Some("x86_64-unknown-linux-gnu")
[INFO] [stderr]   debug=true opt-level=0
[INFO] [stderr]   HOST = Some("x86_64-unknown-linux-gnu")
[INFO] [stderr]   TARGET = Some("x86_64-unknown-linux-gnu")
[INFO] [stderr]   TARGET = Some("x86_64-unknown-linux-gnu")
[INFO] [stderr]   HOST = Some("x86_64-unknown-linux-gnu")
[INFO] [stderr]   CC_x86_64-unknown-linux-gnu = None
[INFO] [stderr]   CC_x86_64_unknown_linux_gnu = None
[INFO] [stderr]   HOST_CC = None
[INFO] [stderr]   CC = None
[INFO] [stderr]   HOST = Some("x86_64-unknown-linux-gnu")
[INFO] [stderr]   TARGET = Some("x86_64-unknown-linux-gnu")
[INFO] [stderr]   HOST = Some("x86_64-unknown-linux-gnu")
[INFO] [stderr]   CFLAGS_x86_64-unknown-linux-gnu = None
[INFO] [stderr]   CFLAGS_x86_64_unknown_linux_gnu = None
[INFO] [stderr]   HOST_CFLAGS = None
[INFO] [stderr]   CFLAGS = None
[INFO] [stderr]   running: "cc" "-O0" "-ffunction-sections" "-fdata-sections" "-g" "-m64" "-fPIC" "-o" "/opt/rustwide/target/debug/build/openssl-sys-043efb6612e4db7a/out/src/openssl_shim.o" "-c" "src/openssl_shim.c"
[INFO] [stderr]   ExitStatus(unix_wait_status(256))
[INFO] [stderr] 
[INFO] [stderr] 
[INFO] [stderr]   command did not execute successfully, got: exit status: 1
[INFO] [stderr] 
[INFO] [stderr] 
[INFO] [stderr] 
[INFO] [stderr]   --- stderr
[INFO] [stderr]   src/openssl_shim.c: In function 'HMAC_Init_ex_shim':
[INFO] [stderr]   src/openssl_shim.c:68:5: warning: 'HMAC_Init_ex' is deprecated: Since OpenSSL 3.0 [-Wdeprecated-declarations]
[INFO] [stderr]      68 |     return HMAC_Init_ex(ctx, key, key_len, md, impl);
[INFO] [stderr]         |     ^~~~~~
[INFO] [stderr]   In file included from src/openssl_shim.c:1:
[INFO] [stderr]   /usr/include/openssl/hmac.h:43:27: note: declared here
[INFO] [stderr]      43 | OSSL_DEPRECATEDIN_3_0 int HMAC_Init_ex(HMAC_CTX *ctx, const void *key, int len,
[INFO] [stderr]         |                           ^~~~~~~~~~~~
[INFO] [stderr]   src/openssl_shim.c: In function 'HMAC_Update_shim':
[INFO] [stderr]   src/openssl_shim.c:72:5: warning: 'HMAC_Update' is deprecated: Since OpenSSL 3.0 [-Wdeprecated-declarations]
[INFO] [stderr]      72 |     return HMAC_Update(ctx, data, len);
[INFO] [stderr]         |     ^~~~~~
[INFO] [stderr]   In file included from src/openssl_shim.c:1:
[INFO] [stderr]   /usr/include/openssl/hmac.h:45:27: note: declared here
[INFO] [stderr]      45 | OSSL_DEPRECATEDIN_3_0 int HMAC_Update(HMAC_CTX *ctx, const unsigned char *data,
[INFO] [stderr]         |                           ^~~~~~~~~~~
[INFO] [stderr]   src/openssl_shim.c: In function 'HMAC_Final_shim':
[INFO] [stderr]   src/openssl_shim.c:76:5: warning: 'HMAC_Final' is deprecated: Since OpenSSL 3.0 [-Wdeprecated-declarations]
[INFO] [stderr]      76 |     return HMAC_Final(ctx, md, len);
[INFO] [stderr]         |     ^~~~~~
[INFO] [stderr]   In file included from src/openssl_shim.c:1:
[INFO] [stderr]   /usr/include/openssl/hmac.h:47:27: note: declared here
[INFO] [stderr]      47 | OSSL_DEPRECATEDIN_3_0 int HMAC_Final(HMAC_CTX *ctx, unsigned char *md,
[INFO] [stderr]         |                           ^~~~~~~~~~
[INFO] [stderr]   src/openssl_shim.c: In function 'DH_new_from_params':
[INFO] [stderr]   src/openssl_shim.c:123:5: warning: 'DH_new' is deprecated: Since OpenSSL 3.0 [-Wdeprecated-declarations]
[INFO] [stderr]     123 |     if ((dh = DH_new()) == NULL) {
[INFO] [stderr]         |     ^~
[INFO] [stderr]   In file included from /usr/include/openssl/dsa.h:51,
[INFO] [stderr]                    from /usr/include/openssl/x509.h:37,
[INFO] [stderr]                    from /usr/include/openssl/ssl.h:31,
[INFO] [stderr]                    from src/openssl_shim.c:2:
[INFO] [stderr]   /usr/include/openssl/dh.h:203:27: note: declared here
[INFO] [stderr]     203 | OSSL_DEPRECATEDIN_3_0 DH *DH_new(void);
[INFO] [stderr]         |                           ^~~~~~
[INFO] [stderr]   src/openssl_shim.c:126:7: error: invalid use of incomplete typedef 'DH' {aka 'struct dh_st'}
[INFO] [stderr]     126 |     dh->p = p;
[INFO] [stderr]         |       ^~
[INFO] [stderr]   src/openssl_shim.c:127:7: error: invalid use of incomplete typedef 'DH' {aka 'struct dh_st'}
[INFO] [stderr]     127 |     dh->g = g;
[INFO] [stderr]         |       ^~
[INFO] [stderr]   src/openssl_shim.c:128:7: error: invalid use of incomplete typedef 'DH' {aka 'struct dh_st'}
[INFO] [stderr]     128 |     dh->q = q;
[INFO] [stderr]         |       ^~
[INFO] [stderr]   src/openssl_shim.c: In function 'X509_get_extensions_shim':
[INFO] [stderr]   src/openssl_shim.c:137:13: error: invalid use of incomplete typedef 'X509' {aka 'struct x509_st'}
[INFO] [stderr]     137 |     return x->cert_info ? x->cert_info->extensions : NULL;
[INFO] [stderr]         |             ^~
[INFO] [stderr]   src/openssl_shim.c:137:28: error: invalid use of incomplete typedef 'X509' {aka 'struct x509_st'}
[INFO] [stderr]     137 |     return x->cert_info ? x->cert_info->extensions : NULL;
[INFO] [stderr]         |                            ^~
[INFO] [stderr]   thread 'main' panicked at /opt/rustwide/cargo-home/registry/src/index.crates.io-6f17d22bba15001f/gcc-0.3.19/src/lib.rs:771:5:
[INFO] [stderr]   explicit panic
[INFO] [stderr]   stack backtrace:
[INFO] [stderr]      0:     0x55a3a8203c06 - std::backtrace_rs::backtrace::libunwind::trace::h261606ad26a499c1
[INFO] [stderr]                                  at /rustc/0e09125c6c3c2fd70d7de961bcf0e51575235fad/library/std/src/../../backtrace/src/backtrace/libunwind.rs:104:5
[INFO] [stderr]      1:     0x55a3a8203c06 - std::backtrace_rs::backtrace::trace_unsynchronized::hd183f0625477fb28
[INFO] [stderr]                                  at /rustc/0e09125c6c3c2fd70d7de961bcf0e51575235fad/library/std/src/../../backtrace/src/backtrace/mod.rs:66:5
[INFO] [stderr]      2:     0x55a3a8203c06 - std::sys_common::backtrace::_print_fmt::hd7f8fef21b4eda67
[INFO] [stderr]                                  at /rustc/0e09125c6c3c2fd70d7de961bcf0e51575235fad/library/std/src/sys_common/backtrace.rs:68:5
[INFO] [stderr]      3:     0x55a3a8203c06 - <std::sys_common::backtrace::_print::DisplayBacktrace as core::fmt::Display>::fmt::h623d9b51f2f453f1
[INFO] [stderr]                                  at /rustc/0e09125c6c3c2fd70d7de961bcf0e51575235fad/library/std/src/sys_common/backtrace.rs:44:22
[INFO] [stderr]      4:     0x55a3a8228320 - core::fmt::rt::Argument::fmt::h9f417ac76a86f368
[INFO] [stderr]                                  at /rustc/0e09125c6c3c2fd70d7de961bcf0e51575235fad/library/core/src/fmt/rt.rs:142:9
[INFO] [stderr]      5:     0x55a3a8228320 - core::fmt::write::hc9b6faf4ac2aeff7
[INFO] [stderr]                                  at /rustc/0e09125c6c3c2fd70d7de961bcf0e51575235fad/library/core/src/fmt/mod.rs:1120:17
[INFO] [stderr]      6:     0x55a3a82012af - std::io::Write::write_fmt::hfead1eee52c2e65e
[INFO] [stderr]                                  at /rustc/0e09125c6c3c2fd70d7de961bcf0e51575235fad/library/std/src/io/mod.rs:1810:15
[INFO] [stderr]      7:     0x55a3a82039e4 - std::sys_common::backtrace::_print::hd5d66399c7df88a2
[INFO] [stderr]                                  at /rustc/0e09125c6c3c2fd70d7de961bcf0e51575235fad/library/std/src/sys_common/backtrace.rs:47:5
[INFO] [stderr]      8:     0x55a3a82039e4 - std::sys_common::backtrace::print::he81ed2da642d37e5
[INFO] [stderr]                                  at /rustc/0e09125c6c3c2fd70d7de961bcf0e51575235fad/library/std/src/sys_common/backtrace.rs:34:9
[INFO] [stderr]      9:     0x55a3a8205157 - std::panicking::default_hook::{{closure}}::h85773f4fa117163d
[INFO] [stderr]     10:     0x55a3a8204eb9 - std::panicking::default_hook::h6a1694a91d09b278
[INFO] [stderr]                                  at /rustc/0e09125c6c3c2fd70d7de961bcf0e51575235fad/library/std/src/panicking.rs:292:9
[INFO] [stderr]     11:     0x55a3a82055e8 - std::panicking::rust_panic_with_hook::h0a7ad96e90f7145b
[INFO] [stderr]                                  at /rustc/0e09125c6c3c2fd70d7de961bcf0e51575235fad/library/std/src/panicking.rs:779:13
[INFO] [stderr]     12:     0x55a3a81c0fae - std::panicking::begin_panic::{{closure}}::h0c9156d7faeb73d9
[INFO] [stderr]     13:     0x55a3a81cfe8a - std::sys_common::backtrace::__rust_end_short_backtrace::hd200a2e292695f3b
[INFO] [stderr]     14:     0x55a3a81c0f2b - std::panicking::begin_panic::h8dfcd4d20b2754bf
[INFO] [stderr]     15:     0x55a3a81c9c76 - gcc::fail::hf965c7cd8f4c8447
[INFO] [stderr]     16:     0x55a3a81c97db - gcc::run::h1a004a58dde91705
[INFO] [stderr]     17:     0x55a3a81c3c5d - gcc::Config::compile_object::he21d671ea5d0bd59
[INFO] [stderr]     18:     0x55a3a81c3418 - gcc::Config::compile::h639263817072ddb9
[INFO] [stderr]     19:     0x55a3a81b5a9d - build_script_build::build_openssl_shim::h4906652cbac106f3
[INFO] [stderr]     20:     0x55a3a81b3588 - build_script_build::main::h96eee4e65664ced6
[INFO] [stderr]     21:     0x55a3a81b6ae3 - core::ops::function::FnOnce::call_once::hb1ee16573170aecf
[INFO] [stderr]     22:     0x55a3a81b1286 - std::sys_common::backtrace::__rust_begin_short_backtrace::h24886f7f0b45a70a
[INFO] [stderr]     23:     0x55a3a81b67f9 - std::rt::lang_start::{{closure}}::h13e7e7a7e3fb97ef
[INFO] [stderr]     24:     0x55a3a81fd5a1 - core::ops::function::impls::<impl core::ops::function::FnOnce<A> for &F>::call_once::h4eb4c5e1620f29b0
[INFO] [stderr]                                  at /rustc/0e09125c6c3c2fd70d7de961bcf0e51575235fad/library/core/src/ops/function.rs:284:13
[INFO] [stderr]     25:     0x55a3a81fd5a1 - std::panicking::try::do_call::h73fd26535faffcdf
[INFO] [stderr]                                  at /rustc/0e09125c6c3c2fd70d7de961bcf0e51575235fad/library/std/src/panicking.rs:552:40
[INFO] [stderr]     26:     0x55a3a81fd5a1 - std::panicking::try::h77ff1d98f0fb9f39
[INFO] [stderr]                                  at /rustc/0e09125c6c3c2fd70d7de961bcf0e51575235fad/library/std/src/panicking.rs:516:19
[INFO] [stderr]     27:     0x55a3a81fd5a1 - std::panic::catch_unwind::hab3caf2448b95e37
[INFO] [stderr]                                  at /rustc/0e09125c6c3c2fd70d7de961bcf0e51575235fad/library/std/src/panic.rs:142:14
[INFO] [stderr]     28:     0x55a3a81fd5a1 - std::rt::lang_start_internal::{{closure}}::h8086711f9c783f78
[INFO] [stderr]                                  at /rustc/0e09125c6c3c2fd70d7de961bcf0e51575235fad/library/std/src/rt.rs:148:48
[INFO] [stderr]     29:     0x55a3a81fd5a1 - std::panicking::try::do_call::hf920d4dc291cd6ca
[INFO] [stderr]                                  at /rustc/0e09125c6c3c2fd70d7de961bcf0e51575235fad/library/std/src/panicking.rs:552:40
[INFO] [stderr]     30:     0x55a3a81fd5a1 - std::panicking::try::h2b806ccc0a85db74
[INFO] [stderr]                                  at /rustc/0e09125c6c3c2fd70d7de961bcf0e51575235fad/library/std/src/panicking.rs:516:19
[INFO] [stderr]     31:     0x55a3a81fd5a1 - std::panic::catch_unwind::h038489539c507df2
[INFO] [stderr]                                  at /rustc/0e09125c6c3c2fd70d7de961bcf0e51575235fad/library/std/src/panic.rs:142:14
[INFO] [stderr]     32:     0x55a3a81fd5a1 - std::rt::lang_start_internal::h28503b88912e8a5c
[INFO] [stderr]                                  at /rustc/0e09125c6c3c2fd70d7de961bcf0e51575235fad/library/std/src/rt.rs:148:20
[INFO] [stderr]     33:     0x55a3a81b67d7 - std::rt::lang_start::he4ff7009af31e7b6
[INFO] [stderr]     34:     0x55a3a81b5ee5 - main
[INFO] [stderr]     35:     0x7f601cda9d90 - <unknown>
[INFO] [stderr]     36:     0x7f601cda9e40 - __libc_start_main
[INFO] [stderr]     37:     0x55a3a81b0d75 - _start
[INFO] [stderr]     38:                0x0 - <unknown>
[INFO] [stderr] warning: build failed, waiting for other jobs to finish...
[INFO] [stdout] error: aborting due to 2 previous errors
[INFO] [stdout] 
[INFO] [stdout] 
[INFO] [stdout] Some errors have detailed explanations: E0310, E0642.
[INFO] [stdout] 
[INFO] [stdout] For more information about an error, try `rustc --explain E0310`.
[INFO] [stdout] 
[INFO] [stderr] error: could not compile `rustc-serialize` (lib) due to 3 previous errors
[INFO] running `Command { std: "docker" "inspect" "5874939127c268acfb63d8a8df4894c23431ce6cc9fec4f0c5ec10e0fbc922f3", kill_on_drop: false }`
[INFO] running `Command { std: "docker" "rm" "-f" "5874939127c268acfb63d8a8df4894c23431ce6cc9fec4f0c5ec10e0fbc922f3", kill_on_drop: false }`
[INFO] [stdout] 5874939127c268acfb63d8a8df4894c23431ce6cc9fec4f0c5ec10e0fbc922f3
