[INFO] cloning repository https://github.com/Rydgel/image-to-ascii
[INFO] running `Command { std: "git" "-c" "credential.helper=" "-c" "credential.helper=/workspace/cargo-home/bin/git-credential-null" "clone" "--bare" "https://github.com/Rydgel/image-to-ascii" "/workspace/cache/git-repos/https%3A%2F%2Fgithub.com%2FRydgel%2Fimage-to-ascii", kill_on_drop: false }`
[INFO] [stderr] Cloning into bare repository '/workspace/cache/git-repos/https%3A%2F%2Fgithub.com%2FRydgel%2Fimage-to-ascii'...
[INFO] running `Command { std: "git" "rev-parse" "HEAD", kill_on_drop: false }`
[INFO] [stdout] 294428f4edd45c0d65f5fb971a88583bcd9862cf
[INFO] documenting Rydgel/image-to-ascii against 1.75.0 for beta-1.76-rustdoc-1
[INFO] running `Command { std: "git" "clone" "/workspace/cache/git-repos/https%3A%2F%2Fgithub.com%2FRydgel%2Fimage-to-ascii" "/workspace/builds/worker-5-tc1/source", kill_on_drop: false }`
[INFO] [stderr] Cloning into '/workspace/builds/worker-5-tc1/source'...
[INFO] [stderr] done.
[INFO] validating manifest of git repo https://github.com/Rydgel/image-to-ascii on toolchain 1.75.0
[INFO] running `Command { std: CARGO_HOME="/workspace/cargo-home" RUSTUP_HOME="/workspace/rustup-home" "/workspace/cargo-home/bin/cargo" "+1.75.0" "metadata" "--manifest-path" "Cargo.toml" "--no-deps", kill_on_drop: false }`
[INFO] started tweaking git repo https://github.com/Rydgel/image-to-ascii
[INFO] finished tweaking git repo https://github.com/Rydgel/image-to-ascii
[INFO] tweaked toml for git repo https://github.com/Rydgel/image-to-ascii written to /workspace/builds/worker-5-tc1/source/Cargo.toml
[INFO] crate git repo https://github.com/Rydgel/image-to-ascii already has a lockfile, it will not be regenerated
[INFO] running `Command { std: CARGO_HOME="/workspace/cargo-home" RUSTUP_HOME="/workspace/rustup-home" "/workspace/cargo-home/bin/cargo" "+1.75.0" "fetch" "--manifest-path" "Cargo.toml", kill_on_drop: false }`
[INFO] [stderr]     Updating crates.io index
[INFO] [stderr]  Downloading crates ...
[INFO] [stderr]   Downloaded num-bigint v0.1.35
[INFO] [stderr]   Downloaded png v0.5.2
[INFO] [stderr]   Downloaded matches v0.1.4
[INFO] [stderr]   Downloaded flate2 v0.2.14
[INFO] [stderr]   Downloaded miniz-sys v0.1.7
[INFO] [stderr]   Downloaded gcc v0.3.35
[INFO] [stderr]   Downloaded deque v0.3.1
[INFO] [stderr]   Downloaded num-rational v0.1.35
[INFO] [stderr]   Downloaded strsim v0.5.1
[INFO] [stderr]   Downloaded unicode-normalization v0.1.3
[INFO] [stderr]   Downloaded serde_derive v0.9.4
[INFO] [stderr]   Downloaded quote v0.3.12
[INFO] [stderr]   Downloaded serde_codegen_internals v0.12.0
[INFO] [stderr]   Downloaded cargo_metadata v0.1.1
[INFO] [stderr]   Downloaded enum_primitive v0.1.0
[INFO] [stderr]   Downloaded serde v0.9.4
[INFO] [stderr]   Downloaded unicode-segmentation v0.1.2
[INFO] [stderr]   Downloaded rayon v0.4.0
[INFO] [stderr]   Downloaded jpeg-decoder v0.1.6
[INFO] [stderr]   Downloaded serde_json v0.9.2
[INFO] [stderr]   Downloaded syn v0.11.4
[INFO] [stderr]   Downloaded clap v2.13.0
[INFO] [stderr]   Downloaded image v0.10.3
[INFO] [stderr]   Downloaded clippy v0.0.112
[INFO] [stderr]   Downloaded itoa v0.2.1
[INFO] [stderr]   Downloaded dtoa v0.3.1
[INFO] [stderr]   Downloaded clippy_lints v0.0.112
[INFO] running `Command { std: "docker" "create" "-v" "/var/lib/crater-agent-workspace/builds/worker-5-tc1/target:/opt/rustwide/target:rw,Z" "-v" "/var/lib/crater-agent-workspace/builds/worker-5-tc1/source:/opt/rustwide/workdir:ro,Z" "-v" "/var/lib/crater-agent-workspace/cargo-home:/opt/rustwide/cargo-home:ro,Z" "-v" "/var/lib/crater-agent-workspace/rustup-home:/opt/rustwide/rustup-home:ro,Z" "-e" "SOURCE_DIR=/opt/rustwide/workdir" "-e" "CARGO_TARGET_DIR=/opt/rustwide/target" "-e" "CARGO_HOME=/opt/rustwide/cargo-home" "-e" "RUSTUP_HOME=/opt/rustwide/rustup-home" "-w" "/opt/rustwide/workdir" "-m" "1610612736" "--user" "0:0" "--network" "none" "ghcr.io/rust-lang/crates-build-env/linux@sha256:2788e3201cd34a07e3172128adcd8b3090168a8e3bcc40d7c032b9dda1df7d1c" "/opt/rustwide/cargo-home/bin/cargo" "+1.75.0" "metadata" "--no-deps" "--format-version=1", kill_on_drop: false }`
[INFO] [stdout] 5fbd291758fd696e5ed086266767c99caec905a95c51f13396a5fed209a0b8e3
[INFO] running `Command { std: "docker" "start" "-a" "5fbd291758fd696e5ed086266767c99caec905a95c51f13396a5fed209a0b8e3", kill_on_drop: false }`
[INFO] running `Command { std: "docker" "inspect" "5fbd291758fd696e5ed086266767c99caec905a95c51f13396a5fed209a0b8e3", kill_on_drop: false }`
[INFO] running `Command { std: "docker" "rm" "-f" "5fbd291758fd696e5ed086266767c99caec905a95c51f13396a5fed209a0b8e3", kill_on_drop: false }`
[INFO] [stdout] 5fbd291758fd696e5ed086266767c99caec905a95c51f13396a5fed209a0b8e3
[INFO] running `Command { std: "docker" "create" "-v" "/var/lib/crater-agent-workspace/builds/worker-5-tc1/target:/opt/rustwide/target:rw,Z" "-v" "/var/lib/crater-agent-workspace/builds/worker-5-tc1/source:/opt/rustwide/workdir:ro,Z" "-v" "/var/lib/crater-agent-workspace/cargo-home:/opt/rustwide/cargo-home:ro,Z" "-v" "/var/lib/crater-agent-workspace/rustup-home:/opt/rustwide/rustup-home:ro,Z" "-e" "SOURCE_DIR=/opt/rustwide/workdir" "-e" "CARGO_TARGET_DIR=/opt/rustwide/target" "-e" "CARGO_INCREMENTAL=0" "-e" "RUST_BACKTRACE=full" "-e" "RUSTFLAGS=--cap-lints=warn" "-e" "RUSTDOCFLAGS=--cap-lints=warn" "-e" "CARGO_HOME=/opt/rustwide/cargo-home" "-e" "RUSTUP_HOME=/opt/rustwide/rustup-home" "-w" "/opt/rustwide/workdir" "-m" "1610612736" "--user" "0:0" "--network" "none" "ghcr.io/rust-lang/crates-build-env/linux@sha256:2788e3201cd34a07e3172128adcd8b3090168a8e3bcc40d7c032b9dda1df7d1c" "/opt/rustwide/cargo-home/bin/cargo" "+1.75.0" "doc" "--frozen" "--no-deps" "--document-private-items" "--message-format=json", kill_on_drop: false }`
[INFO] [stdout] 2a2b2557f9e7155579b3bcce94153adf7d9c94c568dec4c6361f6533570e6677
[INFO] running `Command { std: "docker" "start" "-a" "2a2b2557f9e7155579b3bcce94153adf7d9c94c568dec4c6361f6533570e6677", kill_on_drop: false }`
[INFO] [stderr]     Checking libc v0.2.15
[INFO] [stderr]     Checking num-traits v0.1.35
[INFO] [stderr]    Compiling gcc v0.3.35
[INFO] [stderr]     Checking rustc-serialize v0.3.19
[INFO] [stderr]     Checking bitflags v0.7.0
[INFO] [stderr]     Checking byteorder v0.5.3
[INFO] [stderr]     Checking color_quant v1.0.0
[INFO] [stderr]     Checking inflate v0.1.1
[INFO] [stderr]     Checking lzw v0.10.0
[INFO] [stderr]     Checking ansi_term v0.9.0
[INFO] [stderr]     Checking unicode-width v0.1.3
[INFO] [stderr]     Checking scoped_threadpool v0.1.7
[INFO] [stderr]     Checking strsim v0.5.1
[INFO] [stderr]     Checking vec_map v0.6.0
[INFO] [stderr]     Checking glob v0.2.11
[INFO] [stderr]     Checking unicode-segmentation v0.1.2
[INFO] [stderr]     Checking gif v0.9.0
[INFO] [stdout] error[E0642]: patterns aren't allowed in functions without bodies
[INFO] [stdout]    --> /opt/rustwide/cargo-home/registry/src/index.crates.io-6f17d22bba15001f/rustc-serialize-0.3.19/src/serialize.rs:147:45
[INFO] [stdout]     |
[INFO] [stdout] 147 | ...                   &f_name: &str,
[INFO] [stdout]     |                       ^^^^^^^ pattern not allowed in function without body
[INFO] [stdout] 
[INFO] [stdout] 
[INFO] [stderr]     Checking rand v0.3.14
[INFO] [stderr]     Checking num_cpus v0.2.13
[INFO] [stderr]     Checking term_size v0.2.1
[INFO] [stderr]     Checking clap v2.13.0
[INFO] [stderr]    Compiling miniz-sys v0.1.7
[INFO] [stderr]     Checking num-integer v0.1.32
[INFO] [stderr]     Checking num-iter v0.1.32
[INFO] [stderr]     Checking num v0.1.35
[INFO] [stderr]     Checking deque v0.3.1
[INFO] [stderr]     Checking enum_primitive v0.1.0
[INFO] [stderr]     Checking rayon v0.4.0
[INFO] [stderr]     Checking jpeg-decoder v0.1.6
[INFO] [stdout] error: aborting due to previous error
[INFO] [stdout] 
[INFO] [stdout] 
[INFO] [stdout] For more information about this error, try `rustc --explain E0642`.
[INFO] [stdout] 
[INFO] [stderr] error: could not compile `rustc-serialize` (lib) due to 2 previous errors; 1 warning emitted
[INFO] [stderr] warning: build failed, waiting for other jobs to finish...
[INFO] running `Command { std: "docker" "inspect" "2a2b2557f9e7155579b3bcce94153adf7d9c94c568dec4c6361f6533570e6677", kill_on_drop: false }`
[INFO] running `Command { std: "docker" "rm" "-f" "2a2b2557f9e7155579b3bcce94153adf7d9c94c568dec4c6361f6533570e6677", kill_on_drop: false }`
[INFO] [stdout] 2a2b2557f9e7155579b3bcce94153adf7d9c94c568dec4c6361f6533570e6677
[INFO] documenting Rydgel/image-to-ascii against beta-2023-12-22 for beta-1.76-rustdoc-1
[INFO] running `Command { std: "git" "clone" "/workspace/cache/git-repos/https%3A%2F%2Fgithub.com%2FRydgel%2Fimage-to-ascii" "/workspace/builds/worker-5-tc2/source", kill_on_drop: false }`
[INFO] [stderr] Cloning into '/workspace/builds/worker-5-tc2/source'...
[INFO] [stderr] done.
[INFO] validating manifest of git repo https://github.com/Rydgel/image-to-ascii on toolchain beta-2023-12-22
[INFO] running `Command { std: CARGO_HOME="/workspace/cargo-home" RUSTUP_HOME="/workspace/rustup-home" "/workspace/cargo-home/bin/cargo" "+beta-2023-12-22" "metadata" "--manifest-path" "Cargo.toml" "--no-deps", kill_on_drop: false }`
[INFO] started tweaking git repo https://github.com/Rydgel/image-to-ascii
[INFO] finished tweaking git repo https://github.com/Rydgel/image-to-ascii
[INFO] tweaked toml for git repo https://github.com/Rydgel/image-to-ascii written to /workspace/builds/worker-5-tc2/source/Cargo.toml
[INFO] crate git repo https://github.com/Rydgel/image-to-ascii already has a lockfile, it will not be regenerated
[INFO] running `Command { std: CARGO_HOME="/workspace/cargo-home" RUSTUP_HOME="/workspace/rustup-home" "/workspace/cargo-home/bin/cargo" "+beta-2023-12-22" "fetch" "--manifest-path" "Cargo.toml", kill_on_drop: false }`
[INFO] running `Command { std: "docker" "create" "-v" "/var/lib/crater-agent-workspace/builds/worker-5-tc2/target:/opt/rustwide/target:rw,Z" "-v" "/var/lib/crater-agent-workspace/builds/worker-5-tc2/source:/opt/rustwide/workdir:ro,Z" "-v" "/var/lib/crater-agent-workspace/cargo-home:/opt/rustwide/cargo-home:ro,Z" "-v" "/var/lib/crater-agent-workspace/rustup-home:/opt/rustwide/rustup-home:ro,Z" "-e" "SOURCE_DIR=/opt/rustwide/workdir" "-e" "CARGO_TARGET_DIR=/opt/rustwide/target" "-e" "CARGO_HOME=/opt/rustwide/cargo-home" "-e" "RUSTUP_HOME=/opt/rustwide/rustup-home" "-w" "/opt/rustwide/workdir" "-m" "1610612736" "--user" "0:0" "--network" "none" "ghcr.io/rust-lang/crates-build-env/linux@sha256:2788e3201cd34a07e3172128adcd8b3090168a8e3bcc40d7c032b9dda1df7d1c" "/opt/rustwide/cargo-home/bin/cargo" "+beta-2023-12-22" "metadata" "--no-deps" "--format-version=1", kill_on_drop: false }`
[INFO] [stdout] 553a902c8aaa36dd2581c346ed2a86e649d95693fb4b92a30cbd3bee1b0ef784
[INFO] running `Command { std: "docker" "start" "-a" "553a902c8aaa36dd2581c346ed2a86e649d95693fb4b92a30cbd3bee1b0ef784", kill_on_drop: false }`
[INFO] running `Command { std: "docker" "inspect" "553a902c8aaa36dd2581c346ed2a86e649d95693fb4b92a30cbd3bee1b0ef784", kill_on_drop: false }`
[INFO] running `Command { std: "docker" "rm" "-f" "553a902c8aaa36dd2581c346ed2a86e649d95693fb4b92a30cbd3bee1b0ef784", kill_on_drop: false }`
[INFO] [stdout] 553a902c8aaa36dd2581c346ed2a86e649d95693fb4b92a30cbd3bee1b0ef784
[INFO] running `Command { std: "docker" "create" "-v" "/var/lib/crater-agent-workspace/builds/worker-5-tc2/target:/opt/rustwide/target:rw,Z" "-v" "/var/lib/crater-agent-workspace/builds/worker-5-tc2/source:/opt/rustwide/workdir:ro,Z" "-v" "/var/lib/crater-agent-workspace/cargo-home:/opt/rustwide/cargo-home:ro,Z" "-v" "/var/lib/crater-agent-workspace/rustup-home:/opt/rustwide/rustup-home:ro,Z" "-e" "SOURCE_DIR=/opt/rustwide/workdir" "-e" "CARGO_TARGET_DIR=/opt/rustwide/target" "-e" "CARGO_INCREMENTAL=0" "-e" "RUST_BACKTRACE=full" "-e" "RUSTFLAGS=--cap-lints=warn" "-e" "RUSTDOCFLAGS=--cap-lints=warn" "-e" "CARGO_HOME=/opt/rustwide/cargo-home" "-e" "RUSTUP_HOME=/opt/rustwide/rustup-home" "-w" "/opt/rustwide/workdir" "-m" "1610612736" "--user" "0:0" "--network" "none" "ghcr.io/rust-lang/crates-build-env/linux@sha256:2788e3201cd34a07e3172128adcd8b3090168a8e3bcc40d7c032b9dda1df7d1c" "/opt/rustwide/cargo-home/bin/cargo" "+beta-2023-12-22" "doc" "--frozen" "--no-deps" "--document-private-items" "--message-format=json", kill_on_drop: false }`
[INFO] [stdout] 5e3089a1fb8e22793292901586a84429acc1b3c87e5f985f9ec1c22267b0be51
[INFO] running `Command { std: "docker" "start" "-a" "5e3089a1fb8e22793292901586a84429acc1b3c87e5f985f9ec1c22267b0be51", kill_on_drop: false }`
[INFO] [stderr]     Checking libc v0.2.15
[INFO] [stderr]     Checking num-traits v0.1.35
[INFO] [stderr]    Compiling gcc v0.3.35
[INFO] [stderr]     Checking rustc-serialize v0.3.19
[INFO] [stderr]     Checking bitflags v0.7.0
[INFO] [stderr]     Checking inflate v0.1.1
[INFO] [stderr]     Checking color_quant v1.0.0
[INFO] [stderr]     Checking lzw v0.10.0
[INFO] [stderr]     Checking byteorder v0.5.3
[INFO] [stderr]     Checking vec_map v0.6.0
[INFO] [stderr]     Checking scoped_threadpool v0.1.7
[INFO] [stderr]     Checking unicode-segmentation v0.1.2
[INFO] [stderr]     Checking glob v0.2.11
[INFO] [stderr]     Checking strsim v0.5.1
[INFO] [stderr]     Checking ansi_term v0.9.0
[INFO] [stderr]     Checking unicode-width v0.1.3
[INFO] [stdout] error[E0642]: patterns aren't allowed in functions without bodies
[INFO] [stdout]    --> /opt/rustwide/cargo-home/registry/src/index.crates.io-6f17d22bba15001f/rustc-serialize-0.3.19/src/serialize.rs:147:45
[INFO] [stdout]     |
[INFO] [stdout] 147 | ...                   &f_name: &str,
[INFO] [stdout]     |                       ^^^^^^^ pattern not allowed in function without body
[INFO] [stdout] 
[INFO] [stdout] 
[INFO] [stderr]     Checking gif v0.9.0
[INFO] [stderr]     Checking rand v0.3.14
[INFO] [stderr]     Checking num_cpus v0.2.13
[INFO] [stderr]     Checking term_size v0.2.1
[INFO] [stderr]     Checking clap v2.13.0
[INFO] [stderr]     Checking num-integer v0.1.32
[INFO] [stdout] error[E0310]: the parameter type `T` may not live long enough
[INFO] [stdout]    --> /opt/rustwide/cargo-home/registry/src/index.crates.io-6f17d22bba15001f/rustc-serialize-0.3.19/src/serialize.rs:454:5
[INFO] [stdout]     |
[INFO] [stdout] 454 |     fn decode<D: Decoder>(d: &mut D) -> Result<Cow<'static, T>, D::Error> {
[INFO] [stdout]     |     ^^^^^^^^^^^^^^^^^^^^^^^^^^^^^^^^^^^^^^^^^^^^^^^^^^^^^^^^^^^^^^^^^^^^^
[INFO] [stdout]     |     |
[INFO] [stdout]     |     the parameter type `T` must be valid for the static lifetime...
[INFO] [stdout]     |     ...so that the type `T` will meet its required lifetime bounds...
[INFO] [stdout]     |
[INFO] [stdout] note: ...that is required by this bound
[INFO] [stdout]    --> /rustc/0e09125c6c3c2fd70d7de961bcf0e51575235fad/library/alloc/src/borrow.rs:180:30
[INFO] [stdout] help: consider adding an explicit lifetime bound
[INFO] [stdout]     |
[INFO] [stdout] 450 | impl<'a, T: ?Sized + 'static> Decodable for Cow<'a, T>
[INFO] [stdout]     |                    +++++++++
[INFO] [stdout] 
[INFO] [stdout] 
[INFO] [stderr]    Compiling miniz-sys v0.1.7
[INFO] [stderr]     Checking num-iter v0.1.32
[INFO] [stderr]     Checking num v0.1.35
[INFO] [stderr]     Checking enum_primitive v0.1.0
[INFO] [stderr]     Checking deque v0.3.1
[INFO] [stderr]     Checking rayon v0.4.0
[INFO] [stdout] error: aborting due to 2 previous errors
[INFO] [stdout] 
[INFO] [stdout] 
[INFO] [stdout] Some errors have detailed explanations: E0310, E0642.
[INFO] [stdout] 
[INFO] [stdout] For more information about an error, try `rustc --explain E0310`.
[INFO] [stdout] 
[INFO] [stderr] error: could not compile `rustc-serialize` (lib) due to 3 previous errors
[INFO] [stderr] warning: build failed, waiting for other jobs to finish...
[INFO] running `Command { std: "docker" "inspect" "5e3089a1fb8e22793292901586a84429acc1b3c87e5f985f9ec1c22267b0be51", kill_on_drop: false }`
[INFO] running `Command { std: "docker" "rm" "-f" "5e3089a1fb8e22793292901586a84429acc1b3c87e5f985f9ec1c22267b0be51", kill_on_drop: false }`
[INFO] [stdout] 5e3089a1fb8e22793292901586a84429acc1b3c87e5f985f9ec1c22267b0be51
