[INFO] cloning repository https://github.com/RyanKung/RINA
[INFO] running `Command { std: "git" "-c" "credential.helper=" "-c" "credential.helper=/workspace/cargo-home/bin/git-credential-null" "clone" "--bare" "https://github.com/RyanKung/RINA" "/workspace/cache/git-repos/https%3A%2F%2Fgithub.com%2FRyanKung%2FRINA", kill_on_drop: false }`
[INFO] [stderr] Cloning into bare repository '/workspace/cache/git-repos/https%3A%2F%2Fgithub.com%2FRyanKung%2FRINA'...
[INFO] running `Command { std: "git" "rev-parse" "HEAD", kill_on_drop: false }`
[INFO] [stdout] b024b6139eef0b18ca03547c78db00ffeee60815
[INFO] documenting RyanKung/RINA against 1.75.0 for beta-1.76-rustdoc-1
[INFO] running `Command { std: "git" "clone" "/workspace/cache/git-repos/https%3A%2F%2Fgithub.com%2FRyanKung%2FRINA" "/workspace/builds/worker-3-tc1/source", kill_on_drop: false }`
[INFO] [stderr] Cloning into '/workspace/builds/worker-3-tc1/source'...
[INFO] [stderr] done.
[INFO] validating manifest of git repo https://github.com/RyanKung/RINA on toolchain 1.75.0
[INFO] running `Command { std: CARGO_HOME="/workspace/cargo-home" RUSTUP_HOME="/workspace/rustup-home" "/workspace/cargo-home/bin/cargo" "+1.75.0" "metadata" "--manifest-path" "Cargo.toml" "--no-deps", kill_on_drop: false }`
[INFO] started tweaking git repo https://github.com/RyanKung/RINA
[INFO] finished tweaking git repo https://github.com/RyanKung/RINA
[INFO] tweaked toml for git repo https://github.com/RyanKung/RINA written to /workspace/builds/worker-3-tc1/source/Cargo.toml
[INFO] crate git repo https://github.com/RyanKung/RINA already has a lockfile, it will not be regenerated
[INFO] running `Command { std: CARGO_HOME="/workspace/cargo-home" RUSTUP_HOME="/workspace/rustup-home" "/workspace/cargo-home/bin/cargo" "+1.75.0" "fetch" "--manifest-path" "Cargo.toml", kill_on_drop: false }`
[INFO] [stderr]     Updating git repository `https://github.com/libp2p/rust-libp2p`
[INFO] [stderr]     Updating crates.io index
[INFO] [stderr]  Downloading crates ...
[INFO] [stderr]   Downloaded bs58 v0.2.2
[INFO] [stderr]   Downloaded sha1 v0.5.0
[INFO] [stderr]   Downloaded ed25519-dalek v0.8.1
[INFO] [stderr]   Downloaded base-x v0.2.3
[INFO] [stderr]   Downloaded parking_lot v0.3.8
[INFO] [stderr]   Downloaded stdweb-internal-macros v0.2.2
[INFO] [stderr]   Downloaded security-framework-sys v0.2.1
[INFO] [stderr]   Downloaded stream-cipher v0.1.1
[INFO] [stderr]   Downloaded unsigned-varint v0.2.1
[INFO] [stderr]   Downloaded quick-error v0.1.4
[INFO] [stderr]   Downloaded asn1_der v0.5.10
[INFO] [stderr]   Downloaded ctr v0.1.1
[INFO] [stderr]   Downloaded chashmap v2.2.0
[INFO] [stderr]   Downloaded proc-macro2 v0.4.23
[INFO] [stderr]   Downloaded security-framework v0.2.1
[INFO] [stderr]   Downloaded websocket v0.21.1
[INFO] [stderr]   Downloaded openssl v0.10.15
[INFO] [stderr]   Downloaded curve25519-dalek v0.20.0
[INFO] [stderr]   Downloaded syn v0.15.20
[INFO] [stderr]   Downloaded aesni v0.4.1
[INFO] [stderr]   Downloaded stdweb v0.4.10
[INFO] [stderr]   Downloaded aes-soft v0.2.0
[INFO] [stderr]   Downloaded secp256k1 v0.11.5
[INFO] [stderr]   Downloaded regex-syntax v0.6.3
[INFO] [stderr]   Downloaded serde_json v1.0.33
[INFO] [stderr]   Downloaded base64 v0.7.0
[INFO] [stderr]   Downloaded owning_ref v0.2.4
[INFO] [stderr]   Downloaded bigint v4.4.1
[INFO] [stderr]   Downloaded twofish v0.1.0
[INFO] [stderr]   Downloaded tokio-tls v0.2.0
[INFO] [stderr]   Downloaded hmac v0.6.3
[INFO] [stderr]   Downloaded aio-limited v0.1.0
[INFO] [stderr]   Downloaded aes-ctr v0.1.0
[INFO] [stderr]   Downloaded tokio-dns-unofficial v0.3.1
[INFO] [stderr]   Downloaded stdweb-derive v0.5.1
[INFO] [stderr]   Downloaded block-cipher-trait v0.5.3
[INFO] [stderr]   Downloaded opaque-debug v0.1.1
[INFO] [stderr]   Downloaded unsigned-varint v0.1.0
[INFO] [stderr]   Downloaded stdweb-internal-runtime v0.1.2
[INFO] [stderr]   Downloaded tk-listen v0.2.0
[INFO] [stderr]   Downloaded nohash-hasher v0.1.0
[INFO] [stderr]   Downloaded yamux v0.1.0
[INFO] [stderr]   Downloaded protobuf v2.1.4
[INFO] running `Command { std: "docker" "create" "-v" "/var/lib/crater-agent-workspace/builds/worker-3-tc1/target:/opt/rustwide/target:rw,Z" "-v" "/var/lib/crater-agent-workspace/builds/worker-3-tc1/source:/opt/rustwide/workdir:ro,Z" "-v" "/var/lib/crater-agent-workspace/cargo-home:/opt/rustwide/cargo-home:ro,Z" "-v" "/var/lib/crater-agent-workspace/rustup-home:/opt/rustwide/rustup-home:ro,Z" "-e" "SOURCE_DIR=/opt/rustwide/workdir" "-e" "CARGO_TARGET_DIR=/opt/rustwide/target" "-e" "CARGO_HOME=/opt/rustwide/cargo-home" "-e" "RUSTUP_HOME=/opt/rustwide/rustup-home" "-w" "/opt/rustwide/workdir" "-m" "1610612736" "--user" "0:0" "--network" "none" "ghcr.io/rust-lang/crates-build-env/linux@sha256:2788e3201cd34a07e3172128adcd8b3090168a8e3bcc40d7c032b9dda1df7d1c" "/opt/rustwide/cargo-home/bin/cargo" "+1.75.0" "metadata" "--no-deps" "--format-version=1", kill_on_drop: false }`
[INFO] [stdout] 449150f32654e5e09654f44c7caa8cda20e51a50af495f51ccc230af21154118
[INFO] running `Command { std: "docker" "start" "-a" "449150f32654e5e09654f44c7caa8cda20e51a50af495f51ccc230af21154118", kill_on_drop: false }`
[INFO] running `Command { std: "docker" "inspect" "449150f32654e5e09654f44c7caa8cda20e51a50af495f51ccc230af21154118", kill_on_drop: false }`
[INFO] running `Command { std: "docker" "rm" "-f" "449150f32654e5e09654f44c7caa8cda20e51a50af495f51ccc230af21154118", kill_on_drop: false }`
[INFO] [stdout] 449150f32654e5e09654f44c7caa8cda20e51a50af495f51ccc230af21154118
[INFO] running `Command { std: "docker" "create" "-v" "/var/lib/crater-agent-workspace/builds/worker-3-tc1/target:/opt/rustwide/target:rw,Z" "-v" "/var/lib/crater-agent-workspace/builds/worker-3-tc1/source:/opt/rustwide/workdir:ro,Z" "-v" "/var/lib/crater-agent-workspace/cargo-home:/opt/rustwide/cargo-home:ro,Z" "-v" "/var/lib/crater-agent-workspace/rustup-home:/opt/rustwide/rustup-home:ro,Z" "-e" "SOURCE_DIR=/opt/rustwide/workdir" "-e" "CARGO_TARGET_DIR=/opt/rustwide/target" "-e" "CARGO_INCREMENTAL=0" "-e" "RUST_BACKTRACE=full" "-e" "RUSTFLAGS=--cap-lints=warn" "-e" "RUSTDOCFLAGS=--cap-lints=warn" "-e" "CARGO_HOME=/opt/rustwide/cargo-home" "-e" "RUSTUP_HOME=/opt/rustwide/rustup-home" "-w" "/opt/rustwide/workdir" "-m" "1610612736" "--user" "0:0" "--network" "none" "ghcr.io/rust-lang/crates-build-env/linux@sha256:2788e3201cd34a07e3172128adcd8b3090168a8e3bcc40d7c032b9dda1df7d1c" "/opt/rustwide/cargo-home/bin/cargo" "+1.75.0" "doc" "--frozen" "--no-deps" "--document-private-items" "--message-format=json", kill_on_drop: false }`
[INFO] [stdout] eaed7c481bd0b1c5eedc65408a6762d39090c1dc6084b22de621296f14a8011a
[INFO] running `Command { std: "docker" "start" "-a" "eaed7c481bd0b1c5eedc65408a6762d39090c1dc6084b22de621296f14a8011a", kill_on_drop: false }`
[INFO] [stderr]     Checking libc v0.2.43
[INFO] [stderr]     Checking cfg-if v0.1.6
[INFO] [stderr]    Compiling version_check v0.1.5
[INFO] [stderr]     Checking byteorder v1.2.7
[INFO] [stderr]     Checking futures v0.1.25
[INFO] [stderr]    Compiling typenum v1.10.0
[INFO] [stderr]     Checking rand_core v0.3.0
[INFO] [stderr]     Checking unreachable v1.0.0
[INFO] [stderr]     Checking log v0.4.6
[INFO] [stderr]     Checking smallvec v0.6.5
[INFO] [stderr]     Checking rand_core v0.2.2
[INFO] [stderr]    Compiling semver-parser v0.7.0
[INFO] [stderr]     Checking scopeguard v0.3.3
[INFO] [stderr]     Checking stable_deref_trait v1.1.1
[INFO] [stderr]     Checking crossbeam-utils v0.5.0
[INFO] [stderr]     Checking slab v0.4.1
[INFO] [stderr]     Checking owning_ref v0.3.3
[INFO] [stderr]    Compiling lazy_static v1.1.0
[INFO] [stderr]    Compiling semver v0.9.0
[INFO] [stderr]    Compiling cc v1.0.25
[INFO] [stderr]     Checking lock_api v0.1.4
[INFO] [stderr]     Checking iovec v0.1.2
[INFO] [stderr]     Checking rand v0.5.5
[INFO] [stderr]     Checking bytes v0.4.10
[INFO] [stderr]    Compiling rustc_version v0.2.3
[INFO] [stderr]     Checking byte-tools v0.2.0
[INFO] [stderr]    Compiling crunchy v0.1.6
[INFO] [stderr]     Checking constant_time_eq v0.1.3
[INFO] [stderr]    Compiling serde v1.0.80
[INFO] [stderr]    Compiling parking_lot_core v0.3.1
[INFO] [stderr]     Checking quick-error v1.2.2
[INFO] [stderr]     Checking arrayref v0.3.5
[INFO] [stderr]     Checking block-buffer v0.3.3
[INFO] [stderr]     Checking fake-simd v0.1.2
[INFO] [stderr]     Checking tiny-keccak v1.4.2
[INFO] [stderr]     Checking sha1 v0.5.0
[INFO] [stderr]    Compiling protobuf v2.1.4
[INFO] [stderr]     Checking tokio-io v0.1.10
[INFO] [stderr]     Checking tokio-executor v0.1.5
[INFO] [stderr]     Checking unsigned-varint v0.1.0
[INFO] [stderr]     Checking tokio-timer v0.2.7
[INFO] [stderr]     Checking generic-array v0.9.0
[INFO] [stderr]     Checking num_cpus v1.8.0
[INFO] [stderr]     Checking data-encoding v2.1.1
[INFO] [stderr]     Checking digest v0.7.6
[INFO] [stderr]     Checking crypto-mac v0.5.2
[INFO] [stderr]     Checking tokio-codec v0.1.1
[INFO] [stderr]     Checking parking_lot v0.6.4
[INFO] [stderr]     Checking bs58 v0.2.2
[INFO] [stderr]     Checking sha2 v0.7.1
[INFO] [stderr]     Checking blake2 v0.7.1
[INFO] [stderr]     Checking byteorder v0.4.2
[INFO] [stderr]     Checking unsigned-varint v0.2.1
[INFO] [stderr]     Checking rw-stream-sink v0.1.0 (https://github.com/libp2p/rust-libp2p#466385a5)
[INFO] [stderr]     Checking fnv v1.0.6
[INFO] [stderr]     Checking net2 v0.2.33
[INFO] [stderr]     Checking lazycell v1.2.0
[INFO] [stderr]     Checking multihash v0.8.1-pre (https://github.com/libp2p/rust-libp2p#466385a5)
[INFO] [stderr]     Checking multistream-select v0.1.0 (https://github.com/libp2p/rust-libp2p#466385a5)
[INFO] [stderr]     Checking nodrop v0.1.12
[INFO] [stderr]     Checking rand v0.4.3
[INFO] [stderr]     Checking arrayvec v0.4.7
[INFO] [stderr]     Checking memoffset v0.2.1
[INFO] [stderr]    Compiling proc-macro2 v0.4.23
[INFO] [stderr]     Checking mio v0.6.16
[INFO] [stderr]    Compiling pkg-config v0.3.14
[INFO] [stderr]     Checking crossbeam-epoch v0.5.2
[INFO] [stderr]     Checking crossbeam-deque v0.6.1
[INFO] [stderr]     Checking parking_lot_core v0.2.14
[INFO] [stderr]    Compiling crossbeam-utils v0.2.2
[INFO] [stderr]     Checking tokio-threadpool v0.1.8
[INFO] [stderr]     Checking tokio-reactor v0.1.6
[INFO] [stderr]     Checking mio-uds v0.6.7
[INFO] [stderr]    Compiling openssl-sys v0.9.39
[INFO] [stderr]    Compiling clear_on_drop v0.2.3
[INFO] [stderr]     Checking tokio-current-thread v0.1.3
[INFO] [stderr]     Checking tokio-uds v0.2.3
[INFO] [stderr]     Checking tokio-tcp v0.1.2
[INFO] [stderr]     Checking tokio-udp v0.1.2
[INFO] [stderr]     Checking tokio-fs v0.1.4
[INFO] [stderr]    Compiling ryu v0.2.7
[INFO] [stderr]    Compiling quote v0.6.10
[INFO] [stderr]    Compiling crossbeam-epoch v0.3.1
[INFO] [stderr]     Checking tokio v0.1.11
[INFO] [stderr] The following warnings were emitted during compilation:
[INFO] [stderr] 
[INFO] [stderr] warning: openssl-sys@0.9.39: /opt/rustwide/target/debug/build/openssl-sys-7c29a392c7497fe3/out/expando.c:4:24: error: pasting "RUST_VERSION_OPENSSL_" and "(" does not give a valid preprocessing token
[INFO] [stderr] warning: openssl-sys@0.9.39:     4 | #define VERSION2(n, v) RUST_VERSION_ ## n ## _ ## v
[INFO] [stderr] warning: openssl-sys@0.9.39:       |                        ^~~~~~~~~~~~~
[INFO] [stderr] warning: openssl-sys@0.9.39: /opt/rustwide/target/debug/build/openssl-sys-7c29a392c7497fe3/out/expando.c:5:23: note: in expansion of macro 'VERSION2'
[INFO] [stderr] warning: openssl-sys@0.9.39:     5 | #define VERSION(n, v) VERSION2(n, v)
[INFO] [stderr] warning: openssl-sys@0.9.39:       |                       ^~~~~~~~
[INFO] [stderr] warning: openssl-sys@0.9.39: /opt/rustwide/target/debug/build/openssl-sys-7c29a392c7497fe3/out/expando.c:7:1: note: in expansion of macro 'VERSION'
[INFO] [stderr] warning: openssl-sys@0.9.39:     7 | VERSION(OPENSSL, OPENSSL_VERSION_NUMBER)
[INFO] [stderr] warning: openssl-sys@0.9.39:       | ^~~~~~~
[INFO] [stderr] 
[INFO] [stderr] error: failed to run custom build command for `openssl-sys v0.9.39`
[INFO] [stderr] note: To improve backtraces for build dependencies, set the CARGO_PROFILE_DEV_BUILD_OVERRIDE_DEBUG=true environment variable to enable debug information generation.
[INFO] [stderr] 
[INFO] [stderr] Caused by:
[INFO] [stderr]   process didn't exit successfully: `/opt/rustwide/target/debug/build/openssl-sys-60db0de35f730e42/build-script-main` (exit status: 101)
[INFO] [stderr]   --- stdout
[INFO] [stderr]   cargo:rerun-if-env-changed=X86_64_UNKNOWN_LINUX_GNU_OPENSSL_LIB_DIR
[INFO] [stderr]   cargo:rerun-if-env-changed=OPENSSL_LIB_DIR
[INFO] [stderr]   cargo:rerun-if-env-changed=X86_64_UNKNOWN_LINUX_GNU_OPENSSL_INCLUDE_DIR
[INFO] [stderr]   cargo:rerun-if-env-changed=OPENSSL_INCLUDE_DIR
[INFO] [stderr]   cargo:rerun-if-env-changed=X86_64_UNKNOWN_LINUX_GNU_OPENSSL_DIR
[INFO] [stderr]   cargo:rerun-if-env-changed=OPENSSL_DIR
[INFO] [stderr]   cargo:rustc-link-lib=ssl
[INFO] [stderr]   cargo:rustc-link-lib=crypto
[INFO] [stderr]   OPT_LEVEL = Some("0")
[INFO] [stderr]   TARGET = Some("x86_64-unknown-linux-gnu")
[INFO] [stderr]   HOST = Some("x86_64-unknown-linux-gnu")
[INFO] [stderr]   CC_x86_64-unknown-linux-gnu = None
[INFO] [stderr]   CC_x86_64_unknown_linux_gnu = None
[INFO] [stderr]   HOST_CC = None
[INFO] [stderr]   CC = None
[INFO] [stderr]   CFLAGS_x86_64-unknown-linux-gnu = None
[INFO] [stderr]   CFLAGS_x86_64_unknown_linux_gnu = None
[INFO] [stderr]   HOST_CFLAGS = None
[INFO] [stderr]   CFLAGS = None
[INFO] [stderr]   DEBUG = Some("true")
[INFO] [stderr]   running: "cc" "-O0" "-ffunction-sections" "-fdata-sections" "-fPIC" "-g" "-fno-omit-frame-pointer" "-m64" "-Wall" "-Wextra" "-E" "/opt/rustwide/target/debug/build/openssl-sys-7c29a392c7497fe3/out/expando.c"
[INFO] [stderr]   cargo:warning=/opt/rustwide/target/debug/build/openssl-sys-7c29a392c7497fe3/out/expando.c:4:24: error: pasting "RUST_VERSION_OPENSSL_" and "(" does not give a valid preprocessing token
[INFO] [stderr]   cargo:warning=    4 | #define VERSION2(n, v) RUST_VERSION_ ## n ## _ ## v
[INFO] [stderr]   cargo:warning=      |                        ^~~~~~~~~~~~~
[INFO] [stderr]   cargo:warning=/opt/rustwide/target/debug/build/openssl-sys-7c29a392c7497fe3/out/expando.c:5:23: note: in expansion of macro 'VERSION2'
[INFO] [stderr]   cargo:warning=    5 | #define VERSION(n, v) VERSION2(n, v)
[INFO] [stderr]   cargo:warning=      |                       ^~~~~~~~
[INFO] [stderr]   cargo:warning=/opt/rustwide/target/debug/build/openssl-sys-7c29a392c7497fe3/out/expando.c:7:1: note: in expansion of macro 'VERSION'
[INFO] [stderr]   cargo:warning=    7 | VERSION(OPENSSL, OPENSSL_VERSION_NUMBER)
[INFO] [stderr]   cargo:warning=      | ^~~~~~~
[INFO] [stderr]   exit status: 1
[INFO] [stderr] 
[INFO] [stderr]   --- stderr
[INFO] [stderr]   thread 'main' panicked at /opt/rustwide/cargo-home/registry/src/index.crates.io-6f17d22bba15001f/openssl-sys-0.9.39/build/main.rs:432:13:
[INFO] [stderr] 
[INFO] [stderr]   Header expansion error:
[INFO] [stderr]   Error { kind: ToolExecError, message: "Command \"cc\" \"-O0\" \"-ffunction-sections\" \"-fdata-sections\" \"-fPIC\" \"-g\" \"-fno-omit-frame-pointer\" \"-m64\" \"-Wall\" \"-Wextra\" \"-E\" \"/opt/rustwide/target/debug/build/openssl-sys-7c29a392c7497fe3/out/expando.c\" with args \"cc\" did not execute successfully (status code exit status: 1)." }
[INFO] [stderr] 
[INFO] [stderr]   Failed to find OpenSSL development headers.
[INFO] [stderr] 
[INFO] [stderr]   You can try fixing this setting the `OPENSSL_DIR` environment variable
[INFO] [stderr]   pointing to your OpenSSL installation or installing OpenSSL headers package
[INFO] [stderr]   specific to your distribution:
[INFO] [stderr] 
[INFO] [stderr]       # On Ubuntu
[INFO] [stderr]       sudo apt-get install libssl-dev
[INFO] [stderr]       # On Arch Linux
[INFO] [stderr]       sudo pacman -S openssl
[INFO] [stderr]       # On Fedora
[INFO] [stderr]       sudo dnf install openssl-devel
[INFO] [stderr] 
[INFO] [stderr]   See rust-openssl README for more information:
[INFO] [stderr] 
[INFO] [stderr]       https://github.com/sfackler/rust-openssl#linux
[INFO] [stderr] 
[INFO] [stderr]   stack backtrace:
[INFO] [stderr]      0:     0x556946b3e8fc - std::backtrace_rs::backtrace::libunwind::trace::ha637c64ce894333a
[INFO] [stderr]                                  at /rustc/82e1608dfa6e0b5569232559e3d385fea5a93112/library/std/src/../../backtrace/src/backtrace/libunwind.rs:104:5
[INFO] [stderr]      1:     0x556946b3e8fc - std::backtrace_rs::backtrace::trace_unsynchronized::h47f62dea28e0c88d
[INFO] [stderr]                                  at /rustc/82e1608dfa6e0b5569232559e3d385fea5a93112/library/std/src/../../backtrace/src/backtrace/mod.rs:66:5
[INFO] [stderr]      2:     0x556946b3e8fc - std::sys_common::backtrace::_print_fmt::h9eef0abe20ede486
[INFO] [stderr]                                  at /rustc/82e1608dfa6e0b5569232559e3d385fea5a93112/library/std/src/sys_common/backtrace.rs:67:5
[INFO] [stderr]      3:     0x556946b3e8fc - <std::sys_common::backtrace::_print::DisplayBacktrace as core::fmt::Display>::fmt::hed7f999df88cc644
[INFO] [stderr]                                  at /rustc/82e1608dfa6e0b5569232559e3d385fea5a93112/library/std/src/sys_common/backtrace.rs:44:22
[INFO] [stderr]      4:     0x556946b64a30 - core::fmt::rt::Argument::fmt::h1539a9308b8d058d
[INFO] [stderr]                                  at /rustc/82e1608dfa6e0b5569232559e3d385fea5a93112/library/core/src/fmt/rt.rs:142:9
[INFO] [stderr]      5:     0x556946b64a30 - core::fmt::write::h3a39390d8560d9c9
[INFO] [stderr]                                  at /rustc/82e1608dfa6e0b5569232559e3d385fea5a93112/library/core/src/fmt/mod.rs:1120:17
[INFO] [stderr]      6:     0x556946b3c23f - std::io::Write::write_fmt::h5fc9997dfe05f882
[INFO] [stderr]                                  at /rustc/82e1608dfa6e0b5569232559e3d385fea5a93112/library/std/src/io/mod.rs:1762:15
[INFO] [stderr]      7:     0x556946b3e6e4 - std::sys_common::backtrace::_print::h894006fb5c6f3d45
[INFO] [stderr]                                  at /rustc/82e1608dfa6e0b5569232559e3d385fea5a93112/library/std/src/sys_common/backtrace.rs:47:5
[INFO] [stderr]      8:     0x556946b3e6e4 - std::sys_common::backtrace::print::h23a2d212c6fff936
[INFO] [stderr]                                  at /rustc/82e1608dfa6e0b5569232559e3d385fea5a93112/library/std/src/sys_common/backtrace.rs:34:9
[INFO] [stderr]      9:     0x556946b3fef7 - std::panicking::default_hook::{{closure}}::h8a1d2ee00185001a
[INFO] [stderr]     10:     0x556946b3fc5f - std::panicking::default_hook::h6038f2eba384e475
[INFO] [stderr]                                  at /rustc/82e1608dfa6e0b5569232559e3d385fea5a93112/library/std/src/panicking.rs:292:9
[INFO] [stderr]     11:     0x556946b40378 - std::panicking::rust_panic_with_hook::h2b5517d590cab22e
[INFO] [stderr]                                  at /rustc/82e1608dfa6e0b5569232559e3d385fea5a93112/library/std/src/panicking.rs:779:13
[INFO] [stderr]     12:     0x556946b4025e - std::panicking::begin_panic_handler::{{closure}}::h233112c06e0ef43e
[INFO] [stderr]                                  at /rustc/82e1608dfa6e0b5569232559e3d385fea5a93112/library/std/src/panicking.rs:657:13
[INFO] [stderr]     13:     0x556946b3edc6 - std::sys_common::backtrace::__rust_end_short_backtrace::h6e893f24d7ebbff8
[INFO] [stderr]                                  at /rustc/82e1608dfa6e0b5569232559e3d385fea5a93112/library/std/src/sys_common/backtrace.rs:170:18
[INFO] [stderr]     14:     0x556946b3ffc2 - rust_begin_unwind
[INFO] [stderr]                                  at /rustc/82e1608dfa6e0b5569232559e3d385fea5a93112/library/std/src/panicking.rs:645:5
[INFO] [stderr]     15:     0x556946abe685 - core::panicking::panic_fmt::hbf0e066aabfa482c
[INFO] [stderr]                                  at /rustc/82e1608dfa6e0b5569232559e3d385fea5a93112/library/core/src/panicking.rs:72:14
[INFO] [stderr]     16:     0x556946ac6976 - build_script_main::validate_headers::h759b5a89fda8e9c5
[INFO] [stderr]     17:     0x556946ac4ddf - build_script_main::imp::try_pkg_config::h2e3c4c960d511111
[INFO] [stderr]     18:     0x556946ac3ca4 - build_script_main::imp::find_openssl_dir::h834be0622ad54e13
[INFO] [stderr]     19:     0x556946ac3b42 - build_script_main::imp::get_openssl::{{closure}}::h64cb1a4a53628b60
[INFO] [stderr]     20:     0x556946ac9e49 - core::option::Option<T>::unwrap_or_else::he9669a469f79cdda
[INFO] [stderr]     21:     0x556946ac3941 - build_script_main::imp::get_openssl::h8a5552d1b4335a75
[INFO] [stderr]     22:     0x556946ac2790 - build_script_main::main::hab3c3e2c22cf09a5
[INFO] [stderr]     23:     0x556946ac8e03 - core::ops::function::FnOnce::call_once::hfcfe3e2d6d845d6c
[INFO] [stderr]     24:     0x556946ac80d6 - std::sys_common::backtrace::__rust_begin_short_backtrace::h77e2df6033c36406
[INFO] [stderr]     25:     0x556946abf569 - std::rt::lang_start::{{closure}}::hde7d10255856ed48
[INFO] [stderr]     26:     0x556946b38787 - core::ops::function::impls::<impl core::ops::function::FnOnce<A> for &F>::call_once::hd95060ecd5e1ca24
[INFO] [stderr]                                  at /rustc/82e1608dfa6e0b5569232559e3d385fea5a93112/library/core/src/ops/function.rs:284:13
[INFO] [stderr]     27:     0x556946b38787 - std::panicking::try::do_call::h6e8cf51db32a6e4b
[INFO] [stderr]                                  at /rustc/82e1608dfa6e0b5569232559e3d385fea5a93112/library/std/src/panicking.rs:552:40
[INFO] [stderr]     28:     0x556946b38787 - std::panicking::try::h3a52eefe24fe3c29
[INFO] [stderr]                                  at /rustc/82e1608dfa6e0b5569232559e3d385fea5a93112/library/std/src/panicking.rs:516:19
[INFO] [stderr]     29:     0x556946b38787 - std::panic::catch_unwind::h24c28c23c02c3841
[INFO] [stderr]                                  at /rustc/82e1608dfa6e0b5569232559e3d385fea5a93112/library/std/src/panic.rs:142:14
[INFO] [stderr]     30:     0x556946b38787 - std::rt::lang_start_internal::{{closure}}::h705d3c9cbc06ef47
[INFO] [stderr]                                  at /rustc/82e1608dfa6e0b5569232559e3d385fea5a93112/library/std/src/rt.rs:148:48
[INFO] [stderr]     31:     0x556946b38787 - std::panicking::try::do_call::ha21f52ba13158470
[INFO] [stderr]                                  at /rustc/82e1608dfa6e0b5569232559e3d385fea5a93112/library/std/src/panicking.rs:552:40
[INFO] [stderr]     32:     0x556946b38787 - std::panicking::try::h5581346bf6aeb1f8
[INFO] [stderr]                                  at /rustc/82e1608dfa6e0b5569232559e3d385fea5a93112/library/std/src/panicking.rs:516:19
[INFO] [stderr]     33:     0x556946b38787 - std::panic::catch_unwind::h7919645a6b72e25b
[INFO] [stderr]                                  at /rustc/82e1608dfa6e0b5569232559e3d385fea5a93112/library/std/src/panic.rs:142:14
[INFO] [stderr]     34:     0x556946b38787 - std::rt::lang_start_internal::h12de51168669836e
[INFO] [stderr]                                  at /rustc/82e1608dfa6e0b5569232559e3d385fea5a93112/library/std/src/rt.rs:148:20
[INFO] [stderr]     35:     0x556946abf547 - std::rt::lang_start::h41eae055634c1a20
[INFO] [stderr]     36:     0x556946ac7895 - main
[INFO] [stderr]     37:     0x7f6677807d90 - <unknown>
[INFO] [stderr]     38:     0x7f6677807e40 - __libc_start_main
[INFO] [stderr]     39:     0x556946abee95 - _start
[INFO] [stderr]     40:                0x0 - <unknown>
[INFO] [stderr] warning: build failed, waiting for other jobs to finish...
[INFO] running `Command { std: "docker" "inspect" "eaed7c481bd0b1c5eedc65408a6762d39090c1dc6084b22de621296f14a8011a", kill_on_drop: false }`
[INFO] running `Command { std: "docker" "rm" "-f" "eaed7c481bd0b1c5eedc65408a6762d39090c1dc6084b22de621296f14a8011a", kill_on_drop: false }`
[INFO] [stdout] eaed7c481bd0b1c5eedc65408a6762d39090c1dc6084b22de621296f14a8011a
[INFO] documenting RyanKung/RINA against beta-2023-12-22 for beta-1.76-rustdoc-1
[INFO] running `Command { std: "git" "clone" "/workspace/cache/git-repos/https%3A%2F%2Fgithub.com%2FRyanKung%2FRINA" "/workspace/builds/worker-3-tc2/source", kill_on_drop: false }`
[INFO] [stderr] Cloning into '/workspace/builds/worker-3-tc2/source'...
[INFO] [stderr] done.
[INFO] validating manifest of git repo https://github.com/RyanKung/RINA on toolchain beta-2023-12-22
[INFO] running `Command { std: CARGO_HOME="/workspace/cargo-home" RUSTUP_HOME="/workspace/rustup-home" "/workspace/cargo-home/bin/cargo" "+beta-2023-12-22" "metadata" "--manifest-path" "Cargo.toml" "--no-deps", kill_on_drop: false }`
[INFO] started tweaking git repo https://github.com/RyanKung/RINA
[INFO] finished tweaking git repo https://github.com/RyanKung/RINA
[INFO] tweaked toml for git repo https://github.com/RyanKung/RINA written to /workspace/builds/worker-3-tc2/source/Cargo.toml
[INFO] crate git repo https://github.com/RyanKung/RINA already has a lockfile, it will not be regenerated
[INFO] running `Command { std: CARGO_HOME="/workspace/cargo-home" RUSTUP_HOME="/workspace/rustup-home" "/workspace/cargo-home/bin/cargo" "+beta-2023-12-22" "fetch" "--manifest-path" "Cargo.toml", kill_on_drop: false }`
[INFO] running `Command { std: "docker" "create" "-v" "/var/lib/crater-agent-workspace/builds/worker-3-tc2/target:/opt/rustwide/target:rw,Z" "-v" "/var/lib/crater-agent-workspace/builds/worker-3-tc2/source:/opt/rustwide/workdir:ro,Z" "-v" "/var/lib/crater-agent-workspace/cargo-home:/opt/rustwide/cargo-home:ro,Z" "-v" "/var/lib/crater-agent-workspace/rustup-home:/opt/rustwide/rustup-home:ro,Z" "-e" "SOURCE_DIR=/opt/rustwide/workdir" "-e" "CARGO_TARGET_DIR=/opt/rustwide/target" "-e" "CARGO_HOME=/opt/rustwide/cargo-home" "-e" "RUSTUP_HOME=/opt/rustwide/rustup-home" "-w" "/opt/rustwide/workdir" "-m" "1610612736" "--user" "0:0" "--network" "none" "ghcr.io/rust-lang/crates-build-env/linux@sha256:2788e3201cd34a07e3172128adcd8b3090168a8e3bcc40d7c032b9dda1df7d1c" "/opt/rustwide/cargo-home/bin/cargo" "+beta-2023-12-22" "metadata" "--no-deps" "--format-version=1", kill_on_drop: false }`
[INFO] [stdout] f025f334c762e41d14f033065742cb95a19578eadb9e9df33f93c88438b45730
[INFO] running `Command { std: "docker" "start" "-a" "f025f334c762e41d14f033065742cb95a19578eadb9e9df33f93c88438b45730", kill_on_drop: false }`
[INFO] running `Command { std: "docker" "inspect" "f025f334c762e41d14f033065742cb95a19578eadb9e9df33f93c88438b45730", kill_on_drop: false }`
[INFO] running `Command { std: "docker" "rm" "-f" "f025f334c762e41d14f033065742cb95a19578eadb9e9df33f93c88438b45730", kill_on_drop: false }`
[INFO] [stdout] f025f334c762e41d14f033065742cb95a19578eadb9e9df33f93c88438b45730
[INFO] running `Command { std: "docker" "create" "-v" "/var/lib/crater-agent-workspace/builds/worker-3-tc2/target:/opt/rustwide/target:rw,Z" "-v" "/var/lib/crater-agent-workspace/builds/worker-3-tc2/source:/opt/rustwide/workdir:ro,Z" "-v" "/var/lib/crater-agent-workspace/cargo-home:/opt/rustwide/cargo-home:ro,Z" "-v" "/var/lib/crater-agent-workspace/rustup-home:/opt/rustwide/rustup-home:ro,Z" "-e" "SOURCE_DIR=/opt/rustwide/workdir" "-e" "CARGO_TARGET_DIR=/opt/rustwide/target" "-e" "CARGO_INCREMENTAL=0" "-e" "RUST_BACKTRACE=full" "-e" "RUSTFLAGS=--cap-lints=warn" "-e" "RUSTDOCFLAGS=--cap-lints=warn" "-e" "CARGO_HOME=/opt/rustwide/cargo-home" "-e" "RUSTUP_HOME=/opt/rustwide/rustup-home" "-w" "/opt/rustwide/workdir" "-m" "1610612736" "--user" "0:0" "--network" "none" "ghcr.io/rust-lang/crates-build-env/linux@sha256:2788e3201cd34a07e3172128adcd8b3090168a8e3bcc40d7c032b9dda1df7d1c" "/opt/rustwide/cargo-home/bin/cargo" "+beta-2023-12-22" "doc" "--frozen" "--no-deps" "--document-private-items" "--message-format=json", kill_on_drop: false }`
[INFO] [stdout] 2d1e884bef231f946a7315086c6b7abf1768c408c7edd702180610a29636ddea
[INFO] running `Command { std: "docker" "start" "-a" "2d1e884bef231f946a7315086c6b7abf1768c408c7edd702180610a29636ddea", kill_on_drop: false }`
[INFO] [stderr]     Checking libc v0.2.43
[INFO] [stderr]     Checking cfg-if v0.1.6
[INFO] [stderr]    Compiling version_check v0.1.5
[INFO] [stderr]     Checking byteorder v1.2.7
[INFO] [stderr]     Checking futures v0.1.25
[INFO] [stderr]    Compiling typenum v1.10.0
[INFO] [stderr]     Checking rand_core v0.3.0
[INFO] [stderr]     Checking unreachable v1.0.0
[INFO] [stderr]     Checking log v0.4.6
[INFO] [stderr]     Checking smallvec v0.6.5
[INFO] [stderr]     Checking rand_core v0.2.2
[INFO] [stderr]     Checking scopeguard v0.3.3
[INFO] [stderr]    Compiling semver-parser v0.7.0
[INFO] [stderr]     Checking stable_deref_trait v1.1.1
[INFO] [stderr]     Checking crossbeam-utils v0.5.0
[INFO] [stderr]     Checking owning_ref v0.3.3
[INFO] [stderr]    Compiling lazy_static v1.1.0
[INFO] [stderr]    Compiling semver v0.9.0
[INFO] [stderr]     Checking slab v0.4.1
[INFO] [stderr]    Compiling cc v1.0.25
[INFO] [stderr]     Checking iovec v0.1.2
[INFO] [stderr]     Checking rand v0.5.5
[INFO] [stderr]     Checking bytes v0.4.10
[INFO] [stderr]     Checking lock_api v0.1.4
[INFO] [stderr]    Compiling rustc_version v0.2.3
[INFO] [stderr]     Checking byte-tools v0.2.0
[INFO] [stderr]    Compiling crunchy v0.1.6
[INFO] [stderr]     Checking constant_time_eq v0.1.3
[INFO] [stderr]    Compiling serde v1.0.80
[INFO] [stderr]     Checking quick-error v1.2.2
[INFO] [stderr]    Compiling parking_lot_core v0.3.1
[INFO] [stderr]     Checking arrayref v0.3.5
[INFO] [stderr]     Checking block-buffer v0.3.3
[INFO] [stderr]     Checking tokio-io v0.1.10
[INFO] [stderr]     Checking tokio-executor v0.1.5
[INFO] [stderr]     Checking fake-simd v0.1.2
[INFO] [stderr]     Checking generic-array v0.9.0
[INFO] [stderr]     Checking tiny-keccak v1.4.2
[INFO] [stderr]     Checking tokio-timer v0.2.7
[INFO] [stderr]    Compiling protobuf v2.1.4
[INFO] [stderr]     Checking digest v0.7.6
[INFO] [stderr]     Checking crypto-mac v0.5.2
[INFO] [stderr]     Checking tokio-codec v0.1.1
[INFO] [stderr]     Checking sha2 v0.7.1
[INFO] [stderr]     Checking unsigned-varint v0.2.1
[INFO] [stderr]     Checking sha1 v0.5.0
[INFO] [stderr]     Checking blake2 v0.7.1
[INFO] [stderr]     Checking parking_lot v0.6.4
[INFO] [stderr]     Checking unsigned-varint v0.1.0
[INFO] [stderr]     Checking num_cpus v1.8.0
[INFO] [stderr]     Checking bs58 v0.2.2
[INFO] [stderr]     Checking data-encoding v2.1.1
[INFO] [stderr]     Checking byteorder v0.4.2
[INFO] [stderr]     Checking multistream-select v0.1.0 (https://github.com/libp2p/rust-libp2p#466385a5)
[INFO] [stderr]     Checking multihash v0.8.1-pre (https://github.com/libp2p/rust-libp2p#466385a5)
[INFO] [stderr]     Checking rw-stream-sink v0.1.0 (https://github.com/libp2p/rust-libp2p#466385a5)
[INFO] [stderr]     Checking fnv v1.0.6
[INFO] [stderr]     Checking net2 v0.2.33
[INFO] [stderr]     Checking lazycell v1.2.0
[INFO] [stderr]     Checking nodrop v0.1.12
[INFO] [stderr]     Checking rand v0.4.3
[INFO] [stderr]     Checking arrayvec v0.4.7
[INFO] [stderr]     Checking memoffset v0.2.1
[INFO] [stderr]    Compiling pkg-config v0.3.14
[INFO] [stderr]    Compiling proc-macro2 v0.4.23
[INFO] [stderr]     Checking mio v0.6.16
[INFO] [stderr]     Checking crossbeam-epoch v0.5.2
[INFO] [stderr]     Checking crossbeam-deque v0.6.1
[INFO] [stderr]     Checking parking_lot_core v0.2.14
[INFO] [stderr]     Checking tokio-threadpool v0.1.8
[INFO] [stderr]    Compiling crossbeam-utils v0.2.2
[INFO] [stderr]    Compiling openssl-sys v0.9.39
[INFO] [stderr]     Checking tokio-reactor v0.1.6
[INFO] [stderr]     Checking mio-uds v0.6.7
[INFO] [stderr]    Compiling clear_on_drop v0.2.3
[INFO] [stderr]     Checking tokio-current-thread v0.1.3
[INFO] [stderr]     Checking tokio-uds v0.2.3
[INFO] [stderr]     Checking tokio-fs v0.1.4
[INFO] [stderr]     Checking tokio-udp v0.1.2
[INFO] [stderr]     Checking tokio-tcp v0.1.2
[INFO] [stderr]    Compiling ryu v0.2.7
[INFO] [stderr]    Compiling crossbeam-epoch v0.3.1
[INFO] [stderr]     Checking tokio v0.1.11
[INFO] [stderr]    Compiling quote v0.6.10
[INFO] [stderr] The following warnings were emitted during compilation:
[INFO] [stderr] 
[INFO] [stderr] warning: openssl-sys@0.9.39: /opt/rustwide/target/debug/build/openssl-sys-78d3b21abdbd1e2b/out/expando.c:4:24: error: pasting "RUST_VERSION_OPENSSL_" and "(" does not give a valid preprocessing token
[INFO] [stderr] warning: openssl-sys@0.9.39:     4 | #define VERSION2(n, v) RUST_VERSION_ ## n ## _ ## v
[INFO] [stderr] warning: openssl-sys@0.9.39:       |                        ^~~~~~~~~~~~~
[INFO] [stderr] warning: openssl-sys@0.9.39: /opt/rustwide/target/debug/build/openssl-sys-78d3b21abdbd1e2b/out/expando.c:5:23: note: in expansion of macro 'VERSION2'
[INFO] [stderr] warning: openssl-sys@0.9.39:     5 | #define VERSION(n, v) VERSION2(n, v)
[INFO] [stderr] warning: openssl-sys@0.9.39:       |                       ^~~~~~~~
[INFO] [stderr] warning: openssl-sys@0.9.39: /opt/rustwide/target/debug/build/openssl-sys-78d3b21abdbd1e2b/out/expando.c:7:1: note: in expansion of macro 'VERSION'
[INFO] [stderr] warning: openssl-sys@0.9.39:     7 | VERSION(OPENSSL, OPENSSL_VERSION_NUMBER)
[INFO] [stderr] warning: openssl-sys@0.9.39:       | ^~~~~~~
[INFO] [stderr] 
[INFO] [stderr] error: failed to run custom build command for `openssl-sys v0.9.39`
[INFO] [stderr] note: To improve backtraces for build dependencies, set the CARGO_PROFILE_DEV_BUILD_OVERRIDE_DEBUG=true environment variable to enable debug information generation.
[INFO] [stderr] 
[INFO] [stderr] Caused by:
[INFO] [stderr]   process didn't exit successfully: `/opt/rustwide/target/debug/build/openssl-sys-dcdfc5b7d5a8b6f0/build-script-main` (exit status: 101)
[INFO] [stderr]   --- stdout
[INFO] [stderr]   cargo:rerun-if-env-changed=X86_64_UNKNOWN_LINUX_GNU_OPENSSL_LIB_DIR
[INFO] [stderr]   cargo:rerun-if-env-changed=OPENSSL_LIB_DIR
[INFO] [stderr]   cargo:rerun-if-env-changed=X86_64_UNKNOWN_LINUX_GNU_OPENSSL_INCLUDE_DIR
[INFO] [stderr]   cargo:rerun-if-env-changed=OPENSSL_INCLUDE_DIR
[INFO] [stderr]   cargo:rerun-if-env-changed=X86_64_UNKNOWN_LINUX_GNU_OPENSSL_DIR
[INFO] [stderr]   cargo:rerun-if-env-changed=OPENSSL_DIR
[INFO] [stderr]   cargo:rustc-link-lib=ssl
[INFO] [stderr]   cargo:rustc-link-lib=crypto
[INFO] [stderr]   OPT_LEVEL = Some("0")
[INFO] [stderr]   TARGET = Some("x86_64-unknown-linux-gnu")
[INFO] [stderr]   HOST = Some("x86_64-unknown-linux-gnu")
[INFO] [stderr]   CC_x86_64-unknown-linux-gnu = None
[INFO] [stderr]   CC_x86_64_unknown_linux_gnu = None
[INFO] [stderr]   HOST_CC = None
[INFO] [stderr]   CC = None
[INFO] [stderr]   CFLAGS_x86_64-unknown-linux-gnu = None
[INFO] [stderr]   CFLAGS_x86_64_unknown_linux_gnu = None
[INFO] [stderr]   HOST_CFLAGS = None
[INFO] [stderr]   CFLAGS = None
[INFO] [stderr]   DEBUG = Some("true")
[INFO] [stderr]   running: "cc" "-O0" "-ffunction-sections" "-fdata-sections" "-fPIC" "-g" "-fno-omit-frame-pointer" "-m64" "-Wall" "-Wextra" "-E" "/opt/rustwide/target/debug/build/openssl-sys-78d3b21abdbd1e2b/out/expando.c"
[INFO] [stderr]   cargo:warning=/opt/rustwide/target/debug/build/openssl-sys-78d3b21abdbd1e2b/out/expando.c:4:24: error: pasting "RUST_VERSION_OPENSSL_" and "(" does not give a valid preprocessing token
[INFO] [stderr]   cargo:warning=    4 | #define VERSION2(n, v) RUST_VERSION_ ## n ## _ ## v
[INFO] [stderr]   cargo:warning=      |                        ^~~~~~~~~~~~~
[INFO] [stderr]   cargo:warning=/opt/rustwide/target/debug/build/openssl-sys-78d3b21abdbd1e2b/out/expando.c:5:23: note: in expansion of macro 'VERSION2'
[INFO] [stderr]   cargo:warning=    5 | #define VERSION(n, v) VERSION2(n, v)
[INFO] [stderr]   cargo:warning=      |                       ^~~~~~~~
[INFO] [stderr]   cargo:warning=/opt/rustwide/target/debug/build/openssl-sys-78d3b21abdbd1e2b/out/expando.c:7:1: note: in expansion of macro 'VERSION'
[INFO] [stderr]   cargo:warning=    7 | VERSION(OPENSSL, OPENSSL_VERSION_NUMBER)
[INFO] [stderr]   cargo:warning=      | ^~~~~~~
[INFO] [stderr]   exit status: 1
[INFO] [stderr] 
[INFO] [stderr]   --- stderr
[INFO] [stderr]   thread 'main' panicked at /opt/rustwide/cargo-home/registry/src/index.crates.io-6f17d22bba15001f/openssl-sys-0.9.39/build/main.rs:432:13:
[INFO] [stderr] 
[INFO] [stderr]   Header expansion error:
[INFO] [stderr]   Error { kind: ToolExecError, message: "Command \"cc\" \"-O0\" \"-ffunction-sections\" \"-fdata-sections\" \"-fPIC\" \"-g\" \"-fno-omit-frame-pointer\" \"-m64\" \"-Wall\" \"-Wextra\" \"-E\" \"/opt/rustwide/target/debug/build/openssl-sys-78d3b21abdbd1e2b/out/expando.c\" with args \"cc\" did not execute successfully (status code exit status: 1)." }
[INFO] [stderr] 
[INFO] [stderr]   Failed to find OpenSSL development headers.
[INFO] [stderr] 
[INFO] [stderr]   You can try fixing this setting the `OPENSSL_DIR` environment variable
[INFO] [stderr]   pointing to your OpenSSL installation or installing OpenSSL headers package
[INFO] [stderr]   specific to your distribution:
[INFO] [stderr] 
[INFO] [stderr]       # On Ubuntu
[INFO] [stderr]       sudo apt-get install libssl-dev
[INFO] [stderr]       # On Arch Linux
[INFO] [stderr]       sudo pacman -S openssl
[INFO] [stderr]       # On Fedora
[INFO] [stderr]       sudo dnf install openssl-devel
[INFO] [stderr] 
[INFO] [stderr]   See rust-openssl README for more information:
[INFO] [stderr] 
[INFO] [stderr]       https://github.com/sfackler/rust-openssl#linux
[INFO] [stderr] 
[INFO] [stderr]   stack backtrace:
[INFO] [stderr]      0:     0x5639ff530506 - std::backtrace_rs::backtrace::libunwind::trace::h261606ad26a499c1
[INFO] [stderr]                                  at /rustc/0e09125c6c3c2fd70d7de961bcf0e51575235fad/library/std/src/../../backtrace/src/backtrace/libunwind.rs:104:5
[INFO] [stderr]      1:     0x5639ff530506 - std::backtrace_rs::backtrace::trace_unsynchronized::hd183f0625477fb28
[INFO] [stderr]                                  at /rustc/0e09125c6c3c2fd70d7de961bcf0e51575235fad/library/std/src/../../backtrace/src/backtrace/mod.rs:66:5
[INFO] [stderr]      2:     0x5639ff530506 - std::sys_common::backtrace::_print_fmt::hd7f8fef21b4eda67
[INFO] [stderr]                                  at /rustc/0e09125c6c3c2fd70d7de961bcf0e51575235fad/library/std/src/sys_common/backtrace.rs:68:5
[INFO] [stderr]      3:     0x5639ff530506 - <std::sys_common::backtrace::_print::DisplayBacktrace as core::fmt::Display>::fmt::h623d9b51f2f453f1
[INFO] [stderr]                                  at /rustc/0e09125c6c3c2fd70d7de961bcf0e51575235fad/library/std/src/sys_common/backtrace.rs:44:22
[INFO] [stderr]      4:     0x5639ff555a20 - core::fmt::rt::Argument::fmt::h9f417ac76a86f368
[INFO] [stderr]                                  at /rustc/0e09125c6c3c2fd70d7de961bcf0e51575235fad/library/core/src/fmt/rt.rs:142:9
[INFO] [stderr]      5:     0x5639ff555a20 - core::fmt::write::hc9b6faf4ac2aeff7
[INFO] [stderr]                                  at /rustc/0e09125c6c3c2fd70d7de961bcf0e51575235fad/library/core/src/fmt/mod.rs:1120:17
[INFO] [stderr]      6:     0x5639ff52df6f - std::io::Write::write_fmt::hfead1eee52c2e65e
[INFO] [stderr]                                  at /rustc/0e09125c6c3c2fd70d7de961bcf0e51575235fad/library/std/src/io/mod.rs:1810:15
[INFO] [stderr]      7:     0x5639ff5302e4 - std::sys_common::backtrace::_print::hd5d66399c7df88a2
[INFO] [stderr]                                  at /rustc/0e09125c6c3c2fd70d7de961bcf0e51575235fad/library/std/src/sys_common/backtrace.rs:47:5
[INFO] [stderr]      8:     0x5639ff5302e4 - std::sys_common::backtrace::print::he81ed2da642d37e5
[INFO] [stderr]                                  at /rustc/0e09125c6c3c2fd70d7de961bcf0e51575235fad/library/std/src/sys_common/backtrace.rs:34:9
[INFO] [stderr]      9:     0x5639ff531bc7 - std::panicking::default_hook::{{closure}}::h85773f4fa117163d
[INFO] [stderr]     10:     0x5639ff531929 - std::panicking::default_hook::h6a1694a91d09b278
[INFO] [stderr]                                  at /rustc/0e09125c6c3c2fd70d7de961bcf0e51575235fad/library/std/src/panicking.rs:292:9
[INFO] [stderr]     11:     0x5639ff532058 - std::panicking::rust_panic_with_hook::h0a7ad96e90f7145b
[INFO] [stderr]                                  at /rustc/0e09125c6c3c2fd70d7de961bcf0e51575235fad/library/std/src/panicking.rs:779:13
[INFO] [stderr]     12:     0x5639ff531f32 - std::panicking::begin_panic_handler::{{closure}}::h7919090525c6485e
[INFO] [stderr]                                  at /rustc/0e09125c6c3c2fd70d7de961bcf0e51575235fad/library/std/src/panicking.rs:657:13
[INFO] [stderr]     13:     0x5639ff530a06 - std::sys_common::backtrace::__rust_end_short_backtrace::hf3289479464f7dfe
[INFO] [stderr]                                  at /rustc/0e09125c6c3c2fd70d7de961bcf0e51575235fad/library/std/src/sys_common/backtrace.rs:171:18
[INFO] [stderr]     14:     0x5639ff531c90 - rust_begin_unwind
[INFO] [stderr]                                  at /rustc/0e09125c6c3c2fd70d7de961bcf0e51575235fad/library/std/src/panicking.rs:645:5
[INFO] [stderr]     15:     0x5639ff4af685 - core::panicking::panic_fmt::hcc9f77c5c132af55
[INFO] [stderr]                                  at /rustc/0e09125c6c3c2fd70d7de961bcf0e51575235fad/library/core/src/panicking.rs:72:14
[INFO] [stderr]     16:     0x5639ff4b65ae - build_script_main::validate_headers::hb3b00d0345e0d1ef
[INFO] [stderr]     17:     0x5639ff4bca95 - build_script_main::imp::try_pkg_config::h0953835049642721
[INFO] [stderr]     18:     0x5639ff4bb944 - build_script_main::imp::find_openssl_dir::hd44b40375893368f
[INFO] [stderr]     19:     0x5639ff4bb7e2 - build_script_main::imp::get_openssl::{{closure}}::h6e460b4904e1babf
[INFO] [stderr]     20:     0x5639ff4b127f - core::option::Option<T>::unwrap_or_else::hd9c2ab55122e0760
[INFO] [stderr]     21:     0x5639ff4bb5df - build_script_main::imp::get_openssl::h9a5bb619b4738b51
[INFO] [stderr]     22:     0x5639ff4b4080 - build_script_main::main::hc85bcc912d84e6ed
[INFO] [stderr]     23:     0x5639ff4b89c3 - core::ops::function::FnOnce::call_once::h9ec3d297d5c969fc
[INFO] [stderr]     24:     0x5639ff4b0476 - std::sys_common::backtrace::__rust_begin_short_backtrace::h459a23c69956267f
[INFO] [stderr]     25:     0x5639ff4b0589 - std::rt::lang_start::{{closure}}::h5a2e2a8ceb043e75
[INFO] [stderr]     26:     0x5639ff52a261 - core::ops::function::impls::<impl core::ops::function::FnOnce<A> for &F>::call_once::h4eb4c5e1620f29b0
[INFO] [stderr]                                  at /rustc/0e09125c6c3c2fd70d7de961bcf0e51575235fad/library/core/src/ops/function.rs:284:13
[INFO] [stderr]     27:     0x5639ff52a261 - std::panicking::try::do_call::h73fd26535faffcdf
[INFO] [stderr]                                  at /rustc/0e09125c6c3c2fd70d7de961bcf0e51575235fad/library/std/src/panicking.rs:552:40
[INFO] [stderr]     28:     0x5639ff52a261 - std::panicking::try::h77ff1d98f0fb9f39
[INFO] [stderr]                                  at /rustc/0e09125c6c3c2fd70d7de961bcf0e51575235fad/library/std/src/panicking.rs:516:19
[INFO] [stderr]     29:     0x5639ff52a261 - std::panic::catch_unwind::hab3caf2448b95e37
[INFO] [stderr]                                  at /rustc/0e09125c6c3c2fd70d7de961bcf0e51575235fad/library/std/src/panic.rs:142:14
[INFO] [stderr]     30:     0x5639ff52a261 - std::rt::lang_start_internal::{{closure}}::h8086711f9c783f78
[INFO] [stderr]                                  at /rustc/0e09125c6c3c2fd70d7de961bcf0e51575235fad/library/std/src/rt.rs:148:48
[INFO] [stderr]     31:     0x5639ff52a261 - std::panicking::try::do_call::hf920d4dc291cd6ca
[INFO] [stderr]                                  at /rustc/0e09125c6c3c2fd70d7de961bcf0e51575235fad/library/std/src/panicking.rs:552:40
[INFO] [stderr]     32:     0x5639ff52a261 - std::panicking::try::h2b806ccc0a85db74
[INFO] [stderr]                                  at /rustc/0e09125c6c3c2fd70d7de961bcf0e51575235fad/library/std/src/panicking.rs:516:19
[INFO] [stderr]     33:     0x5639ff52a261 - std::panic::catch_unwind::h038489539c507df2
[INFO] [stderr]                                  at /rustc/0e09125c6c3c2fd70d7de961bcf0e51575235fad/library/std/src/panic.rs:142:14
[INFO] [stderr]     34:     0x5639ff52a261 - std::rt::lang_start_internal::h28503b88912e8a5c
[INFO] [stderr]                                  at /rustc/0e09125c6c3c2fd70d7de961bcf0e51575235fad/library/std/src/rt.rs:148:20
[INFO] [stderr]     35:     0x5639ff4b0567 - std::rt::lang_start::hd71e7f8fd8dffc71
[INFO] [stderr]     36:     0x5639ff4b74d5 - main
[INFO] [stderr]     37:     0x7f1c9b9cad90 - <unknown>
[INFO] [stderr]     38:     0x7f1c9b9cae40 - __libc_start_main
[INFO] [stderr]     39:     0x5639ff4afea5 - _start
[INFO] [stderr]     40:                0x0 - <unknown>
[INFO] [stderr] warning: build failed, waiting for other jobs to finish...
[INFO] running `Command { std: "docker" "inspect" "2d1e884bef231f946a7315086c6b7abf1768c408c7edd702180610a29636ddea", kill_on_drop: false }`
[INFO] running `Command { std: "docker" "rm" "-f" "2d1e884bef231f946a7315086c6b7abf1768c408c7edd702180610a29636ddea", kill_on_drop: false }`
[INFO] [stdout] 2d1e884bef231f946a7315086c6b7abf1768c408c7edd702180610a29636ddea
