[INFO] cloning repository https://github.com/Ruin0x11/borscht
[INFO] running `Command { std: "git" "-c" "credential.helper=" "-c" "credential.helper=/workspace/cargo-home/bin/git-credential-null" "clone" "--bare" "https://github.com/Ruin0x11/borscht" "/workspace/cache/git-repos/https%3A%2F%2Fgithub.com%2FRuin0x11%2Fborscht", kill_on_drop: false }`
[INFO] [stderr] Cloning into bare repository '/workspace/cache/git-repos/https%3A%2F%2Fgithub.com%2FRuin0x11%2Fborscht'...
[INFO] running `Command { std: "git" "rev-parse" "HEAD", kill_on_drop: false }`
[INFO] [stdout] 03c8be3398a59d9df445fd5a0c7850b3f2188869
[INFO] documenting Ruin0x11/borscht against 1.75.0 for beta-1.76-rustdoc-1
[INFO] running `Command { std: "git" "clone" "/workspace/cache/git-repos/https%3A%2F%2Fgithub.com%2FRuin0x11%2Fborscht" "/workspace/builds/worker-3-tc1/source", kill_on_drop: false }`
[INFO] [stderr] Cloning into '/workspace/builds/worker-3-tc1/source'...
[INFO] [stderr] done.
[INFO] validating manifest of git repo https://github.com/Ruin0x11/borscht on toolchain 1.75.0
[INFO] running `Command { std: CARGO_HOME="/workspace/cargo-home" RUSTUP_HOME="/workspace/rustup-home" "/workspace/cargo-home/bin/cargo" "+1.75.0" "metadata" "--manifest-path" "Cargo.toml" "--no-deps", kill_on_drop: false }`
[INFO] started tweaking git repo https://github.com/Ruin0x11/borscht
[INFO] finished tweaking git repo https://github.com/Ruin0x11/borscht
[INFO] tweaked toml for git repo https://github.com/Ruin0x11/borscht written to /workspace/builds/worker-3-tc1/source/Cargo.toml
[INFO] crate git repo https://github.com/Ruin0x11/borscht already has a lockfile, it will not be regenerated
[INFO] running `Command { std: CARGO_HOME="/workspace/cargo-home" RUSTUP_HOME="/workspace/rustup-home" "/workspace/cargo-home/bin/cargo" "+1.75.0" "fetch" "--manifest-path" "Cargo.toml", kill_on_drop: false }`
[INFO] [stderr]     Updating crates.io index
[INFO] [stderr]  Downloading crates ...
[INFO] [stderr]   Downloaded encoding_rs_io v0.1.7
[INFO] [stderr]   Downloaded enum-utils-from-str v0.1.2
[INFO] [stderr]   Downloaded enum-utils v0.1.2
[INFO] [stderr]   Downloaded pelite-macros v0.1.1
[INFO] [stderr]   Downloaded pelite v0.9.0
[INFO] [stderr]   Downloaded dataview v0.1.1
[INFO] [stderr]   Downloaded derive_pod v0.1.0
[INFO] [stderr]   Downloaded hexyl v0.8.0
[INFO] running `Command { std: "docker" "create" "-v" "/var/lib/crater-agent-workspace/builds/worker-3-tc1/target:/opt/rustwide/target:rw,Z" "-v" "/var/lib/crater-agent-workspace/builds/worker-3-tc1/source:/opt/rustwide/workdir:ro,Z" "-v" "/var/lib/crater-agent-workspace/cargo-home:/opt/rustwide/cargo-home:ro,Z" "-v" "/var/lib/crater-agent-workspace/rustup-home:/opt/rustwide/rustup-home:ro,Z" "-e" "SOURCE_DIR=/opt/rustwide/workdir" "-e" "CARGO_TARGET_DIR=/opt/rustwide/target" "-e" "CARGO_HOME=/opt/rustwide/cargo-home" "-e" "RUSTUP_HOME=/opt/rustwide/rustup-home" "-w" "/opt/rustwide/workdir" "-m" "1610612736" "--user" "0:0" "--network" "none" "ghcr.io/rust-lang/crates-build-env/linux@sha256:2788e3201cd34a07e3172128adcd8b3090168a8e3bcc40d7c032b9dda1df7d1c" "/opt/rustwide/cargo-home/bin/cargo" "+1.75.0" "metadata" "--no-deps" "--format-version=1", kill_on_drop: false }`
[INFO] [stdout] acecd1a7e7f2d0f7f3a8fe80b7e9a4c0ffd7f5ac20172149c75e2418f6e17177
[INFO] running `Command { std: "docker" "start" "-a" "acecd1a7e7f2d0f7f3a8fe80b7e9a4c0ffd7f5ac20172149c75e2418f6e17177", kill_on_drop: false }`
[INFO] running `Command { std: "docker" "inspect" "acecd1a7e7f2d0f7f3a8fe80b7e9a4c0ffd7f5ac20172149c75e2418f6e17177", kill_on_drop: false }`
[INFO] running `Command { std: "docker" "rm" "-f" "acecd1a7e7f2d0f7f3a8fe80b7e9a4c0ffd7f5ac20172149c75e2418f6e17177", kill_on_drop: false }`
[INFO] [stdout] acecd1a7e7f2d0f7f3a8fe80b7e9a4c0ffd7f5ac20172149c75e2418f6e17177
[INFO] running `Command { std: "docker" "create" "-v" "/var/lib/crater-agent-workspace/builds/worker-3-tc1/target:/opt/rustwide/target:rw,Z" "-v" "/var/lib/crater-agent-workspace/builds/worker-3-tc1/source:/opt/rustwide/workdir:ro,Z" "-v" "/var/lib/crater-agent-workspace/cargo-home:/opt/rustwide/cargo-home:ro,Z" "-v" "/var/lib/crater-agent-workspace/rustup-home:/opt/rustwide/rustup-home:ro,Z" "-e" "SOURCE_DIR=/opt/rustwide/workdir" "-e" "CARGO_TARGET_DIR=/opt/rustwide/target" "-e" "CARGO_INCREMENTAL=0" "-e" "RUST_BACKTRACE=full" "-e" "RUSTFLAGS=--cap-lints=warn" "-e" "RUSTDOCFLAGS=--cap-lints=warn" "-e" "CARGO_HOME=/opt/rustwide/cargo-home" "-e" "RUSTUP_HOME=/opt/rustwide/rustup-home" "-w" "/opt/rustwide/workdir" "-m" "1610612736" "--user" "0:0" "--network" "none" "ghcr.io/rust-lang/crates-build-env/linux@sha256:2788e3201cd34a07e3172128adcd8b3090168a8e3bcc40d7c032b9dda1df7d1c" "/opt/rustwide/cargo-home/bin/cargo" "+1.75.0" "doc" "--frozen" "--no-deps" "--document-private-items" "--message-format=json", kill_on_drop: false }`
[INFO] [stdout] fafb777babca3f36498014a122e91b29ff15437cc4f94bd6546cec262b26a8e3
[INFO] running `Command { std: "docker" "start" "-a" "fafb777babca3f36498014a122e91b29ff15437cc4f94bd6546cec262b26a8e3", kill_on_drop: false }`
[INFO] [stderr]    Compiling libc v0.2.98
[INFO] [stderr]    Compiling proc-macro2 v1.0.26
[INFO] [stderr]    Compiling unicode-xid v0.2.1
[INFO] [stderr]    Compiling syn v1.0.70
[INFO] [stderr]    Compiling memchr v2.3.4
[INFO] [stderr]    Compiling autocfg v1.0.1
[INFO] [stderr]    Compiling serde_derive v1.0.126
[INFO] [stderr]    Compiling serde v1.0.126
[INFO] [stderr]    Compiling adler v1.0.2
[INFO] [stderr]    Compiling proc-macro-hack v0.5.19
[INFO] [stderr]    Compiling typenum v1.13.0
[INFO] [stderr]    Compiling gimli v0.23.0
[INFO] [stderr]    Compiling miniz_oxide v0.4.4
[INFO] [stderr]    Compiling version_check v0.9.3
[INFO] [stderr]    Compiling encoding_rs v0.8.28
[INFO] [stderr]    Compiling generic-array v0.14.4
[INFO] [stderr]    Compiling object v0.23.0
[INFO] [stderr]    Compiling quote v1.0.9
[INFO] [stderr]     Checking byteorder v1.4.3
[INFO] [stderr]    Compiling ryu v1.0.5
[INFO] [stderr]    Compiling rustc-demangle v0.1.18
[INFO] [stderr]     Checking regex-automata v0.1.9
[INFO] [stderr]    Compiling unicode-segmentation v1.8.0
[INFO] [stderr]    Compiling anyhow v1.0.42
[INFO] [stderr]    Compiling derive_pod v0.1.0
[INFO] [stderr]    Compiling heck v0.3.3
[INFO] [stderr]     Checking dataview v0.1.1
[INFO] [stderr]    Compiling enum-utils-from-str v0.1.2
[INFO] [stderr]     Checking csv-core v0.1.10
[INFO] [stderr]     Checking itoa v0.4.7
[INFO] [stderr]    Compiling pelite-macros v0.1.1
[INFO] [stderr]     Checking no-std-compat v0.4.1
[INFO] [stderr]     Checking block-buffer v0.9.0
[INFO] [stderr]     Checking digest v0.9.0
[INFO] [stderr]    Compiling addr2line v0.14.1
[INFO] [stderr]     Checking atty v0.2.14
[INFO] [stderr]    Compiling paste-impl v0.1.18
[INFO] [stderr]     Checking term_size v0.3.2
[INFO] [stderr]    Compiling log v0.4.14
[INFO] [stderr]     Checking either v1.8.0
[INFO] [stderr]     Checking cpufeatures v0.1.5
[INFO] [stderr]     Checking opaque-debug v0.3.0
[INFO] [stderr]     Checking pelite v0.9.0
[INFO] [stderr]     Checking base64 v0.13.0
[INFO] [stderr]     Checking unicode-width v0.1.8
[INFO] [stderr]     Checking itertools v0.10.3
[INFO] [stderr]     Checking textwrap v0.11.0
[INFO] [stderr]    Compiling backtrace v0.3.57
[INFO] [stderr]     Checking sha2 v0.9.5
[INFO] [stderr]     Checking paste v0.1.18
[INFO] [stderr]     Checking aho-corasick v0.7.15
[INFO] [stderr]     Checking regex-syntax v0.6.23
[INFO] [stderr]    Compiling serde_derive_internals v0.25.0
[INFO] [stderr]    Compiling failure v0.1.8
[INFO] [stderr]     Checking encoding_rs_io v0.1.7
[INFO] [stderr]     Checking vec_map v0.8.2
[INFO] [stderr]     Checking termcolor v1.1.2
[INFO] [stderr]     Checking clap v2.33.3
[INFO] [stderr]     Checking ansi_term v0.12.1
[INFO] [stderr]     Checking regex v1.4.6
[INFO] [stderr]    Compiling enum-utils v0.1.2
[INFO] [stderr]    Compiling enum-as-inner v0.3.3
[INFO] [stderr]     Checking env_logger v0.8.3
[INFO] [stderr]     Checking hexyl v0.8.0
[INFO] [stderr]     Checking bstr v0.2.15
[INFO] [stderr]     Checking ron v0.6.4
[INFO] [stderr]     Checking csv v1.1.6
[INFO] [stderr]     Checking exe2ax v0.0.1 (/opt/rustwide/workdir/exe2ax)
[INFO] [stderr]  Documenting exe2ax v0.0.1 (/opt/rustwide/workdir/exe2ax)
[INFO] [stdout] warning: unnecessary parentheses around `if` condition
[INFO] [stdout]    --> exe2ax/src/as_/ax3/lexical.rs:106:8
[INFO] [stdout]     |
[INFO] [stdout] 106 |     if (v.code_type == HspCodeType::None)
[INFO] [stdout]     |        ^                                ^
[INFO] [stdout]     |
[INFO] [stdout]     = note: `#[warn(unused_parens)]` on by default
[INFO] [stdout] help: remove these parentheses
[INFO] [stdout]     |
[INFO] [stdout] 106 -     if (v.code_type == HspCodeType::None)
[INFO] [stdout] 106 +     if v.code_type == HspCodeType::None
[INFO] [stdout]     |
[INFO] [stdout] 
[INFO] [stdout] 
[INFO] [stdout] warning: unnecessary parentheses around `if` condition
[INFO] [stdout]    --> exe2ax/src/as_/ax3/lexical.rs:106:8
[INFO] [stdout]     |
[INFO] [stdout] 106 |     if (v.code_type == HspCodeType::None)
[INFO] [stdout]     |        ^                                ^
[INFO] [stdout]     |
[INFO] [stdout]     = note: `#[warn(unused_parens)]` on by default
[INFO] [stdout] help: remove these parentheses
[INFO] [stdout]     |
[INFO] [stdout] 106 -     if (v.code_type == HspCodeType::None)
[INFO] [stdout] 106 +     if v.code_type == HspCodeType::None
[INFO] [stdout]     |
[INFO] [stdout] 
[INFO] [stdout] 
[INFO] [stdout] warning: unnecessary parentheses around `if` condition
[INFO] [stdout]    --> exe2ax/src/as_/ax3/ast.rs:502:12
[INFO] [stdout]     |
[INFO] [stdout] 502 |         if (param_name.is_some()) {
[INFO] [stdout]     |            ^                    ^
[INFO] [stdout]     |
[INFO] [stdout] help: remove these parentheses
[INFO] [stdout]     |
[INFO] [stdout] 502 -         if (param_name.is_some()) {
[INFO] [stdout] 502 +         if param_name.is_some() {
[INFO] [stdout]     |
[INFO] [stdout] 
[INFO] [stdout] 
[INFO] [stdout] warning: unnecessary parentheses around `if` condition
[INFO] [stdout]    --> exe2ax/src/as_/ax3/ast.rs:502:12
[INFO] [stdout]     |
[INFO] [stdout] 502 |         if (param_name.is_some()) {
[INFO] [stdout]     |            ^                    ^
[INFO] [stdout]     |
[INFO] [stdout] help: remove these parentheses
[INFO] [stdout]     |
[INFO] [stdout] 502 -         if (param_name.is_some()) {
[INFO] [stdout] 502 +         if param_name.is_some() {
[INFO] [stdout]     |
[INFO] [stdout] 
[INFO] [stdout] 
[INFO] [stdout] error[E0554]: `#![feature]` may not be used on the stable release channel
[INFO] [stdout]  --> exe2ax/src/lib.rs:1:12
[INFO] [stdout]   |
[INFO] [stdout] 1 | #![feature(seek_stream_len)]
[INFO] [stdout]   |            ^^^^^^^^^^^^^^^
[INFO] [stdout] 
[INFO] [stdout] 
[INFO] [stdout] error[E0554]: `#![feature]` may not be used on the stable release channel
[INFO] [stdout]  --> exe2ax/src/lib.rs:1:12
[INFO] [stdout]   |
[INFO] [stdout] 1 | #![feature(seek_stream_len)]
[INFO] [stdout]   |            ^^^^^^^^^^^^^^^
[INFO] [stdout] 
[INFO] [stdout] 
[INFO] [stdout] error: aborting due to previous error; 2 warnings emitted
[INFO] [stdout] 
[INFO] [stdout] 
[INFO] [stdout] For more information about this error, try `rustc --explain E0554`.
[INFO] [stdout] 
[INFO] [stderr] error: could not document `exe2ax`
[INFO] [stderr] 
[INFO] [stderr] Caused by:
[INFO] [stderr]   process didn't exit successfully: `/opt/rustwide/rustup-home/toolchains/1.75.0-x86_64-unknown-linux-gnu/bin/rustdoc --crate-type lib --crate-name exe2ax exe2ax/src/lib.rs -o /opt/rustwide/target/doc --error-format=json --json=diagnostic-rendered-ansi,artifacts,future-incompat --document-private-items -C metadata=7f1e1668bdf319cd -L dependency=/opt/rustwide/target/debug/deps --extern anyhow=/opt/rustwide/target/debug/deps/libanyhow-7da11c2a82e722d1.rmeta --extern bitflags=/opt/rustwide/target/debug/deps/libbitflags-8e8534d6c0fd0e49.rmeta --extern byteorder=/opt/rustwide/target/debug/deps/libbyteorder-bba791da55bdcfe7.rmeta --extern csv=/opt/rustwide/target/debug/deps/libcsv-35ae210e554c98c6.rmeta --extern encoding_rs=/opt/rustwide/target/debug/deps/libencoding_rs-1078a691916d89ce.rmeta --extern encoding_rs_io=/opt/rustwide/target/debug/deps/libencoding_rs_io-d579704b018a5ad5.rmeta --extern enum_as_inner=/opt/rustwide/target/debug/deps/libenum_as_inner-6d512fcb4806e3cc.so --extern enum_utils=/opt/rustwide/target/debug/deps/libenum_utils-9925b186ff3fbd52.so --extern paste=/opt/rustwide/target/debug/deps/libpaste-b5f88024f836eefc.rmeta --extern pelite=/opt/rustwide/target/debug/deps/libpelite-ec060f4ccc5df897.rmeta --cap-lints=warn --crate-version 0.0.1` (exit status: 1)
[INFO] [stderr] warning: build failed, waiting for other jobs to finish...
[INFO] [stdout] error: aborting due to previous error; 2 warnings emitted
[INFO] [stdout] 
[INFO] [stdout] 
[INFO] [stdout] For more information about this error, try `rustc --explain E0554`.
[INFO] [stdout] 
[INFO] [stderr] error: could not compile `exe2ax` (lib) due to 2 previous errors; 2 warnings emitted
[INFO] running `Command { std: "docker" "inspect" "fafb777babca3f36498014a122e91b29ff15437cc4f94bd6546cec262b26a8e3", kill_on_drop: false }`
[INFO] running `Command { std: "docker" "rm" "-f" "fafb777babca3f36498014a122e91b29ff15437cc4f94bd6546cec262b26a8e3", kill_on_drop: false }`
[INFO] [stdout] fafb777babca3f36498014a122e91b29ff15437cc4f94bd6546cec262b26a8e3
[INFO] documenting Ruin0x11/borscht against beta-2023-12-22 for beta-1.76-rustdoc-1
[INFO] running `Command { std: "git" "clone" "/workspace/cache/git-repos/https%3A%2F%2Fgithub.com%2FRuin0x11%2Fborscht" "/workspace/builds/worker-3-tc2/source", kill_on_drop: false }`
[INFO] [stderr] Cloning into '/workspace/builds/worker-3-tc2/source'...
[INFO] [stderr] done.
[INFO] validating manifest of git repo https://github.com/Ruin0x11/borscht on toolchain beta-2023-12-22
[INFO] running `Command { std: CARGO_HOME="/workspace/cargo-home" RUSTUP_HOME="/workspace/rustup-home" "/workspace/cargo-home/bin/cargo" "+beta-2023-12-22" "metadata" "--manifest-path" "Cargo.toml" "--no-deps", kill_on_drop: false }`
[INFO] started tweaking git repo https://github.com/Ruin0x11/borscht
[INFO] finished tweaking git repo https://github.com/Ruin0x11/borscht
[INFO] tweaked toml for git repo https://github.com/Ruin0x11/borscht written to /workspace/builds/worker-3-tc2/source/Cargo.toml
[INFO] crate git repo https://github.com/Ruin0x11/borscht already has a lockfile, it will not be regenerated
[INFO] running `Command { std: CARGO_HOME="/workspace/cargo-home" RUSTUP_HOME="/workspace/rustup-home" "/workspace/cargo-home/bin/cargo" "+beta-2023-12-22" "fetch" "--manifest-path" "Cargo.toml", kill_on_drop: false }`
[INFO] running `Command { std: "docker" "create" "-v" "/var/lib/crater-agent-workspace/builds/worker-3-tc2/target:/opt/rustwide/target:rw,Z" "-v" "/var/lib/crater-agent-workspace/builds/worker-3-tc2/source:/opt/rustwide/workdir:ro,Z" "-v" "/var/lib/crater-agent-workspace/cargo-home:/opt/rustwide/cargo-home:ro,Z" "-v" "/var/lib/crater-agent-workspace/rustup-home:/opt/rustwide/rustup-home:ro,Z" "-e" "SOURCE_DIR=/opt/rustwide/workdir" "-e" "CARGO_TARGET_DIR=/opt/rustwide/target" "-e" "CARGO_HOME=/opt/rustwide/cargo-home" "-e" "RUSTUP_HOME=/opt/rustwide/rustup-home" "-w" "/opt/rustwide/workdir" "-m" "1610612736" "--user" "0:0" "--network" "none" "ghcr.io/rust-lang/crates-build-env/linux@sha256:2788e3201cd34a07e3172128adcd8b3090168a8e3bcc40d7c032b9dda1df7d1c" "/opt/rustwide/cargo-home/bin/cargo" "+beta-2023-12-22" "metadata" "--no-deps" "--format-version=1", kill_on_drop: false }`
[INFO] [stdout] 483cdae9ad7cfa6607f1bb832efbb93a7eea8561f3214252df45ce77c4909de0
[INFO] running `Command { std: "docker" "start" "-a" "483cdae9ad7cfa6607f1bb832efbb93a7eea8561f3214252df45ce77c4909de0", kill_on_drop: false }`
[INFO] running `Command { std: "docker" "inspect" "483cdae9ad7cfa6607f1bb832efbb93a7eea8561f3214252df45ce77c4909de0", kill_on_drop: false }`
[INFO] running `Command { std: "docker" "rm" "-f" "483cdae9ad7cfa6607f1bb832efbb93a7eea8561f3214252df45ce77c4909de0", kill_on_drop: false }`
[INFO] [stdout] 483cdae9ad7cfa6607f1bb832efbb93a7eea8561f3214252df45ce77c4909de0
[INFO] running `Command { std: "docker" "create" "-v" "/var/lib/crater-agent-workspace/builds/worker-3-tc2/target:/opt/rustwide/target:rw,Z" "-v" "/var/lib/crater-agent-workspace/builds/worker-3-tc2/source:/opt/rustwide/workdir:ro,Z" "-v" "/var/lib/crater-agent-workspace/cargo-home:/opt/rustwide/cargo-home:ro,Z" "-v" "/var/lib/crater-agent-workspace/rustup-home:/opt/rustwide/rustup-home:ro,Z" "-e" "SOURCE_DIR=/opt/rustwide/workdir" "-e" "CARGO_TARGET_DIR=/opt/rustwide/target" "-e" "CARGO_INCREMENTAL=0" "-e" "RUST_BACKTRACE=full" "-e" "RUSTFLAGS=--cap-lints=warn" "-e" "RUSTDOCFLAGS=--cap-lints=warn" "-e" "CARGO_HOME=/opt/rustwide/cargo-home" "-e" "RUSTUP_HOME=/opt/rustwide/rustup-home" "-w" "/opt/rustwide/workdir" "-m" "1610612736" "--user" "0:0" "--network" "none" "ghcr.io/rust-lang/crates-build-env/linux@sha256:2788e3201cd34a07e3172128adcd8b3090168a8e3bcc40d7c032b9dda1df7d1c" "/opt/rustwide/cargo-home/bin/cargo" "+beta-2023-12-22" "doc" "--frozen" "--no-deps" "--document-private-items" "--message-format=json", kill_on_drop: false }`
[INFO] [stdout] 8c41003b1a45086f069462e98c6f4a892d5bbd8719e77350721a7c4f359ba50e
[INFO] running `Command { std: "docker" "start" "-a" "8c41003b1a45086f069462e98c6f4a892d5bbd8719e77350721a7c4f359ba50e", kill_on_drop: false }`
[INFO] [stderr]    Compiling proc-macro2 v1.0.26
[INFO] [stderr]    Compiling libc v0.2.98
[INFO] [stderr]    Compiling unicode-xid v0.2.1
[INFO] [stderr]    Compiling syn v1.0.70
[INFO] [stderr]    Compiling memchr v2.3.4
[INFO] [stderr]    Compiling autocfg v1.0.1
[INFO] [stderr]    Compiling serde_derive v1.0.126
[INFO] [stderr]    Compiling serde v1.0.126
[INFO] [stderr]    Compiling proc-macro-hack v0.5.19
[INFO] [stderr]    Compiling adler v1.0.2
[INFO] [stderr]    Compiling version_check v0.9.3
[INFO] [stderr]    Compiling typenum v1.13.0
[INFO] [stderr]    Compiling gimli v0.23.0
[INFO] [stderr]    Compiling miniz_oxide v0.4.4
[INFO] [stderr]     Checking byteorder v1.4.3
[INFO] [stderr]    Compiling generic-array v0.14.4
[INFO] [stderr]    Compiling ryu v1.0.5
[INFO] [stderr]    Compiling quote v1.0.9
[INFO] [stderr]    Compiling rustc-demangle v0.1.18
[INFO] [stderr]    Compiling object v0.23.0
[INFO] [stderr]    Compiling encoding_rs v0.8.28
[INFO] [stderr]     Checking regex-automata v0.1.9
[INFO] [stderr]    Compiling derive_pod v0.1.0
[INFO] [stderr]    Compiling anyhow v1.0.42
[INFO] [stderr]    Compiling unicode-segmentation v1.8.0
[INFO] [stderr]     Checking dataview v0.1.1
[INFO] [stderr]    Compiling heck v0.3.3
[INFO] [stderr]    Compiling enum-utils-from-str v0.1.2
[INFO] [stderr]     Checking csv-core v0.1.10
[INFO] [stderr]     Checking no-std-compat v0.4.1
[INFO] [stderr]     Checking itoa v0.4.7
[INFO] [stderr]    Compiling pelite-macros v0.1.1
[INFO] [stderr]    Compiling paste-impl v0.1.18
[INFO] [stderr]     Checking digest v0.9.0
[INFO] [stderr]    Compiling addr2line v0.14.1
[INFO] [stderr]     Checking block-buffer v0.9.0
[INFO] [stderr]     Checking atty v0.2.14
[INFO] [stderr]     Checking term_size v0.3.2
[INFO] [stderr]     Checking either v1.8.0
[INFO] [stderr]    Compiling log v0.4.14
[INFO] [stderr]     Checking opaque-debug v0.3.0
[INFO] [stderr]     Checking cpufeatures v0.1.5
[INFO] [stderr]     Checking pelite v0.9.0
[INFO] [stderr]     Checking base64 v0.13.0
[INFO] [stderr]     Checking unicode-width v0.1.8
[INFO] [stderr]     Checking textwrap v0.11.0
[INFO] [stderr]     Checking sha2 v0.9.5
[INFO] [stderr]     Checking itertools v0.10.3
[INFO] [stderr]     Checking aho-corasick v0.7.15
[INFO] [stderr]     Checking paste v0.1.18
[INFO] [stderr]     Checking vec_map v0.8.2
[INFO] [stderr]     Checking regex-syntax v0.6.23
[INFO] [stderr]    Compiling backtrace v0.3.57
[INFO] [stderr]    Compiling serde_derive_internals v0.25.0
[INFO] [stderr]     Checking encoding_rs_io v0.1.7
[INFO] [stderr]    Compiling failure v0.1.8
[INFO] [stderr]     Checking clap v2.33.3
[INFO] [stderr]     Checking regex v1.4.6
[INFO] [stderr]     Checking ansi_term v0.12.1
[INFO] [stderr]     Checking termcolor v1.1.2
[INFO] [stderr]    Compiling enum-utils v0.1.2
[INFO] [stderr]    Compiling enum-as-inner v0.3.3
[INFO] [stderr]     Checking env_logger v0.8.3
[INFO] [stderr]     Checking hexyl v0.8.0
[INFO] [stderr]     Checking bstr v0.2.15
[INFO] [stderr]     Checking ron v0.6.4
[INFO] [stderr]     Checking csv v1.1.6
[INFO] [stderr]     Checking exe2ax v0.0.1 (/opt/rustwide/workdir/exe2ax)
[INFO] [stderr]  Documenting exe2ax v0.0.1 (/opt/rustwide/workdir/exe2ax)
[INFO] [stdout] warning: unnecessary parentheses around `if` condition
[INFO] [stdout]    --> exe2ax/src/as_/ax3/lexical.rs:106:8
[INFO] [stdout]     |
[INFO] [stdout] 106 |     if (v.code_type == HspCodeType::None)
[INFO] [stdout]     |        ^                                ^
[INFO] [stdout]     |
[INFO] [stdout]     = note: `#[warn(unused_parens)]` on by default
[INFO] [stdout] help: remove these parentheses
[INFO] [stdout]     |
[INFO] [stdout] 106 -     if (v.code_type == HspCodeType::None)
[INFO] [stdout] 106 +     if v.code_type == HspCodeType::None
[INFO] [stdout]     |
[INFO] [stdout] 
[INFO] [stdout] 
[INFO] [stdout] warning: unnecessary parentheses around `if` condition
[INFO] [stdout]    --> exe2ax/src/as_/ax3/ast.rs:502:12
[INFO] [stdout]     |
[INFO] [stdout] 502 |         if (param_name.is_some()) {
[INFO] [stdout]     |            ^                    ^
[INFO] [stdout]     |
[INFO] [stdout] help: remove these parentheses
[INFO] [stdout]     |
[INFO] [stdout] 502 -         if (param_name.is_some()) {
[INFO] [stdout] 502 +         if param_name.is_some() {
[INFO] [stdout]     |
[INFO] [stdout] 
[INFO] [stdout] 
[INFO] [stdout] warning: unnecessary parentheses around `if` condition
[INFO] [stdout]    --> exe2ax/src/as_/ax3/lexical.rs:106:8
[INFO] [stdout]     |
[INFO] [stdout] 106 |     if (v.code_type == HspCodeType::None)
[INFO] [stdout]     |        ^                                ^
[INFO] [stdout]     |
[INFO] [stdout]     = note: `#[warn(unused_parens)]` on by default
[INFO] [stdout] help: remove these parentheses
[INFO] [stdout]     |
[INFO] [stdout] 106 -     if (v.code_type == HspCodeType::None)
[INFO] [stdout] 106 +     if v.code_type == HspCodeType::None
[INFO] [stdout]     |
[INFO] [stdout] 
[INFO] [stdout] 
[INFO] [stdout] warning: unnecessary parentheses around `if` condition
[INFO] [stdout]    --> exe2ax/src/as_/ax3/ast.rs:502:12
[INFO] [stdout]     |
[INFO] [stdout] 502 |         if (param_name.is_some()) {
[INFO] [stdout]     |            ^                    ^
[INFO] [stdout]     |
[INFO] [stdout] help: remove these parentheses
[INFO] [stdout]     |
[INFO] [stdout] 502 -         if (param_name.is_some()) {
[INFO] [stdout] 502 +         if param_name.is_some() {
[INFO] [stdout]     |
[INFO] [stdout] 
[INFO] [stdout] 
[INFO] [stdout] error[E0554]: `#![feature]` may not be used on the beta release channel
[INFO] [stdout]  --> exe2ax/src/lib.rs:1:12
[INFO] [stdout]   |
[INFO] [stdout] 1 | #![feature(seek_stream_len)]
[INFO] [stdout]   |            ^^^^^^^^^^^^^^^
[INFO] [stdout] 
[INFO] [stdout] 
[INFO] [stdout] error[E0554]: `#![feature]` may not be used on the beta release channel
[INFO] [stdout]  --> exe2ax/src/lib.rs:1:12
[INFO] [stdout]   |
[INFO] [stdout] 1 | #![feature(seek_stream_len)]
[INFO] [stdout]   |            ^^^^^^^^^^^^^^^
[INFO] [stdout] 
[INFO] [stdout] 
[INFO] [stdout] error: aborting due to 1 previous error; 2 warnings emitted
[INFO] [stdout] 
[INFO] [stdout] 
[INFO] [stdout] For more information about this error, try `rustc --explain E0554`.
[INFO] [stdout] 
[INFO] [stderr] error: could not document `exe2ax`
[INFO] [stderr] 
[INFO] [stderr] Caused by:
[INFO] [stderr]   process didn't exit successfully: `/opt/rustwide/rustup-home/toolchains/beta-2023-12-22-x86_64-unknown-linux-gnu/bin/rustdoc --crate-type lib --crate-name exe2ax exe2ax/src/lib.rs -o /opt/rustwide/target/doc --error-format=json --json=diagnostic-rendered-ansi,artifacts,future-incompat --document-private-items -C metadata=6d282775b5c0b1d0 -L dependency=/opt/rustwide/target/debug/deps --extern anyhow=/opt/rustwide/target/debug/deps/libanyhow-2a26e5fccfc03eb5.rmeta --extern bitflags=/opt/rustwide/target/debug/deps/libbitflags-0392930465a9ade0.rmeta --extern byteorder=/opt/rustwide/target/debug/deps/libbyteorder-7f3f94c08ca4d767.rmeta --extern csv=/opt/rustwide/target/debug/deps/libcsv-a2d3c5bab7245683.rmeta --extern encoding_rs=/opt/rustwide/target/debug/deps/libencoding_rs-09ff30c5cab883b1.rmeta --extern encoding_rs_io=/opt/rustwide/target/debug/deps/libencoding_rs_io-01264fe08031cc1c.rmeta --extern enum_as_inner=/opt/rustwide/target/debug/deps/libenum_as_inner-43bdd1de22a82486.so --extern enum_utils=/opt/rustwide/target/debug/deps/libenum_utils-37adbc40a676046b.so --extern paste=/opt/rustwide/target/debug/deps/libpaste-511a6a2114807346.rmeta --extern pelite=/opt/rustwide/target/debug/deps/libpelite-be5d99b1e1de7ad8.rmeta --cap-lints=warn --crate-version 0.0.1` (exit status: 1)
[INFO] [stderr] warning: build failed, waiting for other jobs to finish...
[INFO] [stdout] error: aborting due to 1 previous error; 2 warnings emitted
[INFO] [stdout] 
[INFO] [stdout] 
[INFO] [stdout] For more information about this error, try `rustc --explain E0554`.
[INFO] [stdout] 
[INFO] [stderr] error: could not compile `exe2ax` (lib) due to 2 previous errors; 2 warnings emitted
[INFO] running `Command { std: "docker" "inspect" "8c41003b1a45086f069462e98c6f4a892d5bbd8719e77350721a7c4f359ba50e", kill_on_drop: false }`
[INFO] running `Command { std: "docker" "rm" "-f" "8c41003b1a45086f069462e98c6f4a892d5bbd8719e77350721a7c4f359ba50e", kill_on_drop: false }`
[INFO] [stdout] 8c41003b1a45086f069462e98c6f4a892d5bbd8719e77350721a7c4f359ba50e
