[INFO] cloning repository https://github.com/Rosh008/sol-blog
[INFO] running `Command { std: "git" "-c" "credential.helper=" "-c" "credential.helper=/workspace/cargo-home/bin/git-credential-null" "clone" "--bare" "https://github.com/Rosh008/sol-blog" "/workspace/cache/git-repos/https%3A%2F%2Fgithub.com%2FRosh008%2Fsol-blog", kill_on_drop: false }`
[INFO] [stderr] Cloning into bare repository '/workspace/cache/git-repos/https%3A%2F%2Fgithub.com%2FRosh008%2Fsol-blog'...
[INFO] running `Command { std: "git" "rev-parse" "HEAD", kill_on_drop: false }`
[INFO] [stdout] 4e8107c5043068b3dbdfafe46448e4d1dafce003
[INFO] documenting Rosh008/sol-blog against 1.75.0 for beta-1.76-rustdoc-1
[INFO] running `Command { std: "git" "clone" "/workspace/cache/git-repos/https%3A%2F%2Fgithub.com%2FRosh008%2Fsol-blog" "/workspace/builds/worker-3-tc1/source", kill_on_drop: false }`
[INFO] [stderr] Cloning into '/workspace/builds/worker-3-tc1/source'...
[INFO] [stderr] done.
[INFO] validating manifest of git repo https://github.com/Rosh008/sol-blog on toolchain 1.75.0
[INFO] running `Command { std: CARGO_HOME="/workspace/cargo-home" RUSTUP_HOME="/workspace/rustup-home" "/workspace/cargo-home/bin/cargo" "+1.75.0" "metadata" "--manifest-path" "Cargo.toml" "--no-deps", kill_on_drop: false }`
[INFO] started tweaking git repo https://github.com/Rosh008/sol-blog
[INFO] finished tweaking git repo https://github.com/Rosh008/sol-blog
[INFO] tweaked toml for git repo https://github.com/Rosh008/sol-blog written to /workspace/builds/worker-3-tc1/source/Cargo.toml
[INFO] crate git repo https://github.com/Rosh008/sol-blog already has a lockfile, it will not be regenerated
[INFO] running `Command { std: CARGO_HOME="/workspace/cargo-home" RUSTUP_HOME="/workspace/rustup-home" "/workspace/cargo-home/bin/cargo" "+1.75.0" "fetch" "--manifest-path" "Cargo.toml", kill_on_drop: false }`
[INFO] [stderr] warning: virtual workspace defaulting to `resolver = "1"` despite one or more workspace members being on edition 2021 which implies `resolver = "2"`
[INFO] [stderr] note: to keep the current resolver, specify `workspace.resolver = "1"` in the workspace root's manifest
[INFO] [stderr] note: to use the edition 2021 resolver, specify `workspace.resolver = "2"` in the workspace root's manifest
[INFO] [stderr] note: for more details see https://doc.rust-lang.org/cargo/reference/resolver.html#resolver-versions
[INFO] [stderr]  Downloading crates ...
[INFO] [stderr]   Downloaded solana-sdk-macro v1.16.1
[INFO] [stderr]   Downloaded solana-frozen-abi v1.16.1
[INFO] [stderr]   Downloaded solana-frozen-abi-macro v1.16.1
[INFO] [stderr]   Downloaded solana-program v1.16.1
[INFO] running `Command { std: "docker" "create" "-v" "/var/lib/crater-agent-workspace/builds/worker-3-tc1/target:/opt/rustwide/target:rw,Z" "-v" "/var/lib/crater-agent-workspace/builds/worker-3-tc1/source:/opt/rustwide/workdir:ro,Z" "-v" "/var/lib/crater-agent-workspace/cargo-home:/opt/rustwide/cargo-home:ro,Z" "-v" "/var/lib/crater-agent-workspace/rustup-home:/opt/rustwide/rustup-home:ro,Z" "-e" "SOURCE_DIR=/opt/rustwide/workdir" "-e" "CARGO_TARGET_DIR=/opt/rustwide/target" "-e" "CARGO_HOME=/opt/rustwide/cargo-home" "-e" "RUSTUP_HOME=/opt/rustwide/rustup-home" "-w" "/opt/rustwide/workdir" "-m" "1610612736" "--user" "0:0" "--network" "none" "ghcr.io/rust-lang/crates-build-env/linux@sha256:2788e3201cd34a07e3172128adcd8b3090168a8e3bcc40d7c032b9dda1df7d1c" "/opt/rustwide/cargo-home/bin/cargo" "+1.75.0" "metadata" "--no-deps" "--format-version=1", kill_on_drop: false }`
[INFO] [stdout] 280bb2da1d5c7c5bfa7c738abbf06b7b35d5b375a18c1061a15a519c02a9090f
[INFO] running `Command { std: "docker" "start" "-a" "280bb2da1d5c7c5bfa7c738abbf06b7b35d5b375a18c1061a15a519c02a9090f", kill_on_drop: false }`
[INFO] running `Command { std: "docker" "inspect" "280bb2da1d5c7c5bfa7c738abbf06b7b35d5b375a18c1061a15a519c02a9090f", kill_on_drop: false }`
[INFO] running `Command { std: "docker" "rm" "-f" "280bb2da1d5c7c5bfa7c738abbf06b7b35d5b375a18c1061a15a519c02a9090f", kill_on_drop: false }`
[INFO] [stdout] 280bb2da1d5c7c5bfa7c738abbf06b7b35d5b375a18c1061a15a519c02a9090f
[INFO] running `Command { std: "docker" "create" "-v" "/var/lib/crater-agent-workspace/builds/worker-3-tc1/target:/opt/rustwide/target:rw,Z" "-v" "/var/lib/crater-agent-workspace/builds/worker-3-tc1/source:/opt/rustwide/workdir:ro,Z" "-v" "/var/lib/crater-agent-workspace/cargo-home:/opt/rustwide/cargo-home:ro,Z" "-v" "/var/lib/crater-agent-workspace/rustup-home:/opt/rustwide/rustup-home:ro,Z" "-e" "SOURCE_DIR=/opt/rustwide/workdir" "-e" "CARGO_TARGET_DIR=/opt/rustwide/target" "-e" "CARGO_INCREMENTAL=0" "-e" "RUST_BACKTRACE=full" "-e" "RUSTFLAGS=--cap-lints=warn" "-e" "RUSTDOCFLAGS=--cap-lints=warn" "-e" "CARGO_HOME=/opt/rustwide/cargo-home" "-e" "RUSTUP_HOME=/opt/rustwide/rustup-home" "-w" "/opt/rustwide/workdir" "-m" "1610612736" "--user" "0:0" "--network" "none" "ghcr.io/rust-lang/crates-build-env/linux@sha256:2788e3201cd34a07e3172128adcd8b3090168a8e3bcc40d7c032b9dda1df7d1c" "/opt/rustwide/cargo-home/bin/cargo" "+1.75.0" "doc" "--frozen" "--no-deps" "--document-private-items" "--message-format=json", kill_on_drop: false }`
[INFO] [stdout] 51a4cc2415e9ce68744b0d5d2c15593c5dbd977bc0df06d2485c588ef13edbcc
[INFO] running `Command { std: "docker" "start" "-a" "51a4cc2415e9ce68744b0d5d2c15593c5dbd977bc0df06d2485c588ef13edbcc", kill_on_drop: false }`
[INFO] [stderr] warning: virtual workspace defaulting to `resolver = "1"` despite one or more workspace members being on edition 2021 which implies `resolver = "2"`
[INFO] [stderr] note: to keep the current resolver, specify `workspace.resolver = "1"` in the workspace root's manifest
[INFO] [stderr] note: to use the edition 2021 resolver, specify `workspace.resolver = "2"` in the workspace root's manifest
[INFO] [stderr] note: for more details see https://doc.rust-lang.org/cargo/reference/resolver.html#resolver-versions
[INFO] [stderr]    Compiling proc-macro2 v1.0.60
[INFO] [stderr]    Compiling quote v1.0.28
[INFO] [stderr]    Compiling unicode-ident v1.0.9
[INFO] [stderr]    Compiling serde v1.0.164
[INFO] [stderr]    Compiling version_check v0.9.4
[INFO] [stderr]    Compiling typenum v1.16.0
[INFO] [stderr]    Compiling libc v0.2.146
[INFO] [stderr]     Checking cfg-if v1.0.0
[INFO] [stderr]    Compiling autocfg v1.1.0
[INFO] [stderr]    Compiling syn v1.0.109
[INFO] [stderr]     Checking subtle v2.5.0
[INFO] [stderr]    Compiling thiserror v1.0.40
[INFO] [stderr]    Compiling serde_json v1.0.97
[INFO] [stderr]    Compiling anyhow v1.0.71
[INFO] [stderr]     Checking ppv-lite86 v0.2.17
[INFO] [stderr]     Checking once_cell v1.18.0
[INFO] [stderr]    Compiling semver v1.0.17
[INFO] [stderr]    Compiling crunchy v0.2.2
[INFO] [stderr]    Compiling getrandom v0.1.16
[INFO] [stderr]    Compiling crossbeam-utils v0.8.16
[INFO] [stderr]    Compiling opaque-debug v0.3.0
[INFO] [stderr]    Compiling ryu v1.0.13
[INFO] [stderr]    Compiling generic-array v0.14.7
[INFO] [stderr]    Compiling ahash v0.8.3
[INFO] [stderr]    Compiling num-traits v0.2.15
[INFO] [stderr]    Compiling num-integer v0.1.45
[INFO] [stderr]    Compiling num-bigint v0.4.3
[INFO] [stderr]    Compiling memoffset v0.9.0
[INFO] [stderr]    Compiling unicode-segmentation v1.10.1
[INFO] [stderr]     Checking either v1.8.1
[INFO] [stderr]    Compiling cpufeatures v0.2.8
[INFO] [stderr]    Compiling itoa v1.0.6
[INFO] [stderr]    Compiling crossbeam-epoch v0.9.15
[INFO] [stderr]    Compiling bs58 v0.3.1
[INFO] [stderr]    Compiling paste v1.0.12
[INFO] [stderr]    Compiling wasm-bindgen-shared v0.2.87
[INFO] [stderr]    Compiling rustc_version v0.4.0
[INFO] [stderr]    Compiling heck v0.3.3
[INFO] [stderr]     Checking scopeguard v1.1.0
[INFO] [stderr]    Compiling rayon-core v1.11.0
[INFO] [stderr]     Checking crossbeam-channel v0.5.8
[INFO] [stderr]     Checking itertools v0.10.5
[INFO] [stderr]    Compiling log v0.4.19
[INFO] [stderr]    Compiling syn v2.0.18
[INFO] [stderr]    Compiling bumpalo v3.13.0
[INFO] [stderr]    Compiling feature-probe v0.1.1
[INFO] [stderr]    Compiling rustversion v1.0.12
[INFO] [stderr]     Checking crossbeam-deque v0.8.3
[INFO] [stderr]    Compiling memchr v2.5.0
[INFO] [stderr]    Compiling solana-frozen-abi-macro v1.16.1
[INFO] [stderr]     Checking bitmaps v2.1.0
[INFO] [stderr]    Compiling im v15.1.0
[INFO] [stderr]    Compiling bv v0.11.1
[INFO] [stderr]    Compiling ahash v0.7.6
[INFO] [stderr]     Checking getrandom v0.2.10
[INFO] [stderr]     Checking num_cpus v1.15.0
[INFO] [stderr]     Checking arrayref v0.3.7
[INFO] [stderr]     Checking tinyvec_macros v0.1.1
[INFO] [stderr]    Compiling jobserver v0.1.26
[INFO] [stderr]     Checking tinyvec v1.6.0
[INFO] [stderr]     Checking rand_core v0.6.4
[INFO] [stderr]     Checking rand_core v0.5.1
[INFO] [stderr]     Checking rand_chacha v0.3.1
[INFO] [stderr]    Compiling cc v1.0.79
[INFO] [stderr]     Checking rand_chacha v0.2.2
[INFO] [stderr]     Checking hashbrown v0.13.2
[INFO] [stderr]     Checking rand_xoshiro v0.6.0
[INFO] [stderr]     Checking rand v0.8.5
[INFO] [stderr]    Compiling solana-frozen-abi v1.16.1
[INFO] [stderr]     Checking sized-chunks v0.6.5
[INFO] [stderr]     Checking rand v0.7.3
[INFO] [stderr]     Checking constant_time_eq v0.2.6
[INFO] [stderr]     Checking rayon v1.7.0
[INFO] [stderr]     Checking byteorder v1.4.3
[INFO] [stderr]    Compiling wasm-bindgen v0.2.87
[INFO] [stderr]    Compiling bs58 v0.4.0
[INFO] [stderr]     Checking arrayvec v0.7.4
[INFO] [stderr]    Compiling aho-corasick v1.0.2
[INFO] [stderr]     Checking unicode-normalization v0.1.22
[INFO] [stderr]     Checking memmap2 v0.5.10
[INFO] [stderr]     Checking ark-std v0.4.0
[INFO] [stderr]     Checking lazy_static v1.4.0
[INFO] [stderr]    Compiling regex-syntax v0.7.2
[INFO] [stderr]     Checking base64 v0.12.3
[INFO] [stderr]     Checking rustc-hash v1.1.0
[INFO] [stderr]     Checking keccak v0.1.4
[INFO] [stderr]     Checking hashbrown v0.11.2
[INFO] [stderr]     Checking bitflags v1.3.2
[INFO] [stderr]     Checking array-bytes v1.4.1
[INFO] [stderr]     Checking base64 v0.21.2
[INFO] [stderr]     Checking base64 v0.13.1
[INFO] [stderr]    Compiling blake3 v1.4.0
[INFO] [stderr]    Compiling solana-program v1.16.1
[INFO] [stderr]    Compiling wasm-bindgen-backend v0.2.87
[INFO] [stderr]    Compiling regex v1.8.4
[INFO] [stderr]    Compiling borsh-derive-internal v0.10.3
[INFO] [stderr]    Compiling borsh-schema-derive-internal v0.10.3
[INFO] [stderr]    Compiling borsh-derive-internal v0.9.3
[INFO] [stderr]    Compiling borsh-schema-derive-internal v0.9.3
[INFO] [stderr]    Compiling serde_derive v1.0.164
[INFO] [stderr]    Compiling thiserror-impl v1.0.40
[INFO] [stderr]    Compiling zeroize_derive v1.4.2
[INFO] [stderr]    Compiling bytemuck_derive v1.4.1
[INFO] [stderr]    Compiling solana-sdk-macro v1.16.1
[INFO] [stderr]    Compiling wasm-bindgen-macro-support v0.2.87
[INFO] [stderr]    Compiling ark-serialize-derive v0.4.2
[INFO] [stderr]    Compiling ark-ff-macros v0.4.2
[INFO] [stderr]    Compiling ark-ff-asm v0.4.2
[INFO] [stderr]    Compiling derivative v2.2.0
[INFO] [stderr]    Compiling num-derive v0.3.3
[INFO] [stderr]    Compiling anchor-derive-space v0.27.0
[INFO] [stderr]    Compiling wasm-bindgen-macro v0.2.87
[INFO] [stderr]     Checking zeroize v1.3.0
[INFO] [stderr]     Checking bytemuck v1.13.1
[INFO] [stderr]     Checking serde_bytes v0.11.9
[INFO] [stderr]     Checking bincode v1.3.3
[INFO] [stderr]    Compiling toml v0.5.11
[INFO] [stderr]     Checking crypto-common v0.1.6
[INFO] [stderr]     Checking block-buffer v0.10.4
[INFO] [stderr]     Checking digest v0.9.0
[INFO] [stderr]     Checking crypto-mac v0.8.0
[INFO] [stderr]     Checking block-buffer v0.9.0
[INFO] [stderr]     Checking hmac v0.8.1
[INFO] [stderr]     Checking sha2 v0.9.9
[INFO] [stderr]     Checking pbkdf2 v0.4.0
[INFO] [stderr]     Checking libsecp256k1-core v0.2.2
[INFO] [stderr]     Checking curve25519-dalek v3.2.1
[INFO] [stderr]     Checking digest v0.10.7
[INFO] [stderr]     Checking hmac-drbg v0.3.0
[INFO] [stderr]     Checking ark-serialize v0.4.2
[INFO] [stderr]     Checking sha2 v0.10.7
[INFO] [stderr]     Checking sha3 v0.10.8
[INFO] [stderr]     Checking tiny-bip39 v0.8.2
[INFO] [stderr]     Checking ark-ff v0.4.2
[INFO] [stderr]    Compiling proc-macro-crate v0.1.5
[INFO] [stderr]    Compiling anchor-syn v0.27.0
[INFO] [stderr]    Compiling borsh-derive v0.10.3
[INFO] [stderr]    Compiling borsh-derive v0.9.3
[INFO] [stderr]    Compiling libsecp256k1-gen-ecmult v0.2.1
[INFO] [stderr]    Compiling libsecp256k1-gen-genmult v0.2.1
[INFO] [stderr]    Compiling libsecp256k1 v0.6.0
[INFO] [stderr]     Checking borsh v0.10.3
[INFO] [stderr]     Checking borsh v0.9.3
[INFO] [stderr]    Compiling anchor-attribute-event v0.27.0
[INFO] [stderr]    Compiling anchor-attribute-access-control v0.27.0
[INFO] [stderr]    Compiling anchor-attribute-constant v0.27.0
[INFO] [stderr]    Compiling anchor-attribute-error v0.27.0
[INFO] [stderr]    Compiling anchor-attribute-account v0.27.0
[INFO] [stderr]    Compiling anchor-attribute-program v0.27.0
[INFO] [stderr]    Compiling anchor-derive-accounts v0.27.0
[INFO] [stderr]     Checking ark-poly v0.4.2
[INFO] [stderr]     Checking ark-ec v0.4.2
[INFO] [stderr]     Checking ark-bn254 v0.4.0
[INFO] [stderr]     Checking anchor-lang v0.27.0
[INFO] [stdout] error[E0277]: the trait bound `Pubkey: BorshSerialize` is not satisfied
[INFO] [stdout]   --> /opt/rustwide/cargo-home/registry/src/index.crates.io-6f17d22bba15001f/anchor-lang-0.27.0/src/idl.rs:35:10
[INFO] [stdout]    |
[INFO] [stdout] 35 | #[derive(AnchorSerialize, AnchorDeserialize)]
[INFO] [stdout]    |          ^^^^^^^^^^^^^^^ the trait `BorshSerialize` is not implemented for `Pubkey`
[INFO] [stdout]    |
[INFO] [stdout]    = help: the following other types implement trait `BorshSerialize`:
[INFO] [stdout]              bool
[INFO] [stdout]              i8
[INFO] [stdout]              i16
[INFO] [stdout]              i32
[INFO] [stdout]              i64
[INFO] [stdout]              i128
[INFO] [stdout]              usize
[INFO] [stdout]              u8
[INFO] [stdout]            and 117 others
[INFO] [stdout]    = help: see issue #48214
[INFO] [stdout]    = note: this error originates in the derive macro `AnchorSerialize` (in Nightly builds, run with -Z macro-backtrace for more info)
[INFO] [stdout] 
[INFO] [stdout] 
[INFO] [stdout] error[E0277]: the trait bound `Pubkey: BorshDeserialize` is not satisfied
[INFO] [stdout]   --> /opt/rustwide/cargo-home/registry/src/index.crates.io-6f17d22bba15001f/anchor-lang-0.27.0/src/idl.rs:35:27
[INFO] [stdout]    |
[INFO] [stdout] 35 | #[derive(AnchorSerialize, AnchorDeserialize)]
[INFO] [stdout]    |                           ^^^^^^^^^^^^^^^^^ the trait `BorshDeserialize` is not implemented for `Pubkey`
[INFO] [stdout]    |
[INFO] [stdout]    = help: the following other types implement trait `BorshDeserialize`:
[INFO] [stdout]              bool
[INFO] [stdout]              i8
[INFO] [stdout]              i16
[INFO] [stdout]              i32
[INFO] [stdout]              i64
[INFO] [stdout]              i128
[INFO] [stdout]              usize
[INFO] [stdout]              u8
[INFO] [stdout]            and 101 others
[INFO] [stdout]    = help: see issue #48214
[INFO] [stdout]    = note: this error originates in the derive macro `AnchorDeserialize` (in Nightly builds, run with -Z macro-backtrace for more info)
[INFO] [stdout] 
[INFO] [stdout] 
[INFO] [stdout] error[E0277]: the trait bound `Pubkey: BorshSerialize` is not satisfied
[INFO] [stdout]   --> /opt/rustwide/cargo-home/registry/src/index.crates.io-6f17d22bba15001f/anchor-lang-0.27.0/src/idl.rs:62:1
[INFO] [stdout]    |
[INFO] [stdout] 62 | #[account("internal")]
[INFO] [stdout]    | ^^^^^^^^^^^^^^^^^^^^^^ the trait `BorshSerialize` is not implemented for `Pubkey`
[INFO] [stdout]    |
[INFO] [stdout]    = help: the following other types implement trait `BorshSerialize`:
[INFO] [stdout]              bool
[INFO] [stdout]              i8
[INFO] [stdout]              i16
[INFO] [stdout]              i32
[INFO] [stdout]              i64
[INFO] [stdout]              i128
[INFO] [stdout]              usize
[INFO] [stdout]              u8
[INFO] [stdout]            and 117 others
[INFO] [stdout]    = help: see issue #48214
[INFO] [stdout]    = note: this error originates in the derive macro `AnchorSerialize` (in Nightly builds, run with -Z macro-backtrace for more info)
[INFO] [stdout] 
[INFO] [stdout] 
[INFO] [stdout] error[E0277]: the trait bound `Pubkey: BorshDeserialize` is not satisfied
[INFO] [stdout]   --> /opt/rustwide/cargo-home/registry/src/index.crates.io-6f17d22bba15001f/anchor-lang-0.27.0/src/idl.rs:62:1
[INFO] [stdout]    |
[INFO] [stdout] 62 | #[account("internal")]
[INFO] [stdout]    | ^^^^^^^^^^^^^^^^^^^^^^ the trait `BorshDeserialize` is not implemented for `Pubkey`
[INFO] [stdout]    |
[INFO] [stdout]    = help: the following other types implement trait `BorshDeserialize`:
[INFO] [stdout]              bool
[INFO] [stdout]              i8
[INFO] [stdout]              i16
[INFO] [stdout]              i32
[INFO] [stdout]              i64
[INFO] [stdout]              i128
[INFO] [stdout]              usize
[INFO] [stdout]              u8
[INFO] [stdout]            and 101 others
[INFO] [stdout]    = help: see issue #48214
[INFO] [stdout]    = note: this error originates in the derive macro `AnchorDeserialize` (in Nightly builds, run with -Z macro-backtrace for more info)
[INFO] [stdout] 
[INFO] [stdout] 
[INFO] [stdout] error[E0277]: the trait bound `Pubkey: BorshSerialize` is not satisfied
[INFO] [stdout]   --> /opt/rustwide/cargo-home/registry/src/index.crates.io-6f17d22bba15001f/anchor-lang-0.27.0/src/system_program.rs:34:10
[INFO] [stdout]    |
[INFO] [stdout] 34 | #[derive(Accounts)]
[INFO] [stdout]    |          ^^^^^^^^ the trait `BorshSerialize` is not implemented for `Pubkey`
[INFO] [stdout]    |
[INFO] [stdout]    = help: the following other types implement trait `BorshSerialize`:
[INFO] [stdout]              bool
[INFO] [stdout]              i8
[INFO] [stdout]              i16
[INFO] [stdout]              i32
[INFO] [stdout]              i64
[INFO] [stdout]              i128
[INFO] [stdout]              usize
[INFO] [stdout]              u8
[INFO] [stdout]            and 117 others
[INFO] [stdout]    = help: see issue #48214
[INFO] [stdout]    = note: this error originates in the derive macro `Accounts` (in Nightly builds, run with -Z macro-backtrace for more info)
[INFO] [stdout] 
[INFO] [stdout] 
[INFO] [stdout] error[E0277]: the trait bound `Pubkey: BorshSerialize` is not satisfied
[INFO] [stdout]   --> /opt/rustwide/cargo-home/registry/src/index.crates.io-6f17d22bba15001f/anchor-lang-0.27.0/src/system_program.rs:57:10
[INFO] [stdout]    |
[INFO] [stdout] 57 | #[derive(Accounts)]
[INFO] [stdout]    |          ^^^^^^^^ the trait `BorshSerialize` is not implemented for `Pubkey`
[INFO] [stdout]    |
[INFO] [stdout]    = help: the following other types implement trait `BorshSerialize`:
[INFO] [stdout]              bool
[INFO] [stdout]              i8
[INFO] [stdout]              i16
[INFO] [stdout]              i32
[INFO] [stdout]              i64
[INFO] [stdout]              i128
[INFO] [stdout]              usize
[INFO] [stdout]              u8
[INFO] [stdout]            and 117 others
[INFO] [stdout]    = help: see issue #48214
[INFO] [stdout]    = note: this error originates in the derive macro `Accounts` (in Nightly builds, run with -Z macro-backtrace for more info)
[INFO] [stdout] 
[INFO] [stdout] 
[INFO] [stdout] error[E0277]: the trait bound `Pubkey: BorshSerialize` is not satisfied
[INFO] [stdout]   --> /opt/rustwide/cargo-home/registry/src/index.crates.io-6f17d22bba15001f/anchor-lang-0.27.0/src/system_program.rs:83:10
[INFO] [stdout]    |
[INFO] [stdout] 83 | #[derive(Accounts)]
[INFO] [stdout]    |          ^^^^^^^^ the trait `BorshSerialize` is not implemented for `Pubkey`
[INFO] [stdout]    |
[INFO] [stdout]    = help: the following other types implement trait `BorshSerialize`:
[INFO] [stdout]              bool
[INFO] [stdout]              i8
[INFO] [stdout]              i16
[INFO] [stdout]              i32
[INFO] [stdout]              i64
[INFO] [stdout]              i128
[INFO] [stdout]              usize
[INFO] [stdout]              u8
[INFO] [stdout]            and 117 others
[INFO] [stdout]    = help: see issue #48214
[INFO] [stdout]    = note: this error originates in the derive macro `Accounts` (in Nightly builds, run with -Z macro-backtrace for more info)
[INFO] [stdout] 
[INFO] [stdout] 
[INFO] [stdout] error[E0277]: the trait bound `Pubkey: BorshSerialize` is not satisfied
[INFO] [stdout]    --> /opt/rustwide/cargo-home/registry/src/index.crates.io-6f17d22bba15001f/anchor-lang-0.27.0/src/system_program.rs:105:10
[INFO] [stdout]     |
[INFO] [stdout] 105 | #[derive(Accounts)]
[INFO] [stdout]     |          ^^^^^^^^ the trait `BorshSerialize` is not implemented for `Pubkey`
[INFO] [stdout]     |
[INFO] [stdout]     = help: the following other types implement trait `BorshSerialize`:
[INFO] [stdout]               bool
[INFO] [stdout]               i8
[INFO] [stdout]               i16
[INFO] [stdout]               i32
[INFO] [stdout]               i64
[INFO] [stdout]               i128
[INFO] [stdout]               usize
[INFO] [stdout]               u8
[INFO] [stdout]             and 117 others
[INFO] [stdout]     = help: see issue #48214
[INFO] [stdout]     = note: this error originates in the derive macro `Accounts` (in Nightly builds, run with -Z macro-backtrace for more info)
[INFO] [stdout] 
[INFO] [stdout] 
[INFO] [stdout] error[E0277]: the trait bound `Pubkey: BorshSerialize` is not satisfied
[INFO] [stdout]    --> /opt/rustwide/cargo-home/registry/src/index.crates.io-6f17d22bba15001f/anchor-lang-0.27.0/src/system_program.rs:129:10
[INFO] [stdout]     |
[INFO] [stdout] 129 | #[derive(Accounts)]
[INFO] [stdout]     |          ^^^^^^^^ the trait `BorshSerialize` is not implemented for `Pubkey`
[INFO] [stdout]     |
[INFO] [stdout]     = help: the following other types implement trait `BorshSerialize`:
[INFO] [stdout]               bool
[INFO] [stdout]               i8
[INFO] [stdout]               i16
[INFO] [stdout]               i32
[INFO] [stdout]               i64
[INFO] [stdout]               i128
[INFO] [stdout]               usize
[INFO] [stdout]               u8
[INFO] [stdout]             and 117 others
[INFO] [stdout]     = help: see issue #48214
[INFO] [stdout]     = note: this error originates in the derive macro `Accounts` (in Nightly builds, run with -Z macro-backtrace for more info)
[INFO] [stdout] 
[INFO] [stdout] 
[INFO] [stdout] error[E0277]: the trait bound `Pubkey: BorshSerialize` is not satisfied
[INFO] [stdout]    --> /opt/rustwide/cargo-home/registry/src/index.crates.io-6f17d22bba15001f/anchor-lang-0.27.0/src/system_program.rs:152:10
[INFO] [stdout]     |
[INFO] [stdout] 152 | #[derive(Accounts)]
[INFO] [stdout]     |          ^^^^^^^^ the trait `BorshSerialize` is not implemented for `Pubkey`
[INFO] [stdout]     |
[INFO] [stdout]     = help: the following other types implement trait `BorshSerialize`:
[INFO] [stdout]               bool
[INFO] [stdout]               i8
[INFO] [stdout]               i16
[INFO] [stdout]               i32
[INFO] [stdout]               i64
[INFO] [stdout]               i128
[INFO] [stdout]               usize
[INFO] [stdout]               u8
[INFO] [stdout]             and 117 others
[INFO] [stdout]     = help: see issue #48214
[INFO] [stdout]     = note: this error originates in the derive macro `Accounts` (in Nightly builds, run with -Z macro-backtrace for more info)
[INFO] [stdout] 
[INFO] [stdout] 
[INFO] [stdout] error[E0277]: the trait bound `Pubkey: BorshSerialize` is not satisfied
[INFO] [stdout]    --> /opt/rustwide/cargo-home/registry/src/index.crates.io-6f17d22bba15001f/anchor-lang-0.27.0/src/system_program.rs:179:10
[INFO] [stdout]     |
[INFO] [stdout] 179 | #[derive(Accounts)]
[INFO] [stdout]     |          ^^^^^^^^ the trait `BorshSerialize` is not implemented for `Pubkey`
[INFO] [stdout]     |
[INFO] [stdout]     = help: the following other types implement trait `BorshSerialize`:
[INFO] [stdout]               bool
[INFO] [stdout]               i8
[INFO] [stdout]               i16
[INFO] [stdout]               i32
[INFO] [stdout]               i64
[INFO] [stdout]               i128
[INFO] [stdout]               usize
[INFO] [stdout]               u8
[INFO] [stdout]             and 117 others
[INFO] [stdout]     = help: see issue #48214
[INFO] [stdout]     = note: this error originates in the derive macro `Accounts` (in Nightly builds, run with -Z macro-backtrace for more info)
[INFO] [stdout] 
[INFO] [stdout] 
[INFO] [stdout] error[E0277]: the trait bound `Pubkey: BorshSerialize` is not satisfied
[INFO] [stdout]    --> /opt/rustwide/cargo-home/registry/src/index.crates.io-6f17d22bba15001f/anchor-lang-0.27.0/src/system_program.rs:209:10
[INFO] [stdout]     |
[INFO] [stdout] 209 | #[derive(Accounts)]
[INFO] [stdout]     |          ^^^^^^^^ the trait `BorshSerialize` is not implemented for `Pubkey`
[INFO] [stdout]     |
[INFO] [stdout]     = help: the following other types implement trait `BorshSerialize`:
[INFO] [stdout]               bool
[INFO] [stdout]               i8
[INFO] [stdout]               i16
[INFO] [stdout]               i32
[INFO] [stdout]               i64
[INFO] [stdout]               i128
[INFO] [stdout]               usize
[INFO] [stdout]               u8
[INFO] [stdout]             and 117 others
[INFO] [stdout]     = help: see issue #48214
[INFO] [stdout]     = note: this error originates in the derive macro `Accounts` (in Nightly builds, run with -Z macro-backtrace for more info)
[INFO] [stdout] 
[INFO] [stdout] 
[INFO] [stdout] error[E0277]: the trait bound `Pubkey: BorshSerialize` is not satisfied
[INFO] [stdout]    --> /opt/rustwide/cargo-home/registry/src/index.crates.io-6f17d22bba15001f/anchor-lang-0.27.0/src/system_program.rs:245:10
[INFO] [stdout]     |
[INFO] [stdout] 245 | #[derive(Accounts)]
[INFO] [stdout]     |          ^^^^^^^^ the trait `BorshSerialize` is not implemented for `Pubkey`
[INFO] [stdout]     |
[INFO] [stdout]     = help: the following other types implement trait `BorshSerialize`:
[INFO] [stdout]               bool
[INFO] [stdout]               i8
[INFO] [stdout]               i16
[INFO] [stdout]               i32
[INFO] [stdout]               i64
[INFO] [stdout]               i128
[INFO] [stdout]               usize
[INFO] [stdout]               u8
[INFO] [stdout]             and 117 others
[INFO] [stdout]     = help: see issue #48214
[INFO] [stdout]     = note: this error originates in the derive macro `Accounts` (in Nightly builds, run with -Z macro-backtrace for more info)
[INFO] [stdout] 
[INFO] [stdout] 
[INFO] [stdout] error[E0277]: the trait bound `Pubkey: BorshSerialize` is not satisfied
[INFO] [stdout]    --> /opt/rustwide/cargo-home/registry/src/index.crates.io-6f17d22bba15001f/anchor-lang-0.27.0/src/system_program.rs:289:10
[INFO] [stdout]     |
[INFO] [stdout] 289 | #[derive(Accounts)]
[INFO] [stdout]     |          ^^^^^^^^ the trait `BorshSerialize` is not implemented for `Pubkey`
[INFO] [stdout]     |
[INFO] [stdout]     = help: the following other types implement trait `BorshSerialize`:
[INFO] [stdout]               bool
[INFO] [stdout]               i8
[INFO] [stdout]               i16
[INFO] [stdout]               i32
[INFO] [stdout]               i64
[INFO] [stdout]               i128
[INFO] [stdout]               usize
[INFO] [stdout]               u8
[INFO] [stdout]             and 117 others
[INFO] [stdout]     = help: see issue #48214
[INFO] [stdout]     = note: this error originates in the derive macro `Accounts` (in Nightly builds, run with -Z macro-backtrace for more info)
[INFO] [stdout] 
[INFO] [stdout] 
[INFO] [stdout] error[E0277]: the trait bound `Pubkey: BorshSerialize` is not satisfied
[INFO] [stdout]    --> /opt/rustwide/cargo-home/registry/src/index.crates.io-6f17d22bba15001f/anchor-lang-0.27.0/src/system_program.rs:315:10
[INFO] [stdout]     |
[INFO] [stdout] 315 | #[derive(Accounts)]
[INFO] [stdout]     |          ^^^^^^^^ the trait `BorshSerialize` is not implemented for `Pubkey`
[INFO] [stdout]     |
[INFO] [stdout]     = help: the following other types implement trait `BorshSerialize`:
[INFO] [stdout]               bool
[INFO] [stdout]               i8
[INFO] [stdout]               i16
[INFO] [stdout]               i32
[INFO] [stdout]               i64
[INFO] [stdout]               i128
[INFO] [stdout]               usize
[INFO] [stdout]               u8
[INFO] [stdout]             and 117 others
[INFO] [stdout]     = help: see issue #48214
[INFO] [stdout]     = note: this error originates in the derive macro `Accounts` (in Nightly builds, run with -Z macro-backtrace for more info)
[INFO] [stdout] 
[INFO] [stdout] 
[INFO] [stdout] error[E0277]: the trait bound `Pubkey: BorshSerialize` is not satisfied
[INFO] [stdout]    --> /opt/rustwide/cargo-home/registry/src/index.crates.io-6f17d22bba15001f/anchor-lang-0.27.0/src/system_program.rs:343:10
[INFO] [stdout]     |
[INFO] [stdout] 343 | #[derive(Accounts)]
[INFO] [stdout]     |          ^^^^^^^^ the trait `BorshSerialize` is not implemented for `Pubkey`
[INFO] [stdout]     |
[INFO] [stdout]     = help: the following other types implement trait `BorshSerialize`:
[INFO] [stdout]               bool
[INFO] [stdout]               i8
[INFO] [stdout]               i16
[INFO] [stdout]               i32
[INFO] [stdout]               i64
[INFO] [stdout]               i128
[INFO] [stdout]               usize
[INFO] [stdout]               u8
[INFO] [stdout]             and 117 others
[INFO] [stdout]     = help: see issue #48214
[INFO] [stdout]     = note: this error originates in the derive macro `Accounts` (in Nightly builds, run with -Z macro-backtrace for more info)
[INFO] [stdout] 
[INFO] [stdout] 
[INFO] [stdout] error[E0277]: the trait bound `Pubkey: BorshSerialize` is not satisfied
[INFO] [stdout]    --> /opt/rustwide/cargo-home/registry/src/index.crates.io-6f17d22bba15001f/anchor-lang-0.27.0/src/system_program.rs:374:10
[INFO] [stdout]     |
[INFO] [stdout] 374 | #[derive(Accounts)]
[INFO] [stdout]     |          ^^^^^^^^ the trait `BorshSerialize` is not implemented for `Pubkey`
[INFO] [stdout]     |
[INFO] [stdout]     = help: the following other types implement trait `BorshSerialize`:
[INFO] [stdout]               bool
[INFO] [stdout]               i8
[INFO] [stdout]               i16
[INFO] [stdout]               i32
[INFO] [stdout]               i64
[INFO] [stdout]               i128
[INFO] [stdout]               usize
[INFO] [stdout]               u8
[INFO] [stdout]             and 117 others
[INFO] [stdout]     = help: see issue #48214
[INFO] [stdout]     = note: this error originates in the derive macro `Accounts` (in Nightly builds, run with -Z macro-backtrace for more info)
[INFO] [stdout] 
[INFO] [stdout] 
[INFO] [stdout] error: aborting due to 17 previous errors
[INFO] [stdout] 
[INFO] [stdout] 
[INFO] [stdout] For more information about this error, try `rustc --explain E0277`.
[INFO] [stdout] 
[INFO] [stderr] error: could not compile `anchor-lang` (lib) due to 18 previous errors
[INFO] running `Command { std: "docker" "inspect" "51a4cc2415e9ce68744b0d5d2c15593c5dbd977bc0df06d2485c588ef13edbcc", kill_on_drop: false }`
[INFO] running `Command { std: "docker" "rm" "-f" "51a4cc2415e9ce68744b0d5d2c15593c5dbd977bc0df06d2485c588ef13edbcc", kill_on_drop: false }`
[INFO] [stdout] 51a4cc2415e9ce68744b0d5d2c15593c5dbd977bc0df06d2485c588ef13edbcc
