[INFO] cloning repository https://github.com/Roee-87/ezkl-test
[INFO] running `Command { std: "git" "-c" "credential.helper=" "-c" "credential.helper=/workspace/cargo-home/bin/git-credential-null" "clone" "--bare" "https://github.com/Roee-87/ezkl-test" "/workspace/cache/git-repos/https%3A%2F%2Fgithub.com%2FRoee-87%2Fezkl-test", kill_on_drop: false }`
[INFO] [stderr] Cloning into bare repository '/workspace/cache/git-repos/https%3A%2F%2Fgithub.com%2FRoee-87%2Fezkl-test'...
[INFO] running `Command { std: "git" "rev-parse" "HEAD", kill_on_drop: false }`
[INFO] [stdout] 8e0d9c3da4186a877aa7a89d4401579334b1c896
[INFO] documenting Roee-87/ezkl-test against 1.75.0 for beta-1.76-rustdoc-1
[INFO] running `Command { std: "git" "clone" "/workspace/cache/git-repos/https%3A%2F%2Fgithub.com%2FRoee-87%2Fezkl-test" "/workspace/builds/worker-7-tc1/source", kill_on_drop: false }`
[INFO] [stderr] Cloning into '/workspace/builds/worker-7-tc1/source'...
[INFO] [stderr] done.
[INFO] validating manifest of git repo https://github.com/Roee-87/ezkl-test on toolchain 1.75.0
[INFO] running `Command { std: CARGO_HOME="/workspace/cargo-home" RUSTUP_HOME="/workspace/rustup-home" "/workspace/cargo-home/bin/cargo" "+1.75.0" "metadata" "--manifest-path" "Cargo.toml" "--no-deps", kill_on_drop: false }`
[INFO] started tweaking git repo https://github.com/Roee-87/ezkl-test
[INFO] finished tweaking git repo https://github.com/Roee-87/ezkl-test
[INFO] tweaked toml for git repo https://github.com/Roee-87/ezkl-test written to /workspace/builds/worker-7-tc1/source/Cargo.toml
[INFO] crate git repo https://github.com/Roee-87/ezkl-test already has a lockfile, it will not be regenerated
[INFO] running `Command { std: CARGO_HOME="/workspace/cargo-home" RUSTUP_HOME="/workspace/rustup-home" "/workspace/cargo-home/bin/cargo" "+1.75.0" "fetch" "--manifest-path" "Cargo.toml", kill_on_drop: false }`
[INFO] [stderr]     Updating git repository `https://github.com/zkonduit/halo2`
[INFO] [stderr]     Updating crates.io index
[INFO] [stderr]  Downloading crates ...
[INFO] [stderr]   Downloaded maybe-rayon v0.1.1
[INFO] [stderr]   Downloaded serde_arrays v0.1.0
[INFO] [stderr]   Downloaded halo2curves v0.1.0
[INFO] [stderr]   Downloaded pasta_curves v0.5.1
[INFO] running `Command { std: "docker" "create" "-v" "/var/lib/crater-agent-workspace/builds/worker-7-tc1/target:/opt/rustwide/target:rw,Z" "-v" "/var/lib/crater-agent-workspace/builds/worker-7-tc1/source:/opt/rustwide/workdir:ro,Z" "-v" "/var/lib/crater-agent-workspace/cargo-home:/opt/rustwide/cargo-home:ro,Z" "-v" "/var/lib/crater-agent-workspace/rustup-home:/opt/rustwide/rustup-home:ro,Z" "-e" "SOURCE_DIR=/opt/rustwide/workdir" "-e" "CARGO_TARGET_DIR=/opt/rustwide/target" "-e" "CARGO_HOME=/opt/rustwide/cargo-home" "-e" "RUSTUP_HOME=/opt/rustwide/rustup-home" "-w" "/opt/rustwide/workdir" "-m" "1610612736" "--user" "0:0" "--network" "none" "ghcr.io/rust-lang/crates-build-env/linux@sha256:2788e3201cd34a07e3172128adcd8b3090168a8e3bcc40d7c032b9dda1df7d1c" "/opt/rustwide/cargo-home/bin/cargo" "+1.75.0" "metadata" "--no-deps" "--format-version=1", kill_on_drop: false }`
[INFO] [stdout] e18cdff45eb5d4bba5e393bc9d933936495d17fb645ec7db98d226b0e458e524
[INFO] running `Command { std: "docker" "start" "-a" "e18cdff45eb5d4bba5e393bc9d933936495d17fb645ec7db98d226b0e458e524", kill_on_drop: false }`
[INFO] running `Command { std: "docker" "inspect" "e18cdff45eb5d4bba5e393bc9d933936495d17fb645ec7db98d226b0e458e524", kill_on_drop: false }`
[INFO] running `Command { std: "docker" "rm" "-f" "e18cdff45eb5d4bba5e393bc9d933936495d17fb645ec7db98d226b0e458e524", kill_on_drop: false }`
[INFO] [stdout] e18cdff45eb5d4bba5e393bc9d933936495d17fb645ec7db98d226b0e458e524
[INFO] running `Command { std: "docker" "create" "-v" "/var/lib/crater-agent-workspace/builds/worker-7-tc1/target:/opt/rustwide/target:rw,Z" "-v" "/var/lib/crater-agent-workspace/builds/worker-7-tc1/source:/opt/rustwide/workdir:ro,Z" "-v" "/var/lib/crater-agent-workspace/cargo-home:/opt/rustwide/cargo-home:ro,Z" "-v" "/var/lib/crater-agent-workspace/rustup-home:/opt/rustwide/rustup-home:ro,Z" "-e" "SOURCE_DIR=/opt/rustwide/workdir" "-e" "CARGO_TARGET_DIR=/opt/rustwide/target" "-e" "CARGO_INCREMENTAL=0" "-e" "RUST_BACKTRACE=full" "-e" "RUSTFLAGS=--cap-lints=warn" "-e" "RUSTDOCFLAGS=--cap-lints=warn" "-e" "CARGO_HOME=/opt/rustwide/cargo-home" "-e" "RUSTUP_HOME=/opt/rustwide/rustup-home" "-w" "/opt/rustwide/workdir" "-m" "1610612736" "--user" "0:0" "--network" "none" "ghcr.io/rust-lang/crates-build-env/linux@sha256:2788e3201cd34a07e3172128adcd8b3090168a8e3bcc40d7c032b9dda1df7d1c" "/opt/rustwide/cargo-home/bin/cargo" "+1.75.0" "doc" "--frozen" "--no-deps" "--document-private-items" "--message-format=json", kill_on_drop: false }`
[INFO] [stdout] 947dc37a6541c5b2b121f7df6188857186f3229008f9fe40a9da8ff7161961ef
[INFO] running `Command { std: "docker" "start" "-a" "947dc37a6541c5b2b121f7df6188857186f3229008f9fe40a9da8ff7161961ef", kill_on_drop: false }`
[INFO] [stderr]    Compiling proc-macro2 v1.0.70
[INFO] [stderr]    Compiling unicode-ident v1.0.12
[INFO] [stderr]    Compiling libc v0.2.151
[INFO] [stderr]    Compiling memoffset v0.9.0
[INFO] [stderr]    Compiling radium v0.7.0
[INFO] [stderr]    Compiling crossbeam-utils v0.8.17
[INFO] [stderr]     Checking tap v1.0.1
[INFO] [stderr]    Compiling typenum v1.17.0
[INFO] [stderr]    Compiling num-traits v0.2.17
[INFO] [stderr]     Checking funty v2.0.0
[INFO] [stderr]    Compiling serde v1.0.193
[INFO] [stderr]     Checking subtle v2.5.0
[INFO] [stderr]    Compiling rayon-core v1.12.0
[INFO] [stderr]    Compiling rustix v0.38.28
[INFO] [stderr]     Checking memchr v2.6.4
[INFO] [stderr]    Compiling num-bigint v0.4.4
[INFO] [stderr]     Checking wyz v0.5.1
[INFO] [stderr]     Checking spin v0.5.2
[INFO] [stderr]     Checking bitflags v2.4.1
[INFO] [stderr]     Checking regex-syntax v0.8.2
[INFO] [stderr]     Checking arrayvec v0.7.4
[INFO] [stderr]     Checking arrayref v0.3.7
[INFO] [stderr]     Checking constant_time_eq v0.3.0
[INFO] [stderr]     Checking static_assertions v1.1.0
[INFO] [stderr]    Compiling paste v1.0.14
[INFO] [stderr]     Checking linux-raw-sys v0.4.12
[INFO] [stderr]     Checking lazy_static v1.4.0
[INFO] [stderr]     Checking block-padding v0.2.1
[INFO] [stderr]     Checking utf8parse v0.2.1
[INFO] [stderr]     Checking either v1.9.0
[INFO] [stderr]    Compiling halo2curves v0.1.0
[INFO] [stderr]     Checking blake2b_simd v1.0.2
[INFO] [stderr]     Checking once_cell v1.19.0
[INFO] [stderr]    Compiling crunchy v0.2.2
[INFO] [stderr]     Checking bitvec v1.0.1
[INFO] [stderr]     Checking anstyle-parse v0.2.3
[INFO] [stderr]     Checking log v0.4.20
[INFO] [stderr]     Checking tracing-core v0.1.32
[INFO] [stderr]     Checking keccak v0.1.4
[INFO] [stderr]     Checking aho-corasick v1.1.2
[INFO] [stderr]     Checking termcolor v1.4.0
[INFO] [stderr]     Checking anstyle-query v1.0.2
[INFO] [stderr]     Checking anstyle v1.0.4
[INFO] [stderr]     Checking crossbeam-epoch v0.9.16
[INFO] [stderr]     Checking colorchoice v1.0.0
[INFO] [stderr]    Compiling quote v1.0.33
[INFO] [stderr]     Checking humantime v2.1.0
[INFO] [stderr]     Checking pin-project-lite v0.2.13
[INFO] [stderr]     Checking anstream v0.6.5
[INFO] [stderr]     Checking clap_lex v0.6.0
[INFO] [stderr]     Checking byteorder v1.5.0
[INFO] [stderr]    Compiling heck v0.4.1
[INFO] [stderr]    Compiling syn v2.0.41
[INFO] [stderr]     Checking crossbeam-deque v0.8.4
[INFO] [stderr]    Compiling serde_json v1.0.108
[INFO] [stderr]     Checking hex v0.4.3
[INFO] [stderr]     Checking getrandom v0.2.11
[INFO] [stderr]     Checking ryu v1.0.16
[INFO] [stderr]     Checking itoa v1.0.10
[INFO] [stderr]     Checking clap_builder v4.4.11
[INFO] [stderr]     Checking uint v0.9.5
[INFO] [stderr]     Checking rand_core v0.6.4
[INFO] [stderr]     Checking is-terminal v0.4.9
[INFO] [stderr]     Checking rand_chacha v0.3.1
[INFO] [stderr]     Checking generic-array v0.14.7
[INFO] [stderr]     Checking num-integer v0.1.45
[INFO] [stderr]     Checking rayon v1.8.0
[INFO] [stderr]     Checking rand v0.8.5
[INFO] [stderr]     Checking regex-automata v0.4.3
[INFO] [stderr]     Checking block-buffer v0.9.0
[INFO] [stderr]     Checking digest v0.9.0
[INFO] [stderr]     Checking sha3 v0.9.1
[INFO] [stderr]     Checking ff v0.13.0
[INFO] [stderr]     Checking group v0.13.0
[INFO] [stderr]     Checking pasta_curves v0.5.1
[INFO] [stderr]     Checking maybe-rayon v0.1.1
[INFO] [stderr]     Checking regex v1.10.2
[INFO] [stderr]     Checking env_logger v0.10.1
[INFO] [stderr]    Compiling serde_derive v1.0.193
[INFO] [stderr]    Compiling tracing-attributes v0.1.27
[INFO] [stderr]    Compiling clap_derive v4.4.7
[INFO] [stderr]     Checking tracing v0.1.40
[INFO] [stderr]     Checking clap v4.4.11
[INFO] [stderr]     Checking serde_arrays v0.1.0
[INFO] [stderr]     Checking halo2_proofs v0.2.0 (https://github.com/zkonduit/halo2?branch=ac/lookup-modularity#57b91238)
[INFO] [stderr]     Checking halo2_gadgets v0.2.0 (https://github.com/zkonduit/halo2?branch=ac/lookup-modularity#57b91238)
[INFO] [stderr]     Checking core-ezkl v0.1.0 (/opt/rustwide/workdir/core-ezkl)
[INFO] [stdout] error[E0432]: unresolved import `crate::utils`
[INFO] [stdout]  --> core-ezkl/src/runargs.rs:3:12
[INFO] [stdout]   |
[INFO] [stdout] 3 | use crate::utils::F32;
[INFO] [stdout]   |            ^^^^^ could not find `utils` in the crate root
[INFO] [stdout] 
[INFO] [stdout] 
[INFO] [stdout] error[E0432]: unresolved import `utils`
[INFO] [stdout]  --> core-ezkl/src/graphsettings.rs:1:5
[INFO] [stdout]   |
[INFO] [stdout] 1 | use utils::{F32, Scale};
[INFO] [stdout]   |     ^^^^^ use of undeclared crate or module `utils`
[INFO] [stdout] 
[INFO] [stdout] 
[INFO] [stdout] error: cannot find derive macro `Serialize` in this scope
[INFO] [stdout]  --> core-ezkl/src/graphsettings.rs:4:33
[INFO] [stdout]   |
[INFO] [stdout] 4 | #[derive(Clone, Debug, Default, Serialize, Deserialize, PartialEq)]
[INFO] [stdout]   |                                 ^^^^^^^^^
[INFO] [stdout]   |
[INFO] [stdout] help: consider importing this derive macro
[INFO] [stdout]   |
[INFO] [stdout] 1 + use serde::Serialize;
[INFO] [stdout]   |
[INFO] [stdout] 
[INFO] [stdout] 
[INFO] [stdout] error: cannot find derive macro `Deserialize` in this scope
[INFO] [stdout]  --> core-ezkl/src/graphsettings.rs:4:44
[INFO] [stdout]   |
[INFO] [stdout] 4 | #[derive(Clone, Debug, Default, Serialize, Deserialize, PartialEq)]
[INFO] [stdout]   |                                            ^^^^^^^^^^^
[INFO] [stdout]   |
[INFO] [stdout] help: consider importing this derive macro
[INFO] [stdout]   |
[INFO] [stdout] 1 + use serde::Deserialize;
[INFO] [stdout]   |
[INFO] [stdout] 
[INFO] [stdout] 
[INFO] [stdout] error: cannot find derive macro `Serialize` in this scope
[INFO] [stdout]   --> core-ezkl/src/graphsettings.rs:33:33
[INFO] [stdout]    |
[INFO] [stdout] 33 | #[derive(Clone, Debug, Default, Serialize, Deserialize, PartialEq)]
[INFO] [stdout]    |                                 ^^^^^^^^^
[INFO] [stdout]    |
[INFO] [stdout] help: consider importing this derive macro
[INFO] [stdout]    |
[INFO] [stdout] 1  + use serde::Serialize;
[INFO] [stdout]    |
[INFO] [stdout] 
[INFO] [stdout] 
[INFO] [stdout] error: cannot find derive macro `Deserialize` in this scope
[INFO] [stdout]   --> core-ezkl/src/graphsettings.rs:33:44
[INFO] [stdout]    |
[INFO] [stdout] 33 | #[derive(Clone, Debug, Default, Serialize, Deserialize, PartialEq)]
[INFO] [stdout]    |                                            ^^^^^^^^^^^
[INFO] [stdout]    |
[INFO] [stdout] help: consider importing this derive macro
[INFO] [stdout]    |
[INFO] [stdout] 1  + use serde::Deserialize;
[INFO] [stdout]    |
[INFO] [stdout] 
[INFO] [stdout] 
[INFO] [stdout] error: cannot find attribute `default` in this scope
[INFO] [stdout]   --> core-ezkl/src/graphsettings.rs:41:7
[INFO] [stdout]    |
[INFO] [stdout] 41 |     #[default]
[INFO] [stdout]    |       ^^^^^^^
[INFO] [stdout]    |
[INFO] [stdout] help: consider adding a derive
[INFO] [stdout]    |
[INFO] [stdout] 40 + #[derive(Default)]
[INFO] [stdout] 41 | pub enum CheckMode {
[INFO] [stdout]    |
[INFO] [stdout] 
[INFO] [stdout] 
[INFO] [stdout] error: cannot find derive macro `Deserialize` in this scope
[INFO] [stdout]   --> core-ezkl/src/graphsettings.rs:48:62
[INFO] [stdout]    |
[INFO] [stdout] 48 | #[derive(Clone, Debug, PartialEq, Eq, Hash, PartialOrd, Ord, Deserialize, Serialize)]
[INFO] [stdout]    |                                                              ^^^^^^^^^^^
[INFO] [stdout]    |
[INFO] [stdout] help: consider importing this derive macro
[INFO] [stdout]    |
[INFO] [stdout] 1  + use serde::Deserialize;
[INFO] [stdout]    |
[INFO] [stdout] 
[INFO] [stdout] 
[INFO] [stdout] error: cannot find derive macro `Serialize` in this scope
[INFO] [stdout]   --> core-ezkl/src/graphsettings.rs:48:75
[INFO] [stdout]    |
[INFO] [stdout] 48 | #[derive(Clone, Debug, PartialEq, Eq, Hash, PartialOrd, Ord, Deserialize, Serialize)]
[INFO] [stdout]    |                                                                           ^^^^^^^^^
[INFO] [stdout]    |
[INFO] [stdout] help: consider importing this derive macro
[INFO] [stdout]    |
[INFO] [stdout] 1  + use serde::Serialize;
[INFO] [stdout]    |
[INFO] [stdout] 
[INFO] [stdout] 
[INFO] [stdout] error[E0412]: cannot find type `RunArgs` in this scope
[INFO] [stdout]  --> core-ezkl/src/graphsettings.rs:7:19
[INFO] [stdout]   |
[INFO] [stdout] 7 |     pub run_args: RunArgs,
[INFO] [stdout]   |                   ^^^^^^^ not found in this scope
[INFO] [stdout]   |
[INFO] [stdout] help: consider importing this struct
[INFO] [stdout]   |
[INFO] [stdout] 1 + use crate::runargs::RunArgs;
[INFO] [stdout]   |
[INFO] [stdout] 
[INFO] [stdout] 
[INFO] [stdout] error[E0405]: cannot find trait `Circuit` in this scope
[INFO] [stdout]   --> core-ezkl/src/lib.rs:36:8
[INFO] [stdout]    |
[INFO] [stdout] 36 |     C: Circuit<Scalar: Serialize + DeserializeOwned> 
[INFO] [stdout]    |        ^^^^^^^ not found in this scope
[INFO] [stdout]    |
[INFO] [stdout] help: consider importing this trait
[INFO] [stdout]    |
[INFO] [stdout] 29 + use halo2_proofs::plonk::Circuit;
[INFO] [stdout]    |
[INFO] [stdout] 
[INFO] [stdout] 
[INFO] [stdout] error[E0405]: cannot find trait `Serialize` in this scope
[INFO] [stdout]   --> core-ezkl/src/lib.rs:36:24
[INFO] [stdout]    |
[INFO] [stdout] 36 |     C: Circuit<Scalar: Serialize + DeserializeOwned> 
[INFO] [stdout]    |                        ^^^^^^^^^ not found in this scope
[INFO] [stdout]    |
[INFO] [stdout] help: consider importing this trait
[INFO] [stdout]    |
[INFO] [stdout] 29 + use serde::Serialize;
[INFO] [stdout]    |
[INFO] [stdout] 
[INFO] [stdout] 
[INFO] [stdout] error[E0405]: cannot find trait `DeserializeOwned` in this scope
[INFO] [stdout]   --> core-ezkl/src/lib.rs:36:36
[INFO] [stdout]    |
[INFO] [stdout] 36 |     C: Circuit<Scalar: Serialize + DeserializeOwned> 
[INFO] [stdout]    |                                    ^^^^^^^^^^^^^^^^ not found in this scope
[INFO] [stdout]    |
[INFO] [stdout] help: consider importing this trait
[INFO] [stdout]    |
[INFO] [stdout] 29 + use serde::de::DeserializeOwned;
[INFO] [stdout]    |
[INFO] [stdout] 
[INFO] [stdout] 
[INFO] [stdout] error[E0412]: cannot find type `ParamsKZG` in this scope
[INFO] [stdout]   --> core-ezkl/src/lib.rs:34:51
[INFO] [stdout]    |
[INFO] [stdout] 34 | pub fn get_verifier_key<C>(vk_path: &str, params: ParamsKZG<Bn256>) -> VerifyingKey<Bn256>
[INFO] [stdout]    |                                                   ^^^^^^^^^ not found in this scope
[INFO] [stdout]    |
[INFO] [stdout] help: consider importing this struct
[INFO] [stdout]    |
[INFO] [stdout] 29 + use halo2_proofs::poly::kzg::commitment::ParamsKZG;
[INFO] [stdout]    |
[INFO] [stdout] 
[INFO] [stdout] 
[INFO] [stdout] error[E0412]: cannot find type `Bn256` in this scope
[INFO] [stdout]   --> core-ezkl/src/lib.rs:34:61
[INFO] [stdout]    |
[INFO] [stdout] 34 | pub fn get_verifier_key<C>(vk_path: &str, params: ParamsKZG<Bn256>) -> VerifyingKey<Bn256>
[INFO] [stdout]    |                                                             ^^^^^ not found in this scope
[INFO] [stdout]    |
[INFO] [stdout] help: consider importing this struct
[INFO] [stdout]    |
[INFO] [stdout] 29 + use halo2curves::bn256::Bn256;
[INFO] [stdout]    |
[INFO] [stdout] 
[INFO] [stdout] 
[INFO] [stdout] error[E0412]: cannot find type `VerifyingKey` in this scope
[INFO] [stdout]   --> core-ezkl/src/lib.rs:34:72
[INFO] [stdout]    |
[INFO] [stdout] 34 | pub fn get_verifier_key<C>(vk_path: &str, params: ParamsKZG<Bn256>) -> VerifyingKey<Bn256>
[INFO] [stdout]    |                                                                        ^^^^^^^^^^^^ not found in this scope
[INFO] [stdout]    |
[INFO] [stdout] help: consider importing one of these items
[INFO] [stdout]    |
[INFO] [stdout] 29 + use halo2_proofs::plonk::VerifyingKey;
[INFO] [stdout]    |
[INFO] [stdout] 29 + use halo2_proofs::plonk::permutation::VerifyingKey;
[INFO] [stdout]    |
[INFO] [stdout] 
[INFO] [stdout] 
[INFO] [stdout] error[E0412]: cannot find type `Bn256` in this scope
[INFO] [stdout]   --> core-ezkl/src/lib.rs:34:85
[INFO] [stdout]    |
[INFO] [stdout] 34 | pub fn get_verifier_key<C>(vk_path: &str, params: ParamsKZG<Bn256>) -> VerifyingKey<Bn256>
[INFO] [stdout]    |                                                                                     ^^^^^ not found in this scope
[INFO] [stdout]    |
[INFO] [stdout] help: consider importing this struct
[INFO] [stdout]    |
[INFO] [stdout] 29 + use halo2curves::bn256::Bn256;
[INFO] [stdout]    |
[INFO] [stdout] 
[INFO] [stdout] 
[INFO] [stdout] error[E0433]: failed to resolve: use of undeclared type `File`
[INFO] [stdout]   --> core-ezkl/src/lib.rs:39:17
[INFO] [stdout]    |
[INFO] [stdout] 39 |     let mut f = File::open(vk_path).expect("File not found");
[INFO] [stdout]    |                 ^^^^ use of undeclared type `File`
[INFO] [stdout]    |
[INFO] [stdout] help: consider importing this struct
[INFO] [stdout]    |
[INFO] [stdout] 29 + use std::fs::File;
[INFO] [stdout]    |
[INFO] [stdout] 
[INFO] [stdout] 
[INFO] [stdout] error[E0433]: failed to resolve: use of undeclared type `BufReader`
[INFO] [stdout]   --> core-ezkl/src/lib.rs:40:22
[INFO] [stdout]    |
[INFO] [stdout] 40 |     let mut reader = BufReader::new(f);
[INFO] [stdout]    |                      ^^^^^^^^^ use of undeclared type `BufReader`
[INFO] [stdout]    |
[INFO] [stdout] help: consider importing this struct
[INFO] [stdout]    |
[INFO] [stdout] 29 + use std::io::BufReader;
[INFO] [stdout]    |
[INFO] [stdout] 
[INFO] [stdout] 
[INFO] [stdout] error[E0433]: failed to resolve: use of undeclared type `VerifyingKey`
[INFO] [stdout]   --> core-ezkl/src/lib.rs:41:5
[INFO] [stdout]    |
[INFO] [stdout] 41 |     VerifyingKey::Bn256::read::<_, C>(
[INFO] [stdout]    |     ^^^^^^^^^^^^ use of undeclared type `VerifyingKey`
[INFO] [stdout]    |
[INFO] [stdout] help: consider importing this struct
[INFO] [stdout]    |
[INFO] [stdout] 29 + use halo2curves::bn256::Bn256;
[INFO] [stdout]    |
[INFO] [stdout] help: if you import `Bn256`, refer to it directly
[INFO] [stdout]    |
[INFO] [stdout] 41 -     VerifyingKey::Bn256::read::<_, C>(
[INFO] [stdout] 41 +     Bn256::read::<_, C>(
[INFO] [stdout]    |
[INFO] [stdout] 
[INFO] [stdout] 
[INFO] [stdout] error[E0658]: associated type bounds are unstable
[INFO] [stdout]   --> core-ezkl/src/lib.rs:36:16
[INFO] [stdout]    |
[INFO] [stdout] 36 |     C: Circuit<Scalar: Serialize + DeserializeOwned> 
[INFO] [stdout]    |                ^^^^^^^^^^^^^^^^^^^^^^^^^^^^^^^^^^^^
[INFO] [stdout]    |
[INFO] [stdout]    = note: see issue #52662 <https://github.com/rust-lang/rust/issues/52662> for more information
[INFO] [stdout] 
[INFO] [stdout] 
[INFO] [stdout] warning: lint `private_in_public` has been removed: replaced with another group of lints, see RFC <https://rust-lang.github.io/rfcs/2145-type-privacy.html> for more information
[INFO] [stdout]   --> core-ezkl/src/lib.rs:10:5
[INFO] [stdout]    |
[INFO] [stdout] 10 |     private_in_public,
[INFO] [stdout]    |     ^^^^^^^^^^^^^^^^^
[INFO] [stdout]    |
[INFO] [stdout]    = note: `#[warn(renamed_and_removed_lints)]` on by default
[INFO] [stdout] 
[INFO] [stdout] 
[INFO] [stdout] warning: unused import: `std::error::Error`
[INFO] [stdout]   --> core-ezkl/src/runargs.rs:1:5
[INFO] [stdout]    |
[INFO] [stdout] 1  | use std::error::Error;
[INFO] [stdout]    |     ^^^^^^^^^^^^^^^^^
[INFO] [stdout]    |
[INFO] [stdout] note: the lint level is defined here
[INFO] [stdout]   --> core-ezkl/src/lib.rs:12:5
[INFO] [stdout]    |
[INFO] [stdout] 12 |     unused,
[INFO] [stdout]    |     ^^^^^^
[INFO] [stdout]    = note: `#[warn(unused_imports)]` implied by `#[warn(unused)]`
[INFO] [stdout] 
[INFO] [stdout] 
[INFO] [stdout] error[E0554]: `#![feature]` may not be used on the stable release channel
[INFO] [stdout]   --> core-ezkl/src/lib.rs:27:12
[INFO] [stdout]    |
[INFO] [stdout] 27 | #![feature(round_ties_even)]
[INFO] [stdout]    |            ^^^^^^^^^^^^^^^
[INFO] [stdout] 
[INFO] [stdout] 
[INFO] [stdout] error[E0433]: failed to resolve: use of undeclared crate or module `utils`
[INFO] [stdout]   --> core-ezkl/src/graphsettings.rs:51:18
[INFO] [stdout]    |
[INFO] [stdout] 51 |     Div { denom: utils::F32 },
[INFO] [stdout]    |                  ^^^^^ use of undeclared crate or module `utils`
[INFO] [stdout] 
[INFO] [stdout] 
[INFO] [stdout] error[E0433]: failed to resolve: use of undeclared crate or module `utils`
[INFO] [stdout]   --> core-ezkl/src/graphsettings.rs:53:18
[INFO] [stdout]    |
[INFO] [stdout] 53 |     Max { scale: utils::F32, a: utils::F32 },
[INFO] [stdout]    |                  ^^^^^ use of undeclared crate or module `utils`
[INFO] [stdout] 
[INFO] [stdout] 
[INFO] [stdout] error[E0433]: failed to resolve: use of undeclared crate or module `utils`
[INFO] [stdout]   --> core-ezkl/src/graphsettings.rs:53:33
[INFO] [stdout]    |
[INFO] [stdout] 53 |     Max { scale: utils::F32, a: utils::F32 },
[INFO] [stdout]    |                                 ^^^^^ use of undeclared crate or module `utils`
[INFO] [stdout] 
[INFO] [stdout] 
[INFO] [stdout] error[E0433]: failed to resolve: use of undeclared crate or module `utils`
[INFO] [stdout]   --> core-ezkl/src/graphsettings.rs:54:18
[INFO] [stdout]    |
[INFO] [stdout] 54 |     Min { scale: utils::F32, a: utils::F32 },
[INFO] [stdout]    |                  ^^^^^ use of undeclared crate or module `utils`
[INFO] [stdout] 
[INFO] [stdout] 
[INFO] [stdout] error[E0433]: failed to resolve: use of undeclared crate or module `utils`
[INFO] [stdout]   --> core-ezkl/src/graphsettings.rs:54:33
[INFO] [stdout]    |
[INFO] [stdout] 54 |     Min { scale: utils::F32, a: utils::F32 },
[INFO] [stdout]    |                                 ^^^^^ use of undeclared crate or module `utils`
[INFO] [stdout] 
[INFO] [stdout] 
[INFO] [stdout] error[E0433]: failed to resolve: use of undeclared crate or module `utils`
[INFO] [stdout]   --> core-ezkl/src/graphsettings.rs:55:19
[INFO] [stdout]    |
[INFO] [stdout] 55 |     Ceil { scale: utils::F32 },
[INFO] [stdout]    |                   ^^^^^ use of undeclared crate or module `utils`
[INFO] [stdout] 
[INFO] [stdout] 
[INFO] [stdout] error[E0433]: failed to resolve: use of undeclared crate or module `utils`
[INFO] [stdout]   --> core-ezkl/src/graphsettings.rs:56:20
[INFO] [stdout]    |
[INFO] [stdout] 56 |     Floor { scale: utils::F32 },
[INFO] [stdout]    |                    ^^^^^ use of undeclared crate or module `utils`
[INFO] [stdout] 
[INFO] [stdout] 
[INFO] [stdout] error[E0433]: failed to resolve: use of undeclared crate or module `utils`
[INFO] [stdout]   --> core-ezkl/src/graphsettings.rs:57:20
[INFO] [stdout]    |
[INFO] [stdout] 57 |     Round { scale: utils::F32 },
[INFO] [stdout]    |                    ^^^^^ use of undeclared crate or module `utils`
[INFO] [stdout] 
[INFO] [stdout] 
[INFO] [stdout] error[E0433]: failed to resolve: use of undeclared crate or module `utils`
[INFO] [stdout]   --> core-ezkl/src/graphsettings.rs:58:30
[INFO] [stdout]    |
[INFO] [stdout] 58 |     RoundHalfToEven { scale: utils::F32 },
[INFO] [stdout]    |                              ^^^^^ use of undeclared crate or module `utils`
[INFO] [stdout] 
[INFO] [stdout] 
[INFO] [stdout] error[E0433]: failed to resolve: use of undeclared crate or module `utils`
[INFO] [stdout]   --> core-ezkl/src/graphsettings.rs:59:19
[INFO] [stdout]    |
[INFO] [stdout] 59 |     Sqrt { scale: utils::F32 },
[INFO] [stdout]    |                   ^^^^^ use of undeclared crate or module `utils`
[INFO] [stdout] 
[INFO] [stdout] 
[INFO] [stdout] error[E0433]: failed to resolve: use of undeclared crate or module `utils`
[INFO] [stdout]   --> core-ezkl/src/graphsettings.rs:60:20
[INFO] [stdout]    |
[INFO] [stdout] 60 |     Rsqrt { scale: utils::F32 },
[INFO] [stdout]    |                    ^^^^^ use of undeclared crate or module `utils`
[INFO] [stdout] 
[INFO] [stdout] 
[INFO] [stdout] error[E0433]: failed to resolve: use of undeclared crate or module `utils`
[INFO] [stdout]   --> core-ezkl/src/graphsettings.rs:61:20
[INFO] [stdout]    |
[INFO] [stdout] 61 |     Recip { scale: utils::F32 },
[INFO] [stdout]    |                    ^^^^^ use of undeclared crate or module `utils`
[INFO] [stdout] 
[INFO] [stdout] 
[INFO] [stdout] error[E0433]: failed to resolve: use of undeclared crate or module `utils`
[INFO] [stdout]   --> core-ezkl/src/graphsettings.rs:62:24
[INFO] [stdout]    |
[INFO] [stdout] 62 |     LeakyReLU { slope: utils::F32 },
[INFO] [stdout]    |                        ^^^^^ use of undeclared crate or module `utils`
[INFO] [stdout] 
[INFO] [stdout] 
[INFO] [stdout] error[E0433]: failed to resolve: use of undeclared crate or module `utils`
[INFO] [stdout]   --> core-ezkl/src/graphsettings.rs:63:22
[INFO] [stdout]    |
[INFO] [stdout] 63 |     Sigmoid { scale: utils::F32 },
[INFO] [stdout]    |                      ^^^^^ use of undeclared crate or module `utils`
[INFO] [stdout] 
[INFO] [stdout] 
[INFO] [stdout] error[E0433]: failed to resolve: use of undeclared crate or module `utils`
[INFO] [stdout]   --> core-ezkl/src/graphsettings.rs:64:17
[INFO] [stdout]    |
[INFO] [stdout] 64 |     Ln { scale: utils::F32 },
[INFO] [stdout]    |                 ^^^^^ use of undeclared crate or module `utils`
[INFO] [stdout] 
[INFO] [stdout] 
[INFO] [stdout] error[E0433]: failed to resolve: use of undeclared crate or module `utils`
[INFO] [stdout]   --> core-ezkl/src/graphsettings.rs:65:18
[INFO] [stdout]    |
[INFO] [stdout] 65 |     Exp { scale: utils::F32 },
[INFO] [stdout]    |                  ^^^^^ use of undeclared crate or module `utils`
[INFO] [stdout] 
[INFO] [stdout] 
[INFO] [stdout] error[E0433]: failed to resolve: use of undeclared crate or module `utils`
[INFO] [stdout]   --> core-ezkl/src/graphsettings.rs:66:18
[INFO] [stdout]    |
[INFO] [stdout] 66 |     Cos { scale: utils::F32 },
[INFO] [stdout]    |                  ^^^^^ use of undeclared crate or module `utils`
[INFO] [stdout] 
[INFO] [stdout] 
[INFO] [stdout] error[E0433]: failed to resolve: use of undeclared crate or module `utils`
[INFO] [stdout]   --> core-ezkl/src/graphsettings.rs:67:19
[INFO] [stdout]    |
[INFO] [stdout] 67 |     ACos { scale: utils::F32 },
[INFO] [stdout]    |                   ^^^^^ use of undeclared crate or module `utils`
[INFO] [stdout] 
[INFO] [stdout] 
[INFO] [stdout] error[E0433]: failed to resolve: use of undeclared crate or module `utils`
[INFO] [stdout]   --> core-ezkl/src/graphsettings.rs:68:19
[INFO] [stdout]    |
[INFO] [stdout] 68 |     Cosh { scale: utils::F32 },
[INFO] [stdout]    |                   ^^^^^ use of undeclared crate or module `utils`
[INFO] [stdout] 
[INFO] [stdout] 
[INFO] [stdout] error[E0433]: failed to resolve: use of undeclared crate or module `utils`
[INFO] [stdout]   --> core-ezkl/src/graphsettings.rs:69:20
[INFO] [stdout]    |
[INFO] [stdout] 69 |     ACosh { scale: utils::F32 },
[INFO] [stdout]    |                    ^^^^^ use of undeclared crate or module `utils`
[INFO] [stdout] 
[INFO] [stdout] 
[INFO] [stdout] error[E0433]: failed to resolve: use of undeclared crate or module `utils`
[INFO] [stdout]   --> core-ezkl/src/graphsettings.rs:70:18
[INFO] [stdout]    |
[INFO] [stdout] 70 |     Sin { scale: utils::F32 },
[INFO] [stdout]    |                  ^^^^^ use of undeclared crate or module `utils`
[INFO] [stdout] 
[INFO] [stdout] 
[INFO] [stdout] error[E0433]: failed to resolve: use of undeclared crate or module `utils`
[INFO] [stdout]   --> core-ezkl/src/graphsettings.rs:71:19
[INFO] [stdout]    |
[INFO] [stdout] 71 |     ASin { scale: utils::F32 },
[INFO] [stdout]    |                   ^^^^^ use of undeclared crate or module `utils`
[INFO] [stdout] 
[INFO] [stdout] 
[INFO] [stdout] error[E0433]: failed to resolve: use of undeclared crate or module `utils`
[INFO] [stdout]   --> core-ezkl/src/graphsettings.rs:72:19
[INFO] [stdout]    |
[INFO] [stdout] 72 |     Sinh { scale: utils::F32 },
[INFO] [stdout]    |                   ^^^^^ use of undeclared crate or module `utils`
[INFO] [stdout] 
[INFO] [stdout] 
[INFO] [stdout] error[E0433]: failed to resolve: use of undeclared crate or module `utils`
[INFO] [stdout]   --> core-ezkl/src/graphsettings.rs:73:20
[INFO] [stdout]    |
[INFO] [stdout] 73 |     ASinh { scale: utils::F32 },
[INFO] [stdout]    |                    ^^^^^ use of undeclared crate or module `utils`
[INFO] [stdout] 
[INFO] [stdout] 
[INFO] [stdout] error[E0433]: failed to resolve: use of undeclared crate or module `utils`
[INFO] [stdout]   --> core-ezkl/src/graphsettings.rs:74:18
[INFO] [stdout]    |
[INFO] [stdout] 74 |     Tan { scale: utils::F32 },
[INFO] [stdout]    |                  ^^^^^ use of undeclared crate or module `utils`
[INFO] [stdout] 
[INFO] [stdout] 
[INFO] [stdout] error[E0433]: failed to resolve: use of undeclared crate or module `utils`
[INFO] [stdout]   --> core-ezkl/src/graphsettings.rs:75:19
[INFO] [stdout]    |
[INFO] [stdout] 75 |     ATan { scale: utils::F32 },
[INFO] [stdout]    |                   ^^^^^ use of undeclared crate or module `utils`
[INFO] [stdout] 
[INFO] [stdout] 
[INFO] [stdout] error[E0433]: failed to resolve: use of undeclared crate or module `utils`
[INFO] [stdout]   --> core-ezkl/src/graphsettings.rs:76:19
[INFO] [stdout]    |
[INFO] [stdout] 76 |     Tanh { scale: utils::F32 },
[INFO] [stdout]    |                   ^^^^^ use of undeclared crate or module `utils`
[INFO] [stdout] 
[INFO] [stdout] 
[INFO] [stdout] error[E0433]: failed to resolve: use of undeclared crate or module `utils`
[INFO] [stdout]   --> core-ezkl/src/graphsettings.rs:77:20
[INFO] [stdout]    |
[INFO] [stdout] 77 |     ATanh { scale: utils::F32 },
[INFO] [stdout]    |                    ^^^^^ use of undeclared crate or module `utils`
[INFO] [stdout] 
[INFO] [stdout] 
[INFO] [stdout] error[E0433]: failed to resolve: use of undeclared crate or module `utils`
[INFO] [stdout]   --> core-ezkl/src/graphsettings.rs:78:18
[INFO] [stdout]    |
[INFO] [stdout] 78 |     Erf { scale: utils::F32 },
[INFO] [stdout]    |                  ^^^^^ use of undeclared crate or module `utils`
[INFO] [stdout] 
[INFO] [stdout] 
[INFO] [stdout] error[E0433]: failed to resolve: use of undeclared crate or module `utils`
[INFO] [stdout]   --> core-ezkl/src/graphsettings.rs:79:22
[INFO] [stdout]    |
[INFO] [stdout] 79 |     GreaterThan { a: utils::F32 },
[INFO] [stdout]    |                      ^^^^^ use of undeclared crate or module `utils`
[INFO] [stdout] 
[INFO] [stdout] 
[INFO] [stdout] error[E0433]: failed to resolve: use of undeclared crate or module `utils`
[INFO] [stdout]   --> core-ezkl/src/graphsettings.rs:80:19
[INFO] [stdout]    |
[INFO] [stdout] 80 |     LessThan { a: utils::F32 },
[INFO] [stdout]    |                   ^^^^^ use of undeclared crate or module `utils`
[INFO] [stdout] 
[INFO] [stdout] 
[INFO] [stdout] error[E0433]: failed to resolve: use of undeclared crate or module `utils`
[INFO] [stdout]   --> core-ezkl/src/graphsettings.rs:81:27
[INFO] [stdout]    |
[INFO] [stdout] 81 |     GreaterThanEqual { a: utils::F32 },
[INFO] [stdout]    |                           ^^^^^ use of undeclared crate or module `utils`
[INFO] [stdout] 
[INFO] [stdout] 
[INFO] [stdout] error[E0433]: failed to resolve: use of undeclared crate or module `utils`
[INFO] [stdout]   --> core-ezkl/src/graphsettings.rs:82:24
[INFO] [stdout]    |
[INFO] [stdout] 82 |     LessThanEqual { a: utils::F32 },
[INFO] [stdout]    |                        ^^^^^ use of undeclared crate or module `utils`
[INFO] [stdout] 
[INFO] [stdout] 
[INFO] [stdout] error[E0433]: failed to resolve: use of undeclared crate or module `utils`
[INFO] [stdout]   --> core-ezkl/src/graphsettings.rs:85:18
[INFO] [stdout]    |
[INFO] [stdout] 85 |     Pow { scale: utils::F32, a: utils::F32 },
[INFO] [stdout]    |                  ^^^^^ use of undeclared crate or module `utils`
[INFO] [stdout] 
[INFO] [stdout] 
[INFO] [stdout] error[E0433]: failed to resolve: use of undeclared crate or module `utils`
[INFO] [stdout]   --> core-ezkl/src/graphsettings.rs:85:33
[INFO] [stdout]    |
[INFO] [stdout] 85 |     Pow { scale: utils::F32, a: utils::F32 },
[INFO] [stdout]    |                                 ^^^^^ use of undeclared crate or module `utils`
[INFO] [stdout] 
[INFO] [stdout] 
[INFO] [stdout] error: aborting due to 57 previous errors; 2 warnings emitted
[INFO] [stdout] 
[INFO] [stdout] 
[INFO] [stdout] Some errors have detailed explanations: E0405, E0412, E0432, E0433, E0554, E0658.
[INFO] [stdout] 
[INFO] [stdout] For more information about an error, try `rustc --explain E0405`.
[INFO] [stdout] 
[INFO] [stderr] error: could not compile `core-ezkl` (lib) due to 58 previous errors; 2 warnings emitted
[INFO] running `Command { std: "docker" "inspect" "947dc37a6541c5b2b121f7df6188857186f3229008f9fe40a9da8ff7161961ef", kill_on_drop: false }`
[INFO] running `Command { std: "docker" "rm" "-f" "947dc37a6541c5b2b121f7df6188857186f3229008f9fe40a9da8ff7161961ef", kill_on_drop: false }`
[INFO] [stdout] 947dc37a6541c5b2b121f7df6188857186f3229008f9fe40a9da8ff7161961ef
