[INFO] cloning repository https://github.com/RobertBakaric/SeqLite
[INFO] running `Command { std: "git" "-c" "credential.helper=" "-c" "credential.helper=/workspace/cargo-home/bin/git-credential-null" "clone" "--bare" "https://github.com/RobertBakaric/SeqLite" "/workspace/cache/git-repos/https%3A%2F%2Fgithub.com%2FRobertBakaric%2FSeqLite", kill_on_drop: false }`
[INFO] [stderr] Cloning into bare repository '/workspace/cache/git-repos/https%3A%2F%2Fgithub.com%2FRobertBakaric%2FSeqLite'...
[INFO] running `Command { std: "git" "rev-parse" "HEAD", kill_on_drop: false }`
[INFO] [stdout] fb664620e9b31db979d933a90adb9872c9e17896
[INFO] documenting RobertBakaric/SeqLite against 1.75.0 for beta-1.76-rustdoc-1
[INFO] running `Command { std: "git" "clone" "/workspace/cache/git-repos/https%3A%2F%2Fgithub.com%2FRobertBakaric%2FSeqLite" "/workspace/builds/worker-7-tc1/source", kill_on_drop: false }`
[INFO] [stderr] Cloning into '/workspace/builds/worker-7-tc1/source'...
[INFO] [stderr] done.
[INFO] validating manifest of git repo https://github.com/RobertBakaric/SeqLite on toolchain 1.75.0
[INFO] running `Command { std: CARGO_HOME="/workspace/cargo-home" RUSTUP_HOME="/workspace/rustup-home" "/workspace/cargo-home/bin/cargo" "+1.75.0" "metadata" "--manifest-path" "Cargo.toml" "--no-deps", kill_on_drop: false }`
[INFO] started tweaking git repo https://github.com/RobertBakaric/SeqLite
[INFO] finished tweaking git repo https://github.com/RobertBakaric/SeqLite
[INFO] tweaked toml for git repo https://github.com/RobertBakaric/SeqLite written to /workspace/builds/worker-7-tc1/source/Cargo.toml
[INFO] crate git repo https://github.com/RobertBakaric/SeqLite already has a lockfile, it will not be regenerated
[INFO] running `Command { std: CARGO_HOME="/workspace/cargo-home" RUSTUP_HOME="/workspace/rustup-home" "/workspace/cargo-home/bin/cargo" "+1.75.0" "fetch" "--manifest-path" "Cargo.toml", kill_on_drop: false }`
[INFO] [stderr]     Updating crates.io index
[INFO] running `Command { std: "docker" "create" "-v" "/var/lib/crater-agent-workspace/builds/worker-7-tc1/target:/opt/rustwide/target:rw,Z" "-v" "/var/lib/crater-agent-workspace/builds/worker-7-tc1/source:/opt/rustwide/workdir:ro,Z" "-v" "/var/lib/crater-agent-workspace/cargo-home:/opt/rustwide/cargo-home:ro,Z" "-v" "/var/lib/crater-agent-workspace/rustup-home:/opt/rustwide/rustup-home:ro,Z" "-e" "SOURCE_DIR=/opt/rustwide/workdir" "-e" "CARGO_TARGET_DIR=/opt/rustwide/target" "-e" "CARGO_HOME=/opt/rustwide/cargo-home" "-e" "RUSTUP_HOME=/opt/rustwide/rustup-home" "-w" "/opt/rustwide/workdir" "-m" "1610612736" "--user" "0:0" "--network" "none" "ghcr.io/rust-lang/crates-build-env/linux@sha256:2788e3201cd34a07e3172128adcd8b3090168a8e3bcc40d7c032b9dda1df7d1c" "/opt/rustwide/cargo-home/bin/cargo" "+1.75.0" "metadata" "--no-deps" "--format-version=1", kill_on_drop: false }`
[INFO] [stdout] 0b28268bcd892d76e6f051040a75bc0ad4997bee34223ef210f49bdd9c5c029d
[INFO] running `Command { std: "docker" "start" "-a" "0b28268bcd892d76e6f051040a75bc0ad4997bee34223ef210f49bdd9c5c029d", kill_on_drop: false }`
[INFO] running `Command { std: "docker" "inspect" "0b28268bcd892d76e6f051040a75bc0ad4997bee34223ef210f49bdd9c5c029d", kill_on_drop: false }`
[INFO] running `Command { std: "docker" "rm" "-f" "0b28268bcd892d76e6f051040a75bc0ad4997bee34223ef210f49bdd9c5c029d", kill_on_drop: false }`
[INFO] [stdout] 0b28268bcd892d76e6f051040a75bc0ad4997bee34223ef210f49bdd9c5c029d
[INFO] running `Command { std: "docker" "create" "-v" "/var/lib/crater-agent-workspace/builds/worker-7-tc1/target:/opt/rustwide/target:rw,Z" "-v" "/var/lib/crater-agent-workspace/builds/worker-7-tc1/source:/opt/rustwide/workdir:ro,Z" "-v" "/var/lib/crater-agent-workspace/cargo-home:/opt/rustwide/cargo-home:ro,Z" "-v" "/var/lib/crater-agent-workspace/rustup-home:/opt/rustwide/rustup-home:ro,Z" "-e" "SOURCE_DIR=/opt/rustwide/workdir" "-e" "CARGO_TARGET_DIR=/opt/rustwide/target" "-e" "CARGO_INCREMENTAL=0" "-e" "RUST_BACKTRACE=full" "-e" "RUSTFLAGS=--cap-lints=warn" "-e" "RUSTDOCFLAGS=--cap-lints=warn" "-e" "CARGO_HOME=/opt/rustwide/cargo-home" "-e" "RUSTUP_HOME=/opt/rustwide/rustup-home" "-w" "/opt/rustwide/workdir" "-m" "1610612736" "--user" "0:0" "--network" "none" "ghcr.io/rust-lang/crates-build-env/linux@sha256:2788e3201cd34a07e3172128adcd8b3090168a8e3bcc40d7c032b9dda1df7d1c" "/opt/rustwide/cargo-home/bin/cargo" "+1.75.0" "doc" "--frozen" "--no-deps" "--document-private-items" "--message-format=json", kill_on_drop: false }`
[INFO] [stdout] c55a150111b6b3c1365850b0af1f6815b11a40b7c25eab1c7de7ac4157af5d5d
[INFO] running `Command { std: "docker" "start" "-a" "c55a150111b6b3c1365850b0af1f6815b11a40b7c25eab1c7de7ac4157af5d5d", kill_on_drop: false }`
[INFO] [stderr]    Compiling libc v0.2.151
[INFO] [stderr]    Compiling proc-macro2 v1.0.6
[INFO] [stderr]    Compiling syn v1.0.8
[INFO] [stderr]    Compiling doc-comment v0.3.1
[INFO] [stderr]    Compiling bitflags v1.2.1
[INFO] [stderr]     Checking unicode-width v0.1.6
[INFO] [stderr]     Checking ansi_term v0.11.0
[INFO] [stderr]     Checking vec_map v0.8.1
[INFO] [stderr]     Checking regex-automata v0.4.3
[INFO] [stderr]     Checking textwrap v0.11.0
[INFO] [stderr]    Compiling quote v1.0.2
[INFO] [stderr]     Checking getrandom v0.2.11
[INFO] [stderr]     Checking atty v0.2.13
[INFO] [stderr]     Checking clap v2.33.0
[INFO] [stderr]     Checking rand_core v0.6.4
[INFO] [stderr]     Checking rand_chacha v0.3.1
[INFO] [stderr]     Checking rand v0.8.5
[INFO] [stderr]     Checking regex v1.10.2
[INFO] [stderr]    Compiling snafu-derive v0.6.0
[INFO] [stderr]     Checking snafu v0.6.0
[INFO] [stderr]  Documenting SeqLite v0.1.0 (/opt/rustwide/workdir)
[INFO] [stderr]     Checking SeqLite v0.1.0 (/opt/rustwide/workdir)
[INFO] [stdout] error[E0432]: unresolved import `fxhash`
[INFO] [stdout]  --> src/lib.rs:9:5
[INFO] [stdout]   |
[INFO] [stdout] 9 | use fxhash::FxHashMap;
[INFO] [stdout]   |     ^^^^^^ use of undeclared crate or module `fxhash`
[INFO] [stdout] 
[INFO] [stdout] 
[INFO] [stdout] error[E0432]: unresolved import `fxhash`
[INFO] [stdout]  --> src/lib.rs:9:5
[INFO] [stdout]   |
[INFO] [stdout] 9 | use fxhash::FxHashMap;
[INFO] [stdout]   |     ^^^^^^ use of undeclared crate or module `fxhash`
[INFO] [stdout] 
[INFO] [stdout] 
[INFO] [stdout] warning: unused imports: `ErrorCompat`, `ResultExt`
[INFO] [stdout]  --> src/utils/error.rs:1:13
[INFO] [stdout]   |
[INFO] [stdout] 1 | use snafu::{ErrorCompat, ResultExt, Snafu};
[INFO] [stdout]   |             ^^^^^^^^^^^  ^^^^^^^^^
[INFO] [stdout]   |
[INFO] [stdout]   = note: `#[warn(unused_imports)]` on by default
[INFO] [stdout] 
[INFO] [stdout] 
[INFO] [stdout] warning: unused imports: `Path`, `fs`
[INFO] [stdout]  --> src/utils/error.rs:4:5
[INFO] [stdout]   |
[INFO] [stdout] 4 |     fs,
[INFO] [stdout]   |     ^^
[INFO] [stdout] 5 |     path::{Path, PathBuf},
[INFO] [stdout]   |            ^^^^
[INFO] [stdout] 
[INFO] [stdout] 
[INFO] [stdout] warning: unused imports: `prelude::*`, `stdout`
[INFO] [stdout]  --> src/utils/io.rs:1:21
[INFO] [stdout]   |
[INFO] [stdout] 1 | use std::io::{self, prelude::*, stdout, Write, Read, BufReader, BufWriter};
[INFO] [stdout]   |                     ^^^^^^^^^^  ^^^^^^
[INFO] [stdout] 
[INFO] [stdout] 
[INFO] [stdout] warning: unused import: `Error`
[INFO] [stdout]  --> src/cmd/delete.rs:1:27
[INFO] [stdout]   |
[INFO] [stdout] 1 | use crate::utils::error::{Error};
[INFO] [stdout]   |                           ^^^^^
[INFO] [stdout] 
[INFO] [stdout] 
[INFO] [stdout] warning: unused import: `core::str::from_utf8`
[INFO] [stdout]  --> src/cmd/delete.rs:3:5
[INFO] [stdout]   |
[INFO] [stdout] 3 | use core::str::from_utf8;
[INFO] [stdout]   |     ^^^^^^^^^^^^^^^^^^^^
[INFO] [stdout] 
[INFO] [stdout] 
[INFO] [stdout] warning: unused imports: `BufReader`, `BufWriter`, `Read`, `self`, `stdout`
[INFO] [stdout]  --> src/uldl/fasta.rs:3:15
[INFO] [stdout]   |
[INFO] [stdout] 3 | use std::io::{self, prelude::*, stdout, Write, Read, BufReader, BufWriter};
[INFO] [stdout]   |               ^^^^              ^^^^^^         ^^^^  ^^^^^^^^^  ^^^^^^^^^
[INFO] [stdout] 
[INFO] [stdout] 
[INFO] [stdout] warning: unused imports: `BufReader`, `BufWriter`, `Read`, `self`, `stdout`
[INFO] [stdout]  --> src/uldl/fastq.rs:3:15
[INFO] [stdout]   |
[INFO] [stdout] 3 | use std::io::{self, prelude::*, stdout, Write, Read, BufReader, BufWriter};
[INFO] [stdout]   |               ^^^^              ^^^^^^         ^^^^  ^^^^^^^^^  ^^^^^^^^^
[INFO] [stdout] 
[INFO] [stdout] 
[INFO] [stdout] warning: unused imports: `BufReader`, `BufWriter`, `Read`, `self`, `stdout`
[INFO] [stdout]  --> src/uldl/text.rs:3:15
[INFO] [stdout]   |
[INFO] [stdout] 3 | use std::io::{self, prelude::*, stdout, Write, Read, BufReader, BufWriter};
[INFO] [stdout]   |               ^^^^              ^^^^^^         ^^^^  ^^^^^^^^^  ^^^^^^^^^
[INFO] [stdout] 
[INFO] [stdout] 
[INFO] [stdout] error: aborting due to previous error
[INFO] [stdout] 
[INFO] [stdout] 
[INFO] [stdout] For more information about this error, try `rustc --explain E0432`.
[INFO] [stdout] 
[INFO] [stderr] error: could not document `SeqLite`
[INFO] [stderr] 
[INFO] [stderr] Caused by:
[INFO] [stderr]   process didn't exit successfully: `/opt/rustwide/rustup-home/toolchains/1.75.0-x86_64-unknown-linux-gnu/bin/rustdoc --edition=2018 --crate-type lib --crate-name SeqLite src/lib.rs -o /opt/rustwide/target/doc --error-format=json --json=diagnostic-rendered-ansi,artifacts,future-incompat --document-private-items -C metadata=e9d1da2393ea834d -L dependency=/opt/rustwide/target/debug/deps --extern clap=/opt/rustwide/target/debug/deps/libclap-98e4e34219724982.rmeta --extern rand=/opt/rustwide/target/debug/deps/librand-84eed1b77a990a3c.rmeta --extern regex=/opt/rustwide/target/debug/deps/libregex-32b9f870004ccabd.rmeta --extern snafu=/opt/rustwide/target/debug/deps/libsnafu-b388a49c421735ae.rmeta --cap-lints=warn --crate-version 0.1.0` (exit status: 1)
[INFO] [stderr] warning: build failed, waiting for other jobs to finish...
[INFO] [stdout] error: aborting due to previous error; 8 warnings emitted
[INFO] [stdout] 
[INFO] [stdout] 
[INFO] [stdout] For more information about this error, try `rustc --explain E0432`.
[INFO] [stdout] 
[INFO] [stderr] error: could not compile `SeqLite` (lib) due to 2 previous errors; 8 warnings emitted
[INFO] running `Command { std: "docker" "inspect" "c55a150111b6b3c1365850b0af1f6815b11a40b7c25eab1c7de7ac4157af5d5d", kill_on_drop: false }`
[INFO] running `Command { std: "docker" "rm" "-f" "c55a150111b6b3c1365850b0af1f6815b11a40b7c25eab1c7de7ac4157af5d5d", kill_on_drop: false }`
[INFO] [stdout] c55a150111b6b3c1365850b0af1f6815b11a40b7c25eab1c7de7ac4157af5d5d
[INFO] documenting RobertBakaric/SeqLite against beta-2023-12-22 for beta-1.76-rustdoc-1
[INFO] running `Command { std: "git" "clone" "/workspace/cache/git-repos/https%3A%2F%2Fgithub.com%2FRobertBakaric%2FSeqLite" "/workspace/builds/worker-7-tc2/source", kill_on_drop: false }`
[INFO] [stderr] Cloning into '/workspace/builds/worker-7-tc2/source'...
[INFO] [stderr] done.
[INFO] validating manifest of git repo https://github.com/RobertBakaric/SeqLite on toolchain beta-2023-12-22
[INFO] running `Command { std: CARGO_HOME="/workspace/cargo-home" RUSTUP_HOME="/workspace/rustup-home" "/workspace/cargo-home/bin/cargo" "+beta-2023-12-22" "metadata" "--manifest-path" "Cargo.toml" "--no-deps", kill_on_drop: false }`
[INFO] started tweaking git repo https://github.com/RobertBakaric/SeqLite
[INFO] finished tweaking git repo https://github.com/RobertBakaric/SeqLite
[INFO] tweaked toml for git repo https://github.com/RobertBakaric/SeqLite written to /workspace/builds/worker-7-tc2/source/Cargo.toml
[INFO] crate git repo https://github.com/RobertBakaric/SeqLite already has a lockfile, it will not be regenerated
[INFO] running `Command { std: CARGO_HOME="/workspace/cargo-home" RUSTUP_HOME="/workspace/rustup-home" "/workspace/cargo-home/bin/cargo" "+beta-2023-12-22" "fetch" "--manifest-path" "Cargo.toml", kill_on_drop: false }`
[INFO] [stderr]     Updating crates.io index
[INFO] running `Command { std: "docker" "create" "-v" "/var/lib/crater-agent-workspace/builds/worker-7-tc2/target:/opt/rustwide/target:rw,Z" "-v" "/var/lib/crater-agent-workspace/builds/worker-7-tc2/source:/opt/rustwide/workdir:ro,Z" "-v" "/var/lib/crater-agent-workspace/cargo-home:/opt/rustwide/cargo-home:ro,Z" "-v" "/var/lib/crater-agent-workspace/rustup-home:/opt/rustwide/rustup-home:ro,Z" "-e" "SOURCE_DIR=/opt/rustwide/workdir" "-e" "CARGO_TARGET_DIR=/opt/rustwide/target" "-e" "CARGO_HOME=/opt/rustwide/cargo-home" "-e" "RUSTUP_HOME=/opt/rustwide/rustup-home" "-w" "/opt/rustwide/workdir" "-m" "1610612736" "--user" "0:0" "--network" "none" "ghcr.io/rust-lang/crates-build-env/linux@sha256:2788e3201cd34a07e3172128adcd8b3090168a8e3bcc40d7c032b9dda1df7d1c" "/opt/rustwide/cargo-home/bin/cargo" "+beta-2023-12-22" "metadata" "--no-deps" "--format-version=1", kill_on_drop: false }`
[INFO] [stdout] 9800a3fbdf3a3b8d4c04c128606b8f0b45bc83d38194e3cf380513338ba515b7
[INFO] running `Command { std: "docker" "start" "-a" "9800a3fbdf3a3b8d4c04c128606b8f0b45bc83d38194e3cf380513338ba515b7", kill_on_drop: false }`
[INFO] running `Command { std: "docker" "inspect" "9800a3fbdf3a3b8d4c04c128606b8f0b45bc83d38194e3cf380513338ba515b7", kill_on_drop: false }`
[INFO] running `Command { std: "docker" "rm" "-f" "9800a3fbdf3a3b8d4c04c128606b8f0b45bc83d38194e3cf380513338ba515b7", kill_on_drop: false }`
[INFO] [stdout] 9800a3fbdf3a3b8d4c04c128606b8f0b45bc83d38194e3cf380513338ba515b7
[INFO] running `Command { std: "docker" "create" "-v" "/var/lib/crater-agent-workspace/builds/worker-7-tc2/target:/opt/rustwide/target:rw,Z" "-v" "/var/lib/crater-agent-workspace/builds/worker-7-tc2/source:/opt/rustwide/workdir:ro,Z" "-v" "/var/lib/crater-agent-workspace/cargo-home:/opt/rustwide/cargo-home:ro,Z" "-v" "/var/lib/crater-agent-workspace/rustup-home:/opt/rustwide/rustup-home:ro,Z" "-e" "SOURCE_DIR=/opt/rustwide/workdir" "-e" "CARGO_TARGET_DIR=/opt/rustwide/target" "-e" "CARGO_INCREMENTAL=0" "-e" "RUST_BACKTRACE=full" "-e" "RUSTFLAGS=--cap-lints=warn" "-e" "RUSTDOCFLAGS=--cap-lints=warn" "-e" "CARGO_HOME=/opt/rustwide/cargo-home" "-e" "RUSTUP_HOME=/opt/rustwide/rustup-home" "-w" "/opt/rustwide/workdir" "-m" "1610612736" "--user" "0:0" "--network" "none" "ghcr.io/rust-lang/crates-build-env/linux@sha256:2788e3201cd34a07e3172128adcd8b3090168a8e3bcc40d7c032b9dda1df7d1c" "/opt/rustwide/cargo-home/bin/cargo" "+beta-2023-12-22" "doc" "--frozen" "--no-deps" "--document-private-items" "--message-format=json", kill_on_drop: false }`
[INFO] [stdout] e450a7ec8ec0177952e9a0d0ca41797fc45e4d0e2291ccf2653c3026b7ce1627
[INFO] running `Command { std: "docker" "start" "-a" "e450a7ec8ec0177952e9a0d0ca41797fc45e4d0e2291ccf2653c3026b7ce1627", kill_on_drop: false }`
[INFO] [stderr]    Compiling libc v0.2.151
[INFO] [stderr]    Compiling proc-macro2 v1.0.6
[INFO] [stderr]    Compiling syn v1.0.8
[INFO] [stderr]    Compiling bitflags v1.2.1
[INFO] [stderr]    Compiling doc-comment v0.3.1
[INFO] [stderr]     Checking unicode-width v0.1.6
[INFO] [stderr]     Checking ansi_term v0.11.0
[INFO] [stderr]     Checking vec_map v0.8.1
[INFO] [stderr]     Checking regex-automata v0.4.3
[INFO] [stderr]     Checking textwrap v0.11.0
[INFO] [stderr]    Compiling quote v1.0.2
[INFO] [stderr]     Checking getrandom v0.2.11
[INFO] [stderr]     Checking atty v0.2.13
[INFO] [stderr]     Checking clap v2.33.0
[INFO] [stderr]     Checking rand_core v0.6.4
[INFO] [stderr]     Checking rand_chacha v0.3.1
[INFO] [stderr]     Checking rand v0.8.5
[INFO] [stderr]     Checking regex v1.10.2
[INFO] [stderr]    Compiling snafu-derive v0.6.0
[INFO] [stderr]     Checking snafu v0.6.0
[INFO] [stderr]     Checking SeqLite v0.1.0 (/opt/rustwide/workdir)
[INFO] [stderr]  Documenting SeqLite v0.1.0 (/opt/rustwide/workdir)
[INFO] [stdout] error[E0432]: unresolved import `fxhash`
[INFO] [stdout]  --> src/lib.rs:9:5
[INFO] [stdout]   |
[INFO] [stdout] 9 | use fxhash::FxHashMap;
[INFO] [stdout]   |     ^^^^^^ use of undeclared crate or module `fxhash`
[INFO] [stdout] 
[INFO] [stdout] 
[INFO] [stdout] error[E0432]: unresolved import `fxhash`
[INFO] [stdout]  --> src/lib.rs:9:5
[INFO] [stdout]   |
[INFO] [stdout] 9 | use fxhash::FxHashMap;
[INFO] [stdout]   |     ^^^^^^ use of undeclared crate or module `fxhash`
[INFO] [stdout] 
[INFO] [stdout] 
[INFO] [stdout] warning: unused imports: `ErrorCompat`, `ResultExt`
[INFO] [stdout]  --> src/utils/error.rs:1:13
[INFO] [stdout]   |
[INFO] [stdout] 1 | use snafu::{ErrorCompat, ResultExt, Snafu};
[INFO] [stdout]   |             ^^^^^^^^^^^  ^^^^^^^^^
[INFO] [stdout]   |
[INFO] [stdout]   = note: `#[warn(unused_imports)]` on by default
[INFO] [stdout] 
[INFO] [stdout] 
[INFO] [stdout] warning: unused imports: `Path`, `fs`
[INFO] [stdout]  --> src/utils/error.rs:4:5
[INFO] [stdout]   |
[INFO] [stdout] 4 |     fs,
[INFO] [stdout]   |     ^^
[INFO] [stdout] 5 |     path::{Path, PathBuf},
[INFO] [stdout]   |            ^^^^
[INFO] [stdout] 
[INFO] [stdout] 
[INFO] [stdout] warning: unused imports: `prelude::*`, `stdout`
[INFO] [stdout]  --> src/utils/io.rs:1:21
[INFO] [stdout]   |
[INFO] [stdout] 1 | use std::io::{self, prelude::*, stdout, Write, Read, BufReader, BufWriter};
[INFO] [stdout]   |                     ^^^^^^^^^^  ^^^^^^
[INFO] [stdout] 
[INFO] [stdout] 
[INFO] [stdout] warning: unused import: `Error`
[INFO] [stdout]  --> src/cmd/delete.rs:1:27
[INFO] [stdout]   |
[INFO] [stdout] 1 | use crate::utils::error::{Error};
[INFO] [stdout]   |                           ^^^^^
[INFO] [stdout] 
[INFO] [stdout] 
[INFO] [stdout] warning: unused import: `core::str::from_utf8`
[INFO] [stdout]  --> src/cmd/delete.rs:3:5
[INFO] [stdout]   |
[INFO] [stdout] 3 | use core::str::from_utf8;
[INFO] [stdout]   |     ^^^^^^^^^^^^^^^^^^^^
[INFO] [stdout] 
[INFO] [stdout] 
[INFO] [stdout] warning: unused imports: `BufReader`, `BufWriter`, `Read`, `self`, `stdout`
[INFO] [stdout]  --> src/uldl/fasta.rs:3:15
[INFO] [stdout]   |
[INFO] [stdout] 3 | use std::io::{self, prelude::*, stdout, Write, Read, BufReader, BufWriter};
[INFO] [stdout]   |               ^^^^              ^^^^^^         ^^^^  ^^^^^^^^^  ^^^^^^^^^
[INFO] [stdout] 
[INFO] [stdout] 
[INFO] [stdout] warning: unused imports: `BufReader`, `BufWriter`, `Read`, `self`, `stdout`
[INFO] [stdout]  --> src/uldl/fastq.rs:3:15
[INFO] [stdout]   |
[INFO] [stdout] 3 | use std::io::{self, prelude::*, stdout, Write, Read, BufReader, BufWriter};
[INFO] [stdout]   |               ^^^^              ^^^^^^         ^^^^  ^^^^^^^^^  ^^^^^^^^^
[INFO] [stdout] 
[INFO] [stdout] 
[INFO] [stdout] warning: unused imports: `BufReader`, `BufWriter`, `Read`, `self`, `stdout`
[INFO] [stdout]  --> src/uldl/text.rs:3:15
[INFO] [stdout]   |
[INFO] [stdout] 3 | use std::io::{self, prelude::*, stdout, Write, Read, BufReader, BufWriter};
[INFO] [stdout]   |               ^^^^              ^^^^^^         ^^^^  ^^^^^^^^^  ^^^^^^^^^
[INFO] [stdout] 
[INFO] [stdout] 
[INFO] [stdout] error: aborting due to 1 previous error
[INFO] [stdout] 
[INFO] [stdout] 
[INFO] [stdout] For more information about this error, try `rustc --explain E0432`.
[INFO] [stdout] 
[INFO] [stderr] error: could not document `SeqLite`
[INFO] [stderr] 
[INFO] [stderr] Caused by:
[INFO] [stderr]   process didn't exit successfully: `/opt/rustwide/rustup-home/toolchains/beta-2023-12-22-x86_64-unknown-linux-gnu/bin/rustdoc --edition=2018 --crate-type lib --crate-name SeqLite src/lib.rs -o /opt/rustwide/target/doc --error-format=json --json=diagnostic-rendered-ansi,artifacts,future-incompat --document-private-items -C metadata=481cea3058d5a9cb -L dependency=/opt/rustwide/target/debug/deps --extern clap=/opt/rustwide/target/debug/deps/libclap-8598ab6ee44e3d19.rmeta --extern rand=/opt/rustwide/target/debug/deps/librand-0227aea0ead23fdc.rmeta --extern regex=/opt/rustwide/target/debug/deps/libregex-2952d6a44c1ca133.rmeta --extern snafu=/opt/rustwide/target/debug/deps/libsnafu-926a8c1f11499e90.rmeta --cap-lints=warn --crate-version 0.1.0` (exit status: 1)
[INFO] [stderr] warning: build failed, waiting for other jobs to finish...
[INFO] [stdout] error: aborting due to 1 previous error; 8 warnings emitted
[INFO] [stdout] 
[INFO] [stdout] 
[INFO] [stdout] For more information about this error, try `rustc --explain E0432`.
[INFO] [stdout] 
[INFO] [stderr] error: could not compile `SeqLite` (lib) due to 2 previous errors; 8 warnings emitted
[INFO] running `Command { std: "docker" "inspect" "e450a7ec8ec0177952e9a0d0ca41797fc45e4d0e2291ccf2653c3026b7ce1627", kill_on_drop: false }`
[INFO] running `Command { std: "docker" "rm" "-f" "e450a7ec8ec0177952e9a0d0ca41797fc45e4d0e2291ccf2653c3026b7ce1627", kill_on_drop: false }`
[INFO] [stdout] e450a7ec8ec0177952e9a0d0ca41797fc45e4d0e2291ccf2653c3026b7ce1627
