[INFO] cloning repository https://github.com/RingOfStorms/advent_of_code_2023
[INFO] running `Command { std: "git" "-c" "credential.helper=" "-c" "credential.helper=/workspace/cargo-home/bin/git-credential-null" "clone" "--bare" "https://github.com/RingOfStorms/advent_of_code_2023" "/workspace/cache/git-repos/https%3A%2F%2Fgithub.com%2FRingOfStorms%2Fadvent_of_code_2023", kill_on_drop: false }`
[INFO] [stderr] Cloning into bare repository '/workspace/cache/git-repos/https%3A%2F%2Fgithub.com%2FRingOfStorms%2Fadvent_of_code_2023'...
[INFO] running `Command { std: "git" "rev-parse" "HEAD", kill_on_drop: false }`
[INFO] [stdout] 952cd2d0d1f9f8154e3884c155b6f5a1a4623816
[INFO] documenting RingOfStorms/advent_of_code_2023 against 1.75.0 for beta-1.76-rustdoc-1
[INFO] running `Command { std: "git" "clone" "/workspace/cache/git-repos/https%3A%2F%2Fgithub.com%2FRingOfStorms%2Fadvent_of_code_2023" "/workspace/builds/worker-4-tc1/source", kill_on_drop: false }`
[INFO] [stderr] Cloning into '/workspace/builds/worker-4-tc1/source'...
[INFO] [stderr] done.
[INFO] validating manifest of git repo https://github.com/RingOfStorms/advent_of_code_2023 on toolchain 1.75.0
[INFO] running `Command { std: CARGO_HOME="/workspace/cargo-home" RUSTUP_HOME="/workspace/rustup-home" "/workspace/cargo-home/bin/cargo" "+1.75.0" "metadata" "--manifest-path" "Cargo.toml" "--no-deps", kill_on_drop: false }`
[INFO] started tweaking git repo https://github.com/RingOfStorms/advent_of_code_2023
[INFO] finished tweaking git repo https://github.com/RingOfStorms/advent_of_code_2023
[INFO] tweaked toml for git repo https://github.com/RingOfStorms/advent_of_code_2023 written to /workspace/builds/worker-4-tc1/source/Cargo.toml
[INFO] crate git repo https://github.com/RingOfStorms/advent_of_code_2023 already has a lockfile, it will not be regenerated
[INFO] running `Command { std: CARGO_HOME="/workspace/cargo-home" RUSTUP_HOME="/workspace/rustup-home" "/workspace/cargo-home/bin/cargo" "+1.75.0" "fetch" "--manifest-path" "Cargo.toml", kill_on_drop: false }`
[INFO] [stderr]     Updating crates.io index
[INFO] [stderr]  Downloading crates ...
[INFO] [stderr]   Downloaded deprecate-until v0.1.1
[INFO] [stderr]   Downloaded grid v0.12.0
[INFO] [stderr]   Downloaded spade v2.4.1
[INFO] [stderr]   Downloaded pathfinding v4.6.0
[INFO] [stderr]   Downloaded tiktoken-rs v0.5.7
[INFO] running `Command { std: "docker" "create" "-v" "/var/lib/crater-agent-workspace/builds/worker-4-tc1/target:/opt/rustwide/target:rw,Z" "-v" "/var/lib/crater-agent-workspace/builds/worker-4-tc1/source:/opt/rustwide/workdir:ro,Z" "-v" "/var/lib/crater-agent-workspace/cargo-home:/opt/rustwide/cargo-home:ro,Z" "-v" "/var/lib/crater-agent-workspace/rustup-home:/opt/rustwide/rustup-home:ro,Z" "-e" "SOURCE_DIR=/opt/rustwide/workdir" "-e" "CARGO_TARGET_DIR=/opt/rustwide/target" "-e" "CARGO_HOME=/opt/rustwide/cargo-home" "-e" "RUSTUP_HOME=/opt/rustwide/rustup-home" "-w" "/opt/rustwide/workdir" "-m" "1610612736" "--user" "0:0" "--network" "none" "ghcr.io/rust-lang/crates-build-env/linux@sha256:2788e3201cd34a07e3172128adcd8b3090168a8e3bcc40d7c032b9dda1df7d1c" "/opt/rustwide/cargo-home/bin/cargo" "+1.75.0" "metadata" "--no-deps" "--format-version=1", kill_on_drop: false }`
[INFO] [stdout] ed88c55e1e9b36d8fc11623a7adee81ea1b640d24d99520019c77981a92fe261
[INFO] running `Command { std: "docker" "start" "-a" "ed88c55e1e9b36d8fc11623a7adee81ea1b640d24d99520019c77981a92fe261", kill_on_drop: false }`
[INFO] running `Command { std: "docker" "inspect" "ed88c55e1e9b36d8fc11623a7adee81ea1b640d24d99520019c77981a92fe261", kill_on_drop: false }`
[INFO] running `Command { std: "docker" "rm" "-f" "ed88c55e1e9b36d8fc11623a7adee81ea1b640d24d99520019c77981a92fe261", kill_on_drop: false }`
[INFO] [stdout] ed88c55e1e9b36d8fc11623a7adee81ea1b640d24d99520019c77981a92fe261
[INFO] running `Command { std: "docker" "create" "-v" "/var/lib/crater-agent-workspace/builds/worker-4-tc1/target:/opt/rustwide/target:rw,Z" "-v" "/var/lib/crater-agent-workspace/builds/worker-4-tc1/source:/opt/rustwide/workdir:ro,Z" "-v" "/var/lib/crater-agent-workspace/cargo-home:/opt/rustwide/cargo-home:ro,Z" "-v" "/var/lib/crater-agent-workspace/rustup-home:/opt/rustwide/rustup-home:ro,Z" "-e" "SOURCE_DIR=/opt/rustwide/workdir" "-e" "CARGO_TARGET_DIR=/opt/rustwide/target" "-e" "CARGO_INCREMENTAL=0" "-e" "RUST_BACKTRACE=full" "-e" "RUSTFLAGS=--cap-lints=warn" "-e" "RUSTDOCFLAGS=--cap-lints=warn" "-e" "CARGO_HOME=/opt/rustwide/cargo-home" "-e" "RUSTUP_HOME=/opt/rustwide/rustup-home" "-w" "/opt/rustwide/workdir" "-m" "1610612736" "--user" "0:0" "--network" "none" "ghcr.io/rust-lang/crates-build-env/linux@sha256:2788e3201cd34a07e3172128adcd8b3090168a8e3bcc40d7c032b9dda1df7d1c" "/opt/rustwide/cargo-home/bin/cargo" "+1.75.0" "doc" "--frozen" "--no-deps" "--document-private-items" "--message-format=json", kill_on_drop: false }`
[INFO] [stdout] 23a08ca9d595b9ab67e80afcbf380711d4bd82f939e48f2e86e4a805e9679b7d
[INFO] running `Command { std: "docker" "start" "-a" "23a08ca9d595b9ab67e80afcbf380711d4bd82f939e48f2e86e4a805e9679b7d", kill_on_drop: false }`
[INFO] [stderr]    Compiling proc-macro2 v1.0.70
[INFO] [stderr]    Compiling libc v0.2.150
[INFO] [stderr]     Checking smallvec v1.11.2
[INFO] [stderr]     Checking memchr v2.6.4
[INFO] [stderr]    Compiling num-traits v0.2.17
[INFO] [stderr]     Checking zerocopy v0.7.31
[INFO] [stderr]    Compiling futures-channel v0.3.29
[INFO] [stderr]    Compiling syn v1.0.109
[INFO] [stderr]    Compiling serde v1.0.193
[INFO] [stderr]     Checking ahash v0.8.6
[INFO] [stderr]     Checking hashbrown v0.14.3
[INFO] [stderr]    Compiling unicase v2.7.0
[INFO] [stderr]     Checking tracing-core v0.1.32
[INFO] [stderr]    Compiling openssl v0.10.60
[INFO] [stderr]    Compiling quote v1.0.33
[INFO] [stderr]     Checking equivalent v1.0.1
[INFO] [stderr]     Checking percent-encoding v2.3.1
[INFO] [stderr]     Checking http v0.2.11
[INFO] [stderr]    Compiling syn v2.0.39
[INFO] [stderr]     Checking parking_lot_core v0.9.9
[INFO] [stderr]    Compiling cc v1.0.83
[INFO] [stderr]     Checking mio v0.8.9
[INFO] [stderr]     Checking signal-hook-registry v1.4.1
[INFO] [stderr]     Checking socket2 v0.5.5
[INFO] [stderr]     Checking parking_lot v0.12.1
[INFO] [stderr]     Checking num_cpus v1.16.0
[INFO] [stderr]     Checking indexmap v2.1.0
[INFO] [stderr]    Compiling time-core v0.1.2
[INFO] [stderr]     Checking alloc-no-stdlib v2.0.4
[INFO] [stderr]     Checking powerfmt v0.2.0
[INFO] [stderr]    Compiling time-macros v0.2.15
[INFO] [stderr]     Checking alloc-stdlib v0.2.2
[INFO] [stderr]     Checking deranged v0.3.9
[INFO] [stderr]     Checking form_urlencoded v1.2.1
[INFO] [stderr]    Compiling cookie v0.16.2
[INFO] [stderr]    Compiling memoffset v0.9.0
[INFO] [stderr]    Compiling ident_case v1.0.1
[INFO] [stderr]    Compiling cfg_aliases v0.1.1
[INFO] [stderr]    Compiling crossbeam-utils v0.8.16
[INFO] [stderr]    Compiling strsim v0.10.0
[INFO] [stderr]    Compiling serde_json v1.0.108
[INFO] [stderr]    Compiling anyhow v1.0.75
[INFO] [stderr]     Checking miniz_oxide v0.7.1
[INFO] [stderr]    Compiling mime_guess v2.0.4
[INFO] [stderr]    Compiling heapless v0.7.17
[INFO] [stderr]    Compiling openssl-sys v0.9.96
[INFO] [stderr]     Checking http-body v0.4.5
[INFO] [stderr]     Checking brotli-decompressor v2.5.1
[INFO] [stderr]     Checking getrandom v0.2.11
[INFO] [stderr]     Checking socket2 v0.4.10
[INFO] [stderr]     Checking idna v0.5.0
[INFO] [stderr]     Checking idna v0.3.0
[INFO] [stderr]     Checking aho-corasick v1.1.2
[INFO] [stderr]    Compiling native-tls v0.2.11
[INFO] [stderr]    Compiling crossbeam-epoch v0.9.15
[INFO] [stderr]     Checking matches v0.1.10
[INFO] [stderr]     Checking byteorder v1.5.0
[INFO] [stderr]     Checking time v0.3.30
[INFO] [stderr]     Checking regex-syntax v0.8.2
[INFO] [stderr]     Checking either v1.9.0
[INFO] [stderr]     Checking psl-types v2.0.11
[INFO] [stderr]     Checking brotli v3.4.0
[INFO] [stderr]     Checking publicsuffix v2.2.3
[INFO] [stderr]     Checking hash32 v0.2.1
[INFO] [stderr]     Checking idna v0.2.3
[INFO] [stderr]     Checking url v2.5.0
[INFO] [stderr]     Checking rand_core v0.6.4
[INFO] [stderr]     Checking flate2 v1.0.28
[INFO] [stderr]    Compiling darling_core v0.14.4
[INFO] [stderr]     Checking spin v0.9.8
[INFO] [stderr]     Checking stable_deref_trait v1.2.0
[INFO] [stderr]    Compiling async-trait v0.1.74
[INFO] [stderr]     Checking rand_chacha v0.3.1
[INFO] [stderr]     Checking regex-automata v0.4.3
[INFO] [stderr]    Compiling static_init_macro v1.0.2
[INFO] [stderr]     Checking bit-vec v0.6.3
[INFO] [stderr]    Compiling portable-atomic v1.6.0
[INFO] [stderr]    Compiling rayon-core v1.12.0
[INFO] [stderr]     Checking rstar v0.11.0
[INFO] [stderr]     Checking chrono v0.4.31
[INFO] [stderr]     Checking bit-set v0.5.3
[INFO] [stderr]     Checking crossbeam-deque v0.8.3
[INFO] [stderr]     Checking rand v0.8.5
[INFO] [stderr]     Checking itertools v0.11.0
[INFO] [stderr]    Compiling static_init v1.0.3
[INFO] [stderr]     Checking approx v0.5.1
[INFO] [stderr]     Checking task-local-extensions v0.1.4
[INFO] [stderr]     Checking robust v1.1.0
[INFO] [stderr]     Checking rustc-hash v1.1.0
[INFO] [stderr]    Compiling tokio-macros v2.2.0
[INFO] [stderr]    Compiling serde_derive v1.0.193
[INFO] [stderr]    Compiling futures-macro v0.3.29
[INFO] [stderr]    Compiling tracing-attributes v0.1.27
[INFO] [stderr]    Compiling openssl-macros v0.1.1
[INFO] [stderr]    Compiling thiserror-impl v1.0.50
[INFO] [stderr]    Compiling darling_macro v0.14.4
[INFO] [stderr]     Checking regex v1.10.2
[INFO] [stderr]     Checking tokio v1.34.0
[INFO] [stderr]    Compiling darling v0.14.4
[INFO] [stderr]    Compiling derive_builder_core v0.12.0
[INFO] [stderr]     Checking futures-util v0.3.29
[INFO] [stderr]     Checking thiserror v1.0.50
[INFO] [stderr]     Checking pwd v1.4.0
[INFO] [stderr]     Checking console v0.15.7
[INFO] [stderr]     Checking tracing v0.1.40
[INFO] [stderr]    Compiling derive_builder_macro v0.12.0
[INFO] [stderr]     Checking fancy-regex v0.11.0
[INFO] [stderr]     Checking earcutr v0.4.3
[INFO] [stderr]     Checking bstr v1.8.0
[INFO] [stderr]     Checking spade v2.4.1
[INFO] [stderr]    Compiling deprecate-until v0.1.1
[INFO] [stderr]     Checking geo-types v0.7.12
[INFO] [stderr]     Checking retry-policies v0.2.1
[INFO] [stderr]     Checking geographiclib-rs v0.2.3
[INFO] [stderr]     Checking integer-sqrt v0.1.5
[INFO] [stderr]     Checking futures-executor v0.3.29
[INFO] [stderr]     Checking dirs v1.0.5
[INFO] [stderr]     Checking number_prefix v0.4.0
[INFO] [stderr]     Checking fixedbitset v0.4.2
[INFO] [stderr]     Checking float_next_after v1.0.0
[INFO] [stderr]     Checking futures v0.3.29
[INFO] [stderr]     Checking expanduser v1.2.2
[INFO] [stderr]     Checking rayon v1.8.0
[INFO] [stderr]     Checking tiktoken-rs v0.5.7
[INFO] [stderr]     Checking pathfinding v4.6.0
[INFO] [stderr]     Checking derive_builder v0.12.0
[INFO] [stderr]     Checking indicatif v0.17.7
[INFO] [stderr]    Compiling async-recursion v1.0.5
[INFO] [stderr]     Checking itertools v0.12.0
[INFO] [stderr]     Checking tokio-util v0.7.10
[INFO] [stderr]     Checking tokio-native-tls v0.3.1
[INFO] [stderr]     Checking async-compression v0.4.5
[INFO] [stderr]     Checking h2 v0.3.22
[INFO] [stderr]     Checking serde_urlencoded v0.7.1
[INFO] [stderr]     Checking grid v0.12.0
[INFO] [stderr]     Checking geo v0.27.0
[INFO] [stderr]     Checking hyper v0.14.27
[INFO] [stderr]     Checking cookie_store v0.16.2
[INFO] [stderr]     Checking hyper-tls v0.5.0
[INFO] [stderr]     Checking reqwest v0.11.22
[INFO] [stderr]     Checking reqwest-middleware v0.2.4
[INFO] [stderr]     Checking reqwest-retry v0.3.0
[INFO] [stderr]     Checking aoc23 v0.1.0 (/opt/rustwide/workdir)
[INFO] [stderr]  Documenting aoc23 v0.1.0 (/opt/rustwide/workdir)
[INFO] [stdout] error[E0425]: cannot find value `TODO` in this scope
[INFO] [stdout]  --> src/bin/template.rs:7:18
[INFO] [stdout]   |
[INFO] [stdout] 7 | static DAY: u8 = TODO;
[INFO] [stdout]   |                  ^^^^ not found in this scope
[INFO] [stdout] 
[INFO] [stdout] 
[INFO] [stdout] error[E0433]: failed to resolve: could not resolve path `TODO`
[INFO] [stdout]  --> src/bin/template.rs:7:18
[INFO] [stdout]   |
[INFO] [stdout] 7 | static DAY: u8 = TODO;
[INFO] [stdout]   |                  ^^^^ could not resolve path `TODO`
[INFO] [stdout]   |
[INFO] [stdout]   = note: this error was originally ignored because you are running `rustdoc`
[INFO] [stdout]   = note: try running again with `rustc` or `cargo check` and you may get a more detailed error
[INFO] [stdout] 
[INFO] [stdout] 
[INFO] [stdout] error: aborting due to 2 previous errors
[INFO] [stdout] 
[INFO] [stdout] 
[INFO] [stdout] Some errors have detailed explanations: E0425, E0433.
[INFO] [stdout] 
[INFO] [stdout] For more information about an error, try `rustc --explain E0425`.
[INFO] [stdout] 
[INFO] [stderr] error: could not document `aoc23`
[INFO] [stderr] 
[INFO] [stderr] Caused by:
[INFO] [stderr]   process didn't exit successfully: `/opt/rustwide/rustup-home/toolchains/1.75.0-x86_64-unknown-linux-gnu/bin/rustdoc --edition=2021 --crate-type bin --crate-name template src/bin/template.rs -o /opt/rustwide/target/doc --cfg 'feature="default"' --cfg 'feature="part1"' --error-format=json --json=diagnostic-rendered-ansi,artifacts,future-incompat --document-private-items '-Arustdoc::private-intra-doc-links' -C metadata=e0d40d7c9f9dfe5e -L dependency=/opt/rustwide/target/debug/deps --extern aoc23=/opt/rustwide/target/debug/deps/libaoc23-4757c8c4b9266f40.rmeta --extern async_recursion=/opt/rustwide/target/debug/deps/libasync_recursion-5c19bd81eafc1595.so --extern derive_builder=/opt/rustwide/target/debug/deps/libderive_builder-6c711265d7278edf.rmeta --extern expanduser=/opt/rustwide/target/debug/deps/libexpanduser-2eeb1cef78d0d9e7.rmeta --extern futures=/opt/rustwide/target/debug/deps/libfutures-59c97da958323b05.rmeta --extern geo=/opt/rustwide/target/debug/deps/libgeo-f40992409feba00b.rmeta --extern grid=/opt/rustwide/target/debug/deps/libgrid-2ce12050699c9a62.rmeta --extern indicatif=/opt/rustwide/target/debug/deps/libindicatif-2d22ddf4f9bcb86b.rmeta --extern itertools=/opt/rustwide/target/debug/deps/libitertools-718e62fb194a164b.rmeta --extern pathfinding=/opt/rustwide/target/debug/deps/libpathfinding-354656e72d94604e.rmeta --extern rayon=/opt/rustwide/target/debug/deps/librayon-f172f00477b39cfd.rmeta --extern regex=/opt/rustwide/target/debug/deps/libregex-d5083c0b7e807d3b.rmeta --extern reqwest=/opt/rustwide/target/debug/deps/libreqwest-55c6291934f0b40f.rmeta --extern reqwest_middleware=/opt/rustwide/target/debug/deps/libreqwest_middleware-2b4bced4aee40679.rmeta --extern reqwest_retry=/opt/rustwide/target/debug/deps/libreqwest_retry-a962624686ee31fa.rmeta --extern serde=/opt/rustwide/target/debug/deps/libserde-2933f85f74d63620.rmeta --extern serde_json=/opt/rustwide/target/debug/deps/libserde_json-aca3a32e990a81b9.rmeta --extern static_init=/opt/rustwide/target/debug/deps/libstatic_init-583e48e2d537316e.rmeta --extern tiktoken_rs=/opt/rustwide/target/debug/deps/libtiktoken_rs-51cb8462978c2227.rmeta --extern tokio=/opt/rustwide/target/debug/deps/libtokio-5d29121c9b5f4668.rmeta --cap-lints=warn --crate-version 0.1.0` (exit status: 1)
[INFO] [stderr] warning: build failed, waiting for other jobs to finish...
[INFO] running `Command { std: "docker" "inspect" "23a08ca9d595b9ab67e80afcbf380711d4bd82f939e48f2e86e4a805e9679b7d", kill_on_drop: false }`
[INFO] running `Command { std: "docker" "rm" "-f" "23a08ca9d595b9ab67e80afcbf380711d4bd82f939e48f2e86e4a805e9679b7d", kill_on_drop: false }`
[INFO] [stdout] 23a08ca9d595b9ab67e80afcbf380711d4bd82f939e48f2e86e4a805e9679b7d
[INFO] documenting RingOfStorms/advent_of_code_2023 against beta-2023-12-22 for beta-1.76-rustdoc-1
[INFO] running `Command { std: "git" "clone" "/workspace/cache/git-repos/https%3A%2F%2Fgithub.com%2FRingOfStorms%2Fadvent_of_code_2023" "/workspace/builds/worker-4-tc2/source", kill_on_drop: false }`
[INFO] [stderr] Cloning into '/workspace/builds/worker-4-tc2/source'...
[INFO] [stderr] done.
[INFO] validating manifest of git repo https://github.com/RingOfStorms/advent_of_code_2023 on toolchain beta-2023-12-22
[INFO] running `Command { std: CARGO_HOME="/workspace/cargo-home" RUSTUP_HOME="/workspace/rustup-home" "/workspace/cargo-home/bin/cargo" "+beta-2023-12-22" "metadata" "--manifest-path" "Cargo.toml" "--no-deps", kill_on_drop: false }`
[INFO] started tweaking git repo https://github.com/RingOfStorms/advent_of_code_2023
[INFO] finished tweaking git repo https://github.com/RingOfStorms/advent_of_code_2023
[INFO] tweaked toml for git repo https://github.com/RingOfStorms/advent_of_code_2023 written to /workspace/builds/worker-4-tc2/source/Cargo.toml
[INFO] crate git repo https://github.com/RingOfStorms/advent_of_code_2023 already has a lockfile, it will not be regenerated
[INFO] running `Command { std: CARGO_HOME="/workspace/cargo-home" RUSTUP_HOME="/workspace/rustup-home" "/workspace/cargo-home/bin/cargo" "+beta-2023-12-22" "fetch" "--manifest-path" "Cargo.toml", kill_on_drop: false }`
[INFO] running `Command { std: "docker" "create" "-v" "/var/lib/crater-agent-workspace/builds/worker-4-tc2/target:/opt/rustwide/target:rw,Z" "-v" "/var/lib/crater-agent-workspace/builds/worker-4-tc2/source:/opt/rustwide/workdir:ro,Z" "-v" "/var/lib/crater-agent-workspace/cargo-home:/opt/rustwide/cargo-home:ro,Z" "-v" "/var/lib/crater-agent-workspace/rustup-home:/opt/rustwide/rustup-home:ro,Z" "-e" "SOURCE_DIR=/opt/rustwide/workdir" "-e" "CARGO_TARGET_DIR=/opt/rustwide/target" "-e" "CARGO_HOME=/opt/rustwide/cargo-home" "-e" "RUSTUP_HOME=/opt/rustwide/rustup-home" "-w" "/opt/rustwide/workdir" "-m" "1610612736" "--user" "0:0" "--network" "none" "ghcr.io/rust-lang/crates-build-env/linux@sha256:2788e3201cd34a07e3172128adcd8b3090168a8e3bcc40d7c032b9dda1df7d1c" "/opt/rustwide/cargo-home/bin/cargo" "+beta-2023-12-22" "metadata" "--no-deps" "--format-version=1", kill_on_drop: false }`
[INFO] [stdout] f893f25e3efa8acb7f96a0a4d22d809cbc95235dbe8b27c29e94e321fba289a1
[INFO] running `Command { std: "docker" "start" "-a" "f893f25e3efa8acb7f96a0a4d22d809cbc95235dbe8b27c29e94e321fba289a1", kill_on_drop: false }`
[INFO] running `Command { std: "docker" "inspect" "f893f25e3efa8acb7f96a0a4d22d809cbc95235dbe8b27c29e94e321fba289a1", kill_on_drop: false }`
[INFO] running `Command { std: "docker" "rm" "-f" "f893f25e3efa8acb7f96a0a4d22d809cbc95235dbe8b27c29e94e321fba289a1", kill_on_drop: false }`
[INFO] [stdout] f893f25e3efa8acb7f96a0a4d22d809cbc95235dbe8b27c29e94e321fba289a1
[INFO] running `Command { std: "docker" "create" "-v" "/var/lib/crater-agent-workspace/builds/worker-4-tc2/target:/opt/rustwide/target:rw,Z" "-v" "/var/lib/crater-agent-workspace/builds/worker-4-tc2/source:/opt/rustwide/workdir:ro,Z" "-v" "/var/lib/crater-agent-workspace/cargo-home:/opt/rustwide/cargo-home:ro,Z" "-v" "/var/lib/crater-agent-workspace/rustup-home:/opt/rustwide/rustup-home:ro,Z" "-e" "SOURCE_DIR=/opt/rustwide/workdir" "-e" "CARGO_TARGET_DIR=/opt/rustwide/target" "-e" "CARGO_INCREMENTAL=0" "-e" "RUST_BACKTRACE=full" "-e" "RUSTFLAGS=--cap-lints=warn" "-e" "RUSTDOCFLAGS=--cap-lints=warn" "-e" "CARGO_HOME=/opt/rustwide/cargo-home" "-e" "RUSTUP_HOME=/opt/rustwide/rustup-home" "-w" "/opt/rustwide/workdir" "-m" "1610612736" "--user" "0:0" "--network" "none" "ghcr.io/rust-lang/crates-build-env/linux@sha256:2788e3201cd34a07e3172128adcd8b3090168a8e3bcc40d7c032b9dda1df7d1c" "/opt/rustwide/cargo-home/bin/cargo" "+beta-2023-12-22" "doc" "--frozen" "--no-deps" "--document-private-items" "--message-format=json", kill_on_drop: false }`
[INFO] [stdout] 5c88b1b36f3475f68279e299015d46be10c70a56a33ff645bcc83703fb525add
[INFO] running `Command { std: "docker" "start" "-a" "5c88b1b36f3475f68279e299015d46be10c70a56a33ff645bcc83703fb525add", kill_on_drop: false }`
[INFO] [stderr]    Compiling proc-macro2 v1.0.70
[INFO] [stderr]    Compiling libc v0.2.150
[INFO] [stderr]     Checking smallvec v1.11.2
[INFO] [stderr]     Checking memchr v2.6.4
[INFO] [stderr]    Compiling num-traits v0.2.17
[INFO] [stderr]     Checking zerocopy v0.7.31
[INFO] [stderr]    Compiling futures-channel v0.3.29
[INFO] [stderr]    Compiling serde v1.0.193
[INFO] [stderr]    Compiling syn v1.0.109
[INFO] [stderr]     Checking ahash v0.8.6
[INFO] [stderr]    Compiling unicase v2.7.0
[INFO] [stderr]     Checking hashbrown v0.14.3
[INFO] [stderr]     Checking tracing-core v0.1.32
[INFO] [stderr]    Compiling openssl v0.10.60
[INFO] [stderr]    Compiling quote v1.0.33
[INFO] [stderr]     Checking equivalent v1.0.1
[INFO] [stderr]     Checking percent-encoding v2.3.1
[INFO] [stderr]     Checking http v0.2.11
[INFO] [stderr]    Compiling syn v2.0.39
[INFO] [stderr]     Checking parking_lot_core v0.9.9
[INFO] [stderr]    Compiling cc v1.0.83
[INFO] [stderr]     Checking signal-hook-registry v1.4.1
[INFO] [stderr]     Checking num_cpus v1.16.0
[INFO] [stderr]     Checking socket2 v0.5.5
[INFO] [stderr]     Checking mio v0.8.9
[INFO] [stderr]     Checking parking_lot v0.12.1
[INFO] [stderr]     Checking indexmap v2.1.0
[INFO] [stderr]     Checking powerfmt v0.2.0
[INFO] [stderr]     Checking alloc-no-stdlib v2.0.4
[INFO] [stderr]    Compiling time-core v0.1.2
[INFO] [stderr]     Checking alloc-stdlib v0.2.2
[INFO] [stderr]     Checking deranged v0.3.9
[INFO] [stderr]     Checking form_urlencoded v1.2.1
[INFO] [stderr]    Compiling time-macros v0.2.15
[INFO] [stderr]    Compiling cookie v0.16.2
[INFO] [stderr]    Compiling memoffset v0.9.0
[INFO] [stderr]    Compiling strsim v0.10.0
[INFO] [stderr]    Compiling anyhow v1.0.75
[INFO] [stderr]    Compiling ident_case v1.0.1
[INFO] [stderr]    Compiling serde_json v1.0.108
[INFO] [stderr]    Compiling cfg_aliases v0.1.1
[INFO] [stderr]    Compiling crossbeam-utils v0.8.16
[INFO] [stderr]     Checking miniz_oxide v0.7.1
[INFO] [stderr]    Compiling mime_guess v2.0.4
[INFO] [stderr]    Compiling heapless v0.7.17
[INFO] [stderr]    Compiling openssl-sys v0.9.96
[INFO] [stderr]     Checking http-body v0.4.5
[INFO] [stderr]     Checking brotli-decompressor v2.5.1
[INFO] [stderr]     Checking getrandom v0.2.11
[INFO] [stderr]     Checking socket2 v0.4.10
[INFO] [stderr]     Checking idna v0.3.0
[INFO] [stderr]     Checking idna v0.5.0
[INFO] [stderr]     Checking aho-corasick v1.1.2
[INFO] [stderr]    Compiling native-tls v0.2.11
[INFO] [stderr]    Compiling crossbeam-epoch v0.9.15
[INFO] [stderr]     Checking psl-types v2.0.11
[INFO] [stderr]     Checking regex-syntax v0.8.2
[INFO] [stderr]     Checking matches v0.1.10
[INFO] [stderr]     Checking either v1.9.0
[INFO] [stderr]     Checking time v0.3.30
[INFO] [stderr]     Checking byteorder v1.5.0
[INFO] [stderr]     Checking brotli v3.4.0
[INFO] [stderr]     Checking hash32 v0.2.1
[INFO] [stderr]     Checking idna v0.2.3
[INFO] [stderr]     Checking publicsuffix v2.2.3
[INFO] [stderr]     Checking url v2.5.0
[INFO] [stderr]     Checking rand_core v0.6.4
[INFO] [stderr]     Checking flate2 v1.0.28
[INFO] [stderr]    Compiling darling_core v0.14.4
[INFO] [stderr]     Checking spin v0.9.8
[INFO] [stderr]     Checking stable_deref_trait v1.2.0
[INFO] [stderr]    Compiling async-trait v0.1.74
[INFO] [stderr]     Checking regex-automata v0.4.3
[INFO] [stderr]     Checking rand_chacha v0.3.1
[INFO] [stderr]    Compiling static_init_macro v1.0.2
[INFO] [stderr]     Checking bit-vec v0.6.3
[INFO] [stderr]    Compiling portable-atomic v1.6.0
[INFO] [stderr]    Compiling rayon-core v1.12.0
[INFO] [stderr]     Checking bit-set v0.5.3
[INFO] [stderr]     Checking crossbeam-deque v0.8.3
[INFO] [stderr]     Checking chrono v0.4.31
[INFO] [stderr]     Checking rstar v0.11.0
[INFO] [stderr]     Checking rand v0.8.5
[INFO] [stderr]     Checking itertools v0.11.0
[INFO] [stderr]    Compiling static_init v1.0.3
[INFO] [stderr]     Checking approx v0.5.1
[INFO] [stderr]     Checking task-local-extensions v0.1.4
[INFO] [stderr]     Checking robust v1.1.0
[INFO] [stderr]     Checking rustc-hash v1.1.0
[INFO] [stderr]     Checking console v0.15.7
[INFO] [stderr]    Compiling tokio-macros v2.2.0
[INFO] [stderr]    Compiling serde_derive v1.0.193
[INFO] [stderr]    Compiling futures-macro v0.3.29
[INFO] [stderr]    Compiling tracing-attributes v0.1.27
[INFO] [stderr]    Compiling openssl-macros v0.1.1
[INFO] [stderr]    Compiling thiserror-impl v1.0.50
[INFO] [stderr]    Compiling darling_macro v0.14.4
[INFO] [stderr]     Checking regex v1.10.2
[INFO] [stderr]     Checking tokio v1.34.0
[INFO] [stderr]    Compiling darling v0.14.4
[INFO] [stderr]    Compiling derive_builder_core v0.12.0
[INFO] [stderr]     Checking futures-util v0.3.29
[INFO] [stderr]     Checking thiserror v1.0.50
[INFO] [stderr]     Checking pwd v1.4.0
[INFO] [stderr]     Checking fancy-regex v0.11.0
[INFO] [stderr]     Checking tracing v0.1.40
[INFO] [stderr]    Compiling derive_builder_macro v0.12.0
[INFO] [stderr]     Checking earcutr v0.4.3
[INFO] [stderr]     Checking spade v2.4.1
[INFO] [stderr]     Checking bstr v1.8.0
[INFO] [stderr]    Compiling deprecate-until v0.1.1
[INFO] [stderr]     Checking geo-types v0.7.12
[INFO] [stderr]     Checking retry-policies v0.2.1
[INFO] [stderr]     Checking geographiclib-rs v0.2.3
[INFO] [stderr]     Checking integer-sqrt v0.1.5
[INFO] [stderr]     Checking dirs v1.0.5
[INFO] [stderr]     Checking fixedbitset v0.4.2
[INFO] [stderr]     Checking float_next_after v1.0.0
[INFO] [stderr]     Checking number_prefix v0.4.0
[INFO] [stderr]     Checking expanduser v1.2.2
[INFO] [stderr]     Checking rayon v1.8.0
[INFO] [stderr]     Checking pathfinding v4.6.0
[INFO] [stderr]     Checking tiktoken-rs v0.5.7
[INFO] [stderr]     Checking indicatif v0.17.7
[INFO] [stderr]     Checking futures-executor v0.3.29
[INFO] [stderr]     Checking futures v0.3.29
[INFO] [stderr]     Checking derive_builder v0.12.0
[INFO] [stderr]    Compiling async-recursion v1.0.5
[INFO] [stderr]     Checking itertools v0.12.0
[INFO] [stderr]     Checking tokio-util v0.7.10
[INFO] [stderr]     Checking tokio-native-tls v0.3.1
[INFO] [stderr]     Checking async-compression v0.4.5
[INFO] [stderr]     Checking h2 v0.3.22
[INFO] [stderr]     Checking serde_urlencoded v0.7.1
[INFO] [stderr]     Checking grid v0.12.0
[INFO] [stderr]     Checking geo v0.27.0
[INFO] [stderr]     Checking hyper v0.14.27
[INFO] [stderr]     Checking cookie_store v0.16.2
[INFO] [stderr]     Checking hyper-tls v0.5.0
[INFO] [stderr]     Checking reqwest v0.11.22
[INFO] [stderr]     Checking reqwest-middleware v0.2.4
[INFO] [stderr]     Checking reqwest-retry v0.3.0
[INFO] [stderr]     Checking aoc23 v0.1.0 (/opt/rustwide/workdir)
[INFO] [stderr]  Documenting aoc23 v0.1.0 (/opt/rustwide/workdir)
[INFO] [stdout] error[E0425]: cannot find value `TODO` in this scope
[INFO] [stdout]  --> src/bin/template.rs:7:18
[INFO] [stdout]   |
[INFO] [stdout] 7 | static DAY: u8 = TODO;
[INFO] [stdout]   |                  ^^^^ not found in this scope
[INFO] [stdout] 
[INFO] [stdout] 
[INFO] [stdout] error[E0433]: failed to resolve: could not resolve path `TODO`
[INFO] [stdout]  --> src/bin/template.rs:7:18
[INFO] [stdout]   |
[INFO] [stdout] 7 | static DAY: u8 = TODO;
[INFO] [stdout]   |                  ^^^^ could not resolve path `TODO`
[INFO] [stdout]   |
[INFO] [stdout]   = note: this error was originally ignored because you are running `rustdoc`
[INFO] [stdout]   = note: try running again with `rustc` or `cargo check` and you may get a more detailed error
[INFO] [stdout] 
[INFO] [stdout] 
[INFO] [stdout] error: aborting due to 2 previous errors
[INFO] [stdout] 
[INFO] [stdout] 
[INFO] [stdout] Some errors have detailed explanations: E0425, E0433.
[INFO] [stdout] 
[INFO] [stdout] For more information about an error, try `rustc --explain E0425`.
[INFO] [stdout] 
[INFO] [stderr] error: could not document `aoc23`
[INFO] [stderr] 
[INFO] [stderr] Caused by:
[INFO] [stderr]   process didn't exit successfully: `/opt/rustwide/rustup-home/toolchains/beta-2023-12-22-x86_64-unknown-linux-gnu/bin/rustdoc --edition=2021 --crate-type bin --crate-name template src/bin/template.rs -o /opt/rustwide/target/doc --cfg 'feature="default"' --cfg 'feature="part1"' --error-format=json --json=diagnostic-rendered-ansi,artifacts,future-incompat --document-private-items '-Arustdoc::private-intra-doc-links' -C metadata=3e60cbbdf1d4605f -L dependency=/opt/rustwide/target/debug/deps --extern aoc23=/opt/rustwide/target/debug/deps/libaoc23-b874e24674adced3.rmeta --extern async_recursion=/opt/rustwide/target/debug/deps/libasync_recursion-ea0883ff1a763683.so --extern derive_builder=/opt/rustwide/target/debug/deps/libderive_builder-3603712e2d984c27.rmeta --extern expanduser=/opt/rustwide/target/debug/deps/libexpanduser-a372fd0b81141b0e.rmeta --extern futures=/opt/rustwide/target/debug/deps/libfutures-68c683f925f65583.rmeta --extern geo=/opt/rustwide/target/debug/deps/libgeo-7f7c9f55beed74e6.rmeta --extern grid=/opt/rustwide/target/debug/deps/libgrid-6e412a102f760b02.rmeta --extern indicatif=/opt/rustwide/target/debug/deps/libindicatif-8300236dcfa6c0d5.rmeta --extern itertools=/opt/rustwide/target/debug/deps/libitertools-8dbcfa8504ad0ef2.rmeta --extern pathfinding=/opt/rustwide/target/debug/deps/libpathfinding-36a360e85c0a57fc.rmeta --extern rayon=/opt/rustwide/target/debug/deps/librayon-1982672f962f8398.rmeta --extern regex=/opt/rustwide/target/debug/deps/libregex-d7369c8375c792d5.rmeta --extern reqwest=/opt/rustwide/target/debug/deps/libreqwest-4eb4bd21dd970e8e.rmeta --extern reqwest_middleware=/opt/rustwide/target/debug/deps/libreqwest_middleware-8db78bf07f88032f.rmeta --extern reqwest_retry=/opt/rustwide/target/debug/deps/libreqwest_retry-8463f45b734b6a91.rmeta --extern serde=/opt/rustwide/target/debug/deps/libserde-c20eb9ab9cc0b997.rmeta --extern serde_json=/opt/rustwide/target/debug/deps/libserde_json-d089e37025073862.rmeta --extern static_init=/opt/rustwide/target/debug/deps/libstatic_init-3451b58cedc69e9b.rmeta --extern tiktoken_rs=/opt/rustwide/target/debug/deps/libtiktoken_rs-ba2b008f683d9498.rmeta --extern tokio=/opt/rustwide/target/debug/deps/libtokio-e0b8697a72263be4.rmeta --cap-lints=warn --crate-version 0.1.0` (exit status: 1)
[INFO] [stderr] warning: build failed, waiting for other jobs to finish...
[INFO] running `Command { std: "docker" "inspect" "5c88b1b36f3475f68279e299015d46be10c70a56a33ff645bcc83703fb525add", kill_on_drop: false }`
[INFO] running `Command { std: "docker" "rm" "-f" "5c88b1b36f3475f68279e299015d46be10c70a56a33ff645bcc83703fb525add", kill_on_drop: false }`
[INFO] [stdout] 5c88b1b36f3475f68279e299015d46be10c70a56a33ff645bcc83703fb525add
