[INFO] cloning repository https://github.com/RickF71/hello_cargo
[INFO] running `Command { std: "git" "-c" "credential.helper=" "-c" "credential.helper=/workspace/cargo-home/bin/git-credential-null" "clone" "--bare" "https://github.com/RickF71/hello_cargo" "/workspace/cache/git-repos/https%3A%2F%2Fgithub.com%2FRickF71%2Fhello_cargo", kill_on_drop: false }`
[INFO] [stderr] Cloning into bare repository '/workspace/cache/git-repos/https%3A%2F%2Fgithub.com%2FRickF71%2Fhello_cargo'...
[INFO] running `Command { std: "git" "rev-parse" "HEAD", kill_on_drop: false }`
[INFO] [stdout] 3caeab3e6d5529d6a3629ab17e6370617b6c66df
[INFO] documenting RickF71/hello_cargo against 1.75.0 for beta-1.76-rustdoc-1
[INFO] running `Command { std: "git" "clone" "/workspace/cache/git-repos/https%3A%2F%2Fgithub.com%2FRickF71%2Fhello_cargo" "/workspace/builds/worker-3-tc1/source", kill_on_drop: false }`
[INFO] [stderr] Cloning into '/workspace/builds/worker-3-tc1/source'...
[INFO] [stderr] done.
[INFO] validating manifest of git repo https://github.com/RickF71/hello_cargo on toolchain 1.75.0
[INFO] running `Command { std: CARGO_HOME="/workspace/cargo-home" RUSTUP_HOME="/workspace/rustup-home" "/workspace/cargo-home/bin/cargo" "+1.75.0" "metadata" "--manifest-path" "Cargo.toml" "--no-deps", kill_on_drop: false }`
[INFO] started tweaking git repo https://github.com/RickF71/hello_cargo
[INFO] finished tweaking git repo https://github.com/RickF71/hello_cargo
[INFO] tweaked toml for git repo https://github.com/RickF71/hello_cargo written to /workspace/builds/worker-3-tc1/source/Cargo.toml
[INFO] crate git repo https://github.com/RickF71/hello_cargo already has a lockfile, it will not be regenerated
[INFO] running `Command { std: CARGO_HOME="/workspace/cargo-home" RUSTUP_HOME="/workspace/rustup-home" "/workspace/cargo-home/bin/cargo" "+1.75.0" "fetch" "--manifest-path" "Cargo.toml", kill_on_drop: false }`
[INFO] [stderr]  Downloading crates ...
[INFO] [stderr]   Downloaded pcap v0.3.3
[INFO] running `Command { std: "docker" "create" "-v" "/var/lib/crater-agent-workspace/builds/worker-3-tc1/target:/opt/rustwide/target:rw,Z" "-v" "/var/lib/crater-agent-workspace/builds/worker-3-tc1/source:/opt/rustwide/workdir:ro,Z" "-v" "/var/lib/crater-agent-workspace/cargo-home:/opt/rustwide/cargo-home:ro,Z" "-v" "/var/lib/crater-agent-workspace/rustup-home:/opt/rustwide/rustup-home:ro,Z" "-e" "SOURCE_DIR=/opt/rustwide/workdir" "-e" "CARGO_TARGET_DIR=/opt/rustwide/target" "-e" "CARGO_HOME=/opt/rustwide/cargo-home" "-e" "RUSTUP_HOME=/opt/rustwide/rustup-home" "-w" "/opt/rustwide/workdir" "-m" "1610612736" "--user" "0:0" "--network" "none" "ghcr.io/rust-lang/crates-build-env/linux@sha256:2788e3201cd34a07e3172128adcd8b3090168a8e3bcc40d7c032b9dda1df7d1c" "/opt/rustwide/cargo-home/bin/cargo" "+1.75.0" "metadata" "--no-deps" "--format-version=1", kill_on_drop: false }`
[INFO] [stdout] 1f8734996be5385013133004c508a9f17dfc1c6df04d2a11314e6533bd770431
[INFO] running `Command { std: "docker" "start" "-a" "1f8734996be5385013133004c508a9f17dfc1c6df04d2a11314e6533bd770431", kill_on_drop: false }`
[INFO] running `Command { std: "docker" "inspect" "1f8734996be5385013133004c508a9f17dfc1c6df04d2a11314e6533bd770431", kill_on_drop: false }`
[INFO] running `Command { std: "docker" "rm" "-f" "1f8734996be5385013133004c508a9f17dfc1c6df04d2a11314e6533bd770431", kill_on_drop: false }`
[INFO] [stdout] 1f8734996be5385013133004c508a9f17dfc1c6df04d2a11314e6533bd770431
[INFO] running `Command { std: "docker" "create" "-v" "/var/lib/crater-agent-workspace/builds/worker-3-tc1/target:/opt/rustwide/target:rw,Z" "-v" "/var/lib/crater-agent-workspace/builds/worker-3-tc1/source:/opt/rustwide/workdir:ro,Z" "-v" "/var/lib/crater-agent-workspace/cargo-home:/opt/rustwide/cargo-home:ro,Z" "-v" "/var/lib/crater-agent-workspace/rustup-home:/opt/rustwide/rustup-home:ro,Z" "-e" "SOURCE_DIR=/opt/rustwide/workdir" "-e" "CARGO_TARGET_DIR=/opt/rustwide/target" "-e" "CARGO_INCREMENTAL=0" "-e" "RUST_BACKTRACE=full" "-e" "RUSTFLAGS=--cap-lints=warn" "-e" "RUSTDOCFLAGS=--cap-lints=warn" "-e" "CARGO_HOME=/opt/rustwide/cargo-home" "-e" "RUSTUP_HOME=/opt/rustwide/rustup-home" "-w" "/opt/rustwide/workdir" "-m" "1610612736" "--user" "0:0" "--network" "none" "ghcr.io/rust-lang/crates-build-env/linux@sha256:2788e3201cd34a07e3172128adcd8b3090168a8e3bcc40d7c032b9dda1df7d1c" "/opt/rustwide/cargo-home/bin/cargo" "+1.75.0" "doc" "--frozen" "--no-deps" "--document-private-items" "--message-format=json", kill_on_drop: false }`
[INFO] [stdout] 294f793966a3bd153783c366d822faa3c628e32fea851b9f9872c2289808d6b4
[INFO] running `Command { std: "docker" "start" "-a" "294f793966a3bd153783c366d822faa3c628e32fea851b9f9872c2289808d6b4", kill_on_drop: false }`
[INFO] [stderr]    Compiling libc v0.2.144
[INFO] [stderr]    Compiling winapi v0.3.9
[INFO] [stderr]     Checking pcap v0.3.3
[INFO] [stdout] error[E0433]: failed to resolve: could not find `types` in `libc`
[INFO] [stdout]    --> /opt/rustwide/cargo-home/registry/src/index.crates.io-6f17d22bba15001f/pcap-0.3.3/src/raw.rs:587:21
[INFO] [stdout]     |
[INFO] [stdout] 587 |     pub ts: ::libc::types::os::common::posix01::timeval,
[INFO] [stdout]     |                     ^^^^^ could not find `types` in `libc`
[INFO] [stdout] 
[INFO] [stdout] 
[INFO] [stdout] error[E0433]: failed to resolve: could not find `types` in `libc`
[INFO] [stdout]    --> /opt/rustwide/cargo-home/registry/src/index.crates.io-6f17d22bba15001f/pcap-0.3.3/src/lib.rs:546:87
[INFO] [stdout]     |
[INFO] [stdout] 546 | ...   let written = raw::pcap_inject(*self.handle, buf.as_ptr() as *const libc::types::common::c95::c_void, buf.len() as libc::types::os:...
[INFO] [stdout]     |                                                                                 ^^^^^ could not find `types` in `libc`
[INFO] [stdout] 
[INFO] [stdout] 
[INFO] [stdout] error[E0433]: failed to resolve: could not find `types` in `libc`
[INFO] [stdout]    --> /opt/rustwide/cargo-home/registry/src/index.crates.io-6f17d22bba15001f/pcap-0.3.3/src/lib.rs:546:134
[INFO] [stdout]     |
[INFO] [stdout] 546 | ...:types::common::c95::c_void, buf.len() as libc::types::os::arch::c95::size_t);
[INFO] [stdout]     |                                                    ^^^^^ could not find `types` in `libc`
[INFO] [stdout] 
[INFO] [stdout] 
[INFO] [stdout] error: aborting due to 3 previous errors
[INFO] [stdout] 
[INFO] [stdout] 
[INFO] [stdout] For more information about this error, try `rustc --explain E0433`.
[INFO] [stdout] 
[INFO] [stderr] error: could not compile `pcap` (lib) due to 4 previous errors
[INFO] running `Command { std: "docker" "inspect" "294f793966a3bd153783c366d822faa3c628e32fea851b9f9872c2289808d6b4", kill_on_drop: false }`
[INFO] running `Command { std: "docker" "rm" "-f" "294f793966a3bd153783c366d822faa3c628e32fea851b9f9872c2289808d6b4", kill_on_drop: false }`
[INFO] [stdout] 294f793966a3bd153783c366d822faa3c628e32fea851b9f9872c2289808d6b4
