[INFO] cloning repository https://github.com/Rexagon/vrs
[INFO] running `Command { std: "git" "-c" "credential.helper=" "-c" "credential.helper=/workspace/cargo-home/bin/git-credential-null" "clone" "--bare" "https://github.com/Rexagon/vrs" "/workspace/cache/git-repos/https%3A%2F%2Fgithub.com%2FRexagon%2Fvrs", kill_on_drop: false }`
[INFO] [stderr] Cloning into bare repository '/workspace/cache/git-repos/https%3A%2F%2Fgithub.com%2FRexagon%2Fvrs'...
[INFO] running `Command { std: "git" "rev-parse" "HEAD", kill_on_drop: false }`
[INFO] [stdout] b371025a0c110b36b4092be513726ee76d68031f
[INFO] documenting Rexagon/vrs against 1.75.0 for beta-1.76-rustdoc-1
[INFO] running `Command { std: "git" "clone" "/workspace/cache/git-repos/https%3A%2F%2Fgithub.com%2FRexagon%2Fvrs" "/workspace/builds/worker-2-tc1/source", kill_on_drop: false }`
[INFO] [stderr] Cloning into '/workspace/builds/worker-2-tc1/source'...
[INFO] [stderr] done.
[INFO] validating manifest of git repo https://github.com/Rexagon/vrs on toolchain 1.75.0
[INFO] running `Command { std: CARGO_HOME="/workspace/cargo-home" RUSTUP_HOME="/workspace/rustup-home" "/workspace/cargo-home/bin/cargo" "+1.75.0" "metadata" "--manifest-path" "Cargo.toml" "--no-deps", kill_on_drop: false }`
[INFO] started tweaking git repo https://github.com/Rexagon/vrs
[INFO] finished tweaking git repo https://github.com/Rexagon/vrs
[INFO] tweaked toml for git repo https://github.com/Rexagon/vrs written to /workspace/builds/worker-2-tc1/source/Cargo.toml
[INFO] crate git repo https://github.com/Rexagon/vrs already has a lockfile, it will not be regenerated
[INFO] running `Command { std: CARGO_HOME="/workspace/cargo-home" RUSTUP_HOME="/workspace/rustup-home" "/workspace/cargo-home/bin/cargo" "+1.75.0" "fetch" "--manifest-path" "Cargo.toml", kill_on_drop: false }`
[INFO] [stderr]  Downloading crates ...
[INFO] [stderr]   Downloaded raw-window-metal v0.1.0
[INFO] [stderr]   Downloaded ash-window v0.5.0
[INFO] [stderr]   Downloaded nalgebra-glm v0.7.0
[INFO] [stderr]   Downloaded nalgebra v0.20.0
[INFO] running `Command { std: "docker" "create" "-v" "/var/lib/crater-agent-workspace/builds/worker-2-tc1/target:/opt/rustwide/target:rw,Z" "-v" "/var/lib/crater-agent-workspace/builds/worker-2-tc1/source:/opt/rustwide/workdir:ro,Z" "-v" "/var/lib/crater-agent-workspace/cargo-home:/opt/rustwide/cargo-home:ro,Z" "-v" "/var/lib/crater-agent-workspace/rustup-home:/opt/rustwide/rustup-home:ro,Z" "-e" "SOURCE_DIR=/opt/rustwide/workdir" "-e" "CARGO_TARGET_DIR=/opt/rustwide/target" "-e" "CARGO_HOME=/opt/rustwide/cargo-home" "-e" "RUSTUP_HOME=/opt/rustwide/rustup-home" "-w" "/opt/rustwide/workdir" "-m" "1610612736" "--user" "0:0" "--network" "none" "ghcr.io/rust-lang/crates-build-env/linux@sha256:2788e3201cd34a07e3172128adcd8b3090168a8e3bcc40d7c032b9dda1df7d1c" "/opt/rustwide/cargo-home/bin/cargo" "+1.75.0" "metadata" "--no-deps" "--format-version=1", kill_on_drop: false }`
[INFO] [stdout] efb3b91b70a3f83d654990185864ca89a5b4a0d3ce75134003416c996e17912e
[INFO] running `Command { std: "docker" "start" "-a" "efb3b91b70a3f83d654990185864ca89a5b4a0d3ce75134003416c996e17912e", kill_on_drop: false }`
[INFO] running `Command { std: "docker" "inspect" "efb3b91b70a3f83d654990185864ca89a5b4a0d3ce75134003416c996e17912e", kill_on_drop: false }`
[INFO] running `Command { std: "docker" "rm" "-f" "efb3b91b70a3f83d654990185864ca89a5b4a0d3ce75134003416c996e17912e", kill_on_drop: false }`
[INFO] [stdout] efb3b91b70a3f83d654990185864ca89a5b4a0d3ce75134003416c996e17912e
[INFO] running `Command { std: "docker" "create" "-v" "/var/lib/crater-agent-workspace/builds/worker-2-tc1/target:/opt/rustwide/target:rw,Z" "-v" "/var/lib/crater-agent-workspace/builds/worker-2-tc1/source:/opt/rustwide/workdir:ro,Z" "-v" "/var/lib/crater-agent-workspace/cargo-home:/opt/rustwide/cargo-home:ro,Z" "-v" "/var/lib/crater-agent-workspace/rustup-home:/opt/rustwide/rustup-home:ro,Z" "-e" "SOURCE_DIR=/opt/rustwide/workdir" "-e" "CARGO_TARGET_DIR=/opt/rustwide/target" "-e" "CARGO_INCREMENTAL=0" "-e" "RUST_BACKTRACE=full" "-e" "RUSTFLAGS=--cap-lints=warn" "-e" "RUSTDOCFLAGS=--cap-lints=warn" "-e" "CARGO_HOME=/opt/rustwide/cargo-home" "-e" "RUSTUP_HOME=/opt/rustwide/rustup-home" "-w" "/opt/rustwide/workdir" "-m" "1610612736" "--user" "0:0" "--network" "none" "ghcr.io/rust-lang/crates-build-env/linux@sha256:2788e3201cd34a07e3172128adcd8b3090168a8e3bcc40d7c032b9dda1df7d1c" "/opt/rustwide/cargo-home/bin/cargo" "+1.75.0" "doc" "--frozen" "--no-deps" "--document-private-items" "--message-format=json", kill_on_drop: false }`
[INFO] [stdout] c76091fbc4ff5c970bb630c6856c68a5f8c8ad0cc0eb121cff4161aac922a184
[INFO] running `Command { std: "docker" "start" "-a" "c76091fbc4ff5c970bb630c6856c68a5f8c8ad0cc0eb121cff4161aac922a184", kill_on_drop: false }`
[INFO] [stderr]    Compiling autocfg v1.0.1
[INFO] [stderr]    Compiling libc v0.2.76
[INFO] [stderr]    Compiling libm v0.2.1
[INFO] [stderr]    Compiling byteorder v1.3.4
[INFO] [stderr]    Compiling bitflags v1.2.1
[INFO] [stderr]    Compiling maybe-uninit v2.0.0
[INFO] [stderr]    Compiling proc-macro2 v0.4.30
[INFO] [stderr]    Compiling unicode-xid v0.1.0
[INFO] [stderr]    Compiling libloading v0.6.2
[INFO] [stderr]    Compiling log v0.4.11
[INFO] [stderr]    Compiling getrandom v0.1.14
[INFO] [stderr]    Compiling xml-rs v0.8.3
[INFO] [stderr]    Compiling proc-macro2 v1.0.19
[INFO] [stderr]    Compiling nix v0.14.1
[INFO] [stderr]     Checking void v1.0.2
[INFO] [stderr]    Compiling rayon-core v1.7.1
[INFO] [stderr]     Checking slab v0.4.2
[INFO] [stderr]    Compiling unicode-xid v0.2.1
[INFO] [stderr]     Checking ppv-lite86 v0.2.9
[INFO] [stderr]     Checking adler32 v1.2.0
[INFO] [stderr]    Compiling typenum v1.12.0
[INFO] [stderr]     Checking lazycell v1.3.0
[INFO] [stderr]    Compiling syn v1.0.39
[INFO] [stderr]    Compiling ryu v1.0.5
[INFO] [stderr]    Compiling serde v1.0.115
[INFO] [stderr]    Compiling num-traits v0.2.12
[INFO] [stderr]    Compiling num-integer v0.1.43
[INFO] [stderr]    Compiling crossbeam-utils v0.7.2
[INFO] [stderr]    Compiling memoffset v0.5.5
[INFO] [stderr]    Compiling crossbeam-epoch v0.8.2
[INFO] [stderr]    Compiling num-complex v0.2.4
[INFO] [stderr]     Checking dlib v0.4.2
[INFO] [stderr]    Compiling num-bigint v0.3.0
[INFO] [stderr]     Checking wayland-sys v0.23.6
[INFO] [stderr]    Compiling num-rational v0.3.0
[INFO] [stderr]     Checking stb_truetype v0.3.1
[INFO] [stderr]    Compiling num-iter v0.1.41
[INFO] [stderr]    Compiling num-rational v0.2.4
[INFO] [stderr]    Compiling rayon v1.3.1
[INFO] [stderr]     Checking either v1.6.0
[INFO] [stderr]    Compiling quote v0.6.13
[INFO] [stderr]    Compiling proc-macro-hack v0.5.18
[INFO] [stderr]     Checking net2 v0.2.34
[INFO] [stderr]     Checking iovec v0.1.4
[INFO] [stderr]    Compiling wayland-scanner v0.23.6
[INFO] [stderr]    Compiling quote v1.0.7
[INFO] [stderr]     Checking num_cpus v1.13.0
[INFO] [stderr]    Compiling memchr v2.3.3
[INFO] [stderr]     Checking rand_core v0.5.1
[INFO] [stderr]    Compiling crc32fast v1.2.0
[INFO] [stderr]     Checking mio v0.6.22
[INFO] [stderr]     Checking rand_chacha v0.2.2
[INFO] [stderr]     Checking crossbeam-queue v0.2.3
[INFO] [stderr]     Checking miniz_oxide v0.3.7
[INFO] [stderr]    Compiling serde_json v1.0.57
[INFO] [stderr]     Checking rawpointer v0.2.1
[INFO] [stderr]     Checking rand v0.7.3
[INFO] [stderr]    Compiling pkg-config v0.3.18
[INFO] [stderr]     Checking lzw v0.10.0
[INFO] [stderr]    Compiling serde_derive v1.0.115
[INFO] [stderr]     Checking matrixmultiply v0.2.3
[INFO] [stderr]     Checking crossbeam-deque v0.7.3
[INFO] [stderr]     Checking walkdir v2.3.1
[INFO] [stderr]     Checking approx v0.3.2
[INFO] [stderr]     Checking ordered-float v1.1.0
[INFO] [stderr]     Checking line_drawing v0.7.0
[INFO] [stderr]     Checking mio-extras v2.0.6
[INFO] [stderr]     Checking deflate v0.8.6
[INFO] [stderr]     Checking generic-array v0.13.2
[INFO] [stderr]     Checking smallvec v1.4.2
[INFO] [stderr]     Checking rusttype v0.8.3
[INFO] [stderr]     Checking xdg v2.2.0
[INFO] [stderr]    Compiling x11-dl v2.18.5
[INFO] [stderr]    Compiling paste-impl v0.1.18
[INFO] [stderr]     Checking itoa v0.4.6
[INFO] [stderr]     Checking color_quant v1.0.1
[INFO] [stderr]     Checking parking_lot_core v0.7.2
[INFO] [stderr]     Checking rand_distr v0.2.2
[INFO] [stderr]     Checking rusttype v0.7.9
[INFO] [stderr]     Checking aho-corasick v0.7.13
[INFO] [stderr]     Checking png v0.16.7
[INFO] [stderr]     Checking tiff v0.5.0
[INFO] [stderr]     Checking gif v0.10.3
[INFO] [stderr]     Checking raw-window-handle v0.3.3
[INFO] [stderr]     Checking memmap v0.7.0
[INFO] [stderr]     Checking thread_local v1.0.1
[INFO] [stderr]     Checking lock_api v0.3.4
[INFO] [stderr]     Checking quick-error v1.2.3
[INFO] [stderr]     Checking scoped_threadpool v0.1.9
[INFO] [stderr]    Compiling anyhow v1.0.32
[INFO] [stderr]     Checking regex-syntax v0.6.18
[INFO] [stderr]     Checking bytemuck v1.3.1
[INFO] [stderr]     Checking andrew v0.2.1
[INFO] [stderr]     Checking humantime v1.3.0
[INFO] [stderr]     Checking parking_lot v0.10.2
[INFO] [stdout] error[E0308]: mismatched types
[INFO] [stdout]    --> /opt/rustwide/cargo-home/registry/src/index.crates.io-6f17d22bba15001f/num-bigint-0.3.0/src/biguint.rs:198:19
[INFO] [stdout]     |
[INFO] [stdout] 198 |         .div_ceil(&big_digit::BITS.into())
[INFO] [stdout]     |          -------- ^^^^^^^^^^^^^^^^^^^^^^^ expected `u64`, found `&_`
[INFO] [stdout]     |          |
[INFO] [stdout]     |          arguments to this method are incorrect
[INFO] [stdout]     |
[INFO] [stdout]     = note:   expected type `u64`
[INFO] [stdout]             found reference `&_`
[INFO] [stdout] note: method defined here
[INFO] [stdout]    --> /rustc/82e1608dfa6e0b5569232559e3d385fea5a93112/library/core/src/num/mod.rs:1169:5
[INFO] [stdout]     = note: this error originates in the macro `uint_impl` (in Nightly builds, run with -Z macro-backtrace for more info)
[INFO] [stdout] help: consider removing the borrow
[INFO] [stdout]     |
[INFO] [stdout] 198 -         .div_ceil(&big_digit::BITS.into())
[INFO] [stdout] 198 +         .div_ceil(big_digit::BITS.into())
[INFO] [stdout]     |
[INFO] [stdout] 
[INFO] [stdout] 
[INFO] [stderr]     Checking alga v0.9.3
[INFO] [stdout] error[E0308]: mismatched types
[INFO] [stdout]     --> /opt/rustwide/cargo-home/registry/src/index.crates.io-6f17d22bba15001f/num-bigint-0.3.0/src/biguint.rs:1700:50
[INFO] [stdout]      |
[INFO] [stdout] 1700 |             let root_scale = extra_bits.div_ceil(&n64);
[INFO] [stdout]      |                                         -------- ^^^^ expected `u64`, found `&u64`
[INFO] [stdout]      |                                         |
[INFO] [stdout]      |                                         arguments to this method are incorrect
[INFO] [stdout]      |
[INFO] [stdout] note: method defined here
[INFO] [stdout]     --> /rustc/82e1608dfa6e0b5569232559e3d385fea5a93112/library/core/src/num/mod.rs:1169:5
[INFO] [stdout]      = note: this error originates in the macro `uint_impl` (in Nightly builds, run with -Z macro-backtrace for more info)
[INFO] [stdout] help: consider removing the borrow
[INFO] [stdout]      |
[INFO] [stdout] 1700 -             let root_scale = extra_bits.div_ceil(&n64);
[INFO] [stdout] 1700 +             let root_scale = extra_bits.div_ceil(n64);
[INFO] [stdout]      |
[INFO] [stdout] 
[INFO] [stdout] 
[INFO] [stderr]     Checking num-complex v0.3.0
[INFO] [stdout] error[E0308]: mismatched types
[INFO] [stdout]     --> /opt/rustwide/cargo-home/registry/src/index.crates.io-6f17d22bba15001f/num-bigint-0.3.0/src/biguint.rs:2119:19
[INFO] [stdout]      |
[INFO] [stdout] 2119 |         .div_ceil(&u64::from(bits))
[INFO] [stdout]      |          -------- ^^^^^^^^^^^^^^^^ expected `u64`, found `&u64`
[INFO] [stdout]      |          |
[INFO] [stdout]      |          arguments to this method are incorrect
[INFO] [stdout]      |
[INFO] [stdout] note: method defined here
[INFO] [stdout]     --> /rustc/82e1608dfa6e0b5569232559e3d385fea5a93112/library/core/src/num/mod.rs:1169:5
[INFO] [stdout]      = note: this error originates in the macro `uint_impl` (in Nightly builds, run with -Z macro-backtrace for more info)
[INFO] [stdout] help: consider removing the borrow
[INFO] [stdout]      |
[INFO] [stdout] 2119 -         .div_ceil(&u64::from(bits))
[INFO] [stdout] 2119 +         .div_ceil(u64::from(bits))
[INFO] [stdout]      |
[INFO] [stdout] 
[INFO] [stdout] 
[INFO] [stdout] error[E0308]: mismatched types
[INFO] [stdout]     --> /opt/rustwide/cargo-home/registry/src/index.crates.io-6f17d22bba15001f/num-bigint-0.3.0/src/biguint.rs:2147:19
[INFO] [stdout]      |
[INFO] [stdout] 2147 |         .div_ceil(&u64::from(bits))
[INFO] [stdout]      |          -------- ^^^^^^^^^^^^^^^^ expected `u64`, found `&u64`
[INFO] [stdout]      |          |
[INFO] [stdout]      |          arguments to this method are incorrect
[INFO] [stdout]      |
[INFO] [stdout] note: method defined here
[INFO] [stdout]     --> /rustc/82e1608dfa6e0b5569232559e3d385fea5a93112/library/core/src/num/mod.rs:1169:5
[INFO] [stdout]      = note: this error originates in the macro `uint_impl` (in Nightly builds, run with -Z macro-backtrace for more info)
[INFO] [stdout] help: consider removing the borrow
[INFO] [stdout]      |
[INFO] [stdout] 2147 -         .div_ceil(&u64::from(bits))
[INFO] [stdout] 2147 +         .div_ceil(u64::from(bits))
[INFO] [stdout]      |
[INFO] [stdout] 
[INFO] [stdout] 
[INFO] [stdout] error: aborting due to 4 previous errors
[INFO] [stdout] 
[INFO] [stdout] 
[INFO] [stdout] For more information about this error, try `rustc --explain E0308`.
[INFO] [stdout] 
[INFO] [stderr] error: could not compile `num-bigint` (lib) due to 5 previous errors
[INFO] [stderr] warning: build failed, waiting for other jobs to finish...
[INFO] running `Command { std: "docker" "inspect" "c76091fbc4ff5c970bb630c6856c68a5f8c8ad0cc0eb121cff4161aac922a184", kill_on_drop: false }`
[INFO] running `Command { std: "docker" "rm" "-f" "c76091fbc4ff5c970bb630c6856c68a5f8c8ad0cc0eb121cff4161aac922a184", kill_on_drop: false }`
[INFO] [stdout] c76091fbc4ff5c970bb630c6856c68a5f8c8ad0cc0eb121cff4161aac922a184
[INFO] documenting Rexagon/vrs against beta-2023-12-22 for beta-1.76-rustdoc-1
[INFO] running `Command { std: "git" "clone" "/workspace/cache/git-repos/https%3A%2F%2Fgithub.com%2FRexagon%2Fvrs" "/workspace/builds/worker-2-tc2/source", kill_on_drop: false }`
[INFO] [stderr] Cloning into '/workspace/builds/worker-2-tc2/source'...
[INFO] [stderr] done.
[INFO] validating manifest of git repo https://github.com/Rexagon/vrs on toolchain beta-2023-12-22
[INFO] running `Command { std: CARGO_HOME="/workspace/cargo-home" RUSTUP_HOME="/workspace/rustup-home" "/workspace/cargo-home/bin/cargo" "+beta-2023-12-22" "metadata" "--manifest-path" "Cargo.toml" "--no-deps", kill_on_drop: false }`
[INFO] started tweaking git repo https://github.com/Rexagon/vrs
[INFO] finished tweaking git repo https://github.com/Rexagon/vrs
[INFO] tweaked toml for git repo https://github.com/Rexagon/vrs written to /workspace/builds/worker-2-tc2/source/Cargo.toml
[INFO] crate git repo https://github.com/Rexagon/vrs already has a lockfile, it will not be regenerated
[INFO] running `Command { std: CARGO_HOME="/workspace/cargo-home" RUSTUP_HOME="/workspace/rustup-home" "/workspace/cargo-home/bin/cargo" "+beta-2023-12-22" "fetch" "--manifest-path" "Cargo.toml", kill_on_drop: false }`
[INFO] running `Command { std: "docker" "create" "-v" "/var/lib/crater-agent-workspace/builds/worker-2-tc2/target:/opt/rustwide/target:rw,Z" "-v" "/var/lib/crater-agent-workspace/builds/worker-2-tc2/source:/opt/rustwide/workdir:ro,Z" "-v" "/var/lib/crater-agent-workspace/cargo-home:/opt/rustwide/cargo-home:ro,Z" "-v" "/var/lib/crater-agent-workspace/rustup-home:/opt/rustwide/rustup-home:ro,Z" "-e" "SOURCE_DIR=/opt/rustwide/workdir" "-e" "CARGO_TARGET_DIR=/opt/rustwide/target" "-e" "CARGO_HOME=/opt/rustwide/cargo-home" "-e" "RUSTUP_HOME=/opt/rustwide/rustup-home" "-w" "/opt/rustwide/workdir" "-m" "1610612736" "--user" "0:0" "--network" "none" "ghcr.io/rust-lang/crates-build-env/linux@sha256:2788e3201cd34a07e3172128adcd8b3090168a8e3bcc40d7c032b9dda1df7d1c" "/opt/rustwide/cargo-home/bin/cargo" "+beta-2023-12-22" "metadata" "--no-deps" "--format-version=1", kill_on_drop: false }`
[INFO] [stdout] 632852ab5bcb7e7262d10bb03761ffee1e31662095422532b5d2f9d18e83255e
[INFO] running `Command { std: "docker" "start" "-a" "632852ab5bcb7e7262d10bb03761ffee1e31662095422532b5d2f9d18e83255e", kill_on_drop: false }`
[INFO] running `Command { std: "docker" "inspect" "632852ab5bcb7e7262d10bb03761ffee1e31662095422532b5d2f9d18e83255e", kill_on_drop: false }`
[INFO] running `Command { std: "docker" "rm" "-f" "632852ab5bcb7e7262d10bb03761ffee1e31662095422532b5d2f9d18e83255e", kill_on_drop: false }`
[INFO] [stdout] 632852ab5bcb7e7262d10bb03761ffee1e31662095422532b5d2f9d18e83255e
[INFO] running `Command { std: "docker" "create" "-v" "/var/lib/crater-agent-workspace/builds/worker-2-tc2/target:/opt/rustwide/target:rw,Z" "-v" "/var/lib/crater-agent-workspace/builds/worker-2-tc2/source:/opt/rustwide/workdir:ro,Z" "-v" "/var/lib/crater-agent-workspace/cargo-home:/opt/rustwide/cargo-home:ro,Z" "-v" "/var/lib/crater-agent-workspace/rustup-home:/opt/rustwide/rustup-home:ro,Z" "-e" "SOURCE_DIR=/opt/rustwide/workdir" "-e" "CARGO_TARGET_DIR=/opt/rustwide/target" "-e" "CARGO_INCREMENTAL=0" "-e" "RUST_BACKTRACE=full" "-e" "RUSTFLAGS=--cap-lints=warn" "-e" "RUSTDOCFLAGS=--cap-lints=warn" "-e" "CARGO_HOME=/opt/rustwide/cargo-home" "-e" "RUSTUP_HOME=/opt/rustwide/rustup-home" "-w" "/opt/rustwide/workdir" "-m" "1610612736" "--user" "0:0" "--network" "none" "ghcr.io/rust-lang/crates-build-env/linux@sha256:2788e3201cd34a07e3172128adcd8b3090168a8e3bcc40d7c032b9dda1df7d1c" "/opt/rustwide/cargo-home/bin/cargo" "+beta-2023-12-22" "doc" "--frozen" "--no-deps" "--document-private-items" "--message-format=json", kill_on_drop: false }`
[INFO] [stdout] af13aee364c81b1e490f0311d0bcdd4558e8db7006e200714e20d8113e1b680e
[INFO] running `Command { std: "docker" "start" "-a" "af13aee364c81b1e490f0311d0bcdd4558e8db7006e200714e20d8113e1b680e", kill_on_drop: false }`
[INFO] [stderr]    Compiling autocfg v1.0.1
[INFO] [stderr]    Compiling libc v0.2.76
[INFO] [stderr]     Checking cfg-if v0.1.10
[INFO] [stderr]    Compiling libm v0.2.1
[INFO] [stderr]    Compiling byteorder v1.3.4
[INFO] [stderr]    Compiling bitflags v1.2.1
[INFO] [stderr]    Compiling maybe-uninit v2.0.0
[INFO] [stderr]    Compiling proc-macro2 v0.4.30
[INFO] [stderr]    Compiling unicode-xid v0.1.0
[INFO] [stderr]    Compiling libloading v0.6.2
[INFO] [stderr]    Compiling log v0.4.11
[INFO] [stderr]    Compiling xml-rs v0.8.3
[INFO] [stderr]    Compiling getrandom v0.1.14
[INFO] [stderr]    Compiling nix v0.14.1
[INFO] [stderr]    Compiling proc-macro2 v1.0.19
[INFO] [stderr]     Checking slab v0.4.2
[INFO] [stderr]     Checking void v1.0.2
[INFO] [stderr]    Compiling unicode-xid v0.2.1
[INFO] [stderr]    Compiling rayon-core v1.7.1
[INFO] [stderr]    Compiling syn v1.0.39
[INFO] [stderr]     Checking adler32 v1.2.0
[INFO] [stderr]     Checking lazycell v1.3.0
[INFO] [stderr]     Checking ppv-lite86 v0.2.9
[INFO] [stderr]    Compiling typenum v1.12.0
[INFO] [stderr]    Compiling proc-macro-hack v0.5.18
[INFO] [stderr]    Compiling crc32fast v1.2.0
[INFO] [stderr]    Compiling num-traits v0.2.12
[INFO] [stderr]    Compiling num-integer v0.1.43
[INFO] [stderr]    Compiling crossbeam-utils v0.7.2
[INFO] [stderr]    Compiling memoffset v0.5.5
[INFO] [stderr]    Compiling crossbeam-epoch v0.8.2
[INFO] [stderr]    Compiling num-complex v0.2.4
[INFO] [stderr]     Checking dlib v0.4.2
[INFO] [stderr]    Compiling num-bigint v0.3.0
[INFO] [stderr]     Checking wayland-sys v0.23.6
[INFO] [stderr]     Checking stb_truetype v0.3.1
[INFO] [stderr]    Compiling num-rational v0.3.0
[INFO] [stderr]    Compiling rayon v1.3.1
[INFO] [stderr]    Compiling num-iter v0.1.41
[INFO] [stderr]    Compiling num-rational v0.2.4
[INFO] [stderr]    Compiling memchr v2.3.3
[INFO] [stderr]    Compiling ryu v1.0.5
[INFO] [stderr]    Compiling quote v0.6.13
[INFO] [stderr]     Checking iovec v0.1.4
[INFO] [stderr]     Checking net2 v0.2.34
[INFO] [stderr]    Compiling wayland-scanner v0.23.6
[INFO] [stderr]    Compiling quote v1.0.7
[INFO] [stderr]     Checking rand_core v0.5.1
[INFO] [stderr]     Checking num_cpus v1.13.0
[INFO] [stderr]    Compiling serde v1.0.115
[INFO] [stderr]     Checking either v1.6.0
[INFO] [stderr]     Checking crossbeam-queue v0.2.3
[INFO] [stderr]     Checking mio v0.6.22
[INFO] [stderr]     Checking rand_chacha v0.2.2
[INFO] [stderr]     Checking miniz_oxide v0.3.7
[INFO] [stderr]    Compiling serde_derive v1.0.115
[INFO] [stderr]     Checking lzw v0.10.0
[INFO] [stderr]     Checking rawpointer v0.2.1
[INFO] [stderr]    Compiling pkg-config v0.3.18
[INFO] [stderr]     Checking crossbeam-deque v0.7.3
[INFO] [stderr]    Compiling serde_json v1.0.57
[INFO] [stderr]    Compiling paste-impl v0.1.18
[INFO] [stderr]     Checking rand v0.7.3
[INFO] [stderr]     Checking matrixmultiply v0.2.3
[INFO] [stderr]     Checking walkdir v2.3.1
[INFO] [stderr]     Checking approx v0.3.2
[INFO] [stderr]     Checking ordered-float v1.1.0
[INFO] [stderr]     Checking mio-extras v2.0.6
[INFO] [stderr]     Checking line_drawing v0.7.0
[INFO] [stderr]     Checking rusttype v0.8.3
[INFO] [stderr]     Checking deflate v0.8.6
[INFO] [stderr]     Checking generic-array v0.13.2
[INFO] [stderr]     Checking xdg v2.2.0
[INFO] [stderr]    Compiling x11-dl v2.18.5
[INFO] [stderr]     Checking color_quant v1.0.1
[INFO] [stderr]     Checking itoa v0.4.6
[INFO] [stderr]     Checking rusttype v0.7.9
[INFO] [stderr]     Checking smallvec v1.4.2
[INFO] [stderr]     Checking gif v0.10.3
[INFO] [stderr]     Checking paste v0.1.18
[INFO] [stderr]     Checking aho-corasick v0.7.13
[INFO] [stderr]     Checking tiff v0.5.0
[INFO] [stderr]     Checking rand_distr v0.2.2
[INFO] [stderr]     Checking simba v0.1.5
[INFO] [stderr]     Checking raw-window-handle v0.3.3
[INFO] [stderr]     Checking parking_lot_core v0.7.2
[INFO] [stderr]     Checking memmap v0.7.0
[INFO] [stderr]     Checking thread_local v1.0.1
[INFO] [stderr]     Checking lock_api v0.3.4
[INFO] [stderr]     Checking png v0.16.7
[INFO] [stderr]     Checking quick-error v1.2.3
[INFO] [stdout] error[E0308]: mismatched types
[INFO] [stdout]    --> /opt/rustwide/cargo-home/registry/src/index.crates.io-6f17d22bba15001f/num-bigint-0.3.0/src/biguint.rs:198:19
[INFO] [stdout]     |
[INFO] [stdout] 198 |         .div_ceil(&big_digit::BITS.into())
[INFO] [stdout]     |          -------- ^^^^^^^^^^^^^^^^^^^^^^^ expected `u64`, found `&_`
[INFO] [stdout]     |          |
[INFO] [stdout]     |          arguments to this method are incorrect
[INFO] [stdout]     |
[INFO] [stdout]     = note:   expected type `u64`
[INFO] [stdout]             found reference `&_`
[INFO] [stdout] note: method defined here
[INFO] [stdout]    --> /rustc/0e09125c6c3c2fd70d7de961bcf0e51575235fad/library/core/src/num/mod.rs:1169:5
[INFO] [stdout]     = note: this error originates in the macro `uint_impl` (in Nightly builds, run with -Z macro-backtrace for more info)
[INFO] [stdout] help: consider removing the borrow
[INFO] [stdout]     |
[INFO] [stdout] 198 -         .div_ceil(&big_digit::BITS.into())
[INFO] [stdout] 198 +         .div_ceil(big_digit::BITS.into())
[INFO] [stdout]     |
[INFO] [stdout] 
[INFO] [stdout] 
[INFO] [stderr]     Checking scoped_threadpool v0.1.9
[INFO] [stderr]    Compiling anyhow v1.0.32
[INFO] [stderr]     Checking bytemuck v1.3.1
[INFO] [stderr]     Checking regex-syntax v0.6.18
[INFO] [stderr]     Checking andrew v0.2.1
[INFO] [stdout] error[E0308]: mismatched types
[INFO] [stdout]     --> /opt/rustwide/cargo-home/registry/src/index.crates.io-6f17d22bba15001f/num-bigint-0.3.0/src/biguint.rs:1700:50
[INFO] [stdout]      |
[INFO] [stdout] 1700 |             let root_scale = extra_bits.div_ceil(&n64);
[INFO] [stdout]      |                                         -------- ^^^^ expected `u64`, found `&u64`
[INFO] [stdout]      |                                         |
[INFO] [stdout]      |                                         arguments to this method are incorrect
[INFO] [stdout]      |
[INFO] [stdout] note: method defined here
[INFO] [stdout]     --> /rustc/0e09125c6c3c2fd70d7de961bcf0e51575235fad/library/core/src/num/mod.rs:1169:5
[INFO] [stdout]      = note: this error originates in the macro `uint_impl` (in Nightly builds, run with -Z macro-backtrace for more info)
[INFO] [stdout] help: consider removing the borrow
[INFO] [stdout]      |
[INFO] [stdout] 1700 -             let root_scale = extra_bits.div_ceil(&n64);
[INFO] [stdout] 1700 +             let root_scale = extra_bits.div_ceil(n64);
[INFO] [stdout]      |
[INFO] [stdout] 
[INFO] [stdout] 
[INFO] [stderr]     Checking nalgebra v0.21.1
[INFO] [stdout] error[E0308]: mismatched types
[INFO] [stdout]     --> /opt/rustwide/cargo-home/registry/src/index.crates.io-6f17d22bba15001f/num-bigint-0.3.0/src/biguint.rs:2119:19
[INFO] [stdout]      |
[INFO] [stdout] 2119 |         .div_ceil(&u64::from(bits))
[INFO] [stdout]      |          -------- ^^^^^^^^^^^^^^^^ expected `u64`, found `&u64`
[INFO] [stdout]      |          |
[INFO] [stdout]      |          arguments to this method are incorrect
[INFO] [stdout]      |
[INFO] [stdout] note: method defined here
[INFO] [stdout]     --> /rustc/0e09125c6c3c2fd70d7de961bcf0e51575235fad/library/core/src/num/mod.rs:1169:5
[INFO] [stdout]      = note: this error originates in the macro `uint_impl` (in Nightly builds, run with -Z macro-backtrace for more info)
[INFO] [stdout] help: consider removing the borrow
[INFO] [stdout]      |
[INFO] [stdout] 2119 -         .div_ceil(&u64::from(bits))
[INFO] [stdout] 2119 +         .div_ceil(u64::from(bits))
[INFO] [stdout]      |
[INFO] [stdout] 
[INFO] [stdout] 
[INFO] [stdout] error[E0308]: mismatched types
[INFO] [stdout]     --> /opt/rustwide/cargo-home/registry/src/index.crates.io-6f17d22bba15001f/num-bigint-0.3.0/src/biguint.rs:2147:19
[INFO] [stdout]      |
[INFO] [stdout] 2147 |         .div_ceil(&u64::from(bits))
[INFO] [stdout]      |          -------- ^^^^^^^^^^^^^^^^ expected `u64`, found `&u64`
[INFO] [stdout]      |          |
[INFO] [stdout]      |          arguments to this method are incorrect
[INFO] [stdout]      |
[INFO] [stdout] note: method defined here
[INFO] [stdout]     --> /rustc/0e09125c6c3c2fd70d7de961bcf0e51575235fad/library/core/src/num/mod.rs:1169:5
[INFO] [stdout]      = note: this error originates in the macro `uint_impl` (in Nightly builds, run with -Z macro-backtrace for more info)
[INFO] [stdout] help: consider removing the borrow
[INFO] [stdout]      |
[INFO] [stdout] 2147 -         .div_ceil(&u64::from(bits))
[INFO] [stdout] 2147 +         .div_ceil(u64::from(bits))
[INFO] [stdout]      |
[INFO] [stdout] 
[INFO] [stdout] 
[INFO] [stderr]     Checking humantime v1.3.0
[INFO] [stdout] error: aborting due to 4 previous errors
[INFO] [stdout] 
[INFO] [stdout] 
[INFO] [stdout] For more information about this error, try `rustc --explain E0308`.
[INFO] [stdout] 
[INFO] [stderr] error: could not compile `num-bigint` (lib) due to 5 previous errors
[INFO] [stderr] warning: build failed, waiting for other jobs to finish...
[INFO] running `Command { std: "docker" "inspect" "af13aee364c81b1e490f0311d0bcdd4558e8db7006e200714e20d8113e1b680e", kill_on_drop: false }`
[INFO] running `Command { std: "docker" "rm" "-f" "af13aee364c81b1e490f0311d0bcdd4558e8db7006e200714e20d8113e1b680e", kill_on_drop: false }`
[INFO] [stdout] af13aee364c81b1e490f0311d0bcdd4558e8db7006e200714e20d8113e1b680e
