[INFO] cloning repository https://github.com/Revolt-save/vortex
[INFO] running `Command { std: "git" "-c" "credential.helper=" "-c" "credential.helper=/workspace/cargo-home/bin/git-credential-null" "clone" "--bare" "https://github.com/Revolt-save/vortex" "/workspace/cache/git-repos/https%3A%2F%2Fgithub.com%2FRevolt-save%2Fvortex", kill_on_drop: false }`
[INFO] [stderr] Cloning into bare repository '/workspace/cache/git-repos/https%3A%2F%2Fgithub.com%2FRevolt-save%2Fvortex'...
[INFO] running `Command { std: "git" "rev-parse" "HEAD", kill_on_drop: false }`
[INFO] [stdout] 997426ae23afbe0d95b0fe92740ddd645d9dba47
[INFO] documenting Revolt-save/vortex against 1.75.0 for beta-1.76-rustdoc-1
[INFO] running `Command { std: "git" "clone" "/workspace/cache/git-repos/https%3A%2F%2Fgithub.com%2FRevolt-save%2Fvortex" "/workspace/builds/worker-3-tc1/source", kill_on_drop: false }`
[INFO] [stderr] Cloning into '/workspace/builds/worker-3-tc1/source'...
[INFO] [stderr] done.
[INFO] validating manifest of git repo https://github.com/Revolt-save/vortex on toolchain 1.75.0
[INFO] running `Command { std: CARGO_HOME="/workspace/cargo-home" RUSTUP_HOME="/workspace/rustup-home" "/workspace/cargo-home/bin/cargo" "+1.75.0" "metadata" "--manifest-path" "Cargo.toml" "--no-deps", kill_on_drop: false }`
[INFO] started tweaking git repo https://github.com/Revolt-save/vortex
[INFO] finished tweaking git repo https://github.com/Revolt-save/vortex
[INFO] tweaked toml for git repo https://github.com/Revolt-save/vortex written to /workspace/builds/worker-3-tc1/source/Cargo.toml
[INFO] crate git repo https://github.com/Revolt-save/vortex already has a lockfile, it will not be regenerated
[INFO] running `Command { std: CARGO_HOME="/workspace/cargo-home" RUSTUP_HOME="/workspace/rustup-home" "/workspace/cargo-home/bin/cargo" "+1.75.0" "fetch" "--manifest-path" "Cargo.toml", kill_on_drop: false }`
[INFO] [stderr]     Updating crates.io index
[INFO] [stderr]  Downloading crates ...
[INFO] [stderr]   Downloaded event-listener-primitives v2.0.1
[INFO] [stderr]   Downloaded tokio-tungstenite v0.15.0
[INFO] [stderr]   Downloaded atomic-take v1.0.0
[INFO] [stderr]   Downloaded h264-profile-level-id v0.1.1
[INFO] [stderr]   Downloaded warp v0.3.2
[INFO] [stderr]   Downloaded tungstenite v0.14.0
[INFO] [stderr]   Downloaded bitpattern v0.1.0
[INFO] [stderr]   Downloaded mediasoup v0.9.2
[INFO] [stderr]   Downloaded mediasoup-sys v0.3.1
[INFO] running `Command { std: "docker" "create" "-v" "/var/lib/crater-agent-workspace/builds/worker-3-tc1/target:/opt/rustwide/target:rw,Z" "-v" "/var/lib/crater-agent-workspace/builds/worker-3-tc1/source:/opt/rustwide/workdir:ro,Z" "-v" "/var/lib/crater-agent-workspace/cargo-home:/opt/rustwide/cargo-home:ro,Z" "-v" "/var/lib/crater-agent-workspace/rustup-home:/opt/rustwide/rustup-home:ro,Z" "-e" "SOURCE_DIR=/opt/rustwide/workdir" "-e" "CARGO_TARGET_DIR=/opt/rustwide/target" "-e" "CARGO_HOME=/opt/rustwide/cargo-home" "-e" "RUSTUP_HOME=/opt/rustwide/rustup-home" "-w" "/opt/rustwide/workdir" "-m" "1610612736" "--user" "0:0" "--network" "none" "ghcr.io/rust-lang/crates-build-env/linux@sha256:2788e3201cd34a07e3172128adcd8b3090168a8e3bcc40d7c032b9dda1df7d1c" "/opt/rustwide/cargo-home/bin/cargo" "+1.75.0" "metadata" "--no-deps" "--format-version=1", kill_on_drop: false }`
[INFO] [stdout] b9e2d63ff55e5b5dcd218146076143924a81b2e33d1951371c322ef8c466f6dd
[INFO] running `Command { std: "docker" "start" "-a" "b9e2d63ff55e5b5dcd218146076143924a81b2e33d1951371c322ef8c466f6dd", kill_on_drop: false }`
[INFO] running `Command { std: "docker" "inspect" "b9e2d63ff55e5b5dcd218146076143924a81b2e33d1951371c322ef8c466f6dd", kill_on_drop: false }`
[INFO] running `Command { std: "docker" "rm" "-f" "b9e2d63ff55e5b5dcd218146076143924a81b2e33d1951371c322ef8c466f6dd", kill_on_drop: false }`
[INFO] [stdout] b9e2d63ff55e5b5dcd218146076143924a81b2e33d1951371c322ef8c466f6dd
[INFO] running `Command { std: "docker" "create" "-v" "/var/lib/crater-agent-workspace/builds/worker-3-tc1/target:/opt/rustwide/target:rw,Z" "-v" "/var/lib/crater-agent-workspace/builds/worker-3-tc1/source:/opt/rustwide/workdir:ro,Z" "-v" "/var/lib/crater-agent-workspace/cargo-home:/opt/rustwide/cargo-home:ro,Z" "-v" "/var/lib/crater-agent-workspace/rustup-home:/opt/rustwide/rustup-home:ro,Z" "-e" "SOURCE_DIR=/opt/rustwide/workdir" "-e" "CARGO_TARGET_DIR=/opt/rustwide/target" "-e" "CARGO_INCREMENTAL=0" "-e" "RUST_BACKTRACE=full" "-e" "RUSTFLAGS=--cap-lints=warn" "-e" "RUSTDOCFLAGS=--cap-lints=warn" "-e" "CARGO_HOME=/opt/rustwide/cargo-home" "-e" "RUSTUP_HOME=/opt/rustwide/rustup-home" "-w" "/opt/rustwide/workdir" "-m" "1610612736" "--user" "0:0" "--network" "none" "ghcr.io/rust-lang/crates-build-env/linux@sha256:2788e3201cd34a07e3172128adcd8b3090168a8e3bcc40d7c032b9dda1df7d1c" "/opt/rustwide/cargo-home/bin/cargo" "+1.75.0" "doc" "--frozen" "--no-deps" "--document-private-items" "--message-format=json", kill_on_drop: false }`
[INFO] [stdout] 9944d750695323b723787c93312db28718bacfe7a6033ef8894914d249090e46
[INFO] running `Command { std: "docker" "start" "-a" "9944d750695323b723787c93312db28718bacfe7a6033ef8894914d249090e46", kill_on_drop: false }`
[INFO] [stderr]    Compiling proc-macro2 v1.0.36
[INFO] [stderr]    Compiling syn v1.0.85
[INFO] [stderr]    Compiling libc v0.2.112
[INFO] [stderr]    Compiling memchr v2.4.1
[INFO] [stderr]    Compiling serde_derive v1.0.133
[INFO] [stderr]    Compiling log v0.4.14
[INFO] [stderr]    Compiling futures-core v0.3.19
[INFO] [stderr]    Compiling serde v1.0.133
[INFO] [stderr]     Checking futures-io v0.3.19
[INFO] [stderr]    Compiling typenum v1.15.0
[INFO] [stderr]     Checking once_cell v1.9.0
[INFO] [stderr]    Compiling generic-array v0.14.5
[INFO] [stderr]    Compiling futures-task v0.3.19
[INFO] [stderr]     Checking futures-sink v0.3.19
[INFO] [stderr]    Compiling futures-channel v0.3.19
[INFO] [stderr]     Checking http v0.2.6
[INFO] [stderr]    Compiling futures-util v0.3.19
[INFO] [stderr]    Compiling indexmap v1.8.0
[INFO] [stderr]    Compiling mime_guess v2.0.3
[INFO] [stderr]    Compiling paste-impl v0.1.18
[INFO] [stderr]    Compiling serde_json v1.0.74
[INFO] [stderr]    Compiling rustversion v1.0.6
[INFO] [stderr]     Checking concurrent-queue v1.2.2
[INFO] [stderr]     Checking safemem v0.3.3
[INFO] [stderr]     Checking parking v2.0.0
[INFO] [stderr]    Compiling mediasoup-sys v0.3.1
[INFO] [stderr]     Checking tracing v0.1.29
[INFO] [stderr]     Checking remove_dir_all v0.5.3
[INFO] [stderr]    Compiling unicode-segmentation v1.8.0
[INFO] [stderr]     Checking regex-syntax v0.6.25
[INFO] [stderr]     Checking waker-fn v1.1.0
[INFO] [stderr]    Compiling async-trait v0.1.52
[INFO] [stderr]     Checking event-listener v2.5.1
[INFO] [stderr]     Checking fastrand v1.6.0
[INFO] [stderr]     Checking want v0.3.0
[INFO] [stderr]     Checking futures-micro v0.5.0
[INFO] [stderr]     Checking nohash-hasher v0.2.0
[INFO] [stderr]     Checking async-task v4.0.3
[INFO] [stderr]     Checking aho-corasick v0.7.18
[INFO] [stderr]     Checking futures-lite v1.12.0
[INFO] [stderr]     Checking buf_redux v0.8.4
[INFO] [stderr]    Compiling quote v1.0.14
[INFO] [stderr]    Compiling heck v0.3.3
[INFO] [stderr]     Checking twoway v0.1.8
[INFO] [stderr]     Checking async-oneshot v0.5.0
[INFO] [stderr]    Compiling paste v0.1.18
[INFO] [stderr]     Checking async-channel v1.6.1
[INFO] [stderr] error: failed to run custom build command for `mediasoup-sys v0.3.1`
[INFO] [stderr] note: To improve backtraces for build dependencies, set the CARGO_PROFILE_DEV_BUILD_OVERRIDE_DEBUG=true environment variable to enable debug information generation.
[INFO] [stderr] 
[INFO] [stderr] Caused by:
[INFO] [stderr]   process didn't exit successfully: `/opt/rustwide/target/debug/build/mediasoup-sys-c1ae9983d9f51075/build-script-build` (exit status: 101)
[INFO] [stderr]   --- stdout
[INFO] [stderr]   cargo:rustc-link-search=native=/usr/lib/gcc/x86_64-linux-gnu/11/
[INFO] [stderr]   cargo:rustc-link-lib=static=stdc++
[INFO] [stderr]   # Updated pip and setuptools are needed for meson
[INFO] [stderr]   # `--system` is not present everywhere and is only needed as workaround for
[INFO] [stderr]   # Debian-specific issue (copied from
[INFO] [stderr]   # https://github.com/gluster/gstatus/pull/33), fallback to command without
[INFO] [stderr]   # `--system` if the first one fails.
[INFO] [stderr]   /usr/bin/python3 -m pip install --system --target=/opt/rustwide/target/debug/build/mediasoup-sys-5c9961c53f840adc/out/out/pip pip setuptools || \
[INFO] [stderr]   	/usr/bin/python3 -m pip install --target=/opt/rustwide/target/debug/build/mediasoup-sys-5c9961c53f840adc/out/out/pip pip setuptools || \
[INFO] [stderr]   	echo "Installation failed, likely because PIP is unavailable, if you are on Debian/Ubuntu or derivative please install the python3-pip package"
[INFO] [stderr]   Installation failed, likely because PIP is unavailable, if you are on Debian/Ubuntu or derivative please install the python3-pip package
[INFO] [stderr]   # Install `meson` and `ninja` using `pip` into custom location, so we don't
[INFO] [stderr]   # depend on system-wide installation.
[INFO] [stderr]   /usr/bin/python3 -m pip install --upgrade --target=/opt/rustwide/target/debug/build/mediasoup-sys-5c9961c53f840adc/out/out/pip  meson ninja
[INFO] [stderr] 
[INFO] [stderr]   --- stderr
[INFO] [stderr]   /usr/bin/python3: No module named pip
[INFO] [stderr]   /usr/bin/python3: No module named pip
[INFO] [stderr]   /usr/bin/python3: No module named pip
[INFO] [stderr]   make: *** [Makefile:64: meson-ninja] Error 1
[INFO] [stderr]   thread 'main' panicked at /opt/rustwide/cargo-home/registry/src/index.crates.io-6f17d22bba15001f/mediasoup-sys-0.3.1/build.rs:94:9:
[INFO] [stderr]   Failed to build libmediasoup-worker
[INFO] [stderr]   stack backtrace:
[INFO] [stderr]      0:     0x55dc7547fffc - std::backtrace_rs::backtrace::libunwind::trace::ha637c64ce894333a
[INFO] [stderr]                                  at /rustc/82e1608dfa6e0b5569232559e3d385fea5a93112/library/std/src/../../backtrace/src/backtrace/libunwind.rs:104:5
[INFO] [stderr]      1:     0x55dc7547fffc - std::backtrace_rs::backtrace::trace_unsynchronized::h47f62dea28e0c88d
[INFO] [stderr]                                  at /rustc/82e1608dfa6e0b5569232559e3d385fea5a93112/library/std/src/../../backtrace/src/backtrace/mod.rs:66:5
[INFO] [stderr]      2:     0x55dc7547fffc - std::sys_common::backtrace::_print_fmt::h9eef0abe20ede486
[INFO] [stderr]                                  at /rustc/82e1608dfa6e0b5569232559e3d385fea5a93112/library/std/src/sys_common/backtrace.rs:67:5
[INFO] [stderr]      3:     0x55dc7547fffc - <std::sys_common::backtrace::_print::DisplayBacktrace as core::fmt::Display>::fmt::hed7f999df88cc644
[INFO] [stderr]                                  at /rustc/82e1608dfa6e0b5569232559e3d385fea5a93112/library/std/src/sys_common/backtrace.rs:44:22
[INFO] [stderr]      4:     0x55dc754a3f70 - core::fmt::rt::Argument::fmt::h1539a9308b8d058d
[INFO] [stderr]                                  at /rustc/82e1608dfa6e0b5569232559e3d385fea5a93112/library/core/src/fmt/rt.rs:142:9
[INFO] [stderr]      5:     0x55dc754a3f70 - core::fmt::write::h3a39390d8560d9c9
[INFO] [stderr]                                  at /rustc/82e1608dfa6e0b5569232559e3d385fea5a93112/library/core/src/fmt/mod.rs:1120:17
[INFO] [stderr]      6:     0x55dc7547deaf - std::io::Write::write_fmt::h5fc9997dfe05f882
[INFO] [stderr]                                  at /rustc/82e1608dfa6e0b5569232559e3d385fea5a93112/library/std/src/io/mod.rs:1762:15
[INFO] [stderr]      7:     0x55dc7547fde4 - std::sys_common::backtrace::_print::h894006fb5c6f3d45
[INFO] [stderr]                                  at /rustc/82e1608dfa6e0b5569232559e3d385fea5a93112/library/std/src/sys_common/backtrace.rs:47:5
[INFO] [stderr]      8:     0x55dc7547fde4 - std::sys_common::backtrace::print::h23a2d212c6fff936
[INFO] [stderr]                                  at /rustc/82e1608dfa6e0b5569232559e3d385fea5a93112/library/std/src/sys_common/backtrace.rs:34:9
[INFO] [stderr]      9:     0x55dc75481487 - std::panicking::default_hook::{{closure}}::h8a1d2ee00185001a
[INFO] [stderr]     10:     0x55dc754811ef - std::panicking::default_hook::h6038f2eba384e475
[INFO] [stderr]                                  at /rustc/82e1608dfa6e0b5569232559e3d385fea5a93112/library/std/src/panicking.rs:292:9
[INFO] [stderr]     11:     0x55dc75481908 - std::panicking::rust_panic_with_hook::h2b5517d590cab22e
[INFO] [stderr]                                  at /rustc/82e1608dfa6e0b5569232559e3d385fea5a93112/library/std/src/panicking.rs:779:13
[INFO] [stderr]     12:     0x55dc7545cc1e - std::panicking::begin_panic::{{closure}}::h58ab3f2fe0d7da0b
[INFO] [stderr]     13:     0x55dc7545c6a6 - std::sys_common::backtrace::__rust_end_short_backtrace::h80e025de9b7b52c7
[INFO] [stderr]     14:     0x55dc7545cb97 - std::panicking::begin_panic::he8b54a1c687da76e
[INFO] [stderr]     15:     0x55dc7545f66b - build_script_build::main::hfc2dce09e4d9f23d
[INFO] [stderr]     16:     0x55dc75458423 - core::ops::function::FnOnce::call_once::h58a267fe62f45ea0
[INFO] [stderr]     17:     0x55dc7545c6b6 - std::sys_common::backtrace::__rust_begin_short_backtrace::hceff4425ea2255c5
[INFO] [stderr]     18:     0x55dc75458139 - std::rt::lang_start::{{closure}}::h518aba221f801a1b
[INFO] [stderr]     19:     0x55dc7547ac67 - core::ops::function::impls::<impl core::ops::function::FnOnce<A> for &F>::call_once::hd95060ecd5e1ca24
[INFO] [stderr]                                  at /rustc/82e1608dfa6e0b5569232559e3d385fea5a93112/library/core/src/ops/function.rs:284:13
[INFO] [stderr]     20:     0x55dc7547ac67 - std::panicking::try::do_call::h6e8cf51db32a6e4b
[INFO] [stderr]                                  at /rustc/82e1608dfa6e0b5569232559e3d385fea5a93112/library/std/src/panicking.rs:552:40
[INFO] [stderr]     21:     0x55dc7547ac67 - std::panicking::try::h3a52eefe24fe3c29
[INFO] [stderr]                                  at /rustc/82e1608dfa6e0b5569232559e3d385fea5a93112/library/std/src/panicking.rs:516:19
[INFO] [stderr]     22:     0x55dc7547ac67 - std::panic::catch_unwind::h24c28c23c02c3841
[INFO] [stderr]                                  at /rustc/82e1608dfa6e0b5569232559e3d385fea5a93112/library/std/src/panic.rs:142:14
[INFO] [stderr]     23:     0x55dc7547ac67 - std::rt::lang_start_internal::{{closure}}::h705d3c9cbc06ef47
[INFO] [stderr]                                  at /rustc/82e1608dfa6e0b5569232559e3d385fea5a93112/library/std/src/rt.rs:148:48
[INFO] [stderr]     24:     0x55dc7547ac67 - std::panicking::try::do_call::ha21f52ba13158470
[INFO] [stderr]                                  at /rustc/82e1608dfa6e0b5569232559e3d385fea5a93112/library/std/src/panicking.rs:552:40
[INFO] [stderr]     25:     0x55dc7547ac67 - std::panicking::try::h5581346bf6aeb1f8
[INFO] [stderr]                                  at /rustc/82e1608dfa6e0b5569232559e3d385fea5a93112/library/std/src/panicking.rs:516:19
[INFO] [stderr]     26:     0x55dc7547ac67 - std::panic::catch_unwind::h7919645a6b72e25b
[INFO] [stderr]                                  at /rustc/82e1608dfa6e0b5569232559e3d385fea5a93112/library/std/src/panic.rs:142:14
[INFO] [stderr]     27:     0x55dc7547ac67 - std::rt::lang_start_internal::h12de51168669836e
[INFO] [stderr]                                  at /rustc/82e1608dfa6e0b5569232559e3d385fea5a93112/library/std/src/rt.rs:148:20
[INFO] [stderr]     28:     0x55dc75458117 - std::rt::lang_start::hb50e24cda076d3a7
[INFO] [stderr]     29:     0x55dc7545ff25 - main
[INFO] [stderr]     30:     0x7f4f3fa2ad90 - <unknown>
[INFO] [stderr]     31:     0x7f4f3fa2ae40 - __libc_start_main
[INFO] [stderr]     32:     0x55dc75457925 - _start
[INFO] [stderr]     33:                0x0 - <unknown>
[INFO] [stderr] warning: build failed, waiting for other jobs to finish...
[INFO] running `Command { std: "docker" "inspect" "9944d750695323b723787c93312db28718bacfe7a6033ef8894914d249090e46", kill_on_drop: false }`
[INFO] running `Command { std: "docker" "rm" "-f" "9944d750695323b723787c93312db28718bacfe7a6033ef8894914d249090e46", kill_on_drop: false }`
[INFO] [stdout] 9944d750695323b723787c93312db28718bacfe7a6033ef8894914d249090e46
[INFO] documenting Revolt-save/vortex against beta-2023-12-22 for beta-1.76-rustdoc-1
[INFO] running `Command { std: "git" "clone" "/workspace/cache/git-repos/https%3A%2F%2Fgithub.com%2FRevolt-save%2Fvortex" "/workspace/builds/worker-3-tc2/source", kill_on_drop: false }`
[INFO] [stderr] Cloning into '/workspace/builds/worker-3-tc2/source'...
[INFO] [stderr] done.
[INFO] validating manifest of git repo https://github.com/Revolt-save/vortex on toolchain beta-2023-12-22
[INFO] running `Command { std: CARGO_HOME="/workspace/cargo-home" RUSTUP_HOME="/workspace/rustup-home" "/workspace/cargo-home/bin/cargo" "+beta-2023-12-22" "metadata" "--manifest-path" "Cargo.toml" "--no-deps", kill_on_drop: false }`
[INFO] started tweaking git repo https://github.com/Revolt-save/vortex
[INFO] finished tweaking git repo https://github.com/Revolt-save/vortex
[INFO] tweaked toml for git repo https://github.com/Revolt-save/vortex written to /workspace/builds/worker-3-tc2/source/Cargo.toml
[INFO] crate git repo https://github.com/Revolt-save/vortex already has a lockfile, it will not be regenerated
[INFO] running `Command { std: CARGO_HOME="/workspace/cargo-home" RUSTUP_HOME="/workspace/rustup-home" "/workspace/cargo-home/bin/cargo" "+beta-2023-12-22" "fetch" "--manifest-path" "Cargo.toml", kill_on_drop: false }`
[INFO] running `Command { std: "docker" "create" "-v" "/var/lib/crater-agent-workspace/builds/worker-3-tc2/target:/opt/rustwide/target:rw,Z" "-v" "/var/lib/crater-agent-workspace/builds/worker-3-tc2/source:/opt/rustwide/workdir:ro,Z" "-v" "/var/lib/crater-agent-workspace/cargo-home:/opt/rustwide/cargo-home:ro,Z" "-v" "/var/lib/crater-agent-workspace/rustup-home:/opt/rustwide/rustup-home:ro,Z" "-e" "SOURCE_DIR=/opt/rustwide/workdir" "-e" "CARGO_TARGET_DIR=/opt/rustwide/target" "-e" "CARGO_HOME=/opt/rustwide/cargo-home" "-e" "RUSTUP_HOME=/opt/rustwide/rustup-home" "-w" "/opt/rustwide/workdir" "-m" "1610612736" "--user" "0:0" "--network" "none" "ghcr.io/rust-lang/crates-build-env/linux@sha256:2788e3201cd34a07e3172128adcd8b3090168a8e3bcc40d7c032b9dda1df7d1c" "/opt/rustwide/cargo-home/bin/cargo" "+beta-2023-12-22" "metadata" "--no-deps" "--format-version=1", kill_on_drop: false }`
[INFO] [stdout] 7d5db3ffb381da2b7e9e3c7d0f7227ffec43127c4e2e29929abbed701ecd832a
[INFO] running `Command { std: "docker" "start" "-a" "7d5db3ffb381da2b7e9e3c7d0f7227ffec43127c4e2e29929abbed701ecd832a", kill_on_drop: false }`
[INFO] running `Command { std: "docker" "inspect" "7d5db3ffb381da2b7e9e3c7d0f7227ffec43127c4e2e29929abbed701ecd832a", kill_on_drop: false }`
[INFO] running `Command { std: "docker" "rm" "-f" "7d5db3ffb381da2b7e9e3c7d0f7227ffec43127c4e2e29929abbed701ecd832a", kill_on_drop: false }`
[INFO] [stdout] 7d5db3ffb381da2b7e9e3c7d0f7227ffec43127c4e2e29929abbed701ecd832a
[INFO] running `Command { std: "docker" "create" "-v" "/var/lib/crater-agent-workspace/builds/worker-3-tc2/target:/opt/rustwide/target:rw,Z" "-v" "/var/lib/crater-agent-workspace/builds/worker-3-tc2/source:/opt/rustwide/workdir:ro,Z" "-v" "/var/lib/crater-agent-workspace/cargo-home:/opt/rustwide/cargo-home:ro,Z" "-v" "/var/lib/crater-agent-workspace/rustup-home:/opt/rustwide/rustup-home:ro,Z" "-e" "SOURCE_DIR=/opt/rustwide/workdir" "-e" "CARGO_TARGET_DIR=/opt/rustwide/target" "-e" "CARGO_INCREMENTAL=0" "-e" "RUST_BACKTRACE=full" "-e" "RUSTFLAGS=--cap-lints=warn" "-e" "RUSTDOCFLAGS=--cap-lints=warn" "-e" "CARGO_HOME=/opt/rustwide/cargo-home" "-e" "RUSTUP_HOME=/opt/rustwide/rustup-home" "-w" "/opt/rustwide/workdir" "-m" "1610612736" "--user" "0:0" "--network" "none" "ghcr.io/rust-lang/crates-build-env/linux@sha256:2788e3201cd34a07e3172128adcd8b3090168a8e3bcc40d7c032b9dda1df7d1c" "/opt/rustwide/cargo-home/bin/cargo" "+beta-2023-12-22" "doc" "--frozen" "--no-deps" "--document-private-items" "--message-format=json", kill_on_drop: false }`
[INFO] [stdout] 6a7327188b49c3d59e8e0c830b4ef5974ea458c04fd00a67fe140fdd48b27f36
[INFO] running `Command { std: "docker" "start" "-a" "6a7327188b49c3d59e8e0c830b4ef5974ea458c04fd00a67fe140fdd48b27f36", kill_on_drop: false }`
[INFO] [stderr]    Compiling proc-macro2 v1.0.36
[INFO] [stderr]    Compiling syn v1.0.85
[INFO] [stderr]    Compiling libc v0.2.112
[INFO] [stderr]    Compiling memchr v2.4.1
[INFO] [stderr]    Compiling log v0.4.14
[INFO] [stderr]    Compiling serde_derive v1.0.133
[INFO] [stderr]    Compiling serde v1.0.133
[INFO] [stderr]    Compiling futures-core v0.3.19
[INFO] [stderr]     Checking futures-io v0.3.19
[INFO] [stderr]    Compiling typenum v1.15.0
[INFO] [stderr]     Checking once_cell v1.9.0
[INFO] [stderr]    Compiling generic-array v0.14.5
[INFO] [stderr]    Compiling futures-task v0.3.19
[INFO] [stderr]     Checking futures-sink v0.3.19
[INFO] [stderr]    Compiling futures-channel v0.3.19
[INFO] [stderr]     Checking http v0.2.6
[INFO] [stderr]    Compiling futures-util v0.3.19
[INFO] [stderr]    Compiling indexmap v1.8.0
[INFO] [stderr]    Compiling mime_guess v2.0.3
[INFO] [stderr]    Compiling paste-impl v0.1.18
[INFO] [stderr]    Compiling rustversion v1.0.6
[INFO] [stderr]    Compiling serde_json v1.0.74
[INFO] [stderr]     Checking concurrent-queue v1.2.2
[INFO] [stderr]    Compiling mediasoup-sys v0.3.1
[INFO] [stderr]     Checking parking v2.0.0
[INFO] [stderr]    Compiling unicode-segmentation v1.8.0
[INFO] [stderr]     Checking tracing v0.1.29
[INFO] [stderr]    Compiling async-trait v0.1.52
[INFO] [stderr]     Checking regex-syntax v0.6.25
[INFO] [stderr]     Checking event-listener v2.5.1
[INFO] [stderr]     Checking remove_dir_all v0.5.3
[INFO] [stderr]     Checking waker-fn v1.1.0
[INFO] [stderr]     Checking fastrand v1.6.0
[INFO] [stderr]     Checking safemem v0.3.3
[INFO] [stderr]     Checking want v0.3.0
[INFO] [stderr]     Checking aho-corasick v0.7.18
[INFO] [stderr]     Checking buf_redux v0.8.4
[INFO] [stderr]     Checking twoway v0.1.8
[INFO] [stderr]     Checking futures-micro v0.5.0
[INFO] [stderr]    Compiling heck v0.3.3
[INFO] [stderr]     Checking futures-lite v1.12.0
[INFO] [stderr]    Compiling quote v1.0.14
[INFO] [stderr]     Checking nohash-hasher v0.2.0
[INFO] [stderr]     Checking async-task v4.0.3
[INFO] [stderr]     Checking async-oneshot v0.5.0
[INFO] [stderr] error: failed to run custom build command for `mediasoup-sys v0.3.1`
[INFO] [stderr] note: To improve backtraces for build dependencies, set the CARGO_PROFILE_DEV_BUILD_OVERRIDE_DEBUG=true environment variable to enable debug information generation.
[INFO] [stderr] 
[INFO] [stderr] Caused by:
[INFO] [stderr]   process didn't exit successfully: `/opt/rustwide/target/debug/build/mediasoup-sys-3e06e9089dec851d/build-script-build` (exit status: 101)
[INFO] [stderr]   --- stdout
[INFO] [stderr]   cargo:rustc-link-search=native=/usr/lib/gcc/x86_64-linux-gnu/11/
[INFO] [stderr]   cargo:rustc-link-lib=static=stdc++
[INFO] [stderr]   # Updated pip and setuptools are needed for meson
[INFO] [stderr]   # `--system` is not present everywhere and is only needed as workaround for
[INFO] [stderr]   # Debian-specific issue (copied from
[INFO] [stderr]   # https://github.com/gluster/gstatus/pull/33), fallback to command without
[INFO] [stderr]   # `--system` if the first one fails.
[INFO] [stderr]   /usr/bin/python3 -m pip install --system --target=/opt/rustwide/target/debug/build/mediasoup-sys-f4daf0ea27b4b1f7/out/out/pip pip setuptools || \
[INFO] [stderr]   	/usr/bin/python3 -m pip install --target=/opt/rustwide/target/debug/build/mediasoup-sys-f4daf0ea27b4b1f7/out/out/pip pip setuptools || \
[INFO] [stderr]   	echo "Installation failed, likely because PIP is unavailable, if you are on Debian/Ubuntu or derivative please install the python3-pip package"
[INFO] [stderr]   Installation failed, likely because PIP is unavailable, if you are on Debian/Ubuntu or derivative please install the python3-pip package
[INFO] [stderr]   # Install `meson` and `ninja` using `pip` into custom location, so we don't
[INFO] [stderr]   # depend on system-wide installation.
[INFO] [stderr]   /usr/bin/python3 -m pip install --upgrade --target=/opt/rustwide/target/debug/build/mediasoup-sys-f4daf0ea27b4b1f7/out/out/pip  meson ninja
[INFO] [stderr] 
[INFO] [stderr]   --- stderr
[INFO] [stderr]   /usr/bin/python3: No module named pip
[INFO] [stderr]   /usr/bin/python3: No module named pip
[INFO] [stderr]   /usr/bin/python3: No module named pip
[INFO] [stderr]   make: *** [Makefile:64: meson-ninja] Error 1
[INFO] [stderr]   thread 'main' panicked at /opt/rustwide/cargo-home/registry/src/index.crates.io-6f17d22bba15001f/mediasoup-sys-0.3.1/build.rs:94:9:
[INFO] [stderr]   Failed to build libmediasoup-worker
[INFO] [stderr]   stack backtrace:
[INFO] [stderr]      0:     0x560b4d0ee1f6 - std::backtrace_rs::backtrace::libunwind::trace::h261606ad26a499c1
[INFO] [stderr]                                  at /rustc/0e09125c6c3c2fd70d7de961bcf0e51575235fad/library/std/src/../../backtrace/src/backtrace/libunwind.rs:104:5
[INFO] [stderr]      1:     0x560b4d0ee1f6 - std::backtrace_rs::backtrace::trace_unsynchronized::hd183f0625477fb28
[INFO] [stderr]                                  at /rustc/0e09125c6c3c2fd70d7de961bcf0e51575235fad/library/std/src/../../backtrace/src/backtrace/mod.rs:66:5
[INFO] [stderr]      2:     0x560b4d0ee1f6 - std::sys_common::backtrace::_print_fmt::hd7f8fef21b4eda67
[INFO] [stderr]                                  at /rustc/0e09125c6c3c2fd70d7de961bcf0e51575235fad/library/std/src/sys_common/backtrace.rs:68:5
[INFO] [stderr]      3:     0x560b4d0ee1f6 - <std::sys_common::backtrace::_print::DisplayBacktrace as core::fmt::Display>::fmt::h623d9b51f2f453f1
[INFO] [stderr]                                  at /rustc/0e09125c6c3c2fd70d7de961bcf0e51575235fad/library/std/src/sys_common/backtrace.rs:44:22
[INFO] [stderr]      4:     0x560b4d111490 - core::fmt::rt::Argument::fmt::h9f417ac76a86f368
[INFO] [stderr]                                  at /rustc/0e09125c6c3c2fd70d7de961bcf0e51575235fad/library/core/src/fmt/rt.rs:142:9
[INFO] [stderr]      5:     0x560b4d111490 - core::fmt::write::hc9b6faf4ac2aeff7
[INFO] [stderr]                                  at /rustc/0e09125c6c3c2fd70d7de961bcf0e51575235fad/library/core/src/fmt/mod.rs:1120:17
[INFO] [stderr]      6:     0x560b4d0ec1bf - std::io::Write::write_fmt::hfead1eee52c2e65e
[INFO] [stderr]                                  at /rustc/0e09125c6c3c2fd70d7de961bcf0e51575235fad/library/std/src/io/mod.rs:1810:15
[INFO] [stderr]      7:     0x560b4d0edfd4 - std::sys_common::backtrace::_print::hd5d66399c7df88a2
[INFO] [stderr]                                  at /rustc/0e09125c6c3c2fd70d7de961bcf0e51575235fad/library/std/src/sys_common/backtrace.rs:47:5
[INFO] [stderr]      8:     0x560b4d0edfd4 - std::sys_common::backtrace::print::he81ed2da642d37e5
[INFO] [stderr]                                  at /rustc/0e09125c6c3c2fd70d7de961bcf0e51575235fad/library/std/src/sys_common/backtrace.rs:34:9
[INFO] [stderr]      9:     0x560b4d0ef6c7 - std::panicking::default_hook::{{closure}}::h85773f4fa117163d
[INFO] [stderr]     10:     0x560b4d0ef429 - std::panicking::default_hook::h6a1694a91d09b278
[INFO] [stderr]                                  at /rustc/0e09125c6c3c2fd70d7de961bcf0e51575235fad/library/std/src/panicking.rs:292:9
[INFO] [stderr]     11:     0x560b4d0efb58 - std::panicking::rust_panic_with_hook::h0a7ad96e90f7145b
[INFO] [stderr]                                  at /rustc/0e09125c6c3c2fd70d7de961bcf0e51575235fad/library/std/src/panicking.rs:779:13
[INFO] [stderr]     12:     0x560b4d0c662e - std::panicking::begin_panic::{{closure}}::h937d834398ebeb81
[INFO] [stderr]     13:     0x560b4d0c60b6 - std::sys_common::backtrace::__rust_end_short_backtrace::h9693986086e910a8
[INFO] [stderr]     14:     0x560b4d0c65b7 - std::panicking::begin_panic::h7383777e2b62a38f
[INFO] [stderr]     15:     0x560b4d0c8c5b - build_script_build::main::heb0c10bed50d100d
[INFO] [stderr]     16:     0x560b4d0cbfc3 - core::ops::function::FnOnce::call_once::h16dccc0c4fec028c
[INFO] [stderr]     17:     0x560b4d0c60c6 - std::sys_common::backtrace::__rust_begin_short_backtrace::h47e0a44b10388820
[INFO] [stderr]     18:     0x560b4d0cbda9 - std::rt::lang_start::{{closure}}::h9db4d5419c76a6c0
[INFO] [stderr]     19:     0x560b4d0e8cf1 - core::ops::function::impls::<impl core::ops::function::FnOnce<A> for &F>::call_once::h4eb4c5e1620f29b0
[INFO] [stderr]                                  at /rustc/0e09125c6c3c2fd70d7de961bcf0e51575235fad/library/core/src/ops/function.rs:284:13
[INFO] [stderr]     20:     0x560b4d0e8cf1 - std::panicking::try::do_call::h73fd26535faffcdf
[INFO] [stderr]                                  at /rustc/0e09125c6c3c2fd70d7de961bcf0e51575235fad/library/std/src/panicking.rs:552:40
[INFO] [stderr]     21:     0x560b4d0e8cf1 - std::panicking::try::h77ff1d98f0fb9f39
[INFO] [stderr]                                  at /rustc/0e09125c6c3c2fd70d7de961bcf0e51575235fad/library/std/src/panicking.rs:516:19
[INFO] [stderr]     22:     0x560b4d0e8cf1 - std::panic::catch_unwind::hab3caf2448b95e37
[INFO] [stderr]                                  at /rustc/0e09125c6c3c2fd70d7de961bcf0e51575235fad/library/std/src/panic.rs:142:14
[INFO] [stderr]     23:     0x560b4d0e8cf1 - std::rt::lang_start_internal::{{closure}}::h8086711f9c783f78
[INFO] [stderr]                                  at /rustc/0e09125c6c3c2fd70d7de961bcf0e51575235fad/library/std/src/rt.rs:148:48
[INFO] [stderr]     24:     0x560b4d0e8cf1 - std::panicking::try::do_call::hf920d4dc291cd6ca
[INFO] [stderr]                                  at /rustc/0e09125c6c3c2fd70d7de961bcf0e51575235fad/library/std/src/panicking.rs:552:40
[INFO] [stderr]     25:     0x560b4d0e8cf1 - std::panicking::try::h2b806ccc0a85db74
[INFO] [stderr]                                  at /rustc/0e09125c6c3c2fd70d7de961bcf0e51575235fad/library/std/src/panicking.rs:516:19
[INFO] [stderr]     26:     0x560b4d0e8cf1 - std::panic::catch_unwind::h038489539c507df2
[INFO] [stderr]                                  at /rustc/0e09125c6c3c2fd70d7de961bcf0e51575235fad/library/std/src/panic.rs:142:14
[INFO] [stderr]     27:     0x560b4d0e8cf1 - std::rt::lang_start_internal::h28503b88912e8a5c
[INFO] [stderr]                                  at /rustc/0e09125c6c3c2fd70d7de961bcf0e51575235fad/library/std/src/rt.rs:148:20
[INFO] [stderr]     28:     0x560b4d0cbd87 - std::rt::lang_start::h405e8d90651fdde8
[INFO] [stderr]     29:     0x560b4d0c9515 - main
[INFO] [stderr]     30:     0x7f72e874fd90 - <unknown>
[INFO] [stderr]     31:     0x7f72e874fe40 - __libc_start_main
[INFO] [stderr]     32:     0x560b4d0c5925 - _start
[INFO] [stderr]     33:                0x0 - <unknown>
[INFO] [stderr] warning: build failed, waiting for other jobs to finish...
[INFO] running `Command { std: "docker" "inspect" "6a7327188b49c3d59e8e0c830b4ef5974ea458c04fd00a67fe140fdd48b27f36", kill_on_drop: false }`
[INFO] running `Command { std: "docker" "rm" "-f" "6a7327188b49c3d59e8e0c830b4ef5974ea458c04fd00a67fe140fdd48b27f36", kill_on_drop: false }`
[INFO] [stdout] 6a7327188b49c3d59e8e0c830b4ef5974ea458c04fd00a67fe140fdd48b27f36
