[INFO] cloning repository https://github.com/RevinderDev/microphone-muter
[INFO] running `Command { std: "git" "-c" "credential.helper=" "-c" "credential.helper=/workspace/cargo-home/bin/git-credential-null" "clone" "--bare" "https://github.com/RevinderDev/microphone-muter" "/workspace/cache/git-repos/https%3A%2F%2Fgithub.com%2FRevinderDev%2Fmicrophone-muter", kill_on_drop: false }`
[INFO] [stderr] Cloning into bare repository '/workspace/cache/git-repos/https%3A%2F%2Fgithub.com%2FRevinderDev%2Fmicrophone-muter'...
[INFO] running `Command { std: "git" "rev-parse" "HEAD", kill_on_drop: false }`
[INFO] [stdout] f79c2885ff917efba8a52b068091ad97ee2cfe75
[INFO] documenting RevinderDev/microphone-muter against 1.75.0 for beta-1.76-rustdoc-1
[INFO] running `Command { std: "git" "clone" "/workspace/cache/git-repos/https%3A%2F%2Fgithub.com%2FRevinderDev%2Fmicrophone-muter" "/workspace/builds/worker-2-tc1/source", kill_on_drop: false }`
[INFO] [stderr] Cloning into '/workspace/builds/worker-2-tc1/source'...
[INFO] [stderr] done.
[INFO] validating manifest of git repo https://github.com/RevinderDev/microphone-muter on toolchain 1.75.0
[INFO] running `Command { std: CARGO_HOME="/workspace/cargo-home" RUSTUP_HOME="/workspace/rustup-home" "/workspace/cargo-home/bin/cargo" "+1.75.0" "metadata" "--manifest-path" "Cargo.toml" "--no-deps", kill_on_drop: false }`
[INFO] started tweaking git repo https://github.com/RevinderDev/microphone-muter
[INFO] finished tweaking git repo https://github.com/RevinderDev/microphone-muter
[INFO] tweaked toml for git repo https://github.com/RevinderDev/microphone-muter written to /workspace/builds/worker-2-tc1/source/Cargo.toml
[INFO] crate git repo https://github.com/RevinderDev/microphone-muter already has a lockfile, it will not be regenerated
[INFO] running `Command { std: CARGO_HOME="/workspace/cargo-home" RUSTUP_HOME="/workspace/rustup-home" "/workspace/cargo-home/bin/cargo" "+1.75.0" "fetch" "--manifest-path" "Cargo.toml", kill_on_drop: false }`
[INFO] [stderr]     Updating crates.io index
[INFO] [stderr]  Downloading crates ...
[INFO] [stderr]   Downloaded embed-resource v2.4.0
[INFO] [stderr]   Downloaded padlock v0.2.0
[INFO] [stderr]   Downloaded toml v0.8.5
[INFO] [stderr]   Downloaded toml_edit v0.20.5
[INFO] [stderr]   Downloaded windows v0.36.1
[INFO] [stderr]   Downloaded tray-item v0.9.0
[INFO] [stderr]   Downloaded hookmap-core v0.2.1
[INFO] [stderr]   Downloaded hookmap v0.5.1
[INFO] running `Command { std: "docker" "create" "-v" "/var/lib/crater-agent-workspace/builds/worker-2-tc1/target:/opt/rustwide/target:rw,Z" "-v" "/var/lib/crater-agent-workspace/builds/worker-2-tc1/source:/opt/rustwide/workdir:ro,Z" "-v" "/var/lib/crater-agent-workspace/cargo-home:/opt/rustwide/cargo-home:ro,Z" "-v" "/var/lib/crater-agent-workspace/rustup-home:/opt/rustwide/rustup-home:ro,Z" "-e" "SOURCE_DIR=/opt/rustwide/workdir" "-e" "CARGO_TARGET_DIR=/opt/rustwide/target" "-e" "CARGO_HOME=/opt/rustwide/cargo-home" "-e" "RUSTUP_HOME=/opt/rustwide/rustup-home" "-w" "/opt/rustwide/workdir" "-m" "1610612736" "--user" "0:0" "--network" "none" "ghcr.io/rust-lang/crates-build-env/linux@sha256:2788e3201cd34a07e3172128adcd8b3090168a8e3bcc40d7c032b9dda1df7d1c" "/opt/rustwide/cargo-home/bin/cargo" "+1.75.0" "metadata" "--no-deps" "--format-version=1", kill_on_drop: false }`
[INFO] [stdout] 96b5dfd3d387643c071b2aaa3fead6d381ded14bd966bf350b4e097ac08a144f
[INFO] running `Command { std: "docker" "start" "-a" "96b5dfd3d387643c071b2aaa3fead6d381ded14bd966bf350b4e097ac08a144f", kill_on_drop: false }`
[INFO] running `Command { std: "docker" "inspect" "96b5dfd3d387643c071b2aaa3fead6d381ded14bd966bf350b4e097ac08a144f", kill_on_drop: false }`
[INFO] running `Command { std: "docker" "rm" "-f" "96b5dfd3d387643c071b2aaa3fead6d381ded14bd966bf350b4e097ac08a144f", kill_on_drop: false }`
[INFO] [stdout] 96b5dfd3d387643c071b2aaa3fead6d381ded14bd966bf350b4e097ac08a144f
[INFO] running `Command { std: "docker" "create" "-v" "/var/lib/crater-agent-workspace/builds/worker-2-tc1/target:/opt/rustwide/target:rw,Z" "-v" "/var/lib/crater-agent-workspace/builds/worker-2-tc1/source:/opt/rustwide/workdir:ro,Z" "-v" "/var/lib/crater-agent-workspace/cargo-home:/opt/rustwide/cargo-home:ro,Z" "-v" "/var/lib/crater-agent-workspace/rustup-home:/opt/rustwide/rustup-home:ro,Z" "-e" "SOURCE_DIR=/opt/rustwide/workdir" "-e" "CARGO_TARGET_DIR=/opt/rustwide/target" "-e" "CARGO_INCREMENTAL=0" "-e" "RUST_BACKTRACE=full" "-e" "RUSTFLAGS=--cap-lints=warn" "-e" "RUSTDOCFLAGS=--cap-lints=warn" "-e" "CARGO_HOME=/opt/rustwide/cargo-home" "-e" "RUSTUP_HOME=/opt/rustwide/rustup-home" "-w" "/opt/rustwide/workdir" "-m" "1610612736" "--user" "0:0" "--network" "none" "ghcr.io/rust-lang/crates-build-env/linux@sha256:2788e3201cd34a07e3172128adcd8b3090168a8e3bcc40d7c032b9dda1df7d1c" "/opt/rustwide/cargo-home/bin/cargo" "+1.75.0" "doc" "--frozen" "--no-deps" "--document-private-items" "--message-format=json", kill_on_drop: false }`
[INFO] [stdout] d1d931e575e7ca25df4b4435adf689e41f406bfd09fec88b71a496d9171e462c
[INFO] running `Command { std: "docker" "start" "-a" "d1d931e575e7ca25df4b4435adf689e41f406bfd09fec88b71a496d9171e462c", kill_on_drop: false }`
[INFO] [stderr]    Compiling proc-macro2 v1.0.69
[INFO] [stderr]     Checking cfg-if v1.0.0
[INFO] [stderr]    Compiling libc v0.2.149
[INFO] [stderr]    Compiling unicode-ident v1.0.12
[INFO] [stderr]    Compiling serde v1.0.190
[INFO] [stderr]     Checking bitflags v1.3.2
[INFO] [stderr]    Compiling autocfg v1.1.0
[INFO] [stderr]    Compiling semver v1.0.20
[INFO] [stderr]    Compiling equivalent v1.0.1
[INFO] [stderr]    Compiling hashbrown v0.14.2
[INFO] [stderr]    Compiling pkg-config v0.3.27
[INFO] [stderr]    Compiling lock_api v0.4.11
[INFO] [stderr]    Compiling parking_lot_core v0.9.9
[INFO] [stderr]     Checking lazy_static v1.4.0
[INFO] [stderr]    Compiling syn v1.0.109
[INFO] [stderr]     Checking log v0.4.20
[INFO] [stderr]    Compiling windows_x86_64_gnu v0.48.5
[INFO] [stderr]    Compiling alsa-sys v0.3.1
[INFO] [stderr]     Checking bytemuck v1.14.0
[INFO] [stderr]    Compiling indexmap v2.0.2
[INFO] [stderr]    Compiling winnow v0.5.17
[INFO] [stderr]    Compiling quote v1.0.33
[INFO] [stderr]     Checking arrayvec v0.7.4
[INFO] [stderr]     Checking symphonia-core v0.5.3
[INFO] [stderr]     Checking encoding_rs v0.8.33
[INFO] [stderr]     Checking utf8parse v0.2.1
[INFO] [stderr]     Checking scopeguard v1.2.0
[INFO] [stderr]     Checking smallvec v1.11.1
[INFO] [stderr]     Checking anstyle-parse v0.2.2
[INFO] [stderr]    Compiling cc v1.0.83
[INFO] [stderr]     Checking nix v0.24.3
[INFO] [stderr]    Compiling rustc_version v0.4.0
[INFO] [stderr]     Checking byteorder v1.5.0
[INFO] [stderr]     Checking anstyle-query v1.0.0
[INFO] [stderr]     Checking anstyle v1.0.4
[INFO] [stderr]     Checking tinyvec_macros v0.1.1
[INFO] [stderr]    Compiling cpal v0.15.2
[INFO] [stderr]     Checking colorchoice v1.0.0
[INFO] [stderr]     Checking ogg v0.8.0
[INFO] [stderr]     Checking anstream v0.6.4
[INFO] [stderr]     Checking symphonia-metadata v0.5.3
[INFO] [stderr]     Checking tinyvec v1.6.0
[INFO] [stderr]     Checking windows-targets v0.48.5
[INFO] [stderr]     Checking alsa v0.7.1
[INFO] [stderr]     Checking parking_lot v0.12.1
[INFO] [stderr]     Checking symphonia-bundle-mp3 v0.5.3
[INFO] [stderr]    Compiling syn v2.0.38
[INFO] [stderr]     Checking strsim v0.10.0
[INFO] [stderr]    Compiling heck v0.4.1
[INFO] [stderr]     Checking clap_lex v0.5.1
[INFO] [stderr]     Checking once_cell v1.18.0
[INFO] [stderr]     Checking dasp_sample v0.11.0
[INFO] [stderr]     Checking clap_builder v4.4.6
[INFO] [stderr]     Checking symphonia v0.5.3
[INFO] [stderr]     Checking lewton v0.10.2
[INFO] [stderr]     Checking windows-core v0.51.1
[INFO] [stderr]     Checking hound v3.5.1
[INFO] [stderr]     Checking claxon v0.4.3
[INFO] [stderr]    Compiling serde_spanned v0.6.4
[INFO] [stderr]    Compiling toml_datetime v0.6.5
[INFO] [stderr]     Checking tray-item v0.9.0
[INFO] [stdout] error[E0433]: failed to resolve: could not find `TrayItemImpl` in `api`
[INFO] [stdout]   --> /opt/rustwide/cargo-home/registry/src/index.crates.io-6f17d22bba15001f/tray-item-0.9.0/src/lib.rs:30:22
[INFO] [stdout]    |
[INFO] [stdout] 30 |         Ok(Self(api::TrayItemImpl::new(title, icon)?))
[INFO] [stdout]    |                      ^^^^^^^^^^^^ could not find `TrayItemImpl` in `api`
[INFO] [stdout] 
[INFO] [stdout] 
[INFO] [stdout] error[E0412]: cannot find type `TrayItemImpl` in module `api`
[INFO] [stdout]   --> /opt/rustwide/cargo-home/registry/src/index.crates.io-6f17d22bba15001f/tray-item-0.9.0/src/lib.rs:5:26
[INFO] [stdout]    |
[INFO] [stdout] 5  | pub struct TrayItem(api::TrayItemImpl);
[INFO] [stdout]    |                          ^^^^^^^^^^^^ not found in `api`
[INFO] [stdout]    |
[INFO] [stdout] note: found an item that was configured out
[INFO] [stdout]   --> /opt/rustwide/cargo-home/registry/src/index.crates.io-6f17d22bba15001f/tray-item-0.9.0/src/api/mod.rs:15:10
[INFO] [stdout]    |
[INFO] [stdout] 15 | pub type TrayItemImpl = linux_ksni::TrayItemLinux;
[INFO] [stdout]    |          ^^^^^^^^^^^^
[INFO] [stdout] note: found an item that was configured out
[INFO] [stdout]   --> /opt/rustwide/cargo-home/registry/src/index.crates.io-6f17d22bba15001f/tray-item-0.9.0/src/api/mod.rs:18:10
[INFO] [stdout]    |
[INFO] [stdout] 18 | pub type TrayItemImpl = linux_libappindicator::TrayItemLinux;
[INFO] [stdout]    |          ^^^^^^^^^^^^
[INFO] [stdout] note: found an item that was configured out
[INFO] [stdout]   --> /opt/rustwide/cargo-home/registry/src/index.crates.io-6f17d22bba15001f/tray-item-0.9.0/src/api/mod.rs:21:10
[INFO] [stdout]    |
[INFO] [stdout] 21 | pub type TrayItemImpl = windows::TrayItemWindows;
[INFO] [stdout]    |          ^^^^^^^^^^^^
[INFO] [stdout]    = note: the item is gated behind the `windows` feature
[INFO] [stdout] note: found an item that was configured out
[INFO] [stdout]   --> /opt/rustwide/cargo-home/registry/src/index.crates.io-6f17d22bba15001f/tray-item-0.9.0/src/api/mod.rs:24:10
[INFO] [stdout]    |
[INFO] [stdout] 24 | pub type TrayItemImpl = macos::TrayItemMacOS;
[INFO] [stdout]    |          ^^^^^^^^^^^^
[INFO] [stdout]    = note: the item is gated behind the `macos` feature
[INFO] [stdout] 
[INFO] [stdout] 
[INFO] [stdout] error[E0412]: cannot find type `TrayItemImpl` in module `api`
[INFO] [stdout]   --> /opt/rustwide/cargo-home/registry/src/index.crates.io-6f17d22bba15001f/tray-item-0.9.0/src/lib.rs:48:46
[INFO] [stdout]    |
[INFO] [stdout] 48 |     pub fn inner_mut(&mut self) -> &mut api::TrayItemImpl {
[INFO] [stdout]    |                                              ^^^^^^^^^^^^ not found in `api`
[INFO] [stdout]    |
[INFO] [stdout] note: found an item that was configured out
[INFO] [stdout]   --> /opt/rustwide/cargo-home/registry/src/index.crates.io-6f17d22bba15001f/tray-item-0.9.0/src/api/mod.rs:15:10
[INFO] [stdout]    |
[INFO] [stdout] 15 | pub type TrayItemImpl = linux_ksni::TrayItemLinux;
[INFO] [stdout]    |          ^^^^^^^^^^^^
[INFO] [stdout] note: found an item that was configured out
[INFO] [stdout]   --> /opt/rustwide/cargo-home/registry/src/index.crates.io-6f17d22bba15001f/tray-item-0.9.0/src/api/mod.rs:18:10
[INFO] [stdout]    |
[INFO] [stdout] 18 | pub type TrayItemImpl = linux_libappindicator::TrayItemLinux;
[INFO] [stdout]    |          ^^^^^^^^^^^^
[INFO] [stdout] note: found an item that was configured out
[INFO] [stdout]   --> /opt/rustwide/cargo-home/registry/src/index.crates.io-6f17d22bba15001f/tray-item-0.9.0/src/api/mod.rs:21:10
[INFO] [stdout]    |
[INFO] [stdout] 21 | pub type TrayItemImpl = windows::TrayItemWindows;
[INFO] [stdout]    |          ^^^^^^^^^^^^
[INFO] [stdout]    = note: the item is gated behind the `windows` feature
[INFO] [stdout] note: found an item that was configured out
[INFO] [stdout]   --> /opt/rustwide/cargo-home/registry/src/index.crates.io-6f17d22bba15001f/tray-item-0.9.0/src/api/mod.rs:24:10
[INFO] [stdout]    |
[INFO] [stdout] 24 | pub type TrayItemImpl = macos::TrayItemMacOS;
[INFO] [stdout]    |          ^^^^^^^^^^^^
[INFO] [stdout]    = note: the item is gated behind the `macos` feature
[INFO] [stdout] 
[INFO] [stdout] 
[INFO] [stderr] error: could not compile `tray-item` (lib) due to 4 previous errors
[INFO] [stdout] error: aborting due to 3 previous errors
[INFO] [stdout] 
[INFO] [stdout] 
[INFO] [stderr] warning: build failed, waiting for other jobs to finish...
[INFO] [stdout] Some errors have detailed explanations: E0412, E0433.
[INFO] [stdout] 
[INFO] [stdout] For more information about an error, try `rustc --explain E0412`.
[INFO] [stdout] 
[INFO] running `Command { std: "docker" "inspect" "d1d931e575e7ca25df4b4435adf689e41f406bfd09fec88b71a496d9171e462c", kill_on_drop: false }`
[INFO] running `Command { std: "docker" "rm" "-f" "d1d931e575e7ca25df4b4435adf689e41f406bfd09fec88b71a496d9171e462c", kill_on_drop: false }`
[INFO] [stdout] d1d931e575e7ca25df4b4435adf689e41f406bfd09fec88b71a496d9171e462c
