[INFO] cloning repository https://github.com/Rev1le/recloud
[INFO] running `Command { std: "git" "-c" "credential.helper=" "-c" "credential.helper=/workspace/cargo-home/bin/git-credential-null" "clone" "--bare" "https://github.com/Rev1le/recloud" "/workspace/cache/git-repos/https%3A%2F%2Fgithub.com%2FRev1le%2Frecloud", kill_on_drop: false }`
[INFO] [stderr] Cloning into bare repository '/workspace/cache/git-repos/https%3A%2F%2Fgithub.com%2FRev1le%2Frecloud'...
[INFO] running `Command { std: "git" "rev-parse" "HEAD", kill_on_drop: false }`
[INFO] [stdout] 5f990ecd8c9e6ba03d55bcfb6c0f1af5a0b32d8b
[INFO] documenting Rev1le/recloud against 1.75.0 for beta-1.76-rustdoc-1
[INFO] running `Command { std: "git" "clone" "/workspace/cache/git-repos/https%3A%2F%2Fgithub.com%2FRev1le%2Frecloud" "/workspace/builds/worker-4-tc1/source", kill_on_drop: false }`
[INFO] [stderr] Cloning into '/workspace/builds/worker-4-tc1/source'...
[INFO] [stderr] done.
[INFO] validating manifest of git repo https://github.com/Rev1le/recloud on toolchain 1.75.0
[INFO] running `Command { std: CARGO_HOME="/workspace/cargo-home" RUSTUP_HOME="/workspace/rustup-home" "/workspace/cargo-home/bin/cargo" "+1.75.0" "metadata" "--manifest-path" "Cargo.toml" "--no-deps", kill_on_drop: false }`
[INFO] started tweaking git repo https://github.com/Rev1le/recloud
[INFO] finished tweaking git repo https://github.com/Rev1le/recloud
[INFO] tweaked toml for git repo https://github.com/Rev1le/recloud written to /workspace/builds/worker-4-tc1/source/Cargo.toml
[INFO] crate git repo https://github.com/Rev1le/recloud already has a lockfile, it will not be regenerated
[INFO] running `Command { std: CARGO_HOME="/workspace/cargo-home" RUSTUP_HOME="/workspace/rustup-home" "/workspace/cargo-home/bin/cargo" "+1.75.0" "fetch" "--manifest-path" "Cargo.toml", kill_on_drop: false }`
[INFO] running `Command { std: "docker" "create" "-v" "/var/lib/crater-agent-workspace/builds/worker-4-tc1/target:/opt/rustwide/target:rw,Z" "-v" "/var/lib/crater-agent-workspace/builds/worker-4-tc1/source:/opt/rustwide/workdir:ro,Z" "-v" "/var/lib/crater-agent-workspace/cargo-home:/opt/rustwide/cargo-home:ro,Z" "-v" "/var/lib/crater-agent-workspace/rustup-home:/opt/rustwide/rustup-home:ro,Z" "-e" "SOURCE_DIR=/opt/rustwide/workdir" "-e" "CARGO_TARGET_DIR=/opt/rustwide/target" "-e" "CARGO_HOME=/opt/rustwide/cargo-home" "-e" "RUSTUP_HOME=/opt/rustwide/rustup-home" "-w" "/opt/rustwide/workdir" "-m" "1610612736" "--user" "0:0" "--network" "none" "ghcr.io/rust-lang/crates-build-env/linux@sha256:2788e3201cd34a07e3172128adcd8b3090168a8e3bcc40d7c032b9dda1df7d1c" "/opt/rustwide/cargo-home/bin/cargo" "+1.75.0" "metadata" "--no-deps" "--format-version=1", kill_on_drop: false }`
[INFO] [stdout] 35c8195b923e917322f6c9742d33bc502c33dfdbae3934b3b391580f804d7761
[INFO] running `Command { std: "docker" "start" "-a" "35c8195b923e917322f6c9742d33bc502c33dfdbae3934b3b391580f804d7761", kill_on_drop: false }`
[INFO] running `Command { std: "docker" "inspect" "35c8195b923e917322f6c9742d33bc502c33dfdbae3934b3b391580f804d7761", kill_on_drop: false }`
[INFO] running `Command { std: "docker" "rm" "-f" "35c8195b923e917322f6c9742d33bc502c33dfdbae3934b3b391580f804d7761", kill_on_drop: false }`
[INFO] [stdout] 35c8195b923e917322f6c9742d33bc502c33dfdbae3934b3b391580f804d7761
[INFO] running `Command { std: "docker" "create" "-v" "/var/lib/crater-agent-workspace/builds/worker-4-tc1/target:/opt/rustwide/target:rw,Z" "-v" "/var/lib/crater-agent-workspace/builds/worker-4-tc1/source:/opt/rustwide/workdir:ro,Z" "-v" "/var/lib/crater-agent-workspace/cargo-home:/opt/rustwide/cargo-home:ro,Z" "-v" "/var/lib/crater-agent-workspace/rustup-home:/opt/rustwide/rustup-home:ro,Z" "-e" "SOURCE_DIR=/opt/rustwide/workdir" "-e" "CARGO_TARGET_DIR=/opt/rustwide/target" "-e" "CARGO_INCREMENTAL=0" "-e" "RUST_BACKTRACE=full" "-e" "RUSTFLAGS=--cap-lints=warn" "-e" "RUSTDOCFLAGS=--cap-lints=warn" "-e" "CARGO_HOME=/opt/rustwide/cargo-home" "-e" "RUSTUP_HOME=/opt/rustwide/rustup-home" "-w" "/opt/rustwide/workdir" "-m" "1610612736" "--user" "0:0" "--network" "none" "ghcr.io/rust-lang/crates-build-env/linux@sha256:2788e3201cd34a07e3172128adcd8b3090168a8e3bcc40d7c032b9dda1df7d1c" "/opt/rustwide/cargo-home/bin/cargo" "+1.75.0" "doc" "--frozen" "--no-deps" "--document-private-items" "--message-format=json", kill_on_drop: false }`
[INFO] [stdout] 0e2d79dea2765765175f1e8b31fa664c5840b0e3184c40cd7f99c9b9f52f2016
[INFO] running `Command { std: "docker" "start" "-a" "0e2d79dea2765765175f1e8b31fa664c5840b0e3184c40cd7f99c9b9f52f2016", kill_on_drop: false }`
[INFO] [stderr]    Compiling proc-macro2 v1.0.60
[INFO] [stderr]    Compiling unicode-ident v1.0.9
[INFO] [stderr]    Compiling quote v1.0.28
[INFO] [stderr]    Compiling libc v0.2.146
[INFO] [stderr]    Compiling serde v1.0.164
[INFO] [stderr]    Compiling serde_json v1.0.96
[INFO] [stderr]    Compiling recloud v0.1.0 (/opt/rustwide/workdir)
[INFO] [stderr]     Checking md5 v0.7.0
[INFO] [stdout] warning: unused doc comment
[INFO] [stdout]  --> build.rs:2:5
[INFO] [stdout]   |
[INFO] [stdout] 2 |     /// Подлючение **TDlib** *dll* файлов
[INFO] [stdout]   |     ^^^^^^^^^^^^^^^^^^^^^^^^^^^^^^^^^^^^^ rustdoc does not generate documentation for macro invocations
[INFO] [stdout]   |
[INFO] [stdout]   = help: to document an item produced by a macro, the macro must produce the documentation as part of its expansion
[INFO] [stdout]   = note: `#[warn(unused_doc_comments)]` on by default
[INFO] [stdout] 
[INFO] [stdout] 
[INFO] [stdout] warning: 1 warning emitted
[INFO] [stdout] 
[INFO] [stdout] 
[INFO] [stderr]    Compiling syn v2.0.18
[INFO] [stderr]     Checking getrandom v0.2.10
[INFO] [stderr]     Checking uuid v1.3.3
[INFO] [stderr]    Compiling serde_derive v1.0.164
[INFO] [stderr]  Documenting recloud v0.1.0 (/opt/rustwide/workdir)
[INFO] [stdout] warning: unused import: `Value`
[INFO] [stdout]  --> src/core/authentication.rs:2:18
[INFO] [stdout]   |
[INFO] [stdout] 2 | use serde_json::{Value, json};
[INFO] [stdout]   |                  ^^^^^
[INFO] [stdout]   |
[INFO] [stdout]   = note: `#[warn(unused_imports)]` on by default
[INFO] [stdout] 
[INFO] [stdout] 
[INFO] [stdout] warning: unused import: `super::TDApp`
[INFO] [stdout]  --> src/core/authentication.rs:3:5
[INFO] [stdout]   |
[INFO] [stdout] 3 | use super::TDApp;
[INFO] [stdout]   |     ^^^^^^^^^^^^
[INFO] [stdout] 
[INFO] [stdout] 
[INFO] [stdout] warning: unused import: `std::collections::HashMap`
[INFO] [stdout]  --> src/core/mod.rs:5:5
[INFO] [stdout]   |
[INFO] [stdout] 5 | use std::collections::HashMap;
[INFO] [stdout]   |     ^^^^^^^^^^^^^^^^^^^^^^^^^
[INFO] [stdout] 
[INFO] [stdout] 
[INFO] [stdout] warning: unused imports: `c_char`, `c_double`, `c_int`, `c_void`
[INFO] [stdout]  --> src/core/mod.rs:6:16
[INFO] [stdout]   |
[INFO] [stdout] 6 | use std::ffi::{c_char, c_double, c_int, c_void, CStr, CString};
[INFO] [stdout]   |                ^^^^^^  ^^^^^^^^  ^^^^^  ^^^^^^
[INFO] [stdout] 
[INFO] [stdout] 
[INFO] [stdout] warning: unused import: `Read`
[INFO] [stdout]  --> src/core/mod.rs:7:15
[INFO] [stdout]   |
[INFO] [stdout] 7 | use std::io::{Read, Write};
[INFO] [stdout]   |               ^^^^
[INFO] [stdout] 
[INFO] [stdout] 
[INFO] [stdout] warning: unused import: `AtomicBool`
[INFO] [stdout]  --> src/core/mod.rs:8:25
[INFO] [stdout]   |
[INFO] [stdout] 8 | use std::sync::atomic::{AtomicBool, AtomicU64, Ordering};
[INFO] [stdout]   |                         ^^^^^^^^^^
[INFO] [stdout] 
[INFO] [stdout] 
[INFO] [stdout] warning: unused imports: `Cell`, `RefCell`
[INFO] [stdout]  --> src/core/mod.rs:9:17
[INFO] [stdout]   |
[INFO] [stdout] 9 | use std::cell::{Cell, RefCell};
[INFO] [stdout]   |                 ^^^^  ^^^^^^^
[INFO] [stdout] 
[INFO] [stdout] 
[INFO] [stdout] warning: unused import: `ffi`
[INFO] [stdout]   --> src/core/mod.rs:10:11
[INFO] [stdout]    |
[INFO] [stdout] 10 | use std::{ffi, fs, io};
[INFO] [stdout]    |           ^^^
[INFO] [stdout] 
[INFO] [stdout] 
[INFO] [stdout] warning: unused import: `std::fmt::format`
[INFO] [stdout]   --> src/core/mod.rs:11:5
[INFO] [stdout]    |
[INFO] [stdout] 11 | use std::fmt::format;
[INFO] [stdout]    |     ^^^^^^^^^^^^^^^^
[INFO] [stdout] 
[INFO] [stdout] 
[INFO] [stdout] warning: unused imports: `Iter`, `PathBuf`
[INFO] [stdout]   --> src/core/mod.rs:13:17
[INFO] [stdout]    |
[INFO] [stdout] 13 | use std::path::{Iter, Path, PathBuf};
[INFO] [stdout]    |                 ^^^^        ^^^^^^^
[INFO] [stdout] 
[INFO] [stdout] 
[INFO] [stdout] warning: unused import: `std::pin::Pin`
[INFO] [stdout]   --> src/core/mod.rs:14:5
[INFO] [stdout]    |
[INFO] [stdout] 14 | use std::pin::Pin;
[INFO] [stdout]    |     ^^^^^^^^^^^^^
[INFO] [stdout] 
[INFO] [stdout] 
[INFO] [stdout] warning: unused imports: `Arc`, `mpsc`
[INFO] [stdout]   --> src/core/mod.rs:15:17
[INFO] [stdout]    |
[INFO] [stdout] 15 | use std::sync::{Arc, mpsc, Mutex};
[INFO] [stdout]    |                 ^^^  ^^^^
[INFO] [stdout] 
[INFO] [stdout] 
[INFO] [stdout] warning: unused imports: `Context`, `Poll`
[INFO] [stdout]   --> src/core/mod.rs:16:17
[INFO] [stdout]    |
[INFO] [stdout] 16 | use std::task::{Context, Poll};
[INFO] [stdout]    |                 ^^^^^^^  ^^^^
[INFO] [stdout] 
[INFO] [stdout] 
[INFO] [stdout] warning: unused imports: `Error`, `process::ExitCode`, `self`
[INFO] [stdout]  --> src/file/file_separation.rs:2:10
[INFO] [stdout]   |
[INFO] [stdout] 2 |     fs::{self, File},
[INFO] [stdout]   |          ^^^^
[INFO] [stdout] 3 |     io::{self, BufRead, Write, BufReader, Error},
[INFO] [stdout]   |                                           ^^^^^
[INFO] [stdout] 4 |     path::PathBuf,
[INFO] [stdout] 5 |     process::ExitCode
[INFO] [stdout]   |     ^^^^^^^^^^^^^^^^^
[INFO] [stdout] 
[INFO] [stdout] 
[INFO] [stdout] warning: unused import: `std::path::Path`
[INFO] [stdout]  --> src/file/file_separation.rs:7:5
[INFO] [stdout]   |
[INFO] [stdout] 7 | use std::path::Path;
[INFO] [stdout]   |     ^^^^^^^^^^^^^^^
[INFO] [stdout] 
[INFO] [stdout] 
[INFO] [stdout] warning: unused imports: `BufReader`, `borrow::Cow`, `self`, `self`, `self`
[INFO] [stdout]  --> src/file/file_assembly.rs:2:10
[INFO] [stdout]   |
[INFO] [stdout] 2 |     fs::{self, File},
[INFO] [stdout]   |          ^^^^
[INFO] [stdout] 3 |     io::{self, Read, Write, BufReader, Error},
[INFO] [stdout]   |          ^^^^               ^^^^^^^^^
[INFO] [stdout] 4 |     path::{self, PathBuf},
[INFO] [stdout]   |            ^^^^
[INFO] [stdout] 5 |     borrow::Cow
[INFO] [stdout]   |     ^^^^^^^^^^^
[INFO] [stdout] 
[INFO] [stdout] 
[INFO] [stdout] warning: unused imports: `CompositeFile`, `FilePart`
[INFO] [stdout]   --> src/file/file_assembly.rs:10:13
[INFO] [stdout]    |
[INFO] [stdout] 10 | use super::{CompositeFile, FilePart};
[INFO] [stdout]    |             ^^^^^^^^^^^^^  ^^^^^^^^
[INFO] [stdout] 
[INFO] [stdout] 
[INFO] [stdout] warning: unused imports: `Read`, `Write`, `self`, `thread`, `time::Duration`
[INFO] [stdout]  --> src/cloud.rs:3:16
[INFO] [stdout]   |
[INFO] [stdout] 3 | use std::{fs::{self, File}, io::{self, ErrorKind, Read, Write}, thread, path::{Path, PathBuf}, time::Duration, cell::RefCell};
[INFO] [stdout]   |                ^^^^                               ^^^^  ^^^^^   ^^^^^^                         ^^^^^^^^^^^^^^
[INFO] [stdout] 
[INFO] [stdout] 
[INFO] [stdout] warning: unused import: `EncodeErrors`
[INFO] [stdout]  --> src/cloud.rs:4:66
[INFO] [stdout]   |
[INFO] [stdout] 4 | use crate::file::{Options as SeparationOptions,file_separation::{EncodeErrors, SeparationFile}, *};
[INFO] [stdout]   |                                                                  ^^^^^^^^^^^^
[INFO] [stdout] 
[INFO] [stdout] 
[INFO] [stdout] warning: unused import: `PathBuf`
[INFO] [stdout]   --> src/telegram_backend/mod.rs:35:23
[INFO] [stdout]    |
[INFO] [stdout] 35 | use std::path::{Path, PathBuf};
[INFO] [stdout]    |                       ^^^^^^^
[INFO] [stdout] 
[INFO] [stdout] 
[INFO] [stdout] error[E0554]: `#![feature]` may not be used on the stable release channel
[INFO] [stdout]  --> src/lib.rs:1:12
[INFO] [stdout]   |
[INFO] [stdout] 1 | #![feature(buf_read_has_data_left)]
[INFO] [stdout]   |            ^^^^^^^^^^^^^^^^^^^^^^
[INFO] [stdout] 
[INFO] [stdout] 
[INFO] [stdout] error[E0554]: `#![feature]` may not be used on the stable release channel
[INFO] [stdout]  --> src/lib.rs:2:12
[INFO] [stdout]   |
[INFO] [stdout] 2 | #![feature(file_create_new)]
[INFO] [stdout]   |            ^^^^^^^^^^^^^^^
[INFO] [stdout] 
[INFO] [stdout] 
[INFO] [stdout] error[E0554]: `#![feature]` may not be used on the stable release channel
[INFO] [stdout]  --> src/lib.rs:1:12
[INFO] [stdout]   |
[INFO] [stdout] 1 | #![feature(buf_read_has_data_left)]
[INFO] [stdout]   |            ^^^^^^^^^^^^^^^^^^^^^^
[INFO] [stdout] 
[INFO] [stdout] 
[INFO] [stdout] error[E0554]: `#![feature]` may not be used on the stable release channel
[INFO] [stdout]  --> src/lib.rs:2:12
[INFO] [stdout]   |
[INFO] [stdout] 2 | #![feature(file_create_new)]
[INFO] [stdout]   |            ^^^^^^^^^^^^^^^
[INFO] [stdout] 
[INFO] [stdout] 
[INFO] [stdout] warning: unused variable: `output_file`
[INFO] [stdout]    --> src/cloud.rs:176:13
[INFO] [stdout]     |
[INFO] [stdout] 176 |         let output_file = file_assembly::decode_file(
[INFO] [stdout]     |             ^^^^^^^^^^^ help: if this is intentional, prefix it with an underscore: `_output_file`
[INFO] [stdout]     |
[INFO] [stdout]     = note: `#[warn(unused_variables)]` on by default
[INFO] [stdout] 
[INFO] [stdout] 
[INFO] [stdout] error: aborting due to 2 previous errors
[INFO] [stdout] 
[INFO] [stdout] 
[INFO] [stdout] For more information about this error, try `rustc --explain E0554`.
[INFO] [stdout] 
[INFO] [stderr] error: could not document `recloud`
[INFO] [stderr] 
[INFO] [stderr] Caused by:
[INFO] [stderr]   process didn't exit successfully: `/opt/rustwide/rustup-home/toolchains/1.75.0-x86_64-unknown-linux-gnu/bin/rustdoc --edition=2021 --crate-type cdylib --crate-type lib --crate-name recloud src/lib.rs -o /opt/rustwide/target/doc --error-format=json --json=diagnostic-rendered-ansi,artifacts,future-incompat --document-private-items -C metadata=91f0222378f446c0 -L dependency=/opt/rustwide/target/debug/deps --extern md5=/opt/rustwide/target/debug/deps/libmd5-1876ee3f593921cd.rmeta --extern serde=/opt/rustwide/target/debug/deps/libserde-165873b22227224d.rmeta --extern serde_json=/opt/rustwide/target/debug/deps/libserde_json-0bd34eed7bbb887c.rmeta --extern uuid=/opt/rustwide/target/debug/deps/libuuid-799018b9b16a910d.rmeta --cap-lints=warn --crate-version 0.1.0` (exit status: 1)
[INFO] [stderr] warning: build failed, waiting for other jobs to finish...
[INFO] [stdout] error: aborting due to 2 previous errors; 21 warnings emitted
[INFO] [stdout] 
[INFO] [stdout] 
[INFO] [stdout] For more information about this error, try `rustc --explain E0554`.
[INFO] [stdout] 
[INFO] [stderr] error: could not compile `recloud` (lib) due to 3 previous errors; 21 warnings emitted
[INFO] running `Command { std: "docker" "inspect" "0e2d79dea2765765175f1e8b31fa664c5840b0e3184c40cd7f99c9b9f52f2016", kill_on_drop: false }`
[INFO] running `Command { std: "docker" "rm" "-f" "0e2d79dea2765765175f1e8b31fa664c5840b0e3184c40cd7f99c9b9f52f2016", kill_on_drop: false }`
[INFO] [stdout] 0e2d79dea2765765175f1e8b31fa664c5840b0e3184c40cd7f99c9b9f52f2016
[INFO] documenting Rev1le/recloud against beta-2023-12-22 for beta-1.76-rustdoc-1
[INFO] running `Command { std: "git" "clone" "/workspace/cache/git-repos/https%3A%2F%2Fgithub.com%2FRev1le%2Frecloud" "/workspace/builds/worker-4-tc2/source", kill_on_drop: false }`
[INFO] [stderr] Cloning into '/workspace/builds/worker-4-tc2/source'...
[INFO] [stderr] done.
[INFO] validating manifest of git repo https://github.com/Rev1le/recloud on toolchain beta-2023-12-22
[INFO] running `Command { std: CARGO_HOME="/workspace/cargo-home" RUSTUP_HOME="/workspace/rustup-home" "/workspace/cargo-home/bin/cargo" "+beta-2023-12-22" "metadata" "--manifest-path" "Cargo.toml" "--no-deps", kill_on_drop: false }`
[INFO] started tweaking git repo https://github.com/Rev1le/recloud
[INFO] finished tweaking git repo https://github.com/Rev1le/recloud
[INFO] tweaked toml for git repo https://github.com/Rev1le/recloud written to /workspace/builds/worker-4-tc2/source/Cargo.toml
[INFO] crate git repo https://github.com/Rev1le/recloud already has a lockfile, it will not be regenerated
[INFO] running `Command { std: CARGO_HOME="/workspace/cargo-home" RUSTUP_HOME="/workspace/rustup-home" "/workspace/cargo-home/bin/cargo" "+beta-2023-12-22" "fetch" "--manifest-path" "Cargo.toml", kill_on_drop: false }`
[INFO] [stderr]     Blocking waiting for file lock on package cache
[INFO] running `Command { std: "docker" "create" "-v" "/var/lib/crater-agent-workspace/builds/worker-4-tc2/target:/opt/rustwide/target:rw,Z" "-v" "/var/lib/crater-agent-workspace/builds/worker-4-tc2/source:/opt/rustwide/workdir:ro,Z" "-v" "/var/lib/crater-agent-workspace/cargo-home:/opt/rustwide/cargo-home:ro,Z" "-v" "/var/lib/crater-agent-workspace/rustup-home:/opt/rustwide/rustup-home:ro,Z" "-e" "SOURCE_DIR=/opt/rustwide/workdir" "-e" "CARGO_TARGET_DIR=/opt/rustwide/target" "-e" "CARGO_HOME=/opt/rustwide/cargo-home" "-e" "RUSTUP_HOME=/opt/rustwide/rustup-home" "-w" "/opt/rustwide/workdir" "-m" "1610612736" "--user" "0:0" "--network" "none" "ghcr.io/rust-lang/crates-build-env/linux@sha256:2788e3201cd34a07e3172128adcd8b3090168a8e3bcc40d7c032b9dda1df7d1c" "/opt/rustwide/cargo-home/bin/cargo" "+beta-2023-12-22" "metadata" "--no-deps" "--format-version=1", kill_on_drop: false }`
[INFO] [stdout] 7078bc51bfc4b8918d38495e6fd4ad957619fc9f576bff1488bfdac40690d464
[INFO] running `Command { std: "docker" "start" "-a" "7078bc51bfc4b8918d38495e6fd4ad957619fc9f576bff1488bfdac40690d464", kill_on_drop: false }`
[INFO] running `Command { std: "docker" "inspect" "7078bc51bfc4b8918d38495e6fd4ad957619fc9f576bff1488bfdac40690d464", kill_on_drop: false }`
[INFO] running `Command { std: "docker" "rm" "-f" "7078bc51bfc4b8918d38495e6fd4ad957619fc9f576bff1488bfdac40690d464", kill_on_drop: false }`
[INFO] [stdout] 7078bc51bfc4b8918d38495e6fd4ad957619fc9f576bff1488bfdac40690d464
[INFO] running `Command { std: "docker" "create" "-v" "/var/lib/crater-agent-workspace/builds/worker-4-tc2/target:/opt/rustwide/target:rw,Z" "-v" "/var/lib/crater-agent-workspace/builds/worker-4-tc2/source:/opt/rustwide/workdir:ro,Z" "-v" "/var/lib/crater-agent-workspace/cargo-home:/opt/rustwide/cargo-home:ro,Z" "-v" "/var/lib/crater-agent-workspace/rustup-home:/opt/rustwide/rustup-home:ro,Z" "-e" "SOURCE_DIR=/opt/rustwide/workdir" "-e" "CARGO_TARGET_DIR=/opt/rustwide/target" "-e" "CARGO_INCREMENTAL=0" "-e" "RUST_BACKTRACE=full" "-e" "RUSTFLAGS=--cap-lints=warn" "-e" "RUSTDOCFLAGS=--cap-lints=warn" "-e" "CARGO_HOME=/opt/rustwide/cargo-home" "-e" "RUSTUP_HOME=/opt/rustwide/rustup-home" "-w" "/opt/rustwide/workdir" "-m" "1610612736" "--user" "0:0" "--network" "none" "ghcr.io/rust-lang/crates-build-env/linux@sha256:2788e3201cd34a07e3172128adcd8b3090168a8e3bcc40d7c032b9dda1df7d1c" "/opt/rustwide/cargo-home/bin/cargo" "+beta-2023-12-22" "doc" "--frozen" "--no-deps" "--document-private-items" "--message-format=json", kill_on_drop: false }`
[INFO] [stdout] 26f1bf14ae80ebc5228c6e61cbbfd00bd2602af0715c4ceea5a9797100dc592a
[INFO] running `Command { std: "docker" "start" "-a" "26f1bf14ae80ebc5228c6e61cbbfd00bd2602af0715c4ceea5a9797100dc592a", kill_on_drop: false }`
[INFO] [stderr]    Compiling proc-macro2 v1.0.60
[INFO] [stderr]    Compiling unicode-ident v1.0.9
[INFO] [stderr]    Compiling quote v1.0.28
[INFO] [stderr]    Compiling libc v0.2.146
[INFO] [stderr]    Compiling serde v1.0.164
[INFO] [stderr]    Compiling serde_json v1.0.96
[INFO] [stderr]    Compiling recloud v0.1.0 (/opt/rustwide/workdir)
[INFO] [stderr]     Checking md5 v0.7.0
[INFO] [stdout] warning: unused doc comment
[INFO] [stdout]  --> build.rs:2:5
[INFO] [stdout]   |
[INFO] [stdout] 2 |     /// Подлючение **TDlib** *dll* файлов
[INFO] [stdout]   |     ^^^^^^^^^^^^^^^^^^^^^^^^^^^^^^^^^^^^^ rustdoc does not generate documentation for macro invocations
[INFO] [stdout]   |
[INFO] [stdout]   = help: to document an item produced by a macro, the macro must produce the documentation as part of its expansion
[INFO] [stdout]   = note: `#[warn(unused_doc_comments)]` on by default
[INFO] [stdout] 
[INFO] [stdout] 
[INFO] [stdout] warning: 1 warning emitted
[INFO] [stdout] 
[INFO] [stdout] 
[INFO] [stderr]    Compiling syn v2.0.18
[INFO] [stderr]     Checking getrandom v0.2.10
[INFO] [stderr]     Checking uuid v1.3.3
[INFO] [stderr]    Compiling serde_derive v1.0.164
[INFO] [stderr]  Documenting recloud v0.1.0 (/opt/rustwide/workdir)
[INFO] [stdout] warning: unused import: `Value`
[INFO] [stdout]  --> src/core/authentication.rs:2:18
[INFO] [stdout]   |
[INFO] [stdout] 2 | use serde_json::{Value, json};
[INFO] [stdout]   |                  ^^^^^
[INFO] [stdout]   |
[INFO] [stdout]   = note: `#[warn(unused_imports)]` on by default
[INFO] [stdout] 
[INFO] [stdout] 
[INFO] [stdout] warning: unused import: `super::TDApp`
[INFO] [stdout]  --> src/core/authentication.rs:3:5
[INFO] [stdout]   |
[INFO] [stdout] 3 | use super::TDApp;
[INFO] [stdout]   |     ^^^^^^^^^^^^
[INFO] [stdout] 
[INFO] [stdout] 
[INFO] [stdout] warning: unused import: `std::collections::HashMap`
[INFO] [stdout]  --> src/core/mod.rs:5:5
[INFO] [stdout]   |
[INFO] [stdout] 5 | use std::collections::HashMap;
[INFO] [stdout]   |     ^^^^^^^^^^^^^^^^^^^^^^^^^
[INFO] [stdout] 
[INFO] [stdout] 
[INFO] [stdout] warning: unused imports: `c_char`, `c_double`, `c_int`, `c_void`
[INFO] [stdout]  --> src/core/mod.rs:6:16
[INFO] [stdout]   |
[INFO] [stdout] 6 | use std::ffi::{c_char, c_double, c_int, c_void, CStr, CString};
[INFO] [stdout]   |                ^^^^^^  ^^^^^^^^  ^^^^^  ^^^^^^
[INFO] [stdout] 
[INFO] [stdout] 
[INFO] [stdout] warning: unused import: `Read`
[INFO] [stdout]  --> src/core/mod.rs:7:15
[INFO] [stdout]   |
[INFO] [stdout] 7 | use std::io::{Read, Write};
[INFO] [stdout]   |               ^^^^
[INFO] [stdout] 
[INFO] [stdout] 
[INFO] [stdout] warning: unused import: `AtomicBool`
[INFO] [stdout]  --> src/core/mod.rs:8:25
[INFO] [stdout]   |
[INFO] [stdout] 8 | use std::sync::atomic::{AtomicBool, AtomicU64, Ordering};
[INFO] [stdout]   |                         ^^^^^^^^^^
[INFO] [stdout] 
[INFO] [stdout] 
[INFO] [stdout] warning: unused imports: `Cell`, `RefCell`
[INFO] [stdout]  --> src/core/mod.rs:9:17
[INFO] [stdout]   |
[INFO] [stdout] 9 | use std::cell::{Cell, RefCell};
[INFO] [stdout]   |                 ^^^^  ^^^^^^^
[INFO] [stdout] 
[INFO] [stdout] 
[INFO] [stdout] warning: unused import: `ffi`
[INFO] [stdout]   --> src/core/mod.rs:10:11
[INFO] [stdout]    |
[INFO] [stdout] 10 | use std::{ffi, fs, io};
[INFO] [stdout]    |           ^^^
[INFO] [stdout] 
[INFO] [stdout] 
[INFO] [stdout] warning: unused import: `std::fmt::format`
[INFO] [stdout]   --> src/core/mod.rs:11:5
[INFO] [stdout]    |
[INFO] [stdout] 11 | use std::fmt::format;
[INFO] [stdout]    |     ^^^^^^^^^^^^^^^^
[INFO] [stdout] 
[INFO] [stdout] 
[INFO] [stdout] warning: unused imports: `Iter`, `PathBuf`
[INFO] [stdout]   --> src/core/mod.rs:13:17
[INFO] [stdout]    |
[INFO] [stdout] 13 | use std::path::{Iter, Path, PathBuf};
[INFO] [stdout]    |                 ^^^^        ^^^^^^^
[INFO] [stdout] 
[INFO] [stdout] 
[INFO] [stdout] warning: unused import: `std::pin::Pin`
[INFO] [stdout]   --> src/core/mod.rs:14:5
[INFO] [stdout]    |
[INFO] [stdout] 14 | use std::pin::Pin;
[INFO] [stdout]    |     ^^^^^^^^^^^^^
[INFO] [stdout] 
[INFO] [stdout] 
[INFO] [stdout] warning: unused imports: `Arc`, `mpsc`
[INFO] [stdout]   --> src/core/mod.rs:15:17
[INFO] [stdout]    |
[INFO] [stdout] 15 | use std::sync::{Arc, mpsc, Mutex};
[INFO] [stdout]    |                 ^^^  ^^^^
[INFO] [stdout] 
[INFO] [stdout] 
[INFO] [stdout] warning: unused imports: `Context`, `Poll`
[INFO] [stdout]   --> src/core/mod.rs:16:17
[INFO] [stdout]    |
[INFO] [stdout] 16 | use std::task::{Context, Poll};
[INFO] [stdout]    |                 ^^^^^^^  ^^^^
[INFO] [stdout] 
[INFO] [stdout] 
[INFO] [stdout] warning: unused imports: `Error`, `process::ExitCode`, `self`
[INFO] [stdout]  --> src/file/file_separation.rs:2:10
[INFO] [stdout]   |
[INFO] [stdout] 2 |     fs::{self, File},
[INFO] [stdout]   |          ^^^^
[INFO] [stdout] 3 |     io::{self, BufRead, Write, BufReader, Error},
[INFO] [stdout]   |                                           ^^^^^
[INFO] [stdout] 4 |     path::PathBuf,
[INFO] [stdout] 5 |     process::ExitCode
[INFO] [stdout]   |     ^^^^^^^^^^^^^^^^^
[INFO] [stdout] 
[INFO] [stdout] 
[INFO] [stdout] warning: unused import: `std::path::Path`
[INFO] [stdout]  --> src/file/file_separation.rs:7:5
[INFO] [stdout]   |
[INFO] [stdout] 7 | use std::path::Path;
[INFO] [stdout]   |     ^^^^^^^^^^^^^^^
[INFO] [stdout] 
[INFO] [stdout] 
[INFO] [stdout] warning: unused imports: `BufReader`, `borrow::Cow`, `self`, `self`, `self`
[INFO] [stdout]  --> src/file/file_assembly.rs:2:10
[INFO] [stdout]   |
[INFO] [stdout] 2 |     fs::{self, File},
[INFO] [stdout]   |          ^^^^
[INFO] [stdout] 3 |     io::{self, Read, Write, BufReader, Error},
[INFO] [stdout]   |          ^^^^               ^^^^^^^^^
[INFO] [stdout] 4 |     path::{self, PathBuf},
[INFO] [stdout]   |            ^^^^
[INFO] [stdout] 5 |     borrow::Cow
[INFO] [stdout]   |     ^^^^^^^^^^^
[INFO] [stdout] 
[INFO] [stdout] 
[INFO] [stdout] warning: unused imports: `CompositeFile`, `FilePart`
[INFO] [stdout]   --> src/file/file_assembly.rs:10:13
[INFO] [stdout]    |
[INFO] [stdout] 10 | use super::{CompositeFile, FilePart};
[INFO] [stdout]    |             ^^^^^^^^^^^^^  ^^^^^^^^
[INFO] [stdout] 
[INFO] [stdout] 
[INFO] [stdout] warning: unused imports: `Read`, `Write`, `self`, `thread`, `time::Duration`
[INFO] [stdout]  --> src/cloud.rs:3:16
[INFO] [stdout]   |
[INFO] [stdout] 3 | use std::{fs::{self, File}, io::{self, ErrorKind, Read, Write}, thread, path::{Path, PathBuf}, time::Duration, cell::RefCell};
[INFO] [stdout]   |                ^^^^                               ^^^^  ^^^^^   ^^^^^^                         ^^^^^^^^^^^^^^
[INFO] [stdout] 
[INFO] [stdout] 
[INFO] [stdout] warning: unused import: `EncodeErrors`
[INFO] [stdout]  --> src/cloud.rs:4:66
[INFO] [stdout]   |
[INFO] [stdout] 4 | use crate::file::{Options as SeparationOptions,file_separation::{EncodeErrors, SeparationFile}, *};
[INFO] [stdout]   |                                                                  ^^^^^^^^^^^^
[INFO] [stdout] 
[INFO] [stdout] 
[INFO] [stdout] warning: unused import: `PathBuf`
[INFO] [stdout]   --> src/telegram_backend/mod.rs:35:23
[INFO] [stdout]    |
[INFO] [stdout] 35 | use std::path::{Path, PathBuf};
[INFO] [stdout]    |                       ^^^^^^^
[INFO] [stdout] 
[INFO] [stdout] 
[INFO] [stdout] error[E0554]: `#![feature]` may not be used on the beta release channel
[INFO] [stdout]  --> src/lib.rs:1:12
[INFO] [stdout]   |
[INFO] [stdout] 1 | #![feature(buf_read_has_data_left)]
[INFO] [stdout]   |            ^^^^^^^^^^^^^^^^^^^^^^
[INFO] [stdout] 
[INFO] [stdout] 
[INFO] [stdout] error[E0554]: `#![feature]` may not be used on the beta release channel
[INFO] [stdout]  --> src/lib.rs:2:12
[INFO] [stdout]   |
[INFO] [stdout] 2 | #![feature(file_create_new)]
[INFO] [stdout]   |            ^^^^^^^^^^^^^^^
[INFO] [stdout] 
[INFO] [stdout] 
[INFO] [stdout] error[E0554]: `#![feature]` may not be used on the beta release channel
[INFO] [stdout]  --> src/lib.rs:1:12
[INFO] [stdout]   |
[INFO] [stdout] 1 | #![feature(buf_read_has_data_left)]
[INFO] [stdout]   |            ^^^^^^^^^^^^^^^^^^^^^^
[INFO] [stdout] 
[INFO] [stdout] 
[INFO] [stdout] error[E0554]: `#![feature]` may not be used on the beta release channel
[INFO] [stdout]  --> src/lib.rs:2:12
[INFO] [stdout]   |
[INFO] [stdout] 2 | #![feature(file_create_new)]
[INFO] [stdout]   |            ^^^^^^^^^^^^^^^
[INFO] [stdout] 
[INFO] [stdout] 
[INFO] [stdout] warning: unused variable: `output_file`
[INFO] [stdout]    --> src/cloud.rs:176:13
[INFO] [stdout]     |
[INFO] [stdout] 176 |         let output_file = file_assembly::decode_file(
[INFO] [stdout]     |             ^^^^^^^^^^^ help: if this is intentional, prefix it with an underscore: `_output_file`
[INFO] [stdout]     |
[INFO] [stdout]     = note: `#[warn(unused_variables)]` on by default
[INFO] [stdout] 
[INFO] [stdout] 
[INFO] [stdout] error: aborting due to 2 previous errors
[INFO] [stdout] 
[INFO] [stdout] 
[INFO] [stdout] For more information about this error, try `rustc --explain E0554`.
[INFO] [stdout] 
[INFO] [stderr] error: could not document `recloud`
[INFO] [stderr] 
[INFO] [stderr] Caused by:
[INFO] [stderr]   process didn't exit successfully: `/opt/rustwide/rustup-home/toolchains/beta-2023-12-22-x86_64-unknown-linux-gnu/bin/rustdoc --edition=2021 --crate-type cdylib --crate-type lib --crate-name recloud src/lib.rs -o /opt/rustwide/target/doc --error-format=json --json=diagnostic-rendered-ansi,artifacts,future-incompat --document-private-items -C metadata=a12e2695bbf15cab -L dependency=/opt/rustwide/target/debug/deps --extern md5=/opt/rustwide/target/debug/deps/libmd5-6c0b266a9f15fa74.rmeta --extern serde=/opt/rustwide/target/debug/deps/libserde-87c97356d748be88.rmeta --extern serde_json=/opt/rustwide/target/debug/deps/libserde_json-5a148458fbba8017.rmeta --extern uuid=/opt/rustwide/target/debug/deps/libuuid-91ddf894d4bc1ab2.rmeta --cap-lints=warn --crate-version 0.1.0` (exit status: 1)
[INFO] [stderr] warning: build failed, waiting for other jobs to finish...
[INFO] [stdout] error: aborting due to 2 previous errors; 21 warnings emitted
[INFO] [stdout] 
[INFO] [stdout] 
[INFO] [stdout] For more information about this error, try `rustc --explain E0554`.
[INFO] [stdout] 
[INFO] [stderr] error: could not compile `recloud` (lib) due to 3 previous errors; 21 warnings emitted
[INFO] running `Command { std: "docker" "inspect" "26f1bf14ae80ebc5228c6e61cbbfd00bd2602af0715c4ceea5a9797100dc592a", kill_on_drop: false }`
[INFO] running `Command { std: "docker" "rm" "-f" "26f1bf14ae80ebc5228c6e61cbbfd00bd2602af0715c4ceea5a9797100dc592a", kill_on_drop: false }`
[INFO] [stdout] 26f1bf14ae80ebc5228c6e61cbbfd00bd2602af0715c4ceea5a9797100dc592a
