[INFO] cloning repository https://github.com/Reshurum/nes-rs
[INFO] running `Command { std: "git" "-c" "credential.helper=" "-c" "credential.helper=/workspace/cargo-home/bin/git-credential-null" "clone" "--bare" "https://github.com/Reshurum/nes-rs" "/workspace/cache/git-repos/https%3A%2F%2Fgithub.com%2FReshurum%2Fnes-rs", kill_on_drop: false }`
[INFO] [stderr] Cloning into bare repository '/workspace/cache/git-repos/https%3A%2F%2Fgithub.com%2FReshurum%2Fnes-rs'...
[INFO] running `Command { std: "git" "rev-parse" "HEAD", kill_on_drop: false }`
[INFO] [stdout] 2a19f071515181d5fd9ecd207b4fdc3f55524362
[INFO] documenting Reshurum/nes-rs against 1.75.0 for beta-1.76-rustdoc-1
[INFO] running `Command { std: "git" "clone" "/workspace/cache/git-repos/https%3A%2F%2Fgithub.com%2FReshurum%2Fnes-rs" "/workspace/builds/worker-2-tc1/source", kill_on_drop: false }`
[INFO] [stderr] Cloning into '/workspace/builds/worker-2-tc1/source'...
[INFO] [stderr] done.
[INFO] validating manifest of git repo https://github.com/Reshurum/nes-rs on toolchain 1.75.0
[INFO] running `Command { std: CARGO_HOME="/workspace/cargo-home" RUSTUP_HOME="/workspace/rustup-home" "/workspace/cargo-home/bin/cargo" "+1.75.0" "metadata" "--manifest-path" "Cargo.toml" "--no-deps", kill_on_drop: false }`
[INFO] started tweaking git repo https://github.com/Reshurum/nes-rs
[INFO] finished tweaking git repo https://github.com/Reshurum/nes-rs
[INFO] tweaked toml for git repo https://github.com/Reshurum/nes-rs written to /workspace/builds/worker-2-tc1/source/Cargo.toml
[INFO] crate git repo https://github.com/Reshurum/nes-rs already has a lockfile, it will not be regenerated
[INFO] running `Command { std: CARGO_HOME="/workspace/cargo-home" RUSTUP_HOME="/workspace/rustup-home" "/workspace/cargo-home/bin/cargo" "+1.75.0" "fetch" "--manifest-path" "Cargo.toml", kill_on_drop: false }`
[INFO] [stderr]     Updating crates.io index
[INFO] [stderr]  Downloading crates ...
[INFO] [stderr]   Downloaded bitflags v1.0.1
[INFO] [stderr]   Downloaded time v0.1.38
[INFO] [stderr]   Downloaded fuchsia-zircon-sys v0.3.2
[INFO] [stderr]   Downloaded cfg-if v0.1.2
[INFO] [stderr]   Downloaded num v0.1.41
[INFO] [stderr]   Downloaded redox_syscall v0.1.33
[INFO] [stderr]   Downloaded c_vec v1.3.0
[INFO] [stderr]   Downloaded encode_unicode v0.1.3
[INFO] [stderr]   Downloaded rustyline v1.0.0
[INFO] [stderr]   Downloaded num-traits v0.1.41
[INFO] [stderr]   Downloaded rand v0.3.19
[INFO] [stderr]   Downloaded sdl2 v0.31.0
[INFO] [stderr]   Downloaded sdl2-sys v0.31.0
[INFO] [stderr]   Downloaded nix v0.5.1
[INFO] [stderr]   Downloaded fuchsia-zircon v0.3.2
[INFO] [stderr]   Downloaded chrono v0.3.0
[INFO] [stderr]   Downloaded num-bigint v0.1.41
[INFO] [stderr]   Downloaded getopts v0.2.15
[INFO] [stderr]   Downloaded num-complex v0.1.41
[INFO] [stderr]   Downloaded bitflags v0.4.0
[INFO] [stderr]   Downloaded num-rational v0.1.40
[INFO] [stderr]   Downloaded unicode-width v0.1.4
[INFO] running `Command { std: "docker" "create" "-v" "/var/lib/crater-agent-workspace/builds/worker-2-tc1/target:/opt/rustwide/target:rw,Z" "-v" "/var/lib/crater-agent-workspace/builds/worker-2-tc1/source:/opt/rustwide/workdir:ro,Z" "-v" "/var/lib/crater-agent-workspace/cargo-home:/opt/rustwide/cargo-home:ro,Z" "-v" "/var/lib/crater-agent-workspace/rustup-home:/opt/rustwide/rustup-home:ro,Z" "-e" "SOURCE_DIR=/opt/rustwide/workdir" "-e" "CARGO_TARGET_DIR=/opt/rustwide/target" "-e" "CARGO_HOME=/opt/rustwide/cargo-home" "-e" "RUSTUP_HOME=/opt/rustwide/rustup-home" "-w" "/opt/rustwide/workdir" "-m" "1610612736" "--user" "0:0" "--network" "none" "ghcr.io/rust-lang/crates-build-env/linux@sha256:2788e3201cd34a07e3172128adcd8b3090168a8e3bcc40d7c032b9dda1df7d1c" "/opt/rustwide/cargo-home/bin/cargo" "+1.75.0" "metadata" "--no-deps" "--format-version=1", kill_on_drop: false }`
[INFO] [stdout] 5605e274ee80916137af95d15f93c88430bf3d9d8e3850ab4fc936231215fb40
[INFO] running `Command { std: "docker" "start" "-a" "5605e274ee80916137af95d15f93c88430bf3d9d8e3850ab4fc936231215fb40", kill_on_drop: false }`
[INFO] running `Command { std: "docker" "inspect" "5605e274ee80916137af95d15f93c88430bf3d9d8e3850ab4fc936231215fb40", kill_on_drop: false }`
[INFO] running `Command { std: "docker" "rm" "-f" "5605e274ee80916137af95d15f93c88430bf3d9d8e3850ab4fc936231215fb40", kill_on_drop: false }`
[INFO] [stdout] 5605e274ee80916137af95d15f93c88430bf3d9d8e3850ab4fc936231215fb40
[INFO] running `Command { std: "docker" "create" "-v" "/var/lib/crater-agent-workspace/builds/worker-2-tc1/target:/opt/rustwide/target:rw,Z" "-v" "/var/lib/crater-agent-workspace/builds/worker-2-tc1/source:/opt/rustwide/workdir:ro,Z" "-v" "/var/lib/crater-agent-workspace/cargo-home:/opt/rustwide/cargo-home:ro,Z" "-v" "/var/lib/crater-agent-workspace/rustup-home:/opt/rustwide/rustup-home:ro,Z" "-e" "SOURCE_DIR=/opt/rustwide/workdir" "-e" "CARGO_TARGET_DIR=/opt/rustwide/target" "-e" "CARGO_INCREMENTAL=0" "-e" "RUST_BACKTRACE=full" "-e" "RUSTFLAGS=--cap-lints=warn" "-e" "RUSTDOCFLAGS=--cap-lints=warn" "-e" "CARGO_HOME=/opt/rustwide/cargo-home" "-e" "RUSTUP_HOME=/opt/rustwide/rustup-home" "-w" "/opt/rustwide/workdir" "-m" "1610612736" "--user" "0:0" "--network" "none" "ghcr.io/rust-lang/crates-build-env/linux@sha256:2788e3201cd34a07e3172128adcd8b3090168a8e3bcc40d7c032b9dda1df7d1c" "/opt/rustwide/cargo-home/bin/cargo" "+1.75.0" "doc" "--frozen" "--no-deps" "--document-private-items" "--message-format=json", kill_on_drop: false }`
[INFO] [stdout] de34170ecbb7b5f09f94508229797b629e810d693776cc551e9ce9e0bc932891
[INFO] running `Command { std: "docker" "start" "-a" "de34170ecbb7b5f09f94508229797b629e810d693776cc551e9ce9e0bc932891", kill_on_drop: false }`
[INFO] [stderr]     Checking libc v0.2.34
[INFO] [stderr]     Checking num-traits v0.1.41
[INFO] [stderr]     Checking rustc-serialize v0.3.24
[INFO] [stderr]    Compiling cfg-if v0.1.2
[INFO] [stderr]     Checking bitflags v0.4.0
[INFO] [stderr]     Checking lazy_static v0.2.11
[INFO] [stderr]     Checking bitflags v0.7.0
[INFO] [stderr]     Checking encode_unicode v0.1.3
[INFO] [stderr]     Checking unicode-width v0.1.4
[INFO] [stderr]     Checking c_vec v1.3.0
[INFO] [stderr]     Checking byteorder v0.5.3
[INFO] [stderr]     Checking getopts v0.2.15
[INFO] [stderr]    Compiling sdl2-sys v0.31.0
[INFO] [stdout] error[E0503]: cannot use `state` because it was mutably borrowed
[INFO] [stdout]     --> /opt/rustwide/cargo-home/registry/src/index.crates.io-6f17d22bba15001f/getopts-0.2.15/src/lib.rs:1033:25
[INFO] [stdout]      |
[INFO] [stdout] 978  |     let mut machine = |cont: &mut bool, (i, c): (usize, char)| {
[INFO] [stdout]      |                       ---------------------------------------- `state` is borrowed here
[INFO] [stdout] ...
[INFO] [stdout] 982  |         state = match (state, whitespace, limit) {
[INFO] [stdout]      |         ----- borrow occurs due to use of `state` in closure
[INFO] [stdout] ...
[INFO] [stdout] 1033 |     while cont && match state { B | C => true, A => false } {
[INFO] [stdout]      |                         ^^^^^ use of borrowed `state`
[INFO] [stdout] 1034 |         machine(&mut cont, (fake_i, ' '));
[INFO] [stdout]      |         ------- borrow later used here
[INFO] [stdout] 
[INFO] [stdout] 
[INFO] [stdout] error: aborting due to previous error
[INFO] [stdout] 
[INFO] [stdout] 
[INFO] [stdout] For more information about this error, try `rustc --explain E0503`.
[INFO] [stdout] 
[INFO] [stderr] error: could not compile `getopts` (lib) due to 2 previous errors
[INFO] [stderr] warning: build failed, waiting for other jobs to finish...
[INFO] running `Command { std: "docker" "inspect" "de34170ecbb7b5f09f94508229797b629e810d693776cc551e9ce9e0bc932891", kill_on_drop: false }`
[INFO] running `Command { std: "docker" "rm" "-f" "de34170ecbb7b5f09f94508229797b629e810d693776cc551e9ce9e0bc932891", kill_on_drop: false }`
[INFO] [stdout] de34170ecbb7b5f09f94508229797b629e810d693776cc551e9ce9e0bc932891
[INFO] documenting Reshurum/nes-rs against beta-2023-12-22 for beta-1.76-rustdoc-1
[INFO] running `Command { std: "git" "clone" "/workspace/cache/git-repos/https%3A%2F%2Fgithub.com%2FReshurum%2Fnes-rs" "/workspace/builds/worker-2-tc2/source", kill_on_drop: false }`
[INFO] [stderr] Cloning into '/workspace/builds/worker-2-tc2/source'...
[INFO] [stderr] done.
[INFO] validating manifest of git repo https://github.com/Reshurum/nes-rs on toolchain beta-2023-12-22
[INFO] running `Command { std: CARGO_HOME="/workspace/cargo-home" RUSTUP_HOME="/workspace/rustup-home" "/workspace/cargo-home/bin/cargo" "+beta-2023-12-22" "metadata" "--manifest-path" "Cargo.toml" "--no-deps", kill_on_drop: false }`
[INFO] started tweaking git repo https://github.com/Reshurum/nes-rs
[INFO] finished tweaking git repo https://github.com/Reshurum/nes-rs
[INFO] tweaked toml for git repo https://github.com/Reshurum/nes-rs written to /workspace/builds/worker-2-tc2/source/Cargo.toml
[INFO] crate git repo https://github.com/Reshurum/nes-rs already has a lockfile, it will not be regenerated
[INFO] running `Command { std: CARGO_HOME="/workspace/cargo-home" RUSTUP_HOME="/workspace/rustup-home" "/workspace/cargo-home/bin/cargo" "+beta-2023-12-22" "fetch" "--manifest-path" "Cargo.toml", kill_on_drop: false }`
[INFO] running `Command { std: "docker" "create" "-v" "/var/lib/crater-agent-workspace/builds/worker-2-tc2/target:/opt/rustwide/target:rw,Z" "-v" "/var/lib/crater-agent-workspace/builds/worker-2-tc2/source:/opt/rustwide/workdir:ro,Z" "-v" "/var/lib/crater-agent-workspace/cargo-home:/opt/rustwide/cargo-home:ro,Z" "-v" "/var/lib/crater-agent-workspace/rustup-home:/opt/rustwide/rustup-home:ro,Z" "-e" "SOURCE_DIR=/opt/rustwide/workdir" "-e" "CARGO_TARGET_DIR=/opt/rustwide/target" "-e" "CARGO_HOME=/opt/rustwide/cargo-home" "-e" "RUSTUP_HOME=/opt/rustwide/rustup-home" "-w" "/opt/rustwide/workdir" "-m" "1610612736" "--user" "0:0" "--network" "none" "ghcr.io/rust-lang/crates-build-env/linux@sha256:2788e3201cd34a07e3172128adcd8b3090168a8e3bcc40d7c032b9dda1df7d1c" "/opt/rustwide/cargo-home/bin/cargo" "+beta-2023-12-22" "metadata" "--no-deps" "--format-version=1", kill_on_drop: false }`
[INFO] [stdout] 8a18d740423d4b3e7b0b7c57862ae68eb2d0fa72b4b1cbddfbe43ea1b81a3608
[INFO] running `Command { std: "docker" "start" "-a" "8a18d740423d4b3e7b0b7c57862ae68eb2d0fa72b4b1cbddfbe43ea1b81a3608", kill_on_drop: false }`
[INFO] running `Command { std: "docker" "inspect" "8a18d740423d4b3e7b0b7c57862ae68eb2d0fa72b4b1cbddfbe43ea1b81a3608", kill_on_drop: false }`
[INFO] running `Command { std: "docker" "rm" "-f" "8a18d740423d4b3e7b0b7c57862ae68eb2d0fa72b4b1cbddfbe43ea1b81a3608", kill_on_drop: false }`
[INFO] [stdout] 8a18d740423d4b3e7b0b7c57862ae68eb2d0fa72b4b1cbddfbe43ea1b81a3608
[INFO] running `Command { std: "docker" "create" "-v" "/var/lib/crater-agent-workspace/builds/worker-2-tc2/target:/opt/rustwide/target:rw,Z" "-v" "/var/lib/crater-agent-workspace/builds/worker-2-tc2/source:/opt/rustwide/workdir:ro,Z" "-v" "/var/lib/crater-agent-workspace/cargo-home:/opt/rustwide/cargo-home:ro,Z" "-v" "/var/lib/crater-agent-workspace/rustup-home:/opt/rustwide/rustup-home:ro,Z" "-e" "SOURCE_DIR=/opt/rustwide/workdir" "-e" "CARGO_TARGET_DIR=/opt/rustwide/target" "-e" "CARGO_INCREMENTAL=0" "-e" "RUST_BACKTRACE=full" "-e" "RUSTFLAGS=--cap-lints=warn" "-e" "RUSTDOCFLAGS=--cap-lints=warn" "-e" "CARGO_HOME=/opt/rustwide/cargo-home" "-e" "RUSTUP_HOME=/opt/rustwide/rustup-home" "-w" "/opt/rustwide/workdir" "-m" "1610612736" "--user" "0:0" "--network" "none" "ghcr.io/rust-lang/crates-build-env/linux@sha256:2788e3201cd34a07e3172128adcd8b3090168a8e3bcc40d7c032b9dda1df7d1c" "/opt/rustwide/cargo-home/bin/cargo" "+beta-2023-12-22" "doc" "--frozen" "--no-deps" "--document-private-items" "--message-format=json", kill_on_drop: false }`
[INFO] [stdout] b5df0cfb7aa84f7e2e9dbcb591f23179265aa5ee69769544beaabf8ac7a39d4a
[INFO] running `Command { std: "docker" "start" "-a" "b5df0cfb7aa84f7e2e9dbcb591f23179265aa5ee69769544beaabf8ac7a39d4a", kill_on_drop: false }`
[INFO] [stderr]     Checking num-traits v0.1.41
[INFO] [stderr]     Checking libc v0.2.34
[INFO] [stderr]     Checking rustc-serialize v0.3.24
[INFO] [stderr]    Compiling cfg-if v0.1.2
[INFO] [stderr]     Checking bitflags v0.4.0
[INFO] [stderr]     Checking bitflags v0.7.0
[INFO] [stderr]     Checking c_vec v1.3.0
[INFO] [stderr]     Checking encode_unicode v0.1.3
[INFO] [stderr]     Checking unicode-width v0.1.4
[INFO] [stderr]     Checking lazy_static v0.2.11
[INFO] [stderr]     Checking getopts v0.2.15
[INFO] [stderr]     Checking byteorder v0.5.3
[INFO] [stderr]    Compiling sdl2-sys v0.31.0
[INFO] [stdout] error[E0503]: cannot use `state` because it was mutably borrowed
[INFO] [stdout]     --> /opt/rustwide/cargo-home/registry/src/index.crates.io-6f17d22bba15001f/getopts-0.2.15/src/lib.rs:1033:25
[INFO] [stdout]      |
[INFO] [stdout] 978  |     let mut machine = |cont: &mut bool, (i, c): (usize, char)| {
[INFO] [stdout]      |                       ---------------------------------------- `state` is borrowed here
[INFO] [stdout] ...
[INFO] [stdout] 982  |         state = match (state, whitespace, limit) {
[INFO] [stdout]      |         ----- borrow occurs due to use of `state` in closure
[INFO] [stdout] ...
[INFO] [stdout] 1033 |     while cont && match state { B | C => true, A => false } {
[INFO] [stdout]      |                         ^^^^^ use of borrowed `state`
[INFO] [stdout] 1034 |         machine(&mut cont, (fake_i, ' '));
[INFO] [stdout]      |         ------- borrow later used here
[INFO] [stdout] 
[INFO] [stdout] 
[INFO] [stdout] error: aborting due to 1 previous error
[INFO] [stdout] 
[INFO] [stdout] 
[INFO] [stdout] For more information about this error, try `rustc --explain E0503`.
[INFO] [stdout] 
[INFO] [stderr] error: could not compile `getopts` (lib) due to 2 previous errors
[INFO] [stderr] warning: build failed, waiting for other jobs to finish...
[INFO] [stdout] error[E0310]: the parameter type `T` may not live long enough
[INFO] [stdout]     --> /opt/rustwide/cargo-home/registry/src/index.crates.io-6f17d22bba15001f/rustc-serialize-0.3.24/src/serialize.rs:1155:5
[INFO] [stdout]      |
[INFO] [stdout] 1155 |     fn decode<D: Decoder>(d: &mut D) -> Result<Cow<'static, T>, D::Error> {
[INFO] [stdout]      |     ^^^^^^^^^^^^^^^^^^^^^^^^^^^^^^^^^^^^^^^^^^^^^^^^^^^^^^^^^^^^^^^^^^^^^
[INFO] [stdout]      |     |
[INFO] [stdout]      |     the parameter type `T` must be valid for the static lifetime...
[INFO] [stdout]      |     ...so that the type `T` will meet its required lifetime bounds...
[INFO] [stdout]      |
[INFO] [stdout] note: ...that is required by this bound
[INFO] [stdout]     --> /rustc/0e09125c6c3c2fd70d7de961bcf0e51575235fad/library/alloc/src/borrow.rs:180:30
[INFO] [stdout] help: consider adding an explicit lifetime bound
[INFO] [stdout]      |
[INFO] [stdout] 1151 | impl<'a, T: ?Sized + 'static> Decodable for Cow<'a, T>
[INFO] [stdout]      |                    +++++++++
[INFO] [stdout] 
[INFO] [stdout] 
[INFO] [stdout] error: aborting due to 1 previous error
[INFO] [stdout] 
[INFO] [stdout] 
[INFO] [stdout] For more information about this error, try `rustc --explain E0310`.
[INFO] [stdout] 
[INFO] [stderr] error: could not compile `rustc-serialize` (lib) due to 2 previous errors
[INFO] running `Command { std: "docker" "inspect" "b5df0cfb7aa84f7e2e9dbcb591f23179265aa5ee69769544beaabf8ac7a39d4a", kill_on_drop: false }`
[INFO] running `Command { std: "docker" "rm" "-f" "b5df0cfb7aa84f7e2e9dbcb591f23179265aa5ee69769544beaabf8ac7a39d4a", kill_on_drop: false }`
[INFO] [stdout] b5df0cfb7aa84f7e2e9dbcb591f23179265aa5ee69769544beaabf8ac7a39d4a
