[INFO] cloning repository https://github.com/Rengo-Labs/CasperLabs-1155
[INFO] running `Command { std: "git" "-c" "credential.helper=" "-c" "credential.helper=/workspace/cargo-home/bin/git-credential-null" "clone" "--bare" "https://github.com/Rengo-Labs/CasperLabs-1155" "/workspace/cache/git-repos/https%3A%2F%2Fgithub.com%2FRengo-Labs%2FCasperLabs-1155", kill_on_drop: false }`
[INFO] [stderr] Cloning into bare repository '/workspace/cache/git-repos/https%3A%2F%2Fgithub.com%2FRengo-Labs%2FCasperLabs-1155'...
[INFO] running `Command { std: "git" "rev-parse" "HEAD", kill_on_drop: false }`
[INFO] [stdout] ba7c5abbb3c2e6b77b2e7e63dc94e1cc1e5250ef
[INFO] documenting Rengo-Labs/CasperLabs-1155 against 1.75.0 for beta-1.76-rustdoc-1
[INFO] running `Command { std: "git" "clone" "/workspace/cache/git-repos/https%3A%2F%2Fgithub.com%2FRengo-Labs%2FCasperLabs-1155" "/workspace/builds/worker-2-tc1/source", kill_on_drop: false }`
[INFO] [stderr] Cloning into '/workspace/builds/worker-2-tc1/source'...
[INFO] [stderr] done.
[INFO] validating manifest of git repo https://github.com/Rengo-Labs/CasperLabs-1155 on toolchain 1.75.0
[INFO] running `Command { std: CARGO_HOME="/workspace/cargo-home" RUSTUP_HOME="/workspace/rustup-home" "/workspace/cargo-home/bin/cargo" "+1.75.0" "metadata" "--manifest-path" "Cargo.toml" "--no-deps", kill_on_drop: false }`
[INFO] started tweaking git repo https://github.com/Rengo-Labs/CasperLabs-1155
[INFO] finished tweaking git repo https://github.com/Rengo-Labs/CasperLabs-1155
[INFO] tweaked toml for git repo https://github.com/Rengo-Labs/CasperLabs-1155 written to /workspace/builds/worker-2-tc1/source/Cargo.toml
[INFO] crate git repo https://github.com/Rengo-Labs/CasperLabs-1155 already has a lockfile, it will not be regenerated
[INFO] running `Command { std: CARGO_HOME="/workspace/cargo-home" RUSTUP_HOME="/workspace/rustup-home" "/workspace/cargo-home/bin/cargo" "+1.75.0" "fetch" "--manifest-path" "Cargo.toml", kill_on_drop: false }`
[INFO] [stderr]     Updating crates.io index
[INFO] [stderr]  Downloading crates ...
[INFO] [stderr]   Downloaded casperlabs-test-env v0.1.2
[INFO] [stderr]   Downloaded casper_types_derive v0.1.0
[INFO] [stderr]   Downloaded lmdb-sys v0.8.0
[INFO] [stderr]   Downloaded datasize_derive v0.2.10
[INFO] [stderr]   Downloaded wasmi v0.8.0
[INFO] [stderr]   Downloaded iana-time-zone v0.1.46
[INFO] [stderr]   Downloaded pwasm-utils v0.16.0
[INFO] [stderr]   Downloaded casper-engine-test-support v2.2.0
[INFO] [stderr]   Downloaded renvm-sig v0.1.1
[INFO] [stderr]   Downloaded casperlabs-contract-utils v0.1.2
[INFO] [stderr]   Downloaded casperlabs-test-env v0.2.0
[INFO] [stderr]   Downloaded datasize v0.2.10
[INFO] [stderr]   Downloaded casper-hashing v1.4.3
[INFO] [stderr]   Downloaded lmdb v0.8.0
[INFO] [stderr]   Downloaded casper-execution-engine v2.0.0
[INFO] [stderr]   Downloaded casper-execution-engine v1.5.0
[INFO] running `Command { std: "docker" "create" "-v" "/var/lib/crater-agent-workspace/builds/worker-2-tc1/target:/opt/rustwide/target:rw,Z" "-v" "/var/lib/crater-agent-workspace/builds/worker-2-tc1/source:/opt/rustwide/workdir:ro,Z" "-v" "/var/lib/crater-agent-workspace/cargo-home:/opt/rustwide/cargo-home:ro,Z" "-v" "/var/lib/crater-agent-workspace/rustup-home:/opt/rustwide/rustup-home:ro,Z" "-e" "SOURCE_DIR=/opt/rustwide/workdir" "-e" "CARGO_TARGET_DIR=/opt/rustwide/target" "-e" "CARGO_HOME=/opt/rustwide/cargo-home" "-e" "RUSTUP_HOME=/opt/rustwide/rustup-home" "-w" "/opt/rustwide/workdir" "-m" "1610612736" "--user" "0:0" "--network" "none" "ghcr.io/rust-lang/crates-build-env/linux@sha256:2788e3201cd34a07e3172128adcd8b3090168a8e3bcc40d7c032b9dda1df7d1c" "/opt/rustwide/cargo-home/bin/cargo" "+1.75.0" "metadata" "--no-deps" "--format-version=1", kill_on_drop: false }`
[INFO] [stdout] a974a82b3e4df3686434fa2f264e05edaa61f992a323648f864a56cba1ccf7c0
[INFO] running `Command { std: "docker" "start" "-a" "a974a82b3e4df3686434fa2f264e05edaa61f992a323648f864a56cba1ccf7c0", kill_on_drop: false }`
[INFO] running `Command { std: "docker" "inspect" "a974a82b3e4df3686434fa2f264e05edaa61f992a323648f864a56cba1ccf7c0", kill_on_drop: false }`
[INFO] running `Command { std: "docker" "rm" "-f" "a974a82b3e4df3686434fa2f264e05edaa61f992a323648f864a56cba1ccf7c0", kill_on_drop: false }`
[INFO] [stdout] a974a82b3e4df3686434fa2f264e05edaa61f992a323648f864a56cba1ccf7c0
[INFO] running `Command { std: "docker" "create" "-v" "/var/lib/crater-agent-workspace/builds/worker-2-tc1/target:/opt/rustwide/target:rw,Z" "-v" "/var/lib/crater-agent-workspace/builds/worker-2-tc1/source:/opt/rustwide/workdir:ro,Z" "-v" "/var/lib/crater-agent-workspace/cargo-home:/opt/rustwide/cargo-home:ro,Z" "-v" "/var/lib/crater-agent-workspace/rustup-home:/opt/rustwide/rustup-home:ro,Z" "-e" "SOURCE_DIR=/opt/rustwide/workdir" "-e" "CARGO_TARGET_DIR=/opt/rustwide/target" "-e" "CARGO_INCREMENTAL=0" "-e" "RUST_BACKTRACE=full" "-e" "RUSTFLAGS=--cap-lints=warn" "-e" "RUSTDOCFLAGS=--cap-lints=warn" "-e" "CARGO_HOME=/opt/rustwide/cargo-home" "-e" "RUSTUP_HOME=/opt/rustwide/rustup-home" "-w" "/opt/rustwide/workdir" "-m" "1610612736" "--user" "0:0" "--network" "none" "ghcr.io/rust-lang/crates-build-env/linux@sha256:2788e3201cd34a07e3172128adcd8b3090168a8e3bcc40d7c032b9dda1df7d1c" "/opt/rustwide/cargo-home/bin/cargo" "+1.75.0" "doc" "--frozen" "--no-deps" "--document-private-items" "--message-format=json", kill_on_drop: false }`
[INFO] [stdout] 10441e13ab679f8ba311be29099ef1d1ef8eb4e8dbc9859d4c710075c09f660b
[INFO] running `Command { std: "docker" "start" "-a" "10441e13ab679f8ba311be29099ef1d1ef8eb4e8dbc9859d4c710075c09f660b", kill_on_drop: false }`
[INFO] [stderr]    Compiling proc-macro2 v1.0.43
[INFO] [stderr]    Compiling unicode-ident v1.0.3
[INFO] [stderr]    Compiling quote v1.0.21
[INFO] [stderr]    Compiling syn v1.0.99
[INFO] [stderr]    Compiling libc v0.2.132
[INFO] [stderr]    Compiling typenum v1.15.0
[INFO] [stderr]    Compiling serde_derive v1.0.144
[INFO] [stderr]    Compiling serde v1.0.144
[INFO] [stderr]    Compiling generic-array v0.14.6
[INFO] [stderr]    Compiling getrandom v0.1.16
[INFO] [stderr]    Compiling num-traits v0.2.15
[INFO] [stderr]     Checking subtle v2.4.1
[INFO] [stderr]     Checking byteorder v1.4.3
[INFO] [stderr]     Checking ppv-lite86 v0.2.16
[INFO] [stderr]    Compiling unicode-xid v0.2.3
[INFO] [stderr]    Compiling crunchy v0.2.2
[INFO] [stderr]     Checking funty v1.1.0
[INFO] [stderr]     Checking radium v0.3.0
[INFO] [stderr]     Checking wyz v0.2.0
[INFO] [stderr]     Checking block-padding v0.2.1
[INFO] [stderr]     Checking opaque-debug v0.3.0
[INFO] [stderr]    Compiling num-bigint v0.4.3
[INFO] [stderr]    Compiling num-rational v0.4.1
[INFO] [stderr]     Checking getrandom v0.2.7
[INFO] [stderr]     Checking bitvec v0.18.5
[INFO] [stderr]     Checking rand_core v0.5.1
[INFO] [stderr]    Compiling num-iter v0.1.43
[INFO] [stderr]     Checking rand_core v0.6.3
[INFO] [stderr]     Checking rand_chacha v0.2.2
[INFO] [stderr]    Compiling indexmap v1.9.1
[INFO] [stderr]     Checking fastrand v1.8.0
[INFO] [stderr]     Checking remove_dir_all v0.5.3
[INFO] [stderr]    Compiling serde_json v1.0.85
[INFO] [stderr]     Checking rand v0.7.3
[INFO] [stderr]     Checking tempfile v3.3.0
[INFO] [stderr]     Checking num-integer v0.1.45
[INFO] [stderr]     Checking rand_chacha v0.3.1
[INFO] [stderr]     Checking wait-timeout v0.2.0
[INFO] [stderr]     Checking quick-error v1.2.3
[INFO] [stderr]     Checking ryu v1.0.11
[INFO] [stderr]    Compiling schemars v0.8.5
[INFO] [stderr]     Checking hashbrown v0.12.3
[INFO] [stderr]     Checking digest v0.9.0
[INFO] [stderr]     Checking signature v1.2.2
[INFO] [stderr]     Checking block-buffer v0.9.0
[INFO] [stderr]     Checking crypto-mac v0.10.1
[INFO] [stderr]     Checking bit-vec v0.6.3
[INFO] [stderr]     Checking hmac v0.10.1
[INFO] [stderr]     Checking once_cell v1.13.1
[INFO] [stderr]     Checking itoa v1.0.3
[INFO] [stderr]     Checking cpufeatures v0.2.4
[INFO] [stderr]     Checking bit-set v0.5.3
[INFO] [stderr]     Checking rusty-fork v0.3.0
[INFO] [stderr]     Checking sha2 v0.9.9
[INFO] [stderr]     Checking ed25519 v1.2.0
[INFO] [stderr]     Checking crypto-mac v0.8.0
[INFO] [stderr]     Checking rand v0.8.5
[INFO] [stderr]     Checking num-complex v0.4.2
[INFO] [stderr]     Checking rand_xorshift v0.3.0
[INFO] [stderr]     Checking quick-error v2.0.1
[INFO] [stderr]     Checking dyn-clone v1.0.9
[INFO] [stderr]     Checking regex-syntax v0.6.27
[INFO] [stderr]     Checking blake2 v0.9.2
[INFO] [stderr]     Checking base64 v0.13.0
[INFO] [stderr]     Checking hex_fmt v0.3.0
[INFO] [stderr]     Checking base16 v0.2.1
[INFO] [stderr]    Compiling wee_alloc v0.4.5
[INFO] [stderr]     Checking memory_units v0.4.0
[INFO] [stderr]     Checking ff v0.8.0
[INFO] [stderr]     Checking generic-array v0.12.4
[INFO] [stderr]    Compiling strsim v0.9.3
[INFO] [stderr]     Checking group v0.8.0
[INFO] [stderr]    Compiling ident_case v1.0.1
[INFO] [stderr]    Compiling fnv v1.0.7
[INFO] [stderr]     Checking subtle v1.0.0
[INFO] [stderr]     Checking byte-tools v0.3.1
[INFO] [stderr]    Compiling value-bag v1.0.0-alpha.9
[INFO] [stderr]     Checking block-padding v0.1.5
[INFO] [stderr]     Checking digest v0.8.1
[INFO] [stderr]     Checking crypto-mac v0.7.0
[INFO] [stderr]    Compiling num-bigint v0.2.6
[INFO] [stderr]    Compiling cc v1.0.73
[INFO] [stderr]    Compiling pkg-config v0.3.25
[INFO] [stderr]     Checking hmac v0.7.1
[INFO] [stderr]     Checking block-buffer v0.7.3
[INFO] [stderr]    Compiling num-rational v0.2.4
[INFO] [stderr]    Compiling log v0.4.17
[INFO] [stderr]     Checking ahash v0.4.7
[INFO] [stderr]     Checking parity-wasm v0.41.0
[INFO] [stderr]    Compiling tiny-keccak v2.0.2
[INFO] [stderr]     Checking opaque-debug v0.2.3
[INFO] [stderr]    Compiling derive_builder v0.9.0
[INFO] [stderr]     Checking fake-simd v0.1.2
[INFO] [stderr]     Checking sha2 v0.8.2
[INFO] [stderr]     Checking hashbrown v0.9.1
[INFO] [stderr]     Checking hmac-drbg v0.2.0
[INFO] [stderr]     Checking either v1.8.0
[INFO] [stderr]    Compiling anyhow v1.0.62
[INFO] [stderr]     Checking arrayref v0.3.6
[INFO] [stderr]     Checking keccak v0.1.2
[INFO] [stderr]     Checking sha3 v0.9.1
[INFO] [stderr]     Checking libsecp256k1 v0.3.5
[INFO] [stderr]     Checking proptest v1.0.0
[INFO] [stderr]     Checking itertools v0.10.3
[INFO] [stderr]    Compiling lmdb-sys v0.8.0
[INFO] [stderr]     Checking wasmi-validation v0.3.0
[INFO] [stderr]     Checking tracing-core v0.1.29
[INFO] [stderr]     Checking time v0.1.44
[INFO] [stderr]     Checking memory_units v0.3.0
[INFO] [stderr]     Checking match_cfg v0.1.0
[INFO] [stderr]     Checking iana-time-zone v0.1.46
[INFO] [stderr]     Checking pin-project-lite v0.2.9
[INFO] [stderr]     Checking rustc-hex v2.1.0
[INFO] [stderr]     Checking downcast-rs v1.2.0
[INFO] [stderr]     Checking chrono v0.4.22
[INFO] [stderr]     Checking wasmi v0.8.0
[INFO] [stderr]     Checking hostname v0.3.1
[INFO] [stderr]     Checking linked-hash-map v0.5.6
[INFO] [stderr]     Checking num_cpus v1.13.1
[INFO] [stderr]    Compiling synstructure v0.12.6
[INFO] [stderr]    Compiling serde_derive_internals v0.25.0
[INFO] [stderr]    Compiling darling_core v0.10.2
[INFO] [stderr]    Compiling borsh-derive-internal v0.8.2
[INFO] [stderr]    Compiling borsh-schema-derive-internal v0.8.2
[INFO] [stderr]     Checking cryptoxide v0.3.6
[INFO] [stderr]     Checking filesize v0.2.0
[INFO] [stderr]    Compiling zeroize_derive v1.3.2
[INFO] [stderr]    Compiling schemars_derive v0.8.5
[INFO] [stderr]    Compiling datasize_derive v0.2.10
[INFO] [stderr]    Compiling num-derive v0.3.3
[INFO] [stderr]    Compiling thiserror-impl v1.0.32
[INFO] [stderr]    Compiling darling_macro v0.10.2
[INFO] [stderr]     Checking zeroize v1.3.0
[INFO] [stderr]     Checking elliptic-curve v0.8.5
[INFO] [stderr]     Checking ecdsa v0.10.2
[INFO] [stderr]     Checking curve25519-dalek v3.2.1
[INFO] [stderr]     Checking datasize v0.2.10
[INFO] [stderr]     Checking k256 v0.7.3
[INFO] [stderr]    Compiling darling v0.10.2
[INFO] [stderr]    Compiling ctor v0.1.23
[INFO] [stderr]    Compiling derive_builder_core v0.9.0
[INFO] [stderr]    Compiling casper_types_derive v0.1.0
[INFO] [stderr]     Checking ed25519-dalek v1.0.1
[INFO] [stderr]    Compiling tracing-attributes v0.1.22
[INFO] [stderr]     Checking lmdb v0.8.0
[INFO] [stderr]     Checking thiserror v1.0.32
[INFO] [stderr]     Checking tracing v0.1.36
[INFO] [stderr]     Checking hex v0.4.3
[INFO] [stderr]     Checking serde_bytes v0.11.7
[INFO] [stderr]     Checking bincode v1.3.3
[INFO] [stderr]     Checking uuid v0.8.2
[INFO] [stderr]     Checking uint v0.9.3
[INFO] [stderr]     Checking hex-buffer-serde v0.3.0
[INFO] [stderr]     Checking num v0.4.0
[INFO] [stderr]     Checking pwasm-utils v0.16.0
[INFO] [stderr]     Checking hex-buffer-serde v0.2.2
[INFO] [stderr]    Compiling toml v0.5.9
[INFO] [stderr]     Checking casper-types v1.5.0
[INFO] [stderr]    Compiling proc-macro-crate v0.1.5
[INFO] [stderr]    Compiling borsh-derive v0.8.2
[INFO] [stderr]     Checking borsh v0.8.2
[INFO] [stderr]     Checking renvm-sig v0.1.1
[INFO] [stderr]     Checking casper-contract v1.4.4
[INFO] [stderr]     Checking casper-hashing v1.4.3
[INFO] [stdout] error[E0554]: `#![feature]` may not be used on the stable release channel
[INFO] [stdout]   --> /opt/rustwide/cargo-home/registry/src/index.crates.io-6f17d22bba15001f/casper-contract-1.4.4/src/lib.rs:51:5
[INFO] [stdout]    |
[INFO] [stdout] 51 |     feature(alloc_error_handler, core_intrinsics, lang_items)
[INFO] [stdout]    |     ^^^^^^^^^^^^^^^^^^^^^^^^^^^^^^^^^^^^^^^^^^^^^^^^^^^^^^^^^
[INFO] [stdout] 
[INFO] [stdout] 
[INFO] [stdout] error[E0554]: `#![feature]` may not be used on the stable release channel
[INFO] [stdout]   --> /opt/rustwide/cargo-home/registry/src/index.crates.io-6f17d22bba15001f/casper-contract-1.4.4/src/lib.rs:51:34
[INFO] [stdout]    |
[INFO] [stdout] 51 |     feature(alloc_error_handler, core_intrinsics, lang_items)
[INFO] [stdout]    |                                  ^^^^^^^^^^^^^^^
[INFO] [stdout] 
[INFO] [stdout] 
[INFO] [stdout] error: aborting due to 2 previous errors
[INFO] [stdout] 
[INFO] [stdout] 
[INFO] [stdout] For more information about this error, try `rustc --explain E0554`.
[INFO] [stdout] 
[INFO] [stderr] error: could not compile `casper-contract` (lib) due to 3 previous errors
[INFO] [stderr] warning: build failed, waiting for other jobs to finish...
[INFO] running `Command { std: "docker" "inspect" "10441e13ab679f8ba311be29099ef1d1ef8eb4e8dbc9859d4c710075c09f660b", kill_on_drop: false }`
[INFO] running `Command { std: "docker" "rm" "-f" "10441e13ab679f8ba311be29099ef1d1ef8eb4e8dbc9859d4c710075c09f660b", kill_on_drop: false }`
[INFO] [stdout] 10441e13ab679f8ba311be29099ef1d1ef8eb4e8dbc9859d4c710075c09f660b
[INFO] documenting Rengo-Labs/CasperLabs-1155 against beta-2023-12-22 for beta-1.76-rustdoc-1
[INFO] running `Command { std: "git" "clone" "/workspace/cache/git-repos/https%3A%2F%2Fgithub.com%2FRengo-Labs%2FCasperLabs-1155" "/workspace/builds/worker-2-tc2/source", kill_on_drop: false }`
[INFO] [stderr] Cloning into '/workspace/builds/worker-2-tc2/source'...
[INFO] [stderr] done.
[INFO] validating manifest of git repo https://github.com/Rengo-Labs/CasperLabs-1155 on toolchain beta-2023-12-22
[INFO] running `Command { std: CARGO_HOME="/workspace/cargo-home" RUSTUP_HOME="/workspace/rustup-home" "/workspace/cargo-home/bin/cargo" "+beta-2023-12-22" "metadata" "--manifest-path" "Cargo.toml" "--no-deps", kill_on_drop: false }`
[INFO] started tweaking git repo https://github.com/Rengo-Labs/CasperLabs-1155
[INFO] finished tweaking git repo https://github.com/Rengo-Labs/CasperLabs-1155
[INFO] tweaked toml for git repo https://github.com/Rengo-Labs/CasperLabs-1155 written to /workspace/builds/worker-2-tc2/source/Cargo.toml
[INFO] crate git repo https://github.com/Rengo-Labs/CasperLabs-1155 already has a lockfile, it will not be regenerated
[INFO] running `Command { std: CARGO_HOME="/workspace/cargo-home" RUSTUP_HOME="/workspace/rustup-home" "/workspace/cargo-home/bin/cargo" "+beta-2023-12-22" "fetch" "--manifest-path" "Cargo.toml", kill_on_drop: false }`
[INFO] running `Command { std: "docker" "create" "-v" "/var/lib/crater-agent-workspace/builds/worker-2-tc2/target:/opt/rustwide/target:rw,Z" "-v" "/var/lib/crater-agent-workspace/builds/worker-2-tc2/source:/opt/rustwide/workdir:ro,Z" "-v" "/var/lib/crater-agent-workspace/cargo-home:/opt/rustwide/cargo-home:ro,Z" "-v" "/var/lib/crater-agent-workspace/rustup-home:/opt/rustwide/rustup-home:ro,Z" "-e" "SOURCE_DIR=/opt/rustwide/workdir" "-e" "CARGO_TARGET_DIR=/opt/rustwide/target" "-e" "CARGO_HOME=/opt/rustwide/cargo-home" "-e" "RUSTUP_HOME=/opt/rustwide/rustup-home" "-w" "/opt/rustwide/workdir" "-m" "1610612736" "--user" "0:0" "--network" "none" "ghcr.io/rust-lang/crates-build-env/linux@sha256:2788e3201cd34a07e3172128adcd8b3090168a8e3bcc40d7c032b9dda1df7d1c" "/opt/rustwide/cargo-home/bin/cargo" "+beta-2023-12-22" "metadata" "--no-deps" "--format-version=1", kill_on_drop: false }`
[INFO] [stdout] 5da78540536917a4a8a24237adff47f8d53948c9a0dd514716b019d2f6d51b2b
[INFO] running `Command { std: "docker" "start" "-a" "5da78540536917a4a8a24237adff47f8d53948c9a0dd514716b019d2f6d51b2b", kill_on_drop: false }`
[INFO] running `Command { std: "docker" "inspect" "5da78540536917a4a8a24237adff47f8d53948c9a0dd514716b019d2f6d51b2b", kill_on_drop: false }`
[INFO] running `Command { std: "docker" "rm" "-f" "5da78540536917a4a8a24237adff47f8d53948c9a0dd514716b019d2f6d51b2b", kill_on_drop: false }`
[INFO] [stdout] 5da78540536917a4a8a24237adff47f8d53948c9a0dd514716b019d2f6d51b2b
[INFO] running `Command { std: "docker" "create" "-v" "/var/lib/crater-agent-workspace/builds/worker-2-tc2/target:/opt/rustwide/target:rw,Z" "-v" "/var/lib/crater-agent-workspace/builds/worker-2-tc2/source:/opt/rustwide/workdir:ro,Z" "-v" "/var/lib/crater-agent-workspace/cargo-home:/opt/rustwide/cargo-home:ro,Z" "-v" "/var/lib/crater-agent-workspace/rustup-home:/opt/rustwide/rustup-home:ro,Z" "-e" "SOURCE_DIR=/opt/rustwide/workdir" "-e" "CARGO_TARGET_DIR=/opt/rustwide/target" "-e" "CARGO_INCREMENTAL=0" "-e" "RUST_BACKTRACE=full" "-e" "RUSTFLAGS=--cap-lints=warn" "-e" "RUSTDOCFLAGS=--cap-lints=warn" "-e" "CARGO_HOME=/opt/rustwide/cargo-home" "-e" "RUSTUP_HOME=/opt/rustwide/rustup-home" "-w" "/opt/rustwide/workdir" "-m" "1610612736" "--user" "0:0" "--network" "none" "ghcr.io/rust-lang/crates-build-env/linux@sha256:2788e3201cd34a07e3172128adcd8b3090168a8e3bcc40d7c032b9dda1df7d1c" "/opt/rustwide/cargo-home/bin/cargo" "+beta-2023-12-22" "doc" "--frozen" "--no-deps" "--document-private-items" "--message-format=json", kill_on_drop: false }`
[INFO] [stdout] 4ec17c060f3c12f19c6b033a30ccce7e5b75a172bf64d7393f0e05dd4db24a6c
[INFO] running `Command { std: "docker" "start" "-a" "4ec17c060f3c12f19c6b033a30ccce7e5b75a172bf64d7393f0e05dd4db24a6c", kill_on_drop: false }`
[INFO] [stderr]    Compiling proc-macro2 v1.0.43
[INFO] [stderr]    Compiling unicode-ident v1.0.3
[INFO] [stderr]    Compiling quote v1.0.21
[INFO] [stderr]    Compiling syn v1.0.99
[INFO] [stderr]    Compiling libc v0.2.132
[INFO] [stderr]    Compiling typenum v1.15.0
[INFO] [stderr]    Compiling serde_derive v1.0.144
[INFO] [stderr]    Compiling serde v1.0.144
[INFO] [stderr]    Compiling generic-array v0.14.6
[INFO] [stderr]    Compiling getrandom v0.1.16
[INFO] [stderr]    Compiling num-traits v0.2.15
[INFO] [stderr]     Checking subtle v2.4.1
[INFO] [stderr]     Checking byteorder v1.4.3
[INFO] [stderr]    Compiling unicode-xid v0.2.3
[INFO] [stderr]     Checking ppv-lite86 v0.2.16
[INFO] [stderr]     Checking wyz v0.2.0
[INFO] [stderr]    Compiling crunchy v0.2.2
[INFO] [stderr]     Checking radium v0.3.0
[INFO] [stderr]     Checking funty v1.1.0
[INFO] [stderr]     Checking opaque-debug v0.3.0
[INFO] [stderr]     Checking block-padding v0.2.1
[INFO] [stderr]    Compiling num-bigint v0.4.3
[INFO] [stderr]     Checking getrandom v0.2.7
[INFO] [stderr]     Checking bitvec v0.18.5
[INFO] [stderr]     Checking rand_core v0.5.1
[INFO] [stderr]    Compiling indexmap v1.9.1
[INFO] [stderr]     Checking rand_core v0.6.3
[INFO] [stderr]     Checking rand_chacha v0.2.2
[INFO] [stderr]    Compiling num-rational v0.4.1
[INFO] [stderr]    Compiling num-iter v0.1.43
[INFO] [stderr]     Checking rand v0.7.3
[INFO] [stderr]    Compiling serde_json v1.0.85
[INFO] [stderr]     Checking fastrand v1.8.0
[INFO] [stderr]     Checking num-integer v0.1.45
[INFO] [stderr]     Checking remove_dir_all v0.5.3
[INFO] [stderr]     Checking digest v0.9.0
[INFO] [stderr]     Checking block-buffer v0.9.0
[INFO] [stderr]     Checking crypto-mac v0.10.1
[INFO] [stderr]     Checking signature v1.2.2
[INFO] [stderr]     Checking tempfile v3.3.0
[INFO] [stderr]     Checking hmac v0.10.1
[INFO] [stderr]     Checking rand_chacha v0.3.1
[INFO] [stderr]     Checking wait-timeout v0.2.0
[INFO] [stderr]     Checking bit-vec v0.6.3
[INFO] [stderr]     Checking quick-error v1.2.3
[INFO] [stderr]    Compiling schemars v0.8.5
[INFO] [stderr]     Checking hashbrown v0.12.3
[INFO] [stderr]     Checking cpufeatures v0.2.4
[INFO] [stderr]     Checking itoa v1.0.3
[INFO] [stderr]     Checking once_cell v1.13.1
[INFO] [stderr]     Checking ryu v1.0.11
[INFO] [stderr]     Checking bit-set v0.5.3
[INFO] [stderr]     Checking sha2 v0.9.9
[INFO] [stderr]     Checking rusty-fork v0.3.0
[INFO] [stderr]     Checking rand v0.8.5
[INFO] [stderr]     Checking ed25519 v1.2.0
[INFO] [stderr]     Checking crypto-mac v0.8.0
[INFO] [stderr]     Checking num-complex v0.4.2
[INFO] [stderr]     Checking rand_xorshift v0.3.0
[INFO] [stderr]     Checking dyn-clone v1.0.9
[INFO] [stderr]     Checking regex-syntax v0.6.27
[INFO] [stderr]     Checking quick-error v2.0.1
[INFO] [stderr]     Checking blake2 v0.9.2
[INFO] [stderr]     Checking hex_fmt v0.3.0
[INFO] [stderr]     Checking ff v0.8.0
[INFO] [stderr]     Checking base64 v0.13.0
[INFO] [stderr]     Checking group v0.8.0
[INFO] [stderr]     Checking base16 v0.2.1
[INFO] [stderr]    Compiling wee_alloc v0.4.5
[INFO] [stderr]     Checking memory_units v0.4.0
[INFO] [stderr]     Checking generic-array v0.12.4
[INFO] [stderr]    Compiling strsim v0.9.3
[INFO] [stderr]    Compiling ident_case v1.0.1
[INFO] [stderr]    Compiling fnv v1.0.7
[INFO] [stderr]     Checking byte-tools v0.3.1
[INFO] [stderr]     Checking subtle v1.0.0
[INFO] [stderr]    Compiling value-bag v1.0.0-alpha.9
[INFO] [stderr]     Checking block-padding v0.1.5
[INFO] [stderr]     Checking digest v0.8.1
[INFO] [stderr]    Compiling num-bigint v0.2.6
[INFO] [stderr]    Compiling cc v1.0.73
[INFO] [stderr]     Checking crypto-mac v0.7.0
[INFO] [stderr]    Compiling pkg-config v0.3.25
[INFO] [stderr]     Checking hmac v0.7.1
[INFO] [stderr]     Checking block-buffer v0.7.3
[INFO] [stderr]    Compiling num-rational v0.2.4
[INFO] [stderr]    Compiling tiny-keccak v2.0.2
[INFO] [stderr]     Checking fake-simd v0.1.2
[INFO] [stderr]     Checking ahash v0.4.7
[INFO] [stderr]    Compiling log v0.4.17
[INFO] [stderr]     Checking parity-wasm v0.41.0
[INFO] [stderr]    Compiling derive_builder v0.9.0
[INFO] [stderr]     Checking opaque-debug v0.2.3
[INFO] [stderr]     Checking sha2 v0.8.2
[INFO] [stderr]     Checking hashbrown v0.9.1
[INFO] [stderr]     Checking hmac-drbg v0.2.0
[INFO] [stderr]     Checking proptest v1.0.0
[INFO] [stderr]     Checking either v1.8.0
[INFO] [stderr]     Checking keccak v0.1.2
[INFO] [stderr]    Compiling anyhow v1.0.62
[INFO] [stderr]     Checking arrayref v0.3.6
[INFO] [stderr]     Checking sha3 v0.9.1
[INFO] [stderr]     Checking libsecp256k1 v0.3.5
[INFO] [stderr]     Checking itertools v0.10.3
[INFO] [stderr]    Compiling lmdb-sys v0.8.0
[INFO] [stderr]    Compiling synstructure v0.12.6
[INFO] [stderr]    Compiling serde_derive_internals v0.25.0
[INFO] [stderr]    Compiling darling_core v0.10.2
[INFO] [stderr]    Compiling borsh-derive-internal v0.8.2
[INFO] [stderr]    Compiling borsh-schema-derive-internal v0.8.2
[INFO] [stderr]     Checking wasmi-validation v0.3.0
[INFO] [stderr]     Checking tracing-core v0.1.29
[INFO] [stderr]     Checking time v0.1.44
[INFO] [stderr]     Checking pin-project-lite v0.2.9
[INFO] [stderr]     Checking rustc-hex v2.1.0
[INFO] [stderr]     Checking match_cfg v0.1.0
[INFO] [stderr]     Checking memory_units v0.3.0
[INFO] [stderr]     Checking iana-time-zone v0.1.46
[INFO] [stderr]     Checking downcast-rs v1.2.0
[INFO] [stderr]     Checking hostname v0.3.1
[INFO] [stderr]     Checking chrono v0.4.22
[INFO] [stderr]     Checking wasmi v0.8.0
[INFO] [stderr]     Checking linked-hash-map v0.5.6
[INFO] [stderr]     Checking num_cpus v1.13.1
[INFO] [stderr]     Checking cryptoxide v0.3.6
[INFO] [stderr]     Checking filesize v0.2.0
[INFO] [stderr]    Compiling zeroize_derive v1.3.2
[INFO] [stderr]    Compiling schemars_derive v0.8.5
[INFO] [stderr]    Compiling datasize_derive v0.2.10
[INFO] [stderr]    Compiling num-derive v0.3.3
[INFO] [stderr]    Compiling thiserror-impl v1.0.32
[INFO] [stderr]     Checking datasize v0.2.10
[INFO] [stderr]     Checking zeroize v1.3.0
[INFO] [stderr]    Compiling darling_macro v0.10.2
[INFO] [stderr]     Checking elliptic-curve v0.8.5
[INFO] [stderr]     Checking curve25519-dalek v3.2.1
[INFO] [stderr]     Checking ecdsa v0.10.2
[INFO] [stderr]    Compiling ctor v0.1.23
[INFO] [stderr]     Checking k256 v0.7.3
[INFO] [stderr]     Checking ed25519-dalek v1.0.1
[INFO] [stderr]    Compiling casper_types_derive v0.1.0
[INFO] [stderr]    Compiling tracing-attributes v0.1.22
[INFO] [stderr]    Compiling darling v0.10.2
[INFO] [stderr]    Compiling derive_builder_core v0.9.0
[INFO] [stderr]     Checking lmdb v0.8.0
[INFO] [stderr]     Checking thiserror v1.0.32
[INFO] [stderr]     Checking tracing v0.1.36
[INFO] [stderr]     Checking hex v0.4.3
[INFO] [stderr]     Checking serde_bytes v0.11.7
[INFO] [stderr]     Checking bincode v1.3.3
[INFO] [stderr]     Checking uuid v0.8.2
[INFO] [stderr]     Checking uint v0.9.3
[INFO] [stderr]     Checking num v0.4.0
[INFO] [stderr]     Checking hex-buffer-serde v0.3.0
[INFO] [stderr]     Checking pwasm-utils v0.16.0
[INFO] [stderr]    Compiling toml v0.5.9
[INFO] [stderr]     Checking hex-buffer-serde v0.2.2
[INFO] [stderr]    Compiling proc-macro-crate v0.1.5
[INFO] [stderr]     Checking casper-types v1.5.0
[INFO] [stderr]    Compiling borsh-derive v0.8.2
[INFO] [stderr]     Checking borsh v0.8.2
[INFO] [stderr]     Checking renvm-sig v0.1.1
[INFO] [stderr]     Checking casper-contract v1.4.4
[INFO] [stderr]     Checking casper-hashing v1.4.3
[INFO] [stdout] error[E0554]: `#![feature]` may not be used on the beta release channel
[INFO] [stdout]   --> /opt/rustwide/cargo-home/registry/src/index.crates.io-6f17d22bba15001f/casper-contract-1.4.4/src/lib.rs:51:5
[INFO] [stdout]    |
[INFO] [stdout] 51 |     feature(alloc_error_handler, core_intrinsics, lang_items)
[INFO] [stdout]    |     ^^^^^^^^^^^^^^^^^^^^^^^^^^^^^^^^^^^^^^^^^^^^^^^^^^^^^^^^^
[INFO] [stdout] 
[INFO] [stdout] 
[INFO] [stdout] error[E0554]: `#![feature]` may not be used on the beta release channel
[INFO] [stdout]   --> /opt/rustwide/cargo-home/registry/src/index.crates.io-6f17d22bba15001f/casper-contract-1.4.4/src/lib.rs:51:34
[INFO] [stdout]    |
[INFO] [stdout] 51 |     feature(alloc_error_handler, core_intrinsics, lang_items)
[INFO] [stdout]    |                                  ^^^^^^^^^^^^^^^
[INFO] [stdout] 
[INFO] [stdout] 
[INFO] [stdout] error: aborting due to 2 previous errors
[INFO] [stdout] 
[INFO] [stdout] 
[INFO] [stdout] For more information about this error, try `rustc --explain E0554`.
[INFO] [stdout] 
[INFO] [stderr] error: could not compile `casper-contract` (lib) due to 3 previous errors
[INFO] [stderr] warning: build failed, waiting for other jobs to finish...
[INFO] running `Command { std: "docker" "inspect" "4ec17c060f3c12f19c6b033a30ccce7e5b75a172bf64d7393f0e05dd4db24a6c", kill_on_drop: false }`
[INFO] running `Command { std: "docker" "rm" "-f" "4ec17c060f3c12f19c6b033a30ccce7e5b75a172bf64d7393f0e05dd4db24a6c", kill_on_drop: false }`
[INFO] [stdout] 4ec17c060f3c12f19c6b033a30ccce7e5b75a172bf64d7393f0e05dd4db24a6c
