[INFO] cloning repository https://github.com/Redfire75369/spiderfire
[INFO] running `Command { std: "git" "-c" "credential.helper=" "-c" "credential.helper=/workspace/cargo-home/bin/git-credential-null" "clone" "--bare" "https://github.com/Redfire75369/spiderfire" "/workspace/cache/git-repos/https%3A%2F%2Fgithub.com%2FRedfire75369%2Fspiderfire", kill_on_drop: false }`
[INFO] [stderr] Cloning into bare repository '/workspace/cache/git-repos/https%3A%2F%2Fgithub.com%2FRedfire75369%2Fspiderfire'...
[INFO] running `Command { std: "git" "rev-parse" "HEAD", kill_on_drop: false }`
[INFO] [stdout] b1ca6de83f261d528e3cc78e9794ec9c7aad5e56
[INFO] documenting Redfire75369/spiderfire against 1.75.0 for beta-1.76-rustdoc-1
[INFO] running `Command { std: "git" "clone" "/workspace/cache/git-repos/https%3A%2F%2Fgithub.com%2FRedfire75369%2Fspiderfire" "/workspace/builds/worker-2-tc1/source", kill_on_drop: false }`
[INFO] [stderr] Cloning into '/workspace/builds/worker-2-tc1/source'...
[INFO] [stderr] done.
[INFO] validating manifest of git repo https://github.com/Redfire75369/spiderfire on toolchain 1.75.0
[INFO] running `Command { std: CARGO_HOME="/workspace/cargo-home" RUSTUP_HOME="/workspace/rustup-home" "/workspace/cargo-home/bin/cargo" "+1.75.0" "metadata" "--manifest-path" "Cargo.toml" "--no-deps", kill_on_drop: false }`
[INFO] removed /workspace/builds/worker-2-tc1/source/.cargo/config.toml
[INFO] started tweaking git repo https://github.com/Redfire75369/spiderfire
[INFO] finished tweaking git repo https://github.com/Redfire75369/spiderfire
[INFO] tweaked toml for git repo https://github.com/Redfire75369/spiderfire written to /workspace/builds/worker-2-tc1/source/Cargo.toml
[INFO] crate git repo https://github.com/Redfire75369/spiderfire already has a lockfile, it will not be regenerated
[INFO] running `Command { std: CARGO_HOME="/workspace/cargo-home" RUSTUP_HOME="/workspace/rustup-home" "/workspace/cargo-home/bin/cargo" "+1.75.0" "fetch" "--manifest-path" "Cargo.toml", kill_on_drop: false }`
[INFO] [stderr]     Updating git repository `https://github.com/servo/mozjs`
[INFO] [stderr]     Updating crates.io index
[INFO] [stderr]     Blocking waiting for file lock on package cache
[INFO] [stderr]  Downloading crates ...
[INFO] [stderr]   Downloaded vergen v8.2.6
[INFO] [stderr]   Downloaded swc_config v0.1.9
[INFO] [stderr]   Downloaded error-code v3.0.0
[INFO] [stderr]   Downloaded rustyline-derive v0.10.0
[INFO] [stderr]   Downloaded swc_config_macro v0.1.3
[INFO] [stderr]   Downloaded encoding_c v0.9.8
[INFO] [stderr]   Downloaded is-macro v0.3.4
[INFO] [stderr]   Downloaded clipboard-win v5.0.0
[INFO] [stderr]   Downloaded swc_core v0.87.6
[INFO] [stderr]   Downloaded swc_ecma_utils v0.125.0
[INFO] [stderr]   Downloaded swc_ecma_ast v0.110.15
[INFO] [stderr]   Downloaded rustyline v13.0.0
[INFO] [stderr]   Downloaded swc_ecma_parser v0.141.33
[INFO] [stderr]   Downloaded utf16string v0.2.0
[INFO] [stderr]   Downloaded swc_ecma_codegen v0.146.46
[INFO] [stderr]   Downloaded swc_ecma_visit v0.96.15
[INFO] [stderr]   Downloaded term-table v1.3.2
[INFO] [stderr]   Downloaded encoding_c_mem v0.2.6
[INFO] [stderr]   Downloaded hstr v0.2.6
[INFO] [stderr]   Downloaded swc_ecma_transforms_react v0.181.4
[INFO] [stderr]   Downloaded swc_ecma_transforms_typescript v0.186.4
[INFO] [stderr]   Downloaded swc_ecma_transforms_base v0.135.2
[INFO] running `Command { std: "docker" "create" "-v" "/var/lib/crater-agent-workspace/builds/worker-2-tc1/target:/opt/rustwide/target:rw,Z" "-v" "/var/lib/crater-agent-workspace/builds/worker-2-tc1/source:/opt/rustwide/workdir:ro,Z" "-v" "/var/lib/crater-agent-workspace/cargo-home:/opt/rustwide/cargo-home:ro,Z" "-v" "/var/lib/crater-agent-workspace/rustup-home:/opt/rustwide/rustup-home:ro,Z" "-e" "SOURCE_DIR=/opt/rustwide/workdir" "-e" "CARGO_TARGET_DIR=/opt/rustwide/target" "-e" "CARGO_HOME=/opt/rustwide/cargo-home" "-e" "RUSTUP_HOME=/opt/rustwide/rustup-home" "-w" "/opt/rustwide/workdir" "-m" "1610612736" "--user" "0:0" "--network" "none" "ghcr.io/rust-lang/crates-build-env/linux@sha256:2788e3201cd34a07e3172128adcd8b3090168a8e3bcc40d7c032b9dda1df7d1c" "/opt/rustwide/cargo-home/bin/cargo" "+1.75.0" "metadata" "--no-deps" "--format-version=1", kill_on_drop: false }`
[INFO] [stdout] 2a907620917e457c55fe67f60542e10289b6f99b6ac415b83299fea0af4a5c5d
[INFO] running `Command { std: "docker" "start" "-a" "2a907620917e457c55fe67f60542e10289b6f99b6ac415b83299fea0af4a5c5d", kill_on_drop: false }`
[INFO] running `Command { std: "docker" "inspect" "2a907620917e457c55fe67f60542e10289b6f99b6ac415b83299fea0af4a5c5d", kill_on_drop: false }`
[INFO] running `Command { std: "docker" "rm" "-f" "2a907620917e457c55fe67f60542e10289b6f99b6ac415b83299fea0af4a5c5d", kill_on_drop: false }`
[INFO] [stdout] 2a907620917e457c55fe67f60542e10289b6f99b6ac415b83299fea0af4a5c5d
[INFO] running `Command { std: "docker" "create" "-v" "/var/lib/crater-agent-workspace/builds/worker-2-tc1/target:/opt/rustwide/target:rw,Z" "-v" "/var/lib/crater-agent-workspace/builds/worker-2-tc1/source:/opt/rustwide/workdir:ro,Z" "-v" "/var/lib/crater-agent-workspace/cargo-home:/opt/rustwide/cargo-home:ro,Z" "-v" "/var/lib/crater-agent-workspace/rustup-home:/opt/rustwide/rustup-home:ro,Z" "-e" "SOURCE_DIR=/opt/rustwide/workdir" "-e" "CARGO_TARGET_DIR=/opt/rustwide/target" "-e" "CARGO_INCREMENTAL=0" "-e" "RUST_BACKTRACE=full" "-e" "RUSTFLAGS=--cap-lints=warn" "-e" "RUSTDOCFLAGS=--cap-lints=warn" "-e" "CARGO_HOME=/opt/rustwide/cargo-home" "-e" "RUSTUP_HOME=/opt/rustwide/rustup-home" "-w" "/opt/rustwide/workdir" "-m" "1610612736" "--user" "0:0" "--network" "none" "ghcr.io/rust-lang/crates-build-env/linux@sha256:2788e3201cd34a07e3172128adcd8b3090168a8e3bcc40d7c032b9dda1df7d1c" "/opt/rustwide/cargo-home/bin/cargo" "+1.75.0" "doc" "--frozen" "--no-deps" "--document-private-items" "--message-format=json", kill_on_drop: false }`
[INFO] [stdout] 73aecccf69d2518b0cab3899818d0a3504ca0fcdfaa68d1cef7eda130cc4cb20
[INFO] running `Command { std: "docker" "start" "-a" "73aecccf69d2518b0cab3899818d0a3504ca0fcdfaa68d1cef7eda130cc4cb20", kill_on_drop: false }`
[INFO] [stderr]    Compiling proc-macro2 v1.0.71
[INFO] [stderr]    Compiling libc v0.2.151
[INFO] [stderr]    Compiling memchr v2.6.4
[INFO] [stderr]    Compiling regex-syntax v0.8.2
[INFO] [stderr]    Compiling lazy_static v1.4.0
[INFO] [stderr]    Compiling serde v1.0.193
[INFO] [stderr]     Checking itoa v1.0.10
[INFO] [stderr]    Compiling num-traits v0.2.17
[INFO] [stderr]     Checking once_cell v1.19.0
[INFO] [stderr]     Checking tinyvec_macros v0.1.1
[INFO] [stderr]     Checking tinyvec v1.6.0
[INFO] [stderr]    Compiling rand_core v0.6.4
[INFO] [stderr]    Compiling aho-corasick v1.1.2
[INFO] [stderr]    Compiling serde_json v1.0.108
[INFO] [stderr]    Compiling siphasher v0.3.11
[INFO] [stderr]    Compiling quote v1.0.33
[INFO] [stderr]    Compiling cc v1.0.83
[INFO] [stderr]    Compiling syn v2.0.42
[INFO] [stderr]    Compiling phf_shared v0.11.2
[INFO] [stderr]     Checking unicode-normalization v0.1.22
[INFO] [stderr]    Compiling rand v0.8.5
[INFO] [stderr]     Checking ryu v1.0.16
[INFO] [stderr]    Compiling regex-automata v0.4.3
[INFO] [stderr]     Checking unicode-bidi v0.3.14
[INFO] [stderr]     Checking percent-encoding v2.3.1
[INFO] [stderr]    Compiling phf_generator v0.11.2
[INFO] [stderr]     Checking uuid v1.6.1
[INFO] [stderr]     Checking form_urlencoded v1.2.1
[INFO] [stderr]     Checking smallvec v1.11.2
[INFO] [stderr]     Checking idna v0.5.0
[INFO] [stderr]     Checking tracing-core v0.1.32
[INFO] [stderr]    Compiling num-integer v0.1.45
[INFO] [stderr]     Checking url v2.5.0
[INFO] [stderr]     Checking data-encoding v2.5.0
[INFO] [stderr]     Checking bitflags v2.4.1
[INFO] [stderr]     Checking unicode-id v0.3.4
[INFO] [stderr]     Checking if_chain v1.0.2
[INFO] [stderr]    Compiling glob v0.3.1
[INFO] [stderr]    Compiling num-bigint v0.4.4
[INFO] [stderr]    Compiling rustix v0.38.28
[INFO] [stderr]     Checking unicode-width v0.1.11
[INFO] [stderr]     Checking rustc-hash v1.1.0
[INFO] [stderr]     Checking new_debug_unreachable v1.0.4
[INFO] [stderr]     Checking scoped-tls v1.0.1
[INFO] [stderr]    Compiling futures-core v0.3.29
[INFO] [stderr]    Compiling clang-sys v1.6.1
[INFO] [stderr]    Compiling minimal-lexical v0.2.1
[INFO] [stderr]    Compiling linux-raw-sys v0.4.12
[INFO] [stderr]     Checking either v1.9.0
[INFO] [stderr]    Compiling cfg-if v1.0.0
[INFO] [stderr]     Checking better_scoped_tls v0.1.1
[INFO] [stderr]    Compiling libloading v0.7.4
[INFO] [stderr]     Checking atty v0.2.14
[INFO] [stderr]    Compiling nom v7.1.3
[INFO] [stderr]    Compiling home v0.5.9
[INFO] [stderr]    Compiling bindgen v0.68.1
[INFO] [stderr]     Checking termcolor v1.4.0
[INFO] [stderr]    Compiling lazycell v1.3.0
[INFO] [stderr]    Compiling pkg-config v0.3.28
[INFO] [stderr]    Compiling regex v1.10.2
[INFO] [stderr]    Compiling peeking_take_while v0.1.2
[INFO] [stderr]    Compiling futures-channel v0.3.29
[INFO] [stderr]    Compiling Inflector v0.11.4
[INFO] [stderr]    Compiling shlex v1.2.0
[INFO] [stderr]    Compiling futures-task v0.3.29
[INFO] [stderr]    Compiling vcpkg v0.2.15
[INFO] [stderr]    Compiling ring v0.17.7
[INFO] [stderr]    Compiling psm v0.1.21
[INFO] [stderr]    Compiling swc_macros_common v0.3.9
[INFO] [stderr]    Compiling pmutil v0.6.1
[INFO] [stderr]    Compiling cexpr v0.6.0
[INFO] [stderr]    Compiling libz-sys v1.1.12
[INFO] [stderr]    Compiling encoding_c v0.9.8
[INFO] [stderr]    Compiling same-file v1.0.6
[INFO] [stderr]     Checking hashbrown v0.14.3
[INFO] [stderr]     Checking futures-sink v0.3.29
[INFO] [stderr]    Compiling which v4.4.2
[INFO] [stderr]    Compiling rustversion v1.0.14
[INFO] [stderr]    Compiling futures-util v0.3.29
[INFO] [stderr]    Compiling encoding_c_mem v0.2.6
[INFO] [stderr]    Compiling walkdir v2.4.0
[INFO] [stderr]    Compiling stacker v0.1.15
[INFO] [stderr]    Compiling smartstring v1.0.1
[INFO] [stderr]    Compiling prettyplease v0.2.15
[INFO] [stderr]     Checking equivalent v1.0.1
[INFO] [stderr]     Checking futures-io v0.3.29
[INFO] [stderr]     Checking typed-arena v2.0.2
[INFO] [stderr]     Checking indexmap v2.1.0
[INFO] [stderr]     Checking getrandom v0.2.11
[INFO] [stderr]    Compiling lock_api v0.4.11
[INFO] [stderr]     Checking encoding_rs v0.8.33
[INFO] [stderr]    Compiling parking_lot_core v0.9.9
[INFO] [stderr]    Compiling anyhow v1.0.76
[INFO] [stderr]     Checking untrusted v0.9.0
[INFO] [stderr]     Checking static_assertions v1.1.0
[INFO] [stderr]     Checking spin v0.9.8
[INFO] [stderr]    Compiling vergen v8.2.6
[INFO] [stderr]    Compiling serde_derive v1.0.193
[INFO] [stderr]    Compiling tracing-attributes v0.1.27
[INFO] [stderr]    Compiling phf_macros v0.11.2
[INFO] [stderr]    Compiling swc_visit_macros v0.5.9
[INFO] [stderr]    Compiling from_variant v0.1.7
[INFO] [stderr]    Compiling ast_node v0.9.6
[INFO] [stderr]    Compiling swc_eq_ignore_macros v0.1.3
[INFO] [stderr]     Checking phf v0.11.2
[INFO] [stderr]     Checking hstr v0.2.6
[INFO] [stderr]    Compiling is-macro v0.3.4
[INFO] [stderr]    Compiling string_enum v0.4.2
[INFO] [stderr]    Compiling futures-macro v0.3.29
[INFO] [stderr]     Checking tracing v0.1.40
[INFO] [stderr]    Compiling tokio-macros v2.2.0
[INFO] [stderr]     Checking digest v0.10.7
[INFO] [stderr]     Checking socket2 v0.5.5
[INFO] [stderr]     Checking num_cpus v1.16.0
[INFO] [stderr]     Checking mio v0.8.10
[INFO] [stderr]     Checking scopeguard v1.2.0
[INFO] [stderr]    Compiling swc_config_macro v0.1.3
[INFO] [stderr]     Checking tokio v1.35.1
[INFO] [stderr]     Checking cpufeatures v0.2.11
[INFO] [stderr]    Compiling httparse v1.8.0
[INFO] [stderr]     Checking fnv v1.0.7
[INFO] [stderr]    Compiling rustls v0.21.10
[INFO] [stderr]    Compiling unicode-segmentation v1.10.1
[INFO] [stderr]     Checking http v0.2.11
[INFO] [stderr]     Checking sha-1 v0.10.0
[INFO] [stderr]    Compiling convert_case v0.6.0
[INFO] [stderr]     Checking swc_visit v0.5.8
[INFO] [stderr]     Checking dashmap v5.5.3
[INFO] [stderr]     Checking rustls-webpki v0.101.7
[INFO] [stderr]     Checking sct v0.7.1
[INFO] [stderr]    Compiling swc_ecma_transforms_macros v0.5.4
[INFO] [stderr]     Checking base64 v0.21.5
[INFO] [stderr]    Compiling mozjs_sys v0.68.2 (https://github.com/servo/mozjs#0a2efb9e)
[INFO] [stderr]    Compiling mozjs v0.14.1 (https://github.com/servo/mozjs#0a2efb9e)
[INFO] [stderr]     Checking try-lock v0.2.5
[INFO] [stderr]     Checking byteorder v1.5.0
[INFO] [stderr]     Checking iana-time-zone v0.1.58
[INFO] [stderr]     Checking utf16string v0.2.0
[INFO] [stderr]     Checking chrono v0.4.31
[INFO] [stderr]     Checking want v0.3.1
[INFO] [stderr]    Compiling ion-proc v0.1.0 (/opt/rustwide/workdir/ion-proc)
[INFO] [stderr]     Checking futures-executor v0.3.29
[INFO] [stderr]     Checking futures v0.3.29
[INFO] [stderr]     Checking http-body v0.4.6
[INFO] [stderr]    Compiling swc_core v0.87.6
[INFO] [stderr]     Checking colored v2.1.0
[INFO] [stderr]    Compiling swc_ecma_codegen_macros v0.7.4
[INFO] [stderr]     Checking debugid v0.8.0
[INFO] [stderr]     Checking swc_atoms v0.6.5
[INFO] [stderr]     Checking sourcemap v6.4.1
[INFO] [stderr]     Checking swc_config v0.1.9
[INFO] [stderr]     Checking option-ext v0.2.0
[INFO] [stderr]     Checking ryu-js v1.0.0
[INFO] [stderr]     Checking arrayvec v0.7.4
[INFO] [stderr]    Compiling unicode-xid v0.2.4
[INFO] [stderr]     Checking tower-service v0.3.2
[INFO] [stderr]     Checking httpdate v1.0.3
[INFO] [stderr]     Checking bytemuck v1.14.0
[INFO] [stderr]     Checking indent v0.1.1
[INFO] [stderr]    Compiling const_format_proc_macros v0.2.32
[INFO] [stderr]     Checking hyper v0.14.28
[INFO] [stderr]     Checking swc_common v0.33.12
[INFO] [stderr]     Checking dirs-sys v0.4.1
[INFO] [stderr]     Checking tokio-rustls v0.24.1
[INFO] [stderr]     Checking utf8parse v0.2.1
[INFO] [stderr]     Checking webpki-roots v0.25.3
[INFO] [stderr]     Checking keccak v0.1.4
[INFO] [stderr]     Checking term-table v1.3.2
[INFO] [stderr]     Checking sha3 v0.10.8
[INFO] [stderr]     Checking dirs v5.0.1
[INFO] [stderr]    Compiling async-recursion v1.0.5
[INFO] [stderr]     Checking mime v0.3.17
[INFO] [stderr]     Checking data-url v0.3.1
[INFO] [stderr]     Checking swc_ecma_ast v0.110.15
[INFO] [stderr]     Checking sys-locale v0.3.1
[INFO] [stderr]     Checking unicode-ident v1.0.12
[INFO] [stderr]     Checking dunce v1.0.4
[INFO] [stderr]     Checking anstyle-parse v0.2.3
[INFO] [stderr]     Checking const_format v0.2.32
[INFO] [stderr]     Checking anstyle v1.0.4
[INFO] [stderr]     Checking anstyle-query v1.0.2
[INFO] [stderr]    Compiling libm v0.2.8
[INFO] [stderr]     Checking colorchoice v1.0.0
[INFO] [stderr]     Checking anstream v0.6.5
[INFO] [stderr]     Checking tokio-stream v0.1.14
[INFO] [stderr]     Checking clap_lex v0.6.0
[INFO] [stderr]    Compiling clap_derive v4.4.7
[INFO] [stderr]     Checking hyper-rustls v0.24.2
[INFO] [stderr]     Checking clap_builder v4.4.11
[INFO] [stderr]     Checking nix v0.27.1
[INFO] [stderr]    Compiling rustyline-derive v0.10.0
[INFO] [stderr]     Checking humansize v2.1.3
[INFO] [stderr]     Checking rustyline v13.0.0
[INFO] [stderr]     Checking clap v4.4.11
[INFO] [stderr]     Checking swc_ecma_visit v0.96.15
[INFO] [stderr]     Checking swc_ecma_parser v0.141.33
[INFO] [stderr]     Checking swc_ecma_codegen v0.146.46
[INFO] [stderr]  Documenting ion-proc v0.1.0 (/opt/rustwide/workdir/ion-proc)
[INFO] [stderr] error: failed to run custom build command for `mozjs_sys v0.68.2 (https://github.com/servo/mozjs#0a2efb9e)`
[INFO] [stderr] note: To improve backtraces for build dependencies, set the CARGO_PROFILE_DEV_BUILD_OVERRIDE_DEBUG=true environment variable to enable debug information generation.
[INFO] [stderr] 
[INFO] [stderr] Caused by:
[INFO] [stderr]   process didn't exit successfully: `/opt/rustwide/target/debug/build/mozjs_sys-e0c6dbefca734c1c/build-script-build` (exit status: 101)
[INFO] [stderr]   --- stdout
[INFO] [stderr]   cargo:outdir=/opt/rustwide/target/debug/build/mozjs_sys-75c27195a8a8d52c/out/build
[INFO] [stderr]   [[ '/opt/rustwide/cargo-home/git/checkouts/mozjs-fa11ffc7d4f1cc2d/0a2efb9/mozjs-sys/mozjs'/js/src/configure -ot '/opt/rustwide/cargo-home/git/checkouts/mozjs-fa11ffc7d4f1cc2d/0a2efb9/mozjs-sys/mozjs'/js/src/configure.in ]] && touch '/opt/rustwide/cargo-home/git/checkouts/mozjs-fa11ffc7d4f1cc2d/0a2efb9/mozjs-sys/mozjs'/js/src/configure || true
[INFO] [stderr]   [[ '/opt/rustwide/cargo-home/git/checkouts/mozjs-fa11ffc7d4f1cc2d/0a2efb9/mozjs-sys/mozjs'/js/src/old-configure -ot '/opt/rustwide/cargo-home/git/checkouts/mozjs-fa11ffc7d4f1cc2d/0a2efb9/mozjs-sys/mozjs'/js/src/old-configure.in ]] && touch '/opt/rustwide/cargo-home/git/checkouts/mozjs-fa11ffc7d4f1cc2d/0a2efb9/mozjs-sys/mozjs'/js/src/old-configure || true
[INFO] [stderr]   ! [[ '/opt/rustwide/cargo-home/git/checkouts/mozjs-fa11ffc7d4f1cc2d/0a2efb9/mozjs-sys/mozjs'/js/src/configure.in -ot '/opt/rustwide/cargo-home/git/checkouts/mozjs-fa11ffc7d4f1cc2d/0a2efb9/mozjs-sys/mozjs'/js/src/configure ]] && touch '/opt/rustwide/cargo-home/git/checkouts/mozjs-fa11ffc7d4f1cc2d/0a2efb9/mozjs-sys/mozjs'/js/src/configure || true
[INFO] [stderr]   ! [[ '/opt/rustwide/cargo-home/git/checkouts/mozjs-fa11ffc7d4f1cc2d/0a2efb9/mozjs-sys/mozjs'/js/src/old-configure.in -ot '/opt/rustwide/cargo-home/git/checkouts/mozjs-fa11ffc7d4f1cc2d/0a2efb9/mozjs-sys/mozjs'/js/src/old-configure ]] && touch '/opt/rustwide/cargo-home/git/checkouts/mozjs-fa11ffc7d4f1cc2d/0a2efb9/mozjs-sys/mozjs'/js/src/old-configure || true
[INFO] [stderr]   if [[ '/opt/rustwide/cargo-home/git/checkouts/mozjs-fa11ffc7d4f1cc2d/0a2efb9/mozjs-sys/mozjs'/js/src/configure -nt config.status ]] ; then \
[INFO] [stderr]     CC="cc" CFLAGS="" \
[INFO] [stderr]     CPP="cc -E" CPPFLAGS="-I/opt/rustwide/cargo-home/registry/src/index.crates.io-6f17d22bba15001f/encoding_c_mem-0.2.6/include " \
[INFO] [stderr]     CXX="c++" CXXFLAGS="" \
[INFO] [stderr]     AS="" AR="ar" \
[INFO] [stderr]     '/opt/rustwide/cargo-home/git/checkouts/mozjs-fa11ffc7d4f1cc2d/0a2efb9/mozjs-sys/mozjs'/js/src/configure --disable-jemalloc --disable-js-shell --disable-tests --disable-export-js --disable-shared-js --build-backends=RecursiveMake || (cat config.log && exit 1) ; \
[INFO] [stderr]   fi
[INFO] [stderr]   Using Python 3.10.12 from /usr/bin/python3
[INFO] [stderr]   Site not up-to-date reason: "/opt/rustwide/target/debug/build/mozjs_sys-75c27195a8a8d52c/out/build/_virtualenvs/build" does not exist
[INFO] [stderr]   Created Python 3 virtualenv
[INFO] [stderr]   checking for vcs source checkout... no
[INFO] [stderr]   checking for a shell... /usr/bin/sh
[INFO] [stderr]   checking for host system type... x86_64-pc-linux-gnu
[INFO] [stderr]   checking for target system type... x86_64-pc-linux-gnu
[INFO] [stderr]   checking for Python 3... /opt/rustwide/target/debug/build/mozjs_sys-75c27195a8a8d52c/out/build/_virtualenvs/build/bin/python (3.10.12)
[INFO] [stderr]   checking whether cross compiling... no
[INFO] [stderr]   checking for wget... /usr/bin/wget
[INFO] [stderr]   checking for ccache... not found
[INFO] [stderr]   checking for the target C compiler... /usr/bin/cc
[INFO] [stderr]   checking whether the target C compiler can be used... yes
[INFO] [stderr]   checking the target C compiler version... 11.4.0
[INFO] [stderr]   checking the target C compiler works... yes
[INFO] [stderr]   checking for the target C++ compiler... /usr/bin/c++
[INFO] [stderr]   checking whether the target C++ compiler can be used... yes
[INFO] [stderr]   checking the target C++ compiler version... 11.4.0
[INFO] [stderr]   checking the target C++ compiler works... yes
[INFO] [stderr]   checking for the host C compiler... /usr/bin/cc
[INFO] [stderr]   checking whether the host C compiler can be used... yes
[INFO] [stderr]   checking the host C compiler version... 11.4.0
[INFO] [stderr]   checking the host C compiler works... yes
[INFO] [stderr]   checking for the host C++ compiler... /usr/bin/c++
[INFO] [stderr]   checking whether the host C++ compiler can be used... yes
[INFO] [stderr]   checking the host C++ compiler version... 11.4.0
[INFO] [stderr]   checking the host C++ compiler works... yes
[INFO] [stderr]   checking for target linker... bfd
[INFO] [stderr]   checking for host linker... bfd
[INFO] [stderr]   checking for 64-bit OS... yes
[INFO] [stderr]   checking for new enough STL headers from libstdc++... yes
[INFO] [stderr]   checking for the assembler... /usr/bin/cc
[INFO] [stderr]   checking for ar... /usr/bin/ar
[INFO] [stderr]   checking for host_ar... /usr/bin/ar
[INFO] [stderr]   checking for nm... /usr/bin/nm
[INFO] [stderr]   checking for pkg_config... /usr/bin/pkg-config
[INFO] [stderr]   checking for pkg-config version... 0.29.2
[INFO] [stderr]   checking whether pkg-config is pkgconf... no
[INFO] [stderr]   checking for strndup... yes
[INFO] [stderr]   checking for posix_memalign... yes
[INFO] [stderr]   checking for memalign... yes
[INFO] [stderr]   checking for malloc_usable_size... yes
[INFO] [stderr]   checking for stdint.h... yes
[INFO] [stderr]   checking for inttypes.h... yes
[INFO] [stderr]   checking for malloc.h... yes
[INFO] [stderr]   checking for alloca.h... yes
[INFO] [stderr]   checking for sys/byteorder.h... no
[INFO] [stderr]   checking for getopt.h... yes
[INFO] [stderr]   checking for unistd.h... yes
[INFO] [stderr]   checking for nl_types.h... yes
[INFO] [stderr]   checking for cpuid.h... yes
[INFO] [stderr]   checking for fts.h... yes
[INFO] [stderr]   checking for sys/statvfs.h... yes
[INFO] [stderr]   checking for sys/statfs.h... yes
[INFO] [stderr]   checking for sys/vfs.h... yes
[INFO] [stderr]   checking for sys/mount.h... yes
[INFO] [stderr]   checking for sys/quota.h... yes
[INFO] [stderr]   checking for linux/quota.h... yes
[INFO] [stderr]   checking for linux/if_addr.h... yes
[INFO] [stderr]   checking for linux/rtnetlink.h... yes
[INFO] [stderr]   checking for sys/queue.h... yes
[INFO] [stderr]   checking for sys/types.h... yes
[INFO] [stderr]   checking for netinet/in.h... yes
[INFO] [stderr]   checking for byteswap.h... yes
[INFO] [stderr]   checking for memfd_create in sys/mman.h... yes
[INFO] [stderr]   checking for linux/perf_event.h... yes
[INFO] [stderr]   checking for perf_event_open system call... yes
[INFO] [stderr]   checking whether the C compiler supports -Wbitfield-enum-conversion... no
[INFO] [stderr]   checking whether the C++ compiler supports -Wbitfield-enum-conversion... no
[INFO] [stderr]   checking whether the C++ compiler supports -Wdeprecated-this-capture... no
[INFO] [stderr]   checking whether the C compiler supports -Wformat-type-confusion... no
[INFO] [stderr]   checking whether the C++ compiler supports -Wformat-type-confusion... no
[INFO] [stderr]   checking whether the C compiler supports -Wshadow-field-in-constructor-modified... no
[INFO] [stderr]   checking whether the C++ compiler supports -Wshadow-field-in-constructor-modified... no
[INFO] [stderr]   checking whether the C compiler supports -Wtautological-constant-in-range-compare... no
[INFO] [stderr]   checking whether the C++ compiler supports -Wtautological-constant-in-range-compare... no
[INFO] [stderr]   checking whether the C compiler supports -Wno-error=tautological-type-limit-compare... no
[INFO] [stderr]   checking whether the C++ compiler supports -Wno-error=tautological-type-limit-compare... no
[INFO] [stderr]   checking whether the C compiler supports -Wunreachable-code-return... no
[INFO] [stderr]   checking whether the C++ compiler supports -Wunreachable-code-return... no
[INFO] [stderr]   checking whether the C compiler supports -Wclass-varargs... no
[INFO] [stderr]   checking whether the C++ compiler supports -Wclass-varargs... no
[INFO] [stderr]   checking whether the C++ compiler supports -Wempty-init-stmt... no
[INFO] [stderr]   checking whether the C compiler supports -Wfloat-overflow-conversion... no
[INFO] [stderr]   checking whether the C++ compiler supports -Wfloat-overflow-conversion... no
[INFO] [stderr]   checking whether the C compiler supports -Wfloat-zero-conversion... no
[INFO] [stderr]   checking whether the C++ compiler supports -Wfloat-zero-conversion... no
[INFO] [stderr]   checking whether the C compiler supports -Wloop-analysis... no
[INFO] [stderr]   checking whether the C++ compiler supports -Wloop-analysis... no
[INFO] [stderr]   checking whether the C compiler supports -Wno-range-loop-analysis... no
[INFO] [stderr]   checking whether the C++ compiler supports -Wno-range-loop-analysis... no
[INFO] [stderr]   checking whether the C++ compiler supports -Wc++2a-compat... yes
[INFO] [stderr]   checking whether the C++ compiler supports -Wcomma-subscript... yes
[INFO] [stderr]   checking whether the C compiler supports -Wenum-compare-conditional... no
[INFO] [stderr]   checking whether the C++ compiler supports -Wenum-compare-conditional... no
[INFO] [stderr]   checking whether the C compiler supports -Wenum-float-conversion... no
[INFO] [stderr]   checking whether the C++ compiler supports -Wenum-float-conversion... no
[INFO] [stderr]   checking whether the C++ compiler supports -Wvolatile... yes
[INFO] [stderr]   checking whether the C++ compiler supports -Wno-error=deprecated... yes
[INFO] [stderr]   checking whether the C++ compiler supports -Wno-error=deprecated-anon-enum-enum-conversion... no
[INFO] [stderr]   checking whether the C++ compiler supports -Wno-error=deprecated-enum-enum-conversion... yes
[INFO] [stderr]   checking whether the C++ compiler supports -Wno-error=deprecated-pragma... no
[INFO] [stderr]   checking whether the C++ compiler supports -Wno-error=deprecated-this-capture... no
[INFO] [stderr]   checking whether the C++ compiler supports -Wcomma... no
[INFO] [stderr]   checking whether the C compiler supports -Wduplicated-cond... yes
[INFO] [stderr]   checking whether the C++ compiler supports -Wduplicated-cond... yes
[INFO] [stderr]   checking whether the C++ compiler supports -Wimplicit-fallthrough... yes
[INFO] [stderr]   checking whether the C compiler supports -Wlogical-op... yes
[INFO] [stderr]   checking whether the C++ compiler supports -Wlogical-op... yes
[INFO] [stderr]   checking whether the C compiler supports -Wstring-conversion... no
[INFO] [stderr]   checking whether the C++ compiler supports -Wstring-conversion... no
[INFO] [stderr]   checking whether the C++ compiler supports -Wno-inline-new-delete... no
[INFO] [stderr]   checking whether the C compiler supports -Wno-error=maybe-uninitialized... yes
[INFO] [stderr]   checking whether the C++ compiler supports -Wno-error=maybe-uninitialized... yes
[INFO] [stderr]   checking whether the C compiler supports -Wno-error=deprecated-declarations... yes
[INFO] [stderr]   checking whether the C++ compiler supports -Wno-error=deprecated-declarations... yes
[INFO] [stderr]   checking whether the C compiler supports -Wno-error=array-bounds... yes
[INFO] [stderr]   checking whether the C++ compiler supports -Wno-error=array-bounds... yes
[INFO] [stderr]   checking whether the C compiler supports -Wno-error=free-nonheap-object... yes
[INFO] [stderr]   checking whether the C++ compiler supports -Wno-error=free-nonheap-object... yes
[INFO] [stderr]   checking whether the C compiler supports -Wno-multistatement-macros... yes
[INFO] [stderr]   checking whether the C++ compiler supports -Wno-multistatement-macros... yes
[INFO] [stderr]   checking whether the C compiler supports -Wno-error=class-memaccess... yes
[INFO] [stderr]   checking whether the C++ compiler supports -Wno-error=class-memaccess... yes
[INFO] [stderr]   checking whether the C compiler supports -Wno-error=atomic-alignment... no
[INFO] [stderr]   checking whether the C++ compiler supports -Wno-error=atomic-alignment... no
[INFO] [stderr]   checking whether the C compiler supports -Wno-error=deprecated-builtins... no
[INFO] [stderr]   checking whether the C++ compiler supports -Wno-error=deprecated-builtins... no
[INFO] [stderr]   checking whether the C compiler supports -Wformat... yes
[INFO] [stderr]   checking whether the C++ compiler supports -Wformat... yes
[INFO] [stderr]   checking whether the C compiler supports -Wformat-security... yes
[INFO] [stderr]   checking whether the C++ compiler supports -Wformat-security... yes
[INFO] [stderr]   checking whether the C compiler supports -Wformat-overflow=2... yes
[INFO] [stderr]   checking whether the C++ compiler supports -Wformat-overflow=2... yes
[INFO] [stderr]   checking whether the C compiler supports -Werror=implicit-function-declaration... yes
[INFO] [stderr]   checking whether the C compiler supports -Wno-psabi... yes
[INFO] [stderr]   checking whether the C++ compiler supports -Wno-psabi... yes
[INFO] [stderr]   checking whether the C compiler supports -Wno-error=builtin-macro-redefined... yes
[INFO] [stderr]   checking whether the C++ compiler supports -Wno-error=builtin-macro-redefined... yes
[INFO] [stderr]   checking whether the C compiler supports -Wno-unknown-warning-option... no
[INFO] [stderr]   checking whether the C++ compiler supports -Wno-unknown-warning-option... no
[INFO] [stderr]   checking whether the C++ compiler supports -fno-sized-deallocation... yes
[INFO] [stderr]   checking whether the C++ compiler supports -fno-aligned-new... yes
[INFO] [stderr]   checking for llvm_profdata... /usr/bin/llvm-profdata
[INFO] [stderr]   checking for rustfmt... /opt/rustwide/cargo-home/bin/rustfmt
[INFO] [stderr]   checking for tm_zone and tm_gmtoff in struct tm... yes
[INFO] [stderr]   checking for getpagesize... yes
[INFO] [stderr]   checking for gmtime_r... yes
[INFO] [stderr]   checking for localtime_r... yes
[INFO] [stderr]   checking for gettid... yes
[INFO] [stderr]   checking for setpriority... yes
[INFO] [stderr]   checking for syscall... yes
[INFO] [stderr]   checking for getc_unlocked... yes
[INFO] [stderr]   checking for pthread_getname_np... yes
[INFO] [stderr]   checking for pthread_get_name_np... no
[INFO] [stderr]   checking for strerror... yes
[INFO] [stderr]   checking for __cxa_demangle... yes
[INFO] [stderr]   checking for unwind.h... yes
[INFO] [stderr]   checking for _Unwind_Backtrace... yes
[INFO] [stderr]   checking for _getc_nolock... no
[INFO] [stderr]   checking for localeconv... yes
[INFO] [stderr]   checking for awk... /usr/bin/mawk
[INFO] [stderr]   checking for gmake... /usr/bin/gmake
[INFO] [stderr]   checking for watchman... not found
[INFO] [stderr]   checking for xargs... /usr/bin/xargs
[INFO] [stderr]   checking for rpmbuild... not found
[INFO] [stderr]   checking for llvm-objdump... /usr/bin/llvm-objdump
[INFO] [stderr]   checking for readelf... /usr/bin/llvm-readelf
[INFO] [stderr]   checking for objcopy... /usr/bin/llvm-objcopy
[INFO] [stderr]   checking for strip... /usr/bin/llvm-strip
[INFO] [stderr]   checking for zlib >= 1.2.3... yes
[INFO] [stderr]   checking MOZ_ZLIB_CFLAGS... 
[INFO] [stderr]   checking MOZ_ZLIB_LIBS... -lz
[INFO] [stderr]   checking for m4... /usr/bin/m4
[INFO] [stderr]   Refreshing /opt/rustwide/cargo-home/git/checkouts/mozjs-fa11ffc7d4f1cc2d/0a2efb9/mozjs-sys/mozjs/js/src/old-configure with /opt/rustwide/cargo-home/git/checkouts/mozjs-fa11ffc7d4f1cc2d/0a2efb9/mozjs-sys/mozjs/build/autoconf/autoconf.sh
[INFO] [stderr]   INFO: checking for vcs source checkout... 
[INFO] [stderr]   INFO: no
[INFO] [stderr]   INFO: checking for a shell... 
[INFO] [stderr]   INFO: /usr/bin/sh
[INFO] [stderr]   INFO: checking for host system type... 
[INFO] [stderr]   DEBUG: Executing: `/usr/bin/sh /opt/rustwide/cargo-home/git/checkouts/mozjs-fa11ffc7d4f1cc2d/0a2efb9/mozjs-sys/mozjs/build/moz.configure/../autoconf/config.guess`
[INFO] [stderr]   INFO: x86_64-pc-linux-gnu
[INFO] [stderr]   INFO: checking for target system type... 
[INFO] [stderr]   INFO: x86_64-pc-linux-gnu
[INFO] [stderr]   INFO: checking for Python 3... 
[INFO] [stderr]   INFO: /opt/rustwide/target/debug/build/mozjs_sys-75c27195a8a8d52c/out/build/_virtualenvs/build/bin/python (3.10.12)
[INFO] [stderr]   INFO: checking whether cross compiling... 
[INFO] [stderr]   INFO: no
[INFO] [stderr]   DEBUG: Prioritizing system over mozbuild state dir in toolchain paths because you are building in release mode.
[INFO] [stderr]   INFO: checking for wget... 
[INFO] [stderr]   DEBUG: wget: Looking for wget
[INFO] [stderr]   INFO: /usr/bin/wget
[INFO] [stderr]   INFO: checking for ccache... 
[INFO] [stderr]   INFO: not found
[INFO] [stderr]   INFO: checking for the target C compiler... 
[INFO] [stderr]   DEBUG: _cc: Looking for cc
[INFO] [stderr]   INFO: /usr/bin/cc
[INFO] [stderr]   INFO: checking whether the target C compiler can be used... 
[INFO] [stderr]   DEBUG: Creating `/tmp/conftest.gr149jca.c` with content:
[INFO] [stderr]   DEBUG: | #if defined(_MSC_VER) && defined(__clang__) && defined(_MT)
[INFO] [stderr]   DEBUG: | %COMPILER "clang-cl"
[INFO] [stderr]   DEBUG: | %VERSION __clang_major__.__clang_minor__.__clang_patchlevel__
[INFO] [stderr]   DEBUG: | #elif defined(__clang__)
[INFO] [stderr]   DEBUG: | %COMPILER "clang"
[INFO] [stderr]   DEBUG: | %VERSION __clang_major__.__clang_minor__.__clang_patchlevel__
[INFO] [stderr]   DEBUG: | #  ifdef __apple_build_version__
[INFO] [stderr]   DEBUG: | %XCODE 1
[INFO] [stderr]   DEBUG: | #  endif
[INFO] [stderr]   DEBUG: | #elif defined(__GNUC__) && !defined(__MINGW32__)
[INFO] [stderr]   DEBUG: | %COMPILER "gcc"
[INFO] [stderr]   DEBUG: | %VERSION __GNUC__.__GNUC_MINOR__.__GNUC_PATCHLEVEL__
[INFO] [stderr]   DEBUG: | #endif
[INFO] [stderr]   DEBUG: | 
[INFO] [stderr]   DEBUG: | #if __cplusplus
[INFO] [stderr]   DEBUG: | %cplusplus __cplusplus
[INFO] [stderr]   DEBUG: | #elif __STDC_VERSION__
[INFO] [stderr]   DEBUG: | %STDC_VERSION __STDC_VERSION__
[INFO] [stderr]   DEBUG: | #endif
[INFO] [stderr]   DEBUG: | #if __i386__ || _M_IX86
[INFO] [stderr]   DEBUG: | %CPU "x86"
[INFO] [stderr]   DEBUG: | #elif __x86_64__ || _M_X64
[INFO] [stderr]   DEBUG: | %CPU "x86_64"
[INFO] [stderr]   DEBUG: | #elif __arm__ || _M_ARM
[INFO] [stderr]   DEBUG: | %CPU "arm"
[INFO] [stderr]   DEBUG: | #elif __aarch64__ || _M_ARM64
[INFO] [stderr]   DEBUG: | %CPU "aarch64"
[INFO] [stderr]   DEBUG: | #elif __ia64__
[INFO] [stderr]   DEBUG: | %CPU "ia64"
[INFO] [stderr]   DEBUG: | #elif __s390x__
[INFO] [stderr]   DEBUG: | %CPU "s390x"
[INFO] [stderr]   DEBUG: | #elif __s390__
[INFO] [stderr]   DEBUG: | %CPU "s390"
[INFO] [stderr]   DEBUG: | #elif __powerpc64__
[INFO] [stderr]   DEBUG: | %CPU "ppc64"
[INFO] [stderr]   DEBUG: | #elif __powerpc__
[INFO] [stderr]   DEBUG: | %CPU "ppc"
[INFO] [stderr]   DEBUG: | #elif __alpha__
[INFO] [stderr]   DEBUG: | %CPU "Alpha"
[INFO] [stderr]   DEBUG: | #elif __hppa__
[INFO] [stderr]   DEBUG: | %CPU "hppa"
[INFO] [stderr]   DEBUG: | #elif __sparc__ && __arch64__
[INFO] [stderr]   DEBUG: | %CPU "sparc64"
[INFO] [stderr]   DEBUG: | #elif __sparc__
[INFO] [stderr]   DEBUG: | %CPU "sparc"
[INFO] [stderr]   DEBUG: | #elif __m68k__
[INFO] [stderr]   DEBUG: | %CPU "m68k"
[INFO] [stderr]   DEBUG: | #elif __mips64
[INFO] [stderr]   DEBUG: | %CPU "mips64"
[INFO] [stderr]   DEBUG: | #elif __mips__
[INFO] [stderr]   DEBUG: | %CPU "mips32"
[INFO] [stderr]   DEBUG: | #elif __riscv && __riscv_xlen == 64
[INFO] [stderr]   DEBUG: | %CPU "riscv64"
[INFO] [stderr]   DEBUG: | #elif __loongarch64
[INFO] [stderr]   DEBUG: | %CPU "loongarch64"
[INFO] [stderr]   DEBUG: | #elif __sh__
[INFO] [stderr]   DEBUG: | %CPU "sh4"
[INFO] [stderr]   DEBUG: | #elif __wasm32__
[INFO] [stderr]   DEBUG: | %CPU "wasm32"
[INFO] [stderr]   DEBUG: | #endif
[INFO] [stderr]   DEBUG: | #if __APPLE__
[INFO] [stderr]   DEBUG: | %KERNEL "Darwin"
[INFO] [stderr]   DEBUG: | #elif __DragonFly__
[INFO] [stderr]   DEBUG: | %KERNEL "DragonFly"
[INFO] [stderr]   DEBUG: | #elif __FreeBSD__
[INFO] [stderr]   DEBUG: | %KERNEL "FreeBSD"
[INFO] [stderr]   DEBUG: | #elif __FreeBSD_kernel__
[INFO] [stderr]   DEBUG: | %KERNEL "kFreeBSD"
[INFO] [stderr]   DEBUG: | #elif __linux__
[INFO] [stderr]   DEBUG: | %KERNEL "Linux"
[INFO] [stderr]   DEBUG: | #elif __NetBSD__
[INFO] [stderr]   DEBUG: | %KERNEL "NetBSD"
[INFO] [stderr]   DEBUG: | #elif __OpenBSD__
[INFO] [stderr]   DEBUG: | %KERNEL "OpenBSD"
[INFO] [stderr]   DEBUG: | #elif __sun__
[INFO] [stderr]   DEBUG: | %KERNEL "SunOS"
[INFO] [stderr]   DEBUG: | #elif _WIN32 || __CYGWIN__
[INFO] [stderr]   DEBUG: | %KERNEL "WINNT"
[INFO] [stderr]   DEBUG: | #elif __wasi__
[INFO] [stderr]   DEBUG: | %KERNEL "WASI"
[INFO] [stderr]   DEBUG: | #endif
[INFO] [stderr]   DEBUG: | #if __ANDROID__
[INFO] [stderr]   DEBUG: | %OS "Android"
[INFO] [stderr]   DEBUG: | #endif
[INFO] [stderr]   DEBUG: | #if __BYTE_ORDER__ == __ORDER_LITTLE_ENDIAN__
[INFO] [stderr]   DEBUG: | %ENDIANNESS "little"
[INFO] [stderr]   DEBUG: | #elif __BYTE_ORDER__ == __ORDER_BIG_ENDIAN__
[INFO] [stderr]   DEBUG: | %ENDIANNESS "big"
[INFO] [stderr]   DEBUG: | #endif
[INFO] [stderr]   DEBUG: Executing: `/usr/bin/cc /tmp/conftest.gr149jca.c -E`
[INFO] [stderr]   DEBUG: COMPILER = gcc
[INFO] [stderr]   DEBUG: VERSION = 11.4.0
[INFO] [stderr]   DEBUG: STDC_VERSION = 201710L
[INFO] [stderr]   DEBUG: CPU = x86_64
[INFO] [stderr]   DEBUG: KERNEL = Linux
[INFO] [stderr]   DEBUG: ENDIANNESS = little
[INFO] [stderr]   DEBUG: Creating `/tmp/conftest.fwn_yviw.c` with content:
[INFO] [stderr]   DEBUG: | #if defined(_MSC_VER) && defined(__clang__) && defined(_MT)
[INFO] [stderr]   DEBUG: | %COMPILER "clang-cl"
[INFO] [stderr]   DEBUG: | %VERSION __clang_major__.__clang_minor__.__clang_patchlevel__
[INFO] [stderr]   DEBUG: | #elif defined(__clang__)
[INFO] [stderr]   DEBUG: | %COMPILER "clang"
[INFO] [stderr]   DEBUG: | %VERSION __clang_major__.__clang_minor__.__clang_patchlevel__
[INFO] [stderr]   DEBUG: | #  ifdef __apple_build_version__
[INFO] [stderr]   DEBUG: | %XCODE 1
[INFO] [stderr]   DEBUG: | #  endif
[INFO] [stderr]   DEBUG: | #elif defined(__GNUC__) && !defined(__MINGW32__)
[INFO] [stderr]   DEBUG: | %COMPILER "gcc"
[INFO] [stderr]   DEBUG: | %VERSION __GNUC__.__GNUC_MINOR__.__GNUC_PATCHLEVEL__
[INFO] [stderr]   DEBUG: | #endif
[INFO] [stderr]   DEBUG: | 
[INFO] [stderr]   DEBUG: | #if __cplusplus
[INFO] [stderr]   DEBUG: | %cplusplus __cplusplus
[INFO] [stderr]   DEBUG: | #elif __STDC_VERSION__
[INFO] [stderr]   DEBUG: | %STDC_VERSION __STDC_VERSION__
[INFO] [stderr]   DEBUG: | #endif
[INFO] [stderr]   DEBUG: | #if __i386__ || _M_IX86
[INFO] [stderr]   DEBUG: | %CPU "x86"
[INFO] [stderr]   DEBUG: | #elif __x86_64__ || _M_X64
[INFO] [stderr]   DEBUG: | %CPU "x86_64"
[INFO] [stderr]   DEBUG: | #elif __arm__ || _M_ARM
[INFO] [stderr]   DEBUG: | %CPU "arm"
[INFO] [stderr]   DEBUG: | #elif __aarch64__ || _M_ARM64
[INFO] [stderr]   DEBUG: | %CPU "aarch64"
[INFO] [stderr]   DEBUG: | #elif __ia64__
[INFO] [stderr]   DEBUG: | %CPU "ia64"
[INFO] [stderr]   DEBUG: | #elif __s390x__
[INFO] [stderr]   DEBUG: | %CPU "s390x"
[INFO] [stderr]   DEBUG: | #elif __s390__
[INFO] [stderr]   DEBUG: | %CPU "s390"
[INFO] [stderr]   DEBUG: | #elif __powerpc64__
[INFO] [stderr]   DEBUG: | %CPU "ppc64"
[INFO] [stderr]   DEBUG: | #elif __powerpc__
[INFO] [stderr]   DEBUG: | %CPU "ppc"
[INFO] [stderr]   DEBUG: | #elif __alpha__
[INFO] [stderr]   DEBUG: | %CPU "Alpha"
[INFO] [stderr]   DEBUG: | #elif __hppa__
[INFO] [stderr]   DEBUG: | %CPU "hppa"
[INFO] [stderr]   DEBUG: | #elif __sparc__ && __arch64__
[INFO] [stderr]   DEBUG: | %CPU "sparc64"
[INFO] [stderr]   DEBUG: | #elif __sparc__
[INFO] [stderr]   DEBUG: | %CPU "sparc"
[INFO] [stderr]   DEBUG: | #elif __m68k__
[INFO] [stderr]   DEBUG: | %CPU "m68k"
[INFO] [stderr]   DEBUG: | #elif __mips64
[INFO] [stderr]   DEBUG: | %CPU "mips64"
[INFO] [stderr]   DEBUG: | #elif __mips__
[INFO] [stderr]   DEBUG: | %CPU "mips32"
[INFO] [stderr]   DEBUG: | #elif __riscv && __riscv_xlen == 64
[INFO] [stderr]   DEBUG: | %CPU "riscv64"
[INFO] [stderr]   DEBUG: | #elif __loongarch64
[INFO] [stderr]   DEBUG: | %CPU "loongarch64"
[INFO] [stderr]   DEBUG: | #elif __sh__
[INFO] [stderr]   DEBUG: | %CPU "sh4"
[INFO] [stderr]   DEBUG: | #elif __wasm32__
[INFO] [stderr]   DEBUG: | %CPU "wasm32"
[INFO] [stderr]   DEBUG: | #endif
[INFO] [stderr]   DEBUG: | #if __APPLE__
[INFO] [stderr]   DEBUG: | %KERNEL "Darwin"
[INFO] [stderr]   DEBUG: | #elif __DragonFly__
[INFO] [stderr]   DEBUG: | %KERNEL "DragonFly"
[INFO] [stderr]   DEBUG: | #elif __FreeBSD__
[INFO] [stderr]   DEBUG: | %KERNEL "FreeBSD"
[INFO] [stderr]   DEBUG: | #elif __FreeBSD_kernel__
[INFO] [stderr]   DEBUG: | %KERNEL "kFreeBSD"
[INFO] [stderr]   DEBUG: | #elif __linux__
[INFO] [stderr]   DEBUG: | %KERNEL "Linux"
[INFO] [stderr]   DEBUG: | #elif __NetBSD__
[INFO] [stderr]   DEBUG: | %KERNEL "NetBSD"
[INFO] [stderr]   DEBUG: | #elif __OpenBSD__
[INFO] [stderr]   DEBUG: | %KERNEL "OpenBSD"
[INFO] [stderr]   DEBUG: | #elif __sun__
[INFO] [stderr]   DEBUG: | %KERNEL "SunOS"
[INFO] [stderr]   DEBUG: | #elif _WIN32 || __CYGWIN__
[INFO] [stderr]   DEBUG: | %KERNEL "WINNT"
[INFO] [stderr]   DEBUG: | #elif __wasi__
[INFO] [stderr]   DEBUG: | %KERNEL "WASI"
[INFO] [stderr]   DEBUG: | #endif
[INFO] [stderr]   DEBUG: | #if __ANDROID__
[INFO] [stderr]   DEBUG: | %OS "Android"
[INFO] [stderr]   DEBUG: | #endif
[INFO] [stderr]   DEBUG: | #if __BYTE_ORDER__ == __ORDER_LITTLE_ENDIAN__
[INFO] [stderr]   DEBUG: | %ENDIANNESS "little"
[INFO] [stderr]   DEBUG: | #elif __BYTE_ORDER__ == __ORDER_BIG_ENDIAN__
[INFO] [stderr]   DEBUG: | %ENDIANNESS "big"
[INFO] [stderr]   DEBUG: | #endif
[INFO] [stderr]   DEBUG: Executing: `/usr/bin/cc -std=gnu99 /tmp/conftest.fwn_yviw.c -E`
[INFO] [stderr]   DEBUG: COMPILER = gcc
[INFO] [stderr]   DEBUG: VERSION = 11.4.0
[INFO] [stderr]   DEBUG: STDC_VERSION = 199901L
[INFO] [stderr]   DEBUG: CPU = x86_64
[INFO] [stderr]   DEBUG: KERNEL = Linux
[INFO] [stderr]   DEBUG: ENDIANNESS = little
[INFO] [stderr]   INFO: yes
[INFO] [stderr]   INFO: checking the target C compiler version... 
[INFO] [stderr]   INFO: 11.4.0
[INFO] [stderr]   INFO: checking the target C compiler works... 
[INFO] [stderr]   DEBUG: Creating `/tmp/conftest.pz9ssrlh.c` with content:
[INFO] [stderr]   DEBUG: | int
[INFO] [stderr]   DEBUG: | main(void)
[INFO] [stderr]   DEBUG: | {
[INFO] [stderr]   DEBUG: | 
[INFO] [stderr]   DEBUG: |   ;
[INFO] [stderr]   DEBUG: |   return 0;
[INFO] [stderr]   DEBUG: | }
[INFO] [stderr]   DEBUG: Executing: `/usr/bin/cc -std=gnu99 /tmp/conftest.pz9ssrlh.c -c`
[INFO] [stderr]   INFO: yes
[INFO] [stderr]   INFO: checking for the target C++ compiler... 
[INFO] [stderr]   DEBUG: _cxx: Looking for c++
[INFO] [stderr]   INFO: /usr/bin/c++
[INFO] [stderr]   INFO: checking whether the target C++ compiler can be used... 
[INFO] [stderr]   DEBUG: Creating `/tmp/conftest.g221s8mg.cpp` with content:
[INFO] [stderr]   DEBUG: | #if defined(_MSC_VER) && defined(__clang__) && defined(_MT)
[INFO] [stderr]   DEBUG: | %COMPILER "clang-cl"
[INFO] [stderr]   DEBUG: | %VERSION __clang_major__.__clang_minor__.__clang_patchlevel__
[INFO] [stderr]   DEBUG: | #elif defined(__clang__)
[INFO] [stderr]   DEBUG: | %COMPILER "clang"
[INFO] [stderr]   DEBUG: | %VERSION __clang_major__.__clang_minor__.__clang_patchlevel__
[INFO] [stderr]   DEBUG: | #  ifdef __apple_build_version__
[INFO] [stderr]   DEBUG: | %XCODE 1
[INFO] [stderr]   DEBUG: | #  endif
[INFO] [stderr]   DEBUG: | #elif defined(__GNUC__) && !defined(__MINGW32__)
[INFO] [stderr]   DEBUG: | %COMPILER "gcc"
[INFO] [stderr]   DEBUG: | %VERSION __GNUC__.__GNUC_MINOR__.__GNUC_PATCHLEVEL__
[INFO] [stderr]   DEBUG: | #endif
[INFO] [stderr]   DEBUG: | 
[INFO] [stderr]   DEBUG: | #if __cplusplus
[INFO] [stderr]   DEBUG: | %cplusplus __cplusplus
[INFO] [stderr]   DEBUG: | #elif __STDC_VERSION__
[INFO] [stderr]   DEBUG: | %STDC_VERSION __STDC_VERSION__
[INFO] [stderr]   DEBUG: | #endif
[INFO] [stderr]   DEBUG: | #if __i386__ || _M_IX86
[INFO] [stderr]   DEBUG: | %CPU "x86"
[INFO] [stderr]   DEBUG: | #elif __x86_64__ || _M_X64
[INFO] [stderr]   DEBUG: | %CPU "x86_64"
[INFO] [stderr]   DEBUG: | #elif __arm__ || _M_ARM
[INFO] [stderr]   DEBUG: | %CPU "arm"
[INFO] [stderr]   DEBUG: | #elif __aarch64__ || _M_ARM64
[INFO] [stderr]   DEBUG: | %CPU "aarch64"
[INFO] [stderr]   DEBUG: | #elif __ia64__
[INFO] [stderr]   DEBUG: | %CPU "ia64"
[INFO] [stderr]   DEBUG: | #elif __s390x__
[INFO] [stderr]   DEBUG: | %CPU "s390x"
[INFO] [stderr]   DEBUG: | #elif __s390__
[INFO] [stderr]   DEBUG: | %CPU "s390"
[INFO] [stderr]   DEBUG: | #elif __powerpc64__
[INFO] [stderr]   DEBUG: | %CPU "ppc64"
[INFO] [stderr]   DEBUG: | #elif __powerpc__
[INFO] [stderr]   DEBUG: | %CPU "ppc"
[INFO] [stderr]   DEBUG: | #elif __alpha__
[INFO] [stderr]   DEBUG: | %CPU "Alpha"
[INFO] [stderr]   DEBUG: | #elif __hppa__
[INFO] [stderr]   DEBUG: | %CPU "hppa"
[INFO] [stderr]   DEBUG: | #elif __sparc__ && __arch64__
[INFO] [stderr]   DEBUG: | %CPU "sparc64"
[INFO] [stderr]   DEBUG: | #elif __sparc__
[INFO] [stderr]   DEBUG: | %CPU "sparc"
[INFO] [stderr]   DEBUG: | #elif __m68k__
[INFO] [stderr]   DEBUG: | %CPU "m68k"
[INFO] [stderr]   DEBUG: | #elif __mips64
[INFO] [stderr]   DEBUG: | %CPU "mips64"
[INFO] [stderr]   DEBUG: | #elif __mips__
[INFO] [stderr]   DEBUG: | %CPU "mips32"
[INFO] [stderr]   DEBUG: | #elif __riscv && __riscv_xlen == 64
[INFO] [stderr]   DEBUG: | %CPU "riscv64"
[INFO] [stderr]   DEBUG: | #elif __loongarch64
[INFO] [stderr]   DEBUG: | %CPU "loongarch64"
[INFO] [stderr]   DEBUG: | #elif __sh__
[INFO] [stderr]   DEBUG: | %CPU "sh4"
[INFO] [stderr]   DEBUG: | #elif __wasm32__
[INFO] [stderr]   DEBUG: | %CPU "wasm32"
[INFO] [stderr]   DEBUG: | #endif
[INFO] [stderr]   DEBUG: | #if __APPLE__
[INFO] [stderr]   DEBUG: | %KERNEL "Darwin"
[INFO] [stderr]   DEBUG: | #elif __DragonFly__
[INFO] [stderr]   DEBUG: | %KERNEL "DragonFly"
[INFO] [stderr]   DEBUG: | #elif __FreeBSD__
[INFO] [stderr]   DEBUG: | %KERNEL "FreeBSD"
[INFO] [stderr]   DEBUG: | #elif __FreeBSD_kernel__
[INFO] [stderr]   DEBUG: | %KERNEL "kFreeBSD"
[INFO] [stderr]   DEBUG: | #elif __linux__
[INFO] [stderr]   DEBUG: | %KERNEL "Linux"
[INFO] [stderr]   DEBUG: | #elif __NetBSD__
[INFO] [stderr]   DEBUG: | %KERNEL "NetBSD"
[INFO] [stderr]   DEBUG: | #elif __OpenBSD__
[INFO] [stderr]   DEBUG: | %KERNEL "OpenBSD"
[INFO] [stderr]   DEBUG: | #elif __sun__
[INFO] [stderr]   DEBUG: | %KERNEL "SunOS"
[INFO] [stderr]   DEBUG: | #elif _WIN32 || __CYGWIN__
[INFO] [stderr]   DEBUG: | %KERNEL "WINNT"
[INFO] [stderr]   DEBUG: | #elif __wasi__
[INFO] [stderr]   DEBUG: | %KERNEL "WASI"
[INFO] [stderr]   DEBUG: | #endif
[INFO] [stderr]   DEBUG: | #if __ANDROID__
[INFO] [stderr]   DEBUG: | %OS "Android"
[INFO] [stderr]   DEBUG: | #endif
[INFO] [stderr]   DEBUG: | #if __BYTE_ORDER__ == __ORDER_LITTLE_ENDIAN__
[INFO] [stderr]   DEBUG: | %ENDIANNESS "little"
[INFO] [stderr]   DEBUG: | #elif __BYTE_ORDER__ == __ORDER_BIG_ENDIAN__
[INFO] [stderr]   DEBUG: | %ENDIANNESS "big"
[INFO] [stderr]   DEBUG: | #endif
[INFO] [stderr]   DEBUG: Executing: `/usr/bin/c++ /tmp/conftest.g221s8mg.cpp -E`
[INFO] [stderr]   DEBUG: COMPILER = gcc
[INFO] [stderr]   DEBUG: VERSION = 11.4.0
[INFO] [stderr]   DEBUG: cplusplus = 201703L
[INFO] [stderr]   DEBUG: CPU = x86_64
[INFO] [stderr]   DEBUG: KERNEL = Linux
[INFO] [stderr]   DEBUG: ENDIANNESS = little
[INFO] [stderr]   INFO: yes
[INFO] [stderr]   INFO: checking the target C++ compiler version... 
[INFO] [stderr]   INFO: 11.4.0
[INFO] [stderr]   INFO: checking the target C++ compiler works... 
[INFO] [stderr]   DEBUG: Creating `/tmp/conftest.hu3_vaa4.cpp` with content:
[INFO] [stderr]   DEBUG: | int
[INFO] [stderr]   DEBUG: | main(void)
[INFO] [stderr]   DEBUG: | {
[INFO] [stderr]   DEBUG: | 
[INFO] [stderr]   DEBUG: |   ;
[INFO] [stderr]   DEBUG: |   return 0;
[INFO] [stderr]   DEBUG: | }
[INFO] [stderr]   DEBUG: Executing: `/usr/bin/c++ /tmp/conftest.hu3_vaa4.cpp -c`
[INFO] [stderr]   INFO: yes
[INFO] [stderr]   INFO: checking for the host C compiler... 
[INFO] [stderr]   DEBUG: _host_cc: Looking for /usr/bin/cc
[INFO] [stderr]   INFO: /usr/bin/cc
[INFO] [stderr]   INFO: checking whether the host C compiler can be used... 
[INFO] [stderr]   DEBUG: COMPILER = gcc
[INFO] [stderr]   DEBUG: VERSION = 11.4.0
[INFO] [stderr]   DEBUG: STDC_VERSION = 201710L
[INFO] [stderr]   DEBUG: CPU = x86_64
[INFO] [stderr]   DEBUG: KERNEL = Linux
[INFO] [stderr]   DEBUG: ENDIANNESS = little
[INFO] [stderr]   DEBUG: COMPILER = gcc
[INFO] [stderr]   DEBUG: VERSION = 11.4.0
[INFO] [stderr]   DEBUG: STDC_VERSION = 199901L
[INFO] [stderr]   DEBUG: CPU = x86_64
[INFO] [stderr]   DEBUG: KERNEL = Linux
[INFO] [stderr]   DEBUG: ENDIANNESS = little
[INFO] [stderr]   INFO: yes
[INFO] [stderr]   INFO: checking the host C compiler version... 
[INFO] [stderr]   INFO: 11.4.0
[INFO] [stderr]   INFO: checking the host C compiler works... 
[INFO] [stderr]   INFO: yes
[INFO] [stderr]   INFO: checking for the host C++ compiler... 
[INFO] [stderr]   DEBUG: _host_cxx: Looking for /usr/bin/c++
[INFO] [stderr]   INFO: /usr/bin/c++
[INFO] [stderr]   INFO: checking whether the host C++ compiler can be used... 
[INFO] [stderr]   DEBUG: COMPILER = gcc
[INFO] [stderr]   DEBUG: VERSION = 11.4.0
[INFO] [stderr]   DEBUG: cplusplus = 201703L
[INFO] [stderr]   DEBUG: CPU = x86_64
[INFO] [stderr]   DEBUG: KERNEL = Linux
[INFO] [stderr]   DEBUG: ENDIANNESS = little
[INFO] [stderr]   INFO: yes
[INFO] [stderr]   INFO: checking the host C++ compiler version... 
[INFO] [stderr]   INFO: 11.4.0
[INFO] [stderr]   INFO: checking the host C++ compiler works... 
[INFO] [stderr]   INFO: yes
[INFO] [stderr]   INFO: checking for target linker... 
[INFO] [stderr]   DEBUG: Executing: `/usr/bin/cc -std=gnu99 -Wl,--version`
[INFO] [stderr]   INFO: bfd
[INFO] [stderr]   INFO: checking for host linker... 
[INFO] [stderr]   DEBUG: Executing: `/usr/bin/cc -std=gnu99 -Wl,--version`
[INFO] [stderr]   INFO: bfd
[INFO] [stderr]   INFO: checking for 64-bit OS... 
[INFO] [stderr]   DEBUG: Creating `/tmp/conftest.lym75cae.cpp` with content:
[INFO] [stderr]   DEBUG: | int
[INFO] [stderr]   DEBUG: | main(void)
[INFO] [stderr]   DEBUG: | {
[INFO] [stderr]   DEBUG: | static_assert(sizeof(void *) == 8, "")
[INFO] [stderr]   DEBUG: |   ;
[INFO] [stderr]   DEBUG: |   return 0;
[INFO] [stderr]   DEBUG: | }
[INFO] [stderr]   DEBUG: Executing: `/usr/bin/c++ /tmp/conftest.lym75cae.cpp -c`
[INFO] [stderr]   INFO: yes
[INFO] [stderr]   INFO: checking for new enough STL headers from libstdc++... 
[INFO] [stderr]   DEBUG: Creating `/tmp/conftest.c57teiuw.cpp` with content:
[INFO] [stderr]   DEBUG: | #include <cstddef>
[INFO] [stderr]   DEBUG: |                 int
[INFO] [stderr]   DEBUG: |                 main(void)
[INFO] [stderr]   DEBUG: |                 {
[INFO] [stderr]   DEBUG: |                 #if defined(__GLIBCXX__) && !defined(_GLIBCXX_RELEASE)
[INFO] [stderr]   DEBUG: | #  error libstdc++ not new enough
[INFO] [stderr]   DEBUG: | #endif
[INFO] [stderr]   DEBUG: | #if defined(_GLIBCXX_RELEASE)
[INFO] [stderr]   DEBUG: | #  if _GLIBCXX_RELEASE < 8
[INFO] [stderr]   DEBUG: | #    error libstdc++ not new enough
[INFO] [stderr]   DEBUG: | #  else
[INFO] [stderr]   DEBUG: |      (void) 0
[INFO] [stderr]   DEBUG: | #  endif
[INFO] [stderr]   DEBUG: | #endif
[INFO] [stderr]   DEBUG: |                   ;
[INFO] [stderr]   DEBUG: |                   return 0;
[INFO] [stderr]   DEBUG: |                 }
[INFO] [stderr]   DEBUG: Executing: `/usr/bin/c++ /tmp/conftest.c57teiuw.cpp -c`
[INFO] [stderr]   INFO: yes
[INFO] [stderr]   INFO: checking for the assembler... 
[INFO] [stderr]   DEBUG: _as: Looking for /usr/bin/cc
[INFO] [stderr]   INFO: /usr/bin/cc
[INFO] [stderr]   DEBUG: Executing: `/usr/bin/cc -std=gnu99 -Wa,--version -c -o /dev/null -x assembler -`
[INFO] [stderr]   INFO: checking for ar... 
[INFO] [stderr]   DEBUG: ar: Looking for ar
[INFO] [stderr]   INFO: /usr/bin/ar
[INFO] [stderr]   INFO: checking for host_ar... 
[INFO] [stderr]   DEBUG: host_ar: Looking for ar
[INFO] [stderr]   INFO: /usr/bin/ar
[INFO] [stderr]   INFO: checking for nm... 
[INFO] [stderr]   DEBUG: nm: Looking for nm
[INFO] [stderr]   INFO: /usr/bin/nm
[INFO] [stderr]   INFO: checking for pkg_config... 
[INFO] [stderr]   DEBUG: pkg_config: Looking for pkg-config
[INFO] [stderr]   INFO: /usr/bin/pkg-config
[INFO] [stderr]   INFO: checking for pkg-config version... 
[INFO] [stderr]   DEBUG: Executing: `/usr/bin/pkg-config --version`
[INFO] [stderr]   INFO: 0.29.2
[INFO] [stderr]   INFO: checking whether pkg-config is pkgconf... 
[INFO] [stderr]   DEBUG: Executing: `/usr/bin/pkg-config --about`
[INFO] [stderr]   DEBUG: The command returned non-zero exit status 1.
[INFO] [stderr]   DEBUG: Its error output was:
[INFO] [stderr]   DEBUG: | Unknown option --about
[INFO] [stderr]   INFO: no
[INFO] [stderr]   INFO: checking for strndup... 
[INFO] [stderr]   DEBUG: Creating `/tmp/conftest.xvbdack0.c` with content:
[INFO] [stderr]   DEBUG: | /* Override any gcc2 internal prototype to avoid an error.  */
[INFO] [stderr]   DEBUG: | /* We use char because int might match the return type of a gcc2
[INFO] [stderr]   DEBUG: |     builtin and then its argument prototype would still apply.  */
[INFO] [stderr]   DEBUG: | char strndup();
[INFO] [stderr]   DEBUG: | int
[INFO] [stderr]   DEBUG: | main(void)
[INFO] [stderr]   DEBUG: | {
[INFO] [stderr]   DEBUG: | strndup();
[INFO] [stderr]   DEBUG: |   ;
[INFO] [stderr]   DEBUG: |   return 0;
[INFO] [stderr]   DEBUG: | }
[INFO] [stderr]   DEBUG: Executing: `/usr/bin/cc -std=gnu99 /tmp/conftest.xvbdack0.c`
[INFO] [stderr]   INFO: yes
[INFO] [stderr]   INFO: checking for posix_memalign... 
[INFO] [stderr]   DEBUG: Creating `/tmp/conftest.6uzzxitg.c` with content:
[INFO] [stderr]   DEBUG: | /* Override any gcc2 internal prototype to avoid an error.  */
[INFO] [stderr]   DEBUG: | /* We use char because int might match the return type of a gcc2
[INFO] [stderr]   DEBUG: |     builtin and then its argument prototype would still apply.  */
[INFO] [stderr]   DEBUG: | char posix_memalign();
[INFO] [stderr]   DEBUG: | int
[INFO] [stderr]   DEBUG: | main(void)
[INFO] [stderr]   DEBUG: | {
[INFO] [stderr]   DEBUG: | posix_memalign();
[INFO] [stderr]   DEBUG: |   ;
[INFO] [stderr]   DEBUG: |   return 0;
[INFO] [stderr]   DEBUG: | }
[INFO] [stderr]   DEBUG: Executing: `/usr/bin/cc -std=gnu99 /tmp/conftest.6uzzxitg.c`
[INFO] [stderr]   INFO: yes
[INFO] [stderr]   INFO: checking for memalign... 
[INFO] [stderr]   DEBUG: Creating `/tmp/conftest.z8rcytph.c` with content:
[INFO] [stderr]   DEBUG: | /* Override any gcc2 internal prototype to avoid an error.  */
[INFO] [stderr]   DEBUG: | /* We use char because int might match the return type of a gcc2
[INFO] [stderr]   DEBUG: |     builtin and then its argument prototype would still apply.  */
[INFO] [stderr]   DEBUG: | char memalign();
[INFO] [stderr]   DEBUG: | int
[INFO] [stderr]   DEBUG: | main(void)
[INFO] [stderr]   DEBUG: | {
[INFO] [stderr]   DEBUG: | memalign();
[INFO] [stderr]   DEBUG: |   ;
[INFO] [stderr]   DEBUG: |   return 0;
[INFO] [stderr]   DEBUG: | }
[INFO] [stderr]   DEBUG: Executing: `/usr/bin/cc -std=gnu99 /tmp/conftest.z8rcytph.c`
[INFO] [stderr]   INFO: yes
[INFO] [stderr]   INFO: checking for malloc_usable_size... 
[INFO] [stderr]   DEBUG: Creating `/tmp/conftest.covn15ff.c` with content:
[INFO] [stderr]   DEBUG: | /* Override any gcc2 internal prototype to avoid an error.  */
[INFO] [stderr]   DEBUG: | /* We use char because int might match the return type of a gcc2
[INFO] [stderr]   DEBUG: |     builtin and then its argument prototype would still apply.  */
[INFO] [stderr]   DEBUG: | char malloc_usable_size();
[INFO] [stderr]   DEBUG: | int
[INFO] [stderr]   DEBUG: | main(void)
[INFO] [stderr]   DEBUG: | {
[INFO] [stderr]   DEBUG: | malloc_usable_size();
[INFO] [stderr]   DEBUG: |   ;
[INFO] [stderr]   DEBUG: |   return 0;
[INFO] [stderr]   DEBUG: | }
[INFO] [stderr]   DEBUG: Executing: `/usr/bin/cc -std=gnu99 /tmp/conftest.covn15ff.c`
[INFO] [stderr]   INFO: yes
[INFO] [stderr]   INFO: checking for stdint.h... 
[INFO] [stderr]   DEBUG: Creating `/tmp/conftest.ekruabw7.cpp` with content:
[INFO] [stderr]   DEBUG: | #include <stdint.h>
[INFO] [stderr]   DEBUG: | int
[INFO] [stderr]   DEBUG: | main(void)
[INFO] [stderr]   DEBUG: | {
[INFO] [stderr]   DEBUG: | 
[INFO] [stderr]   DEBUG: |   ;
[INFO] [stderr]   DEBUG: |   return 0;
[INFO] [stderr]   DEBUG: | }
[INFO] [stderr]   DEBUG: Executing: `/usr/bin/c++ /tmp/conftest.ekruabw7.cpp -c`
[INFO] [stderr]   INFO: yes
[INFO] [stderr]   INFO: checking for inttypes.h... 
[INFO] [stderr]   DEBUG: Creating `/tmp/conftest.rev0todc.cpp` with content:
[INFO] [stderr]   DEBUG: | #include <inttypes.h>
[INFO] [stderr]   DEBUG: | int
[INFO] [stderr]   DEBUG: | main(void)
[INFO] [stderr]   DEBUG: | {
[INFO] [stderr]   DEBUG: | 
[INFO] [stderr]   DEBUG: |   ;
[INFO] [stderr]   DEBUG: |   return 0;
[INFO] [stderr]   DEBUG: | }
[INFO] [stderr]   DEBUG: Executing: `/usr/bin/c++ /tmp/conftest.rev0todc.cpp -c`
[INFO] [stderr]   INFO: yes
[INFO] [stderr]   INFO: checking for malloc.h... 
[INFO] [stderr]   DEBUG: Creating `/tmp/conftest.rli3kqd_.cpp` with content:
[INFO] [stderr]   DEBUG: | #include <malloc.h>
[INFO] [stderr]   DEBUG: | int
[INFO] [stderr]   DEBUG: | main(void)
[INFO] [stderr]   DEBUG: | {
[INFO] [stderr]   DEBUG: | 
[INFO] [stderr]   DEBUG: |   ;
[INFO] [stderr]   DEBUG: |   return 0;
[INFO] [stderr]   DEBUG: | }
[INFO] [stderr]   DEBUG: Executing: `/usr/bin/c++ /tmp/conftest.rli3kqd_.cpp -c`
[INFO] [stderr]   INFO: yes
[INFO] [stderr]   INFO: checking for alloca.h... 
[INFO] [stderr]   DEBUG: Creating `/tmp/conftest.hx1kcwqo.cpp` with content:
[INFO] [stderr]   DEBUG: | #include <alloca.h>
[INFO] [stderr]   DEBUG: | int
[INFO] [stderr]   DEBUG: | main(void)
[INFO] [stderr]   DEBUG: | {
[INFO] [stderr]   DEBUG: | 
[INFO] [stderr]   DEBUG: |   ;
[INFO] [stderr]   DEBUG: |   return 0;
[INFO] [stderr]   DEBUG: | }
[INFO] [stderr]   DEBUG: Executing: `/usr/bin/c++ /tmp/conftest.hx1kcwqo.cpp -c`
[INFO] [stderr]   INFO: yes
[INFO] [stderr]   INFO: checking for sys/byteorder.h... 
[INFO] [stderr]   DEBUG: Creating `/tmp/conftest.5lozz88m.cpp` with content:
[INFO] [stderr]   DEBUG: | #include <sys/byteorder.h>
[INFO] [stderr]   DEBUG: | int
[INFO] [stderr]   DEBUG: | main(void)
[INFO] [stderr]   DEBUG: | {
[INFO] [stderr]   DEBUG: | 
[INFO] [stderr]   DEBUG: |   ;
[INFO] [stderr]   DEBUG: |   return 0;
[INFO] [stderr]   DEBUG: | }
[INFO] [stderr]   DEBUG: Executing: `/usr/bin/c++ /tmp/conftest.5lozz88m.cpp -c`
[INFO] [stderr]   DEBUG: The command returned non-zero exit status 1.
[INFO] [stderr]   DEBUG: Its error output was:
[INFO] [stderr]   DEBUG: | /tmp/conftest.5lozz88m.cpp:1:10: fatal error: sys/byteorder.h: No such file or directory
[INFO] [stderr]   DEBUG: |     1 | #include <sys/byteorder.h>
[INFO] [stderr]   DEBUG: |       |          ^~~~~~~~~~~~~~~~~
[INFO] [stderr]   DEBUG: | compilation terminated.
[INFO] [stderr]   INFO: no
[INFO] [stderr]   INFO: checking for getopt.h... 
[INFO] [stderr]   DEBUG: Creating `/tmp/conftest.zkqnebus.cpp` with content:
[INFO] [stderr]   DEBUG: | #include <getopt.h>
[INFO] [stderr]   DEBUG: | int
[INFO] [stderr]   DEBUG: | main(void)
[INFO] [stderr]   DEBUG: | {
[INFO] [stderr]   DEBUG: | 
[INFO] [stderr]   DEBUG: |   ;
[INFO] [stderr]   DEBUG: |   return 0;
[INFO] [stderr]   DEBUG: | }
[INFO] [stderr]   DEBUG: Executing: `/usr/bin/c++ /tmp/conftest.zkqnebus.cpp -c`
[INFO] [stderr]   INFO: yes
[INFO] [stderr]   INFO: checking for unistd.h... 
[INFO] [stderr]   DEBUG: Creating `/tmp/conftest.smb7_9dz.cpp` with content:
[INFO] [stderr]   DEBUG: | #include <unistd.h>
[INFO] [stderr]   DEBUG: | int
[INFO] [stderr]   DEBUG: | main(void)
[INFO] [stderr]   DEBUG: | {
[INFO] [stderr]   DEBUG: | 
[INFO] [stderr]   DEBUG: |   ;
[INFO] [stderr]   DEBUG: |   return 0;
[INFO] [stderr]   DEBUG: | }
[INFO] [stderr]   DEBUG: Executing: `/usr/bin/c++ /tmp/conftest.smb7_9dz.cpp -c`
[INFO] [stderr]   INFO: yes
[INFO] [stderr]   INFO: checking for nl_types.h... 
[INFO] [stderr]   DEBUG: Creating `/tmp/conftest.eh36upfp.cpp` with content:
[INFO] [stderr]   DEBUG: | #include <nl_types.h>
[INFO] [stderr]   DEBUG: | int
[INFO] [stderr]   DEBUG: | main(void)
[INFO] [stderr]   DEBUG: | {
[INFO] [stderr]   DEBUG: | 
[INFO] [stderr]   DEBUG: |   ;
[INFO] [stderr]   DEBUG: |   return 0;
[INFO] [stderr]   DEBUG: | }
[INFO] [stderr]   DEBUG: Executing: `/usr/bin/c++ /tmp/conftest.eh36upfp.cpp -c`
[INFO] [stderr]   INFO: yes
[INFO] [stderr]   INFO: checking for cpuid.h... 
[INFO] [stderr]   DEBUG: Creating `/tmp/conftest.ojcjd6q3.cpp` with content:
[INFO] [stderr]   DEBUG: | #include <cpuid.h>
[INFO] [stderr]   DEBUG: | int
[INFO] [stderr]   DEBUG: | main(void)
[INFO] [stderr]   DEBUG: | {
[INFO] [stderr]   DEBUG: | 
[INFO] [stderr]   DEBUG: |   ;
[INFO] [stderr]   DEBUG: |   return 0;
[INFO] [stderr]   DEBUG: | }
[INFO] [stderr]   DEBUG: Executing: `/usr/bin/c++ /tmp/conftest.ojcjd6q3.cpp -c`
[INFO] [stderr]   INFO: yes
[INFO] [stderr]   INFO: checking for fts.h... 
[INFO] [stderr]   DEBUG: Creating `/tmp/conftest.c2dqmjpn.cpp` with content:
[INFO] [stderr]   DEBUG: | #include <fts.h>
[INFO] [stderr]   DEBUG: | int
[INFO] [stderr]   DEBUG: | main(void)
[INFO] [stderr]   DEBUG: | {
[INFO] [stderr]   DEBUG: | 
[INFO] [stderr]   DEBUG: |   ;
[INFO] [stderr]   DEBUG: |   return 0;
[INFO] [stderr]   DEBUG: | }
[INFO] [stderr]   DEBUG: Executing: `/usr/bin/c++ /tmp/conftest.c2dqmjpn.cpp -c`
[INFO] [stderr]   INFO: yes
[INFO] [stderr]   INFO: checking for sys/statvfs.h... 
[INFO] [stderr]   DEBUG: Creating `/tmp/conftest.fptt5idg.cpp` with content:
[INFO] [stderr]   DEBUG: | #include <sys/statvfs.h>
[INFO] [stderr]   DEBUG: | int
[INFO] [stderr]   DEBUG: | main(void)
[INFO] [stderr]   DEBUG: | {
[INFO] [stderr]   DEBUG: | 
[INFO] [stderr]   DEBUG: |   ;
[INFO] [stderr]   DEBUG: |   return 0;
[INFO] [stderr]   DEBUG: | }
[INFO] [stderr]   DEBUG: Executing: `/usr/bin/c++ /tmp/conftest.fptt5idg.cpp -c`
[INFO] [stderr]   INFO: yes
[INFO] [stderr]   INFO: checking for sys/statfs.h... 
[INFO] [stderr]   DEBUG: Creating `/tmp/conftest.sbb247ar.cpp` with content:
[INFO] [stderr]   DEBUG: | #include <sys/statfs.h>
[INFO] [stderr]   DEBUG: | int
[INFO] [stderr]   DEBUG: | main(void)
[INFO] [stderr]   DEBUG: | {
[INFO] [stderr]   DEBUG: | 
[INFO] [stderr]   DEBUG: |   ;
[INFO] [stderr]   DEBUG: |   return 0;
[INFO] [stderr]   DEBUG: | }
[INFO] [stderr]   DEBUG: Executing: `/usr/bin/c++ /tmp/conftest.sbb247ar.cpp -c`
[INFO] [stderr]   INFO: yes
[INFO] [stderr]   INFO: checking for sys/vfs.h... 
[INFO] [stderr]   DEBUG: Creating `/tmp/conftest.ublg0mof.cpp` with content:
[INFO] [stderr]   DEBUG: | #include <sys/vfs.h>
[INFO] [stderr]   DEBUG: | int
[INFO] [stderr]   DEBUG: | main(void)
[INFO] [stderr]   DEBUG: | {
[INFO] [stderr]   DEBUG: | 
[INFO] [stderr]   DEBUG: |   ;
[INFO] [stderr]   DEBUG: |   return 0;
[INFO] [stderr]   DEBUG: | }
[INFO] [stderr]   DEBUG: Executing: `/usr/bin/c++ /tmp/conftest.ublg0mof.cpp -c`
[INFO] [stderr]   INFO: yes
[INFO] [stderr]   INFO: checking for sys/mount.h... 
[INFO] [stderr]   DEBUG: Creating `/tmp/conftest.3eiji8fr.cpp` with content:
[INFO] [stderr]   DEBUG: | #include <sys/mount.h>
[INFO] [stderr]   DEBUG: | int
[INFO] [stderr]   DEBUG: | main(void)
[INFO] [stderr]   DEBUG: | {
[INFO] [stderr]   DEBUG: | 
[INFO] [stderr]   DEBUG: |   ;
[INFO] [stderr]   DEBUG: |   return 0;
[INFO] [stderr]   DEBUG: | }
[INFO] [stderr]   DEBUG: Executing: `/usr/bin/c++ /tmp/conftest.3eiji8fr.cpp -c`
[INFO] [stderr]   INFO: yes
[INFO] [stderr]   INFO: checking for sys/quota.h... 
[INFO] [stderr]   DEBUG: Creating `/tmp/conftest.qw5drs9q.cpp` with content:
[INFO] [stderr]   DEBUG: | #include <sys/quota.h>
[INFO] [stderr]   DEBUG: | int
[INFO] [stderr]   DEBUG: | main(void)
[INFO] [stderr]   DEBUG: | {
[INFO] [stderr]   DEBUG: | quotactl(0, nullptr, 0, (caddr_t)nullptr);
[INFO] [stderr]   DEBUG: |   ;
[INFO] [stderr]   DEBUG: |   return 0;
[INFO] [stderr]   DEBUG: | }
[INFO] [stderr]   DEBUG: Executing: `/usr/bin/c++ /tmp/conftest.qw5drs9q.cpp -c`
[INFO] [stderr]   INFO: yes
[INFO] [stderr]   INFO: checking for linux/quota.h... 
[INFO] [stderr]   DEBUG: Creating `/tmp/conftest.k31oq9cd.cpp` with content:
[INFO] [stderr]   DEBUG: | #include <sys/socket.h>
[INFO] [stderr]   DEBUG: | #include <linux/quota.h>
[INFO] [stderr]   DEBUG: | int
[INFO] [stderr]   DEBUG: | main(void)
[INFO] [stderr]   DEBUG: | {
[INFO] [stderr]   DEBUG: | 
[INFO] [stderr]   DEBUG: |   ;
[INFO] [stderr]   DEBUG: |   return 0;
[INFO] [stderr]   DEBUG: | }
[INFO] [stderr]   DEBUG: Executing: `/usr/bin/c++ /tmp/conftest.k31oq9cd.cpp -c`
[INFO] [stderr]   INFO: yes
[INFO] [stderr]   INFO: checking for linux/if_addr.h... 
[INFO] [stderr]   DEBUG: Creating `/tmp/conftest.tt24hp64.cpp` with content:
[INFO] [stderr]   DEBUG: | #include <sys/socket.h>
[INFO] [stderr]   DEBUG: | #include <linux/if_addr.h>
[INFO] [stderr]   DEBUG: | int
[INFO] [stderr]   DEBUG: | main(void)
[INFO] [stderr]   DEBUG: | {
[INFO] [stderr]   DEBUG: | 
[INFO] [stderr]   DEBUG: |   ;
[INFO] [stderr]   DEBUG: |   return 0;
[INFO] [stderr]   DEBUG: | }
[INFO] [stderr]   DEBUG: Executing: `/usr/bin/c++ /tmp/conftest.tt24hp64.cpp -c`
[INFO] [stderr]   INFO: yes
[INFO] [stderr]   INFO: checking for linux/rtnetlink.h... 
[INFO] [stderr]   DEBUG: Creating `/tmp/conftest.nqtv_6n5.cpp` with content:
[INFO] [stderr]   DEBUG: | #include <sys/socket.h>
[INFO] [stderr]   DEBUG: | #include <linux/rtnetlink.h>
[INFO] [stderr]   DEBUG: | int
[INFO] [stderr]   DEBUG: | main(void)
[INFO] [stderr]   DEBUG: | {
[INFO] [stderr]   DEBUG: | 
[INFO] [stderr]   DEBUG: |   ;
[INFO] [stderr]   DEBUG: |   return 0;
[INFO] [stderr]   DEBUG: | }
[INFO] [stderr]   DEBUG: Executing: `/usr/bin/c++ /tmp/conftest.nqtv_6n5.cpp -c`
[INFO] [stderr]   INFO: yes
[INFO] [stderr]   INFO: checking for sys/queue.h... 
[INFO] [stderr]   DEBUG: Creating `/tmp/conftest.03woby3a.cpp` with content:
[INFO] [stderr]   DEBUG: | #include <sys/queue.h>
[INFO] [stderr]   DEBUG: | int
[INFO] [stderr]   DEBUG: | main(void)
[INFO] [stderr]   DEBUG: | {
[INFO] [stderr]   DEBUG: | 
[INFO] [stderr]   DEBUG: |   ;
[INFO] [stderr]   DEBUG: |   return 0;
[INFO] [stderr]   DEBUG: | }
[INFO] [stderr]   DEBUG: Executing: `/usr/bin/c++ /tmp/conftest.03woby3a.cpp -c`
[INFO] [stderr]   INFO: yes
[INFO] [stderr]   INFO: checking for sys/types.h... 
[INFO] [stderr]   DEBUG: Creating `/tmp/conftest.v_kc52uk.cpp` with content:
[INFO] [stderr]   DEBUG: | #include <sys/types.h>
[INFO] [stderr]   DEBUG: | int
[INFO] [stderr]   DEBUG: | main(void)
[INFO] [stderr]   DEBUG: | {
[INFO] [stderr]   DEBUG: | 
[INFO] [stderr]   DEBUG: |   ;
[INFO] [stderr]   DEBUG: |   return 0;
[INFO] [stderr]   DEBUG: | }
[INFO] [stderr]   DEBUG: Executing: `/usr/bin/c++ /tmp/conftest.v_kc52uk.cpp -c`
[INFO] [stderr]   INFO: yes
[INFO] [stderr]   INFO: checking for netinet/in.h... 
[INFO] [stderr]   DEBUG: Creating `/tmp/conftest.cxlm9y23.cpp` with content:
[INFO] [stderr]   DEBUG: | #include <netinet/in.h>
[INFO] [stderr]   DEBUG: | int
[INFO] [stderr]   DEBUG: | main(void)
[INFO] [stderr]   DEBUG: | {
[INFO] [stderr]   DEBUG: | 
[INFO] [stderr]   DEBUG: |   ;
[INFO] [stderr]   DEBUG: |   return 0;
[INFO] [stderr]   DEBUG: | }
[INFO] [stderr]   DEBUG: Executing: `/usr/bin/c++ /tmp/conftest.cxlm9y23.cpp -c`
[INFO] [stderr]   INFO: yes
[INFO] [stderr]   INFO: checking for byteswap.h... 
[INFO] [stderr]   DEBUG: Creating `/tmp/conftest.ljzc3h8t.cpp` with content:
[INFO] [stderr]   DEBUG: | #include <byteswap.h>
[INFO] [stderr]   DEBUG: | int
[INFO] [stderr]   DEBUG: | main(void)
[INFO] [stderr]   DEBUG: | {
[INFO] [stderr]   DEBUG: | 
[INFO] [stderr]   DEBUG: |   ;
[INFO] [stderr]   DEBUG: |   return 0;
[INFO] [stderr]   DEBUG: | }
[INFO] [stderr]   DEBUG: Executing: `/usr/bin/c++ /tmp/conftest.ljzc3h8t.cpp -c`
[INFO] [stderr]   INFO: yes
[INFO] [stderr]   INFO: checking for memfd_create in sys/mman.h... 
[INFO] [stderr]   DEBUG: Creating `/tmp/conftest.uogzoz91.cpp` with content:
[INFO] [stderr]   DEBUG: | #include <sys/mman.h>
[INFO] [stderr]   DEBUG: | int
[INFO] [stderr]   DEBUG: | main(void)
[INFO] [stderr]   DEBUG: | {
[INFO] [stderr]   DEBUG: | memfd_create("", 0);
[INFO] [stderr]   DEBUG: |   ;
[INFO] [stderr]   DEBUG: |   return 0;
[INFO] [stderr]   DEBUG: | }
[INFO] [stderr]   DEBUG: Executing: `/usr/bin/c++ /tmp/conftest.uogzoz91.cpp -c`
[INFO] [stderr]   INFO: yes
[INFO] [stderr]   INFO: checking for linux/perf_event.h... 
[INFO] [stderr]   DEBUG: Creating `/tmp/conftest.0_zf7aac.cpp` with content:
[INFO] [stderr]   DEBUG: | #include <linux/perf_event.h>
[INFO] [stderr]   DEBUG: | int
[INFO] [stderr]   DEBUG: | main(void)
[INFO] [stderr]   DEBUG: | {
[INFO] [stderr]   DEBUG: | 
[INFO] [stderr]   DEBUG: |   ;
[INFO] [stderr]   DEBUG: |   return 0;
[INFO] [stderr]   DEBUG: | }
[INFO] [stderr]   DEBUG: Executing: `/usr/bin/c++ /tmp/conftest.0_zf7aac.cpp -c`
[INFO] [stderr]   INFO: yes
[INFO] [stderr]   INFO: checking for perf_event_open system call... 
[INFO] [stderr]   DEBUG: Creating `/tmp/conftest.qk27j7fx.cpp` with content:
[INFO] [stderr]   DEBUG: | #include <asm/unistd.h>
[INFO] [stderr]   DEBUG: | int
[INFO] [stderr]   DEBUG: | main(void)
[INFO] [stderr]   DEBUG: | {
[INFO] [stderr]   DEBUG: | return sizeof(__NR_perf_event_open);
[INFO] [stderr]   DEBUG: |   ;
[INFO] [stderr]   DEBUG: |   return 0;
[INFO] [stderr]   DEBUG: | }
[INFO] [stderr]   DEBUG: Executing: `/usr/bin/c++ /tmp/conftest.qk27j7fx.cpp -c`
[INFO] [stderr]   INFO: yes
[INFO] [stderr]   INFO: checking whether the C compiler supports -Wbitfield-enum-conversion... 
[INFO] [stderr]   DEBUG: Creating `/tmp/conftest.nn_5dd1q.c` with content:
[INFO] [stderr]   DEBUG: | int
[INFO] [stderr]   DEBUG: | main(void)
[INFO] [stderr]   DEBUG: | {
[INFO] [stderr]   DEBUG: | 
[INFO] [stderr]   DEBUG: |   ;
[INFO] [stderr]   DEBUG: |   return 0;
[INFO] [stderr]   DEBUG: | }
[INFO] [stderr]   DEBUG: Executing: `/usr/bin/cc -std=gnu99 /tmp/conftest.nn_5dd1q.c -Werror -Wbitfield-enum-conversion -c`
[INFO] [stderr]   DEBUG: The command returned non-zero exit status 1.
[INFO] [stderr]   DEBUG: Its error output was:
[INFO] [stderr]   DEBUG: | cc: error: unrecognized command-line option ‘-Wbitfield-enum-conversion’; did you mean ‘-Wno-enum-conversion’?
[INFO] [stderr]   INFO: no
[INFO] [stderr]   INFO: checking whether the C++ compiler supports -Wbitfield-enum-conversion... 
[INFO] [stderr]   DEBUG: Creating `/tmp/conftest.7cnf9ds4.cpp` with content:
[INFO] [stderr]   DEBUG: | int
[INFO] [stderr]   DEBUG: | main(void)
[INFO] [stderr]   DEBUG: | {
[INFO] [stderr]   DEBUG: | 
[INFO] [stderr]   DEBUG: |   ;
[INFO] [stderr]   DEBUG: |   return 0;
[INFO] [stderr]   DEBUG: | }
[INFO] [stderr]   DEBUG: Executing: `/usr/bin/c++ /tmp/conftest.7cnf9ds4.cpp -Werror -Wbitfield-enum-conversion -c`
[INFO] [stderr]   DEBUG: The command returned non-zero exit status 1.
[INFO] [stderr]   DEBUG: Its error output was:
[INFO] [stderr]   DEBUG: | c++: error: unrecognized command-line option ‘-Wbitfield-enum-conversion’; did you mean ‘-Wno-enum-conversion’?
[INFO] [stderr]   INFO: no
[INFO] [stderr]   INFO: checking whether the C++ compiler supports -Wdeprecated-this-capture... 
[INFO] [stderr]   DEBUG: Creating `/tmp/conftest.bn3cgqdw.cpp` with content:
[INFO] [stderr]   DEBUG: | int
[INFO] [stderr]   DEBUG: | main(void)
[INFO] [stderr]   DEBUG: | {
[INFO] [stderr]   DEBUG: | 
[INFO] [stderr]   DEBUG: |   ;
[INFO] [stderr]   DEBUG: |   return 0;
[INFO] [stderr]   DEBUG: | }
[INFO] [stderr]   DEBUG: Executing: `/usr/bin/c++ /tmp/conftest.bn3cgqdw.cpp -Werror -Wdeprecated-this-capture -c`
[INFO] [stderr]   DEBUG: The command returned non-zero exit status 1.
[INFO] [stderr]   DEBUG: Its error output was:
[INFO] [stderr]   DEBUG: | c++: error: unrecognized command-line option ‘-Wdeprecated-this-capture’
[INFO] [stderr]   INFO: no
[INFO] [stderr]   INFO: checking whether the C compiler supports -Wformat-type-confusion... 
[INFO] [stderr]   DEBUG: Creating `/tmp/conftest.wtm0z5pd.c` with content:
[INFO] [stderr]   DEBUG: | int
[INFO] [stderr]   DEBUG: | main(void)
[INFO] [stderr]   DEBUG: | {
[INFO] [stderr]   DEBUG: | 
[INFO] [stderr]   DEBUG: |   ;
[INFO] [stderr]   DEBUG: |   return 0;
[INFO] [stderr]   DEBUG: | }
[INFO] [stderr]   DEBUG: Executing: `/usr/bin/cc -std=gnu99 /tmp/conftest.wtm0z5pd.c -Werror -Wformat-type-confusion -c`
[INFO] [stderr]   DEBUG: The command returned non-zero exit status 1.
[INFO] [stderr]   DEBUG: Its error output was:
[INFO] [stderr]   DEBUG: | cc: error: unrecognized command-line option ‘-Wformat-type-confusion’
[INFO] [stderr]   INFO: no
[INFO] [stderr]   INFO: checking whether the C++ compiler supports -Wformat-type-confusion... 
[INFO] [stderr]   DEBUG: Creating `/tmp/conftest.2ow71vdq.cpp` with content:
[INFO] [stderr]   DEBUG: | int
[INFO] [stderr]   DEBUG: | main(void)
[INFO] [stderr]   DEBUG: | {
[INFO] [stderr]   DEBUG: | 
[INFO] [stderr]   DEBUG: |   ;
[INFO] [stderr]   DEBUG: |   return 0;
[INFO] [stderr]   DEBUG: | }
[INFO] [stderr]   DEBUG: Executing: `/usr/bin/c++ /tmp/conftest.2ow71vdq.cpp -Werror -Wformat-type-confusion -c`
[INFO] [stderr]   DEBUG: The command returned non-zero exit status 1.
[INFO] [stderr]   DEBUG: Its error output was:
[INFO] [stderr]   DEBUG: | c++: error: unrecognized command-line option ‘-Wformat-type-confusion’
[INFO] [stderr]   INFO: no
[INFO] [stderr]   INFO: checking whether the C compiler supports -Wshadow-field-in-constructor-modified... 
[INFO] [stderr]   DEBUG: Creating `/tmp/conftest.bg3nf3hy.c` with content:
[INFO] [stderr]   DEBUG: | int
[INFO] [stderr]   DEBUG: | main(void)
[INFO] [stderr]   DEBUG: | {
[INFO] [stderr]   DEBUG: | 
[INFO] [stderr]   DEBUG: |   ;
[INFO] [stderr]   DEBUG: |   return 0;
[INFO] [stderr]   DEBUG: | }
[INFO] [stderr]   DEBUG: Executing: `/usr/bin/cc -std=gnu99 /tmp/conftest.bg3nf3hy.c -Werror -Wshadow-field-in-constructor-modified -c`
[INFO] [stderr]   DEBUG: The command returned non-zero exit status 1.
[INFO] [stderr]   DEBUG: Its error output was:
[INFO] [stderr]   DEBUG: | cc: error: unrecognized command-line option ‘-Wshadow-field-in-constructor-modified’
[INFO] [stderr]   INFO: no
[INFO] [stderr]   INFO: checking whether the C++ compiler supports -Wshadow-field-in-constructor-modified... 
[INFO] [stderr]   DEBUG: Creating `/tmp/conftest._uz8y1sf.cpp` with content:
[INFO] [stderr]   DEBUG: | int
[INFO] [stderr]   DEBUG: | main(void)
[INFO] [stderr]   DEBUG: | {
[INFO] [stderr]   DEBUG: | 
[INFO] [stderr]   DEBUG: |   ;
[INFO] [stderr]   DEBUG: |   return 0;
[INFO] [stderr]   DEBUG: | }
[INFO] [stderr]   DEBUG: Executing: `/usr/bin/c++ /tmp/conftest._uz8y1sf.cpp -Werror -Wshadow-field-in-constructor-modified -c`
[INFO] [stderr]   DEBUG: The command returned non-zero exit status 1.
[INFO] [stderr]   DEBUG: Its error output was:
[INFO] [stderr]   DEBUG: | c++: error: unrecognized command-line option ‘-Wshadow-field-in-constructor-modified’
[INFO] [stderr]   INFO: no
[INFO] [stderr]   INFO: checking whether the C compiler supports -Wtautological-constant-in-range-compare... 
[INFO] [stderr]   DEBUG: Creating `/tmp/conftest.2n6kf2ot.c` with content:
[INFO] [stderr]   DEBUG: | int
[INFO] [stderr]   DEBUG: | main(void)
[INFO] [stderr]   DEBUG: | {
[INFO] [stderr]   DEBUG: | 
[INFO] [stderr]   DEBUG: |   ;
[INFO] [stderr]   DEBUG: |   return 0;
[INFO] [stderr]   DEBUG: | }
[INFO] [stderr]   DEBUG: Executing: `/usr/bin/cc -std=gnu99 /tmp/conftest.2n6kf2ot.c -Werror -Wtautological-constant-in-range-compare -c`
[INFO] [stderr]   DEBUG: The command returned non-zero exit status 1.
[INFO] [stderr]   DEBUG: Its error output was:
[INFO] [stderr]   DEBUG: | cc: error: unrecognized command-line option ‘-Wtautological-constant-in-range-compare’
[INFO] [stderr]   INFO: no
[INFO] [stderr]   INFO: checking whether the C++ compiler supports -Wtautological-constant-in-range-compare... 
[INFO] [stderr]   DEBUG: Creating `/tmp/conftest.1vp6s1xs.cpp` with content:
[INFO] [stderr]   DEBUG: | int
[INFO] [stderr]   DEBUG: | main(void)
[INFO] [stderr]   DEBUG: | {
[INFO] [stderr]   DEBUG: | 
[INFO] [stderr]   DEBUG: |   ;
[INFO] [stderr]   DEBUG: |   return 0;
[INFO] [stderr]   DEBUG: | }
[INFO] [stderr]   DEBUG: Executing: `/usr/bin/c++ /tmp/conftest.1vp6s1xs.cpp -Werror -Wtautological-constant-in-range-compare -c`
[INFO] [stderr]   DEBUG: The command returned non-zero exit status 1.
[INFO] [stderr]   DEBUG: Its error output was:
[INFO] [stderr]   DEBUG: | c++: error: unrecognized command-line option ‘-Wtautological-constant-in-range-compare’
[INFO] [stderr]   INFO: no
[INFO] [stderr]   INFO: checking whether the C compiler supports -Wno-error=tautological-type-limit-compare... 
[INFO] [stderr]   DEBUG: Creating `/tmp/conftest.0rj35iti.c` with content:
[INFO] [stderr]   DEBUG: | int
[INFO] [stderr]   DEBUG: | main(void)
[INFO] [stderr]   DEBUG: | {
[INFO] [stderr]   DEBUG: | 
[INFO] [stderr]   DEBUG: |   ;
[INFO] [stderr]   DEBUG: |   return 0;
[INFO] [stderr]   DEBUG: | }
[INFO] [stderr]   DEBUG: Executing: `/usr/bin/cc -std=gnu99 /tmp/conftest.0rj35iti.c -Werror -Wno-error=tautological-type-limit-compare -c`
[INFO] [stderr]   DEBUG: The command returned non-zero exit status 1.
[INFO] [stderr]   DEBUG: Its error output was:
[INFO] [stderr]   DEBUG: | cc1: error: ‘-Wno-error=tautological-type-limit-compare’: no option ‘-Wtautological-type-limit-compare’; did you mean ‘-Wtautological-compare’?
[INFO] [stderr]   INFO: no
[INFO] [stderr]   INFO: checking whether the C++ compiler supports -Wno-error=tautological-type-limit-compare... 
[INFO] [stderr]   DEBUG: Creating `/tmp/conftest.wg3j49yi.cpp` with content:
[INFO] [stderr]   DEBUG: | int
[INFO] [stderr]   DEBUG: | main(void)
[INFO] [stderr]   DEBUG: | {
[INFO] [stderr]   DEBUG: | 
[INFO] [stderr]   DEBUG: |   ;
[INFO] [stderr]   DEBUG: |   return 0;
[INFO] [stderr]   DEBUG: | }
[INFO] [stderr]   DEBUG: Executing: `/usr/bin/c++ /tmp/conftest.wg3j49yi.cpp -Werror -Wno-error=tautological-type-limit-compare -c`
[INFO] [stderr]   DEBUG: The command returned non-zero exit status 1.
[INFO] [stderr]   DEBUG: Its error output was:
[INFO] [stderr]   DEBUG: | cc1plus: error: ‘-Wno-error=tautological-type-limit-compare’: no option ‘-Wtautological-type-limit-compare’; did you mean ‘-Wtautological-compare’?
[INFO] [stderr]   INFO: no
[INFO] [stderr]   INFO: checking whether the C compiler supports -Wunreachable-code-return... 
[INFO] [stderr]   DEBUG: Creating `/tmp/conftest.sq0a97y2.c` with content:
[INFO] [stderr]   DEBUG: | int
[INFO] [stderr]   DEBUG: | main(void)
[INFO] [stderr]   DEBUG: | {
[INFO] [stderr]   DEBUG: | 
[INFO] [stderr]   DEBUG: |   ;
[INFO] [stderr]   DEBUG: |   return 0;
[INFO] [stderr]   DEBUG: | }
[INFO] [stderr]   DEBUG: Executing: `/usr/bin/cc -std=gnu99 /tmp/conftest.sq0a97y2.c -Werror -Wunreachable-code-return -c`
[INFO] [stderr]   DEBUG: The command returned non-zero exit status 1.
[INFO] [stderr]   DEBUG: Its error output was:
[INFO] [stderr]   DEBUG: | cc: error: unrecognized command-line option ‘-Wunreachable-code-return’; did you mean ‘-Wunreachable-code’?
[INFO] [stderr]   INFO: no
[INFO] [stderr]   INFO: checking whether the C++ compiler supports -Wunreachable-code-return... 
[INFO] [stderr]   DEBUG: Creating `/tmp/conftest.heardw2c.cpp` with content:
[INFO] [stderr]   DEBUG: | int
[INFO] [stderr]   DEBUG: | main(void)
[INFO] [stderr]   DEBUG: | {
[INFO] [stderr]   DEBUG: | 
[INFO] [stderr]   DEBUG: |   ;
[INFO] [stderr]   DEBUG: |   return 0;
[INFO] [stderr]   DEBUG: | }
[INFO] [stderr]   DEBUG: Executing: `/usr/bin/c++ /tmp/conftest.heardw2c.cpp -Werror -Wunreachable-code-return -c`
[INFO] [stderr]   DEBUG: The command returned non-zero exit status 1.
[INFO] [stderr]   DEBUG: Its error output was:
[INFO] [stderr]   DEBUG: | c++: error: unrecognized command-line option ‘-Wunreachable-code-return’; did you mean ‘-Wunreachable-code’?
[INFO] [stderr]   INFO: no
[INFO] [stderr]   INFO: checking whether the C compiler supports -Wclass-varargs... 
[INFO] [stderr]   DEBUG: Creating `/tmp/conftest.cxuanlpe.c` with content:
[INFO] [stderr]   DEBUG: | int
[INFO] [stderr]   DEBUG: | main(void)
[INFO] [stderr]   DEBUG: | {
[INFO] [stderr]   DEBUG: | 
[INFO] [stderr]   DEBUG: |   ;
[INFO] [stderr]   DEBUG: |   return 0;
[INFO] [stderr]   DEBUG: | }
[INFO] [stderr]   DEBUG: Executing: `/usr/bin/cc -std=gnu99 /tmp/conftest.cxuanlpe.c -Werror -Wclass-varargs -c`
[INFO] [stderr]   DEBUG: The command returned non-zero exit status 1.
[INFO] [stderr]   DEBUG: Its error output was:
[INFO] [stderr]   DEBUG: | cc: error: unrecognized command-line option ‘-Wclass-varargs’; did you mean ‘-Wno-varargs’?
[INFO] [stderr]   INFO: no
[INFO] [stderr]   INFO: checking whether the C++ compiler supports -Wclass-varargs... 
[INFO] [stderr]   DEBUG: Creating `/tmp/conftest.n9owmhvl.cpp` with content:
[INFO] [stderr]   DEBUG: | int
[INFO] [stderr]   DEBUG: | main(void)
[INFO] [stderr]   DEBUG: | {
[INFO] [stderr]   DEBUG: | 
[INFO] [stderr]   DEBUG: |   ;
[INFO] [stderr]   DEBUG: |   return 0;
[INFO] [stderr]   DEBUG: | }
[INFO] [stderr]   DEBUG: Executing: `/usr/bin/c++ /tmp/conftest.n9owmhvl.cpp -Werror -Wclass-varargs -c`
[INFO] [stderr]   DEBUG: The command returned non-zero exit status 1.
[INFO] [stderr]   DEBUG: Its error output was:
[INFO] [stderr]   DEBUG: | c++: error: unrecognized command-line option ‘-Wclass-varargs’; did you mean ‘-Wno-varargs’?
[INFO] [stderr]   INFO: no
[INFO] [stderr]   INFO: checking whether the C++ compiler supports -Wempty-init-stmt... 
[INFO] [stderr]   DEBUG: Creating `/tmp/conftest.n415vts4.cpp` with content:
[INFO] [stderr]   DEBUG: | int
[INFO] [stderr]   DEBUG: | main(void)
[INFO] [stderr]   DEBUG: | {
[INFO] [stderr]   DEBUG: | 
[INFO] [stderr]   DEBUG: |   ;
[INFO] [stderr]   DEBUG: |   return 0;
[INFO] [stderr]   DEBUG: | }
[INFO] [stderr]   DEBUG: Executing: `/usr/bin/c++ /tmp/conftest.n415vts4.cpp -Werror -Wempty-init-stmt -c`
[INFO] [stderr]   DEBUG: The command returned non-zero exit status 1.
[INFO] [stderr]   DEBUG: Its error output was:
[INFO] [stderr]   DEBUG: | c++: error: unrecognized command-line option ‘-Wempty-init-stmt’
[INFO] [stderr]   INFO: no
[INFO] [stderr]   INFO: checking whether the C compiler supports -Wfloat-overflow-conversion... 
[INFO] [stderr]   DEBUG: Creating `/tmp/conftest.7jde1rvp.c` with content:
[INFO] [stderr]   DEBUG: | int
[INFO] [stderr]   DEBUG: | main(void)
[INFO] [stderr]   DEBUG: | {
[INFO] [stderr]   DEBUG: | 
[INFO] [stderr]   DEBUG: |   ;
[INFO] [stderr]   DEBUG: |   return 0;
[INFO] [stderr]   DEBUG: | }
[INFO] [stderr]   DEBUG: Executing: `/usr/bin/cc -std=gnu99 /tmp/conftest.7jde1rvp.c -Werror -Wfloat-overflow-conversion -c`
[INFO] [stderr]   DEBUG: The command returned non-zero exit status 1.
[INFO] [stderr]   DEBUG: Its error output was:
[INFO] [stderr]   DEBUG: | cc: error: unrecognized command-line option ‘-Wfloat-overflow-conversion’; did you mean ‘-Wfloat-conversion’?
[INFO] [stderr]   INFO: no
[INFO] [stderr]   INFO: checking whether the C++ compiler supports -Wfloat-overflow-conversion... 
[INFO] [stderr]   DEBUG: Creating `/tmp/conftest.4rb2oo8a.cpp` with content:
[INFO] [stderr]   DEBUG: | int
[INFO] [stderr]   DEBUG: | main(void)
[INFO] [stderr]   DEBUG: | {
[INFO] [stderr]   DEBUG: | 
[INFO] [stderr]   DEBUG: |   ;
[INFO] [stderr]   DEBUG: |   return 0;
[INFO] [stderr]   DEBUG: | }
[INFO] [stderr]   DEBUG: Executing: `/usr/bin/c++ /tmp/conftest.4rb2oo8a.cpp -Werror -Wfloat-overflow-conversion -c`
[INFO] [stderr]   DEBUG: The command returned non-zero exit status 1.
[INFO] [stderr]   DEBUG: Its error output was:
[INFO] [stderr]   DEBUG: | c++: error: unrecognized command-line option ‘-Wfloat-overflow-conversion’; did you mean ‘-Wfloat-conversion’?
[INFO] [stderr]   INFO: no
[INFO] [stderr]   INFO: checking whether the C compiler supports -Wfloat-zero-conversion... 
[INFO] [stderr]   DEBUG: Creating `/tmp/conftest.nffc33dl.c` with content:
[INFO] [stderr]   DEBUG: | int
[INFO] [stderr]   DEBUG: | main(void)
[INFO] [stderr]   DEBUG: | {
[INFO] [stderr]   DEBUG: | 
[INFO] [stderr]   DEBUG: |   ;
[INFO] [stderr]   DEBUG: |   return 0;
[INFO] [stderr]   DEBUG: | }
[INFO] [stderr]   DEBUG: Executing: `/usr/bin/cc -std=gnu99 /tmp/conftest.nffc33dl.c -Werror -Wfloat-zero-conversion -c`
[INFO] [stderr]   DEBUG: The command returned non-zero exit status 1.
[INFO] [stderr]   DEBUG: Its error output was:
[INFO] [stderr]   DEBUG: | cc: error: unrecognized command-line option ‘-Wfloat-zero-conversion’; did you mean ‘-Wfloat-conversion’?
[INFO] [stderr]   INFO: no
[INFO] [stderr]   INFO: checking whether the C++ compiler supports -Wfloat-zero-conversion... 
[INFO] [stderr]   DEBUG: Creating `/tmp/conftest.adezo3uc.cpp` with content:
[INFO] [stderr]   DEBUG: | int
[INFO] [stderr]   DEBUG: | main(void)
[INFO] [stderr]   DEBUG: | {
[INFO] [stderr]   DEBUG: | 
[INFO] [stderr]   DEBUG: |   ;
[INFO] [stderr]   DEBUG: |   return 0;
[INFO] [stderr]   DEBUG: | }
[INFO] [stderr]   DEBUG: Executing: `/usr/bin/c++ /tmp/conftest.adezo3uc.cpp -Werror -Wfloat-zero-conversion -c`
[INFO] [stderr]   DEBUG: The command returned non-zero exit status 1.
[INFO] [stderr]   DEBUG: Its error output was:
[INFO] [stderr]   DEBUG: | c++: error: unrecognized command-line option ‘-Wfloat-zero-conversion’; did you mean ‘-Wfloat-conversion’?
[INFO] [stderr]   INFO: no
[INFO] [stderr]   INFO: checking whether the C compiler supports -Wloop-analysis... 
[INFO] [stderr]   DEBUG: Creating `/tmp/conftest.t9v8q1gc.c` with content:
[INFO] [stderr]   DEBUG: | int
[INFO] [stderr]   DEBUG: | main(void)
[INFO] [stderr]   DEBUG: | {
[INFO] [stderr]   DEBUG: | 
[INFO] [stderr]   DEBUG: |   ;
[INFO] [stderr]   DEBUG: |   return 0;
[INFO] [stderr]   DEBUG: | }
[INFO] [stderr]   DEBUG: Executing: `/usr/bin/cc -std=gnu99 /tmp/conftest.t9v8q1gc.c -Werror -Wloop-analysis -c`
[INFO] [stderr]   DEBUG: The command returned non-zero exit status 1.
[INFO] [stderr]   DEBUG: Its error output was:
[INFO] [stderr]   DEBUG: | cc: error: unrecognized command-line option ‘-Wloop-analysis’
[INFO] [stderr]   INFO: no
[INFO] [stderr]   INFO: checking whether the C++ compiler supports -Wloop-analysis... 
[INFO] [stderr]   DEBUG: Creating `/tmp/conftest.6vwkhgx_.cpp` with content:
[INFO] [stderr]   DEBUG: | int
[INFO] [stderr]   DEBUG: | main(void)
[INFO] [stderr]   DEBUG: | {
[INFO] [stderr]   DEBUG: | 
[INFO] [stderr]   DEBUG: |   ;
[INFO] [stderr]   DEBUG: |   return 0;
[INFO] [stderr]   DEBUG: | }
[INFO] [stderr]   DEBUG: Executing: `/usr/bin/c++ /tmp/conftest.6vwkhgx_.cpp -Werror -Wloop-analysis -c`
[INFO] [stderr]   DEBUG: The command returned non-zero exit status 1.
[INFO] [stderr]   DEBUG: Its error output was:
[INFO] [stderr]   DEBUG: | c++: error: unrecognized command-line option ‘-Wloop-analysis’
[INFO] [stderr]   INFO: no
[INFO] [stderr]   INFO: checking whether the C compiler supports -Wno-range-loop-analysis... 
[INFO] [stderr]   DEBUG: Creating `/tmp/conftest.c_68ph97.c` with content:
[INFO] [stderr]   DEBUG: | int
[INFO] [stderr]   DEBUG: | main(void)
[INFO] [stderr]   DEBUG: | {
[INFO] [stderr]   DEBUG: | 
[INFO] [stderr]   DEBUG: |   ;
[INFO] [stderr]   DEBUG: |   return 0;
[INFO] [stderr]   DEBUG: | }
[INFO] [stderr]   DEBUG: Executing: `/usr/bin/cc -std=gnu99 /tmp/conftest.c_68ph97.c -Werror -Wrange-loop-analysis -c`
[INFO] [stderr]   DEBUG: The command returned non-zero exit status 1.
[INFO] [stderr]   DEBUG: Its error output was:
[INFO] [stderr]   DEBUG: | cc: error: unrecognized command-line option ‘-Wrange-loop-analysis’
[INFO] [stderr]   INFO: no
[INFO] [stderr]   INFO: checking whether the C++ compiler supports -Wno-range-loop-analysis... 
[INFO] [stderr]   DEBUG: Creating `/tmp/conftest.bya0d9id.cpp` with content:
[INFO] [stderr]   DEBUG: | int
[INFO] [stderr]   DEBUG: | main(void)
[INFO] [stderr]   DEBUG: | {
[INFO] [stderr]   DEBUG: | 
[INFO] [stderr]   DEBUG: |   ;
[INFO] [stderr]   DEBUG: |   return 0;
[INFO] [stderr]   DEBUG: | }
[INFO] [stderr]   DEBUG: Executing: `/usr/bin/c++ /tmp/conftest.bya0d9id.cpp -Werror -Wrange-loop-analysis -c`
[INFO] [stderr]   DEBUG: The command returned non-zero exit status 1.
[INFO] [stderr]   DEBUG: Its error output was:
[INFO] [stderr]   DEBUG: | c++: error: unrecognized command-line option ‘-Wrange-loop-analysis’
[INFO] [stderr]   INFO: no
[INFO] [stderr]   INFO: checking whether the C++ compiler supports -Wc++2a-compat... 
[INFO] [stderr]   DEBUG: Creating `/tmp/conftest.hniktiee.cpp` with content:
[INFO] [stderr]   DEBUG: | int
[INFO] [stderr]   DEBUG: | main(void)
[INFO] [stderr]   DEBUG: | {
[INFO] [stderr]   DEBUG: | 
[INFO] [stderr]   DEBUG: |   ;
[INFO] [stderr]   DEBUG: |   return 0;
[INFO] [stderr]   DEBUG: | }
[INFO] [stderr]   DEBUG: Executing: `/usr/bin/c++ /tmp/conftest.hniktiee.cpp -Werror -Wc++2a-compat -c`
[INFO] [stderr]   INFO: yes
[INFO] [stderr]   INFO: checking whether the C++ compiler supports -Wcomma-subscript... 
[INFO] [stderr]   DEBUG: Creating `/tmp/conftest.ylps6d_t.cpp` with content:
[INFO] [stderr]   DEBUG: | int
[INFO] [stderr]   DEBUG: | main(void)
[INFO] [stderr]   DEBUG: | {
[INFO] [stderr]   DEBUG: | 
[INFO] [stderr]   DEBUG: |   ;
[INFO] [stderr]   DEBUG: |   return 0;
[INFO] [stderr]   DEBUG: | }
[INFO] [stderr]   DEBUG: Executing: `/usr/bin/c++ /tmp/conftest.ylps6d_t.cpp -Werror -Wcomma-subscript -c`
[INFO] [stderr]   INFO: yes
[INFO] [stderr]   INFO: checking whether the C compiler supports -Wenum-compare-conditional... 
[INFO] [stderr]   DEBUG: Creating `/tmp/conftest.o5g9clai.c` with content:
[INFO] [stderr]   DEBUG: | int
[INFO] [stderr]   DEBUG: | main(void)
[INFO] [stderr]   DEBUG: | {
[INFO] [stderr]   DEBUG: | 
[INFO] [stderr]   DEBUG: |   ;
[INFO] [stderr]   DEBUG: |   return 0;
[INFO] [stderr]   DEBUG: | }
[INFO] [stderr]   DEBUG: Executing: `/usr/bin/cc -std=gnu99 /tmp/conftest.o5g9clai.c -Werror -Wenum-compare-conditional -c`
[INFO] [stderr]   DEBUG: The command returned non-zero exit status 1.
[INFO] [stderr]   DEBUG: Its error output was:
[INFO] [stderr]   DEBUG: | cc: error: unrecognized command-line option ‘-Wenum-compare-conditional’
[INFO] [stderr]   INFO: no
[INFO] [stderr]   INFO: checking whether the C++ compiler supports -Wenum-compare-conditional... 
[INFO] [stderr]   DEBUG: Creating `/tmp/conftest.az09r3_j.cpp` with content:
[INFO] [stderr]   DEBUG: | int
[INFO] [stderr]   DEBUG: | main(void)
[INFO] [stderr]   DEBUG: | {
[INFO] [stderr]   DEBUG: | 
[INFO] [stderr]   DEBUG: |   ;
[INFO] [stderr]   DEBUG: |   return 0;
[INFO] [stderr]   DEBUG: | }
[INFO] [stderr]   DEBUG: Executing: `/usr/bin/c++ /tmp/conftest.az09r3_j.cpp -Werror -Wenum-compare-conditional -c`
[INFO] [stderr]   DEBUG: The command returned non-zero exit status 1.
[INFO] [stderr]   DEBUG: Its error output was:
[INFO] [stderr]   DEBUG: | c++: error: unrecognized command-line option ‘-Wenum-compare-conditional’
[INFO] [stderr]   INFO: no
[INFO] [stderr]   INFO: checking whether the C compiler supports -Wenum-float-conversion... 
[INFO] [stderr]   DEBUG: Creating `/tmp/conftest.bl9tbh5y.c` with content:
[INFO] [stderr]   DEBUG: | int
[INFO] [stderr]   DEBUG: | main(void)
[INFO] [stderr]   DEBUG: | {
[INFO] [stderr]   DEBUG: | 
[INFO] [stderr]   DEBUG: |   ;
[INFO] [stderr]   DEBUG: |   return 0;
[INFO] [stderr]   DEBUG: | }
[INFO] [stderr]   DEBUG: Executing: `/usr/bin/cc -std=gnu99 /tmp/conftest.bl9tbh5y.c -Werror -Wenum-float-conversion -c`
[INFO] [stderr]   DEBUG: The command returned non-zero exit status 1.
[INFO] [stderr]   DEBUG: Its error output was:
[INFO] [stderr]   DEBUG: | cc: error: unrecognized command-line option ‘-Wenum-float-conversion’; did you mean ‘-Wno-float-conversion’?
[INFO] [stderr]   INFO: no
[INFO] [stderr]   INFO: checking whether the C++ compiler supports -Wenum-float-conversion... 
[INFO] [stderr]   DEBUG: Creating `/tmp/conftest.5b6r4_ps.cpp` with content:
[INFO] [stderr]   DEBUG: | int
[INFO] [stderr]   DEBUG: | main(void)
[INFO] [stderr]   DEBUG: | {
[INFO] [stderr]   DEBUG: | 
[INFO] [stderr]   DEBUG: |   ;
[INFO] [stderr]   DEBUG: |   return 0;
[INFO] [stderr]   DEBUG: | }
[INFO] [stderr]   DEBUG: Executing: `/usr/bin/c++ /tmp/conftest.5b6r4_ps.cpp -Werror -Wenum-float-conversion -c`
[INFO] [stderr]   DEBUG: The command returned non-zero exit status 1.
[INFO] [stderr]   DEBUG: Its error output was:
[INFO] [stderr]   DEBUG: | c++: error: unrecognized command-line option ‘-Wenum-float-conversion’; did you mean ‘-Wno-float-conversion’?
[INFO] [stderr]   INFO: no
[INFO] [stderr]   INFO: checking whether the C++ compiler supports -Wvolatile... 
[INFO] [stderr]   DEBUG: Creating `/tmp/conftest.05zc5pcn.cpp` with content:
[INFO] [stderr]   DEBUG: | int
[INFO] [stderr]   DEBUG: | main(void)
[INFO] [stderr]   DEBUG: | {
[INFO] [stderr]   DEBUG: | 
[INFO] [stderr]   DEBUG: |   ;
[INFO] [stderr]   DEBUG: |   return 0;
[INFO] [stderr]   DEBUG: | }
[INFO] [stderr]   DEBUG: Executing: `/usr/bin/c++ /tmp/conftest.05zc5pcn.cpp -Werror -Wvolatile -c`
[INFO] [stderr]   INFO: yes
[INFO] [stderr]   INFO: checking whether the C++ compiler supports -Wno-error=deprecated... 
[INFO] [stderr]   DEBUG: Creating `/tmp/conftest.ppbjetf_.cpp` with content:
[INFO] [stderr]   DEBUG: | int
[INFO] [stderr]   DEBUG: | main(void)
[INFO] [stderr]   DEBUG: | {
[INFO] [stderr]   DEBUG: | 
[INFO] [stderr]   DEBUG: |   ;
[INFO] [stderr]   DEBUG: |   return 0;
[INFO] [stderr]   DEBUG: | }
[INFO] [stderr]   DEBUG: Executing: `/usr/bin/c++ /tmp/conftest.ppbjetf_.cpp -Werror -Wno-error=deprecated -c`
[INFO] [stderr]   INFO: yes
[INFO] [stderr]   INFO: checking whether the C++ compiler supports -Wno-error=deprecated-anon-enum-enum-conversion... 
[INFO] [stderr]   DEBUG: Creating `/tmp/conftest.wsq65wls.cpp` with content:
[INFO] [stderr]   DEBUG: | int
[INFO] [stderr]   DEBUG: | main(void)
[INFO] [stderr]   DEBUG: | {
[INFO] [stderr]   DEBUG: | 
[INFO] [stderr]   DEBUG: |   ;
[INFO] [stderr]   DEBUG: |   return 0;
[INFO] [stderr]   DEBUG: | }
[INFO] [stderr]   DEBUG: Executing: `/usr/bin/c++ /tmp/conftest.wsq65wls.cpp -Werror -Wno-error=deprecated-anon-enum-enum-conversion -c`
[INFO] [stderr]   DEBUG: The command returned non-zero exit status 1.
[INFO] [stderr]   DEBUG: Its error output was:
[INFO] [stderr]   DEBUG: | cc1plus: error: ‘-Wno-error=deprecated-anon-enum-enum-conversion’: no option ‘-Wdeprecated-anon-enum-enum-conversion’; did you mean ‘-Wdeprecated-enum-enum-conversion’?
[INFO] [stderr]   INFO: no
[INFO] [stderr]   INFO: checking whether the C++ compiler supports -Wno-error=deprecated-enum-enum-conversion... 
[INFO] [stderr]   DEBUG: Creating `/tmp/conftest.akd1fm0f.cpp` with content:
[INFO] [stderr]   DEBUG: | int
[INFO] [stderr]   DEBUG: | main(void)
[INFO] [stderr]   DEBUG: | {
[INFO] [stderr]   DEBUG: | 
[INFO] [stderr]   DEBUG: |   ;
[INFO] [stderr]   DEBUG: |   return 0;
[INFO] [stderr]   DEBUG: | }
[INFO] [stderr]   DEBUG: Executing: `/usr/bin/c++ /tmp/conftest.akd1fm0f.cpp -Werror -Wno-error=deprecated-enum-enum-conversion -c`
[INFO] [stderr]   INFO: yes
[INFO] [stderr]   INFO: checking whether the C++ compiler supports -Wno-error=deprecated-pragma... 
[INFO] [stderr]   DEBUG: Creating `/tmp/conftest.8xta6ka5.cpp` with content:
[INFO] [stderr]   DEBUG: | int
[INFO] [stderr]   DEBUG: | main(void)
[INFO] [stderr]   DEBUG: | {
[INFO] [stderr]   DEBUG: | 
[INFO] [stderr]   DEBUG: |   ;
[INFO] [stderr]   DEBUG: |   return 0;
[INFO] [stderr]   DEBUG: | }
[INFO] [stderr]   DEBUG: Executing: `/usr/bin/c++ /tmp/conftest.8xta6ka5.cpp -Werror -Wno-error=deprecated-pragma -c`
[INFO] [stderr]   DEBUG: The command returned non-zero exit status 1.
[INFO] [stderr]   DEBUG: Its error output was:
[INFO] [stderr]   DEBUG: | cc1plus: error: ‘-Wno-error=deprecated-pragma’: no option ‘-Wdeprecated-pragma’; did you mean ‘-Wdeprecated-copy’?
[INFO] [stderr]   INFO: no
[INFO] [stderr]   INFO: checking whether the C++ compiler supports -Wno-error=deprecated-this-capture... 
[INFO] [stderr]   DEBUG: Creating `/tmp/conftest._zoenglh.cpp` with content:
[INFO] [stderr]   DEBUG: | int
[INFO] [stderr]   DEBUG: | main(void)
[INFO] [stderr]   DEBUG: | {
[INFO] [stderr]   DEBUG: | 
[INFO] [stderr]   DEBUG: |   ;
[INFO] [stderr]   DEBUG: |   return 0;
[INFO] [stderr]   DEBUG: | }
[INFO] [stderr]   DEBUG: Executing: `/usr/bin/c++ /tmp/conftest._zoenglh.cpp -Werror -Wno-error=deprecated-this-capture -c`
[INFO] [stderr]   DEBUG: The command returned non-zero exit status 1.
[INFO] [stderr]   DEBUG: Its error output was:
[INFO] [stderr]   DEBUG: | cc1plus: error: ‘-Wno-error=deprecated-this-capture’: no option ‘-Wdeprecated-this-capture’
[INFO] [stderr]   INFO: no
[INFO] [stderr]   INFO: checking whether the C++ compiler supports -Wcomma... 
[INFO] [stderr]   DEBUG: Creating `/tmp/conftest.t312b0vs.cpp` with content:
[INFO] [stderr]   DEBUG: | int
[INFO] [stderr]   DEBUG: | main(void)
[INFO] [stderr]   DEBUG: | {
[INFO] [stderr]   DEBUG: | 
[INFO] [stderr]   DEBUG: |   ;
[INFO] [stderr]   DEBUG: |   return 0;
[INFO] [stderr]   DEBUG: | }
[INFO] [stderr]   DEBUG: Executing: `/usr/bin/c++ /tmp/conftest.t312b0vs.cpp -Werror -Wcomma -c`
[INFO] [stderr]   DEBUG: The command returned non-zero exit status 1.
[INFO] [stderr]   DEBUG: Its error output was:
[INFO] [stderr]   DEBUG: | c++: error: unrecognized command-line option ‘-Wcomma’; did you mean ‘-Wcomment’?
[INFO] [stderr]   INFO: no
[INFO] [stderr]   INFO: checking whether the C compiler supports -Wduplicated-cond... 
[INFO] [stderr]   DEBUG: Creating `/tmp/conftest.f0kde1l3.c` with content:
[INFO] [stderr]   DEBUG: | int
[INFO] [stderr]   DEBUG: | main(void)
[INFO] [stderr]   DEBUG: | {
[INFO] [stderr]   DEBUG: | 
[INFO] [stderr]   DEBUG: |   ;
[INFO] [stderr]   DEBUG: |   return 0;
[INFO] [stderr]   DEBUG: | }
[INFO] [stderr]   DEBUG: Executing: `/usr/bin/cc -std=gnu99 /tmp/conftest.f0kde1l3.c -Werror -Wduplicated-cond -c`
[INFO] [stderr]   INFO: yes
[INFO] [stderr]   INFO: checking whether the C++ compiler supports -Wduplicated-cond... 
[INFO] [stderr]   DEBUG: Creating `/tmp/conftest.h5ej377z.cpp` with content:
[INFO] [stderr]   DEBUG: | int
[INFO] [stderr]   DEBUG: | main(void)
[INFO] [stderr]   DEBUG: | {
[INFO] [stderr]   DEBUG: | 
[INFO] [stderr]   DEBUG: |   ;
[INFO] [stderr]   DEBUG: |   return 0;
[INFO] [stderr]   DEBUG: | }
[INFO] [stderr]   DEBUG: Executing: `/usr/bin/c++ /tmp/conftest.h5ej377z.cpp -Werror -Wduplicated-cond -c`
[INFO] [stderr]   INFO: yes
[INFO] [stderr]   INFO: checking whether the C++ compiler supports -Wimplicit-fallthrough... 
[INFO] [stderr]   DEBUG: Creating `/tmp/conftest.iazf2n8x.cpp` with content:
[INFO] [stderr]   DEBUG: | int
[INFO] [stderr]   DEBUG: | main(void)
[INFO] [stderr]   DEBUG: | {
[INFO] [stderr]   DEBUG: | 
[INFO] [stderr]   DEBUG: |   ;
[INFO] [stderr]   DEBUG: |   return 0;
[INFO] [stderr]   DEBUG: | }
[INFO] [stderr]   DEBUG: Executing: `/usr/bin/c++ /tmp/conftest.iazf2n8x.cpp -Werror -Wimplicit-fallthrough -c`
[INFO] [stderr]   INFO: yes
[INFO] [stderr]   INFO: checking whether the C compiler supports -Wlogical-op... 
[INFO] [stderr]   DEBUG: Creating `/tmp/conftest.lk4dkqi3.c` with content:
[INFO] [stderr]   DEBUG: | int
[INFO] [stderr]   DEBUG: | main(void)
[INFO] [stderr]   DEBUG: | {
[INFO] [stderr]   DEBUG: | 
[INFO] [stderr]   DEBUG: |   ;
[INFO] [stderr]   DEBUG: |   return 0;
[INFO] [stderr]   DEBUG: | }
[INFO] [stderr]   DEBUG: Executing: `/usr/bin/cc -std=gnu99 /tmp/conftest.lk4dkqi3.c -Werror -Wlogical-op -c`
[INFO] [stderr]   INFO: yes
[INFO] [stderr]   INFO: checking whether the C++ compiler supports -Wlogical-op... 
[INFO] [stderr]   DEBUG: Creating `/tmp/conftest.rkn6egmw.cpp` with content:
[INFO] [stderr]   DEBUG: | int
[INFO] [stderr]   DEBUG: | main(void)
[INFO] [stderr]   DEBUG: | {
[INFO] [stderr]   DEBUG: | 
[INFO] [stderr]   DEBUG: |   ;
[INFO] [stderr]   DEBUG: |   return 0;
[INFO] [stderr]   DEBUG: | }
[INFO] [stderr]   DEBUG: Executing: `/usr/bin/c++ /tmp/conftest.rkn6egmw.cpp -Werror -Wlogical-op -c`
[INFO] [stderr]   INFO: yes
[INFO] [stderr]   INFO: checking whether the C compiler supports -Wstring-conversion... 
[INFO] [stderr]   DEBUG: Creating `/tmp/conftest.73hweqyz.c` with content:
[INFO] [stderr]   DEBUG: | int
[INFO] [stderr]   DEBUG: | main(void)
[INFO] [stderr]   DEBUG: | {
[INFO] [stderr]   DEBUG: | 
[INFO] [stderr]   DEBUG: |   ;
[INFO] [stderr]   DEBUG: |   return 0;
[INFO] [stderr]   DEBUG: | }
[INFO] [stderr]   DEBUG: Executing: `/usr/bin/cc -std=gnu99 /tmp/conftest.73hweqyz.c -Werror -Wstring-conversion -c`
[INFO] [stderr]   DEBUG: The command returned non-zero exit status 1.
[INFO] [stderr]   DEBUG: Its error output was:
[INFO] [stderr]   DEBUG: | cc: error: unrecognized command-line option ‘-Wstring-conversion’; did you mean ‘-Wsign-conversion’?
[INFO] [stderr]   INFO: no
[INFO] [stderr]   INFO: checking whether the C++ compiler supports -Wstring-conversion... 
[INFO] [stderr]   DEBUG: Creating `/tmp/conftest.m6y41uvt.cpp` with content:
[INFO] [stderr]   DEBUG: | int
[INFO] [stderr]   DEBUG: | main(void)
[INFO] [stderr]   DEBUG: | {
[INFO] [stderr]   DEBUG: | 
[INFO] [stderr]   DEBUG: |   ;
[INFO] [stderr]   DEBUG: |   return 0;
[INFO] [stderr]   DEBUG: | }
[INFO] [stderr]   DEBUG: Executing: `/usr/bin/c++ /tmp/conftest.m6y41uvt.cpp -Werror -Wstring-conversion -c`
[INFO] [stderr]   DEBUG: The command returned non-zero exit status 1.
[INFO] [stderr]   DEBUG: Its error output was:
[INFO] [stderr]   DEBUG: | c++: error: unrecognized command-line option ‘-Wstring-conversion’; did you mean ‘-Wsign-conversion’?
[INFO] [stderr]   INFO: no
[INFO] [stderr]   INFO: checking whether the C++ compiler supports -Wno-inline-new-delete... 
[INFO] [stderr]   DEBUG: Creating `/tmp/conftest.g3mk_rb5.cpp` with content:
[INFO] [stderr]   DEBUG: | int
[INFO] [stderr]   DEBUG: | main(void)
[INFO] [stderr]   DEBUG: | {
[INFO] [stderr]   DEBUG: | 
[INFO] [stderr]   DEBUG: |   ;
[INFO] [stderr]   DEBUG: |   return 0;
[INFO] [stderr]   DEBUG: | }
[INFO] [stderr]   DEBUG: Executing: `/usr/bin/c++ /tmp/conftest.g3mk_rb5.cpp -Werror -Winline-new-delete -c`
[INFO] [stderr]   DEBUG: The command returned non-zero exit status 1.
[INFO] [stderr]   DEBUG: Its error output was:
[INFO] [stderr]   DEBUG: | c++: error: unrecognized command-line option ‘-Winline-new-delete’; did you mean ‘-Wmismatched-new-delete’?
[INFO] [stderr]   INFO: no
[INFO] [stderr]   INFO: checking whether the C compiler supports -Wno-error=maybe-uninitialized... 
[INFO] [stderr]   DEBUG: Creating `/tmp/conftest.g5n8ff0k.c` with content:
[INFO] [stderr]   DEBUG: | int
[INFO] [stderr]   DEBUG: | main(void)
[INFO] [stderr]   DEBUG: | {
[INFO] [stderr]   DEBUG: | 
[INFO] [stderr]   DEBUG: |   ;
[INFO] [stderr]   DEBUG: |   return 0;
[INFO] [stderr]   DEBUG: | }
[INFO] [stderr]   DEBUG: Executing: `/usr/bin/cc -std=gnu99 /tmp/conftest.g5n8ff0k.c -Werror -Wno-error=maybe-uninitialized -c`
[INFO] [stderr]   INFO: yes
[INFO] [stderr]   INFO: checking whether the C++ compiler supports -Wno-error=maybe-uninitialized... 
[INFO] [stderr]   DEBUG: Creating `/tmp/conftest.2xatr7zh.cpp` with content:
[INFO] [stderr]   DEBUG: | int
[INFO] [stderr]   DEBUG: | main(void)
[INFO] [stderr]   DEBUG: | {
[INFO] [stderr]   DEBUG: | 
[INFO] [stderr]   DEBUG: |   ;
[INFO] [stderr]   DEBUG: |   return 0;
[INFO] [stderr]   DEBUG: | }
[INFO] [stderr]   DEBUG: Executing: `/usr/bin/c++ /tmp/conftest.2xatr7zh.cpp -Werror -Wno-error=maybe-uninitialized -c`
[INFO] [stderr]   INFO: yes
[INFO] [stderr]   INFO: checking whether the C compiler supports -Wno-error=deprecated-declarations... 
[INFO] [stderr]   DEBUG: Creating `/tmp/conftest.5rm8o5up.c` with content:
[INFO] [stderr]   DEBUG: | int
[INFO] [stderr]   DEBUG: | main(void)
[INFO] [stderr]   DEBUG: | {
[INFO] [stderr]   DEBUG: | 
[INFO] [stderr]   DEBUG: |   ;
[INFO] [stderr]   DEBUG: |   return 0;
[INFO] [stderr]   DEBUG: | }
[INFO] [stderr]   DEBUG: Executing: `/usr/bin/cc -std=gnu99 /tmp/conftest.5rm8o5up.c -Werror -Wno-error=deprecated-declarations -c`
[INFO] [stderr]   INFO: yes
[INFO] [stderr]   INFO: checking whether the C++ compiler supports -Wno-error=deprecated-declarations... 
[INFO] [stderr]   DEBUG: Creating `/tmp/conftest.3tjuymmf.cpp` with content:
[INFO] [stderr]   DEBUG: | int
[INFO] [stderr]   DEBUG: | main(void)
[INFO] [stderr]   DEBUG: | {
[INFO] [stderr]   DEBUG: | 
[INFO] [stderr]   DEBUG: |   ;
[INFO] [stderr]   DEBUG: |   return 0;
[INFO] [stderr]   DEBUG: | }
[INFO] [stderr]   DEBUG: Executing: `/usr/bin/c++ /tmp/conftest.3tjuymmf.cpp -Werror -Wno-error=deprecated-declarations -c`
[INFO] [stderr]   INFO: yes
[INFO] [stderr]   INFO: checking whether the C compiler supports -Wno-error=array-bounds... 
[INFO] [stderr]   DEBUG: Creating `/tmp/conftest.qj1k7f_z.c` with content:
[INFO] [stderr]   DEBUG: | int
[INFO] [stderr]   DEBUG: | main(void)
[INFO] [stderr]   DEBUG: | {
[INFO] [stderr]   DEBUG: | 
[INFO] [stderr]   DEBUG: |   ;
[INFO] [stderr]   DEBUG: |   return 0;
[INFO] [stderr]   DEBUG: | }
[INFO] [stderr]   DEBUG: Executing: `/usr/bin/cc -std=gnu99 /tmp/conftest.qj1k7f_z.c -Werror -Wno-error=array-bounds -c`
[INFO] [stderr]   INFO: yes
[INFO] [stderr]   INFO: checking whether the C++ compiler supports -Wno-error=array-bounds... 
[INFO] [stderr]   DEBUG: Creating `/tmp/conftest.b7eo2w40.cpp` with content:
[INFO] [stderr]   DEBUG: | int
[INFO] [stderr]   DEBUG: | main(void)
[INFO] [stderr]   DEBUG: | {
[INFO] [stderr]   DEBUG: | 
[INFO] [stderr]   DEBUG: |   ;
[INFO] [stderr]   DEBUG: |   return 0;
[INFO] [stderr]   DEBUG: | }
[INFO] [stderr]   DEBUG: Executing: `/usr/bin/c++ /tmp/conftest.b7eo2w40.cpp -Werror -Wno-error=array-bounds -c`
[INFO] [stderr]   INFO: yes
[INFO] [stderr]   INFO: checking whether the C compiler supports -Wno-error=free-nonheap-object... 
[INFO] [stderr]   DEBUG: Creating `/tmp/conftest._fwh_b9d.c` with content:
[INFO] [stderr]   DEBUG: | int
[INFO] [stderr]   DEBUG: | main(void)
[INFO] [stderr]   DEBUG: | {
[INFO] [stderr]   DEBUG: | 
[INFO] [stderr]   DEBUG: |   ;
[INFO] [stderr]   DEBUG: |   return 0;
[INFO] [stderr]   DEBUG: | }
[INFO] [stderr]   DEBUG: Executing: `/usr/bin/cc -std=gnu99 /tmp/conftest._fwh_b9d.c -Werror -Wno-error=free-nonheap-object -c`
[INFO] [stderr]   INFO: yes
[INFO] [stderr]   INFO: checking whether the C++ compiler supports -Wno-error=free-nonheap-object... 
[INFO] [stderr]   DEBUG: Creating `/tmp/conftest.wss6pxj6.cpp` with content:
[INFO] [stderr]   DEBUG: | int
[INFO] [stderr]   DEBUG: | main(void)
[INFO] [stderr]   DEBUG: | {
[INFO] [stderr]   DEBUG: | 
[INFO] [stderr]   DEBUG: |   ;
[INFO] [stderr]   DEBUG: |   return 0;
[INFO] [stderr]   DEBUG: | }
[INFO] [stderr]   DEBUG: Executing: `/usr/bin/c++ /tmp/conftest.wss6pxj6.cpp -Werror -Wno-error=free-nonheap-object -c`
[INFO] [stderr]   INFO: yes
[INFO] [stderr]   INFO: checking whether the C compiler supports -Wno-multistatement-macros... 
[INFO] [stderr]   DEBUG: Creating `/tmp/conftest.6tsc5jeb.c` with content:
[INFO] [stderr]   DEBUG: | int
[INFO] [stderr]   DEBUG: | main(void)
[INFO] [stderr]   DEBUG: | {
[INFO] [stderr]   DEBUG: | 
[INFO] [stderr]   DEBUG: |   ;
[INFO] [stderr]   DEBUG: |   return 0;
[INFO] [stderr]   DEBUG: | }
[INFO] [stderr]   DEBUG: Executing: `/usr/bin/cc -std=gnu99 /tmp/conftest.6tsc5jeb.c -Werror -Wmultistatement-macros -c`
[INFO] [stderr]   INFO: yes
[INFO] [stderr]   INFO: checking whether the C++ compiler supports -Wno-multistatement-macros... 
[INFO] [stderr]   DEBUG: Creating `/tmp/conftest.ha2klvzu.cpp` with content:
[INFO] [stderr]   DEBUG: | int
[INFO] [stderr]   DEBUG: | main(void)
[INFO] [stderr]   DEBUG: | {
[INFO] [stderr]   DEBUG: | 
[INFO] [stderr]   DEBUG: |   ;
[INFO] [stderr]   DEBUG: |   return 0;
[INFO] [stderr]   DEBUG: | }
[INFO] [stderr]   DEBUG: Executing: `/usr/bin/c++ /tmp/conftest.ha2klvzu.cpp -Werror -Wmultistatement-macros -c`
[INFO] [stderr]   INFO: yes
[INFO] [stderr]   INFO: checking whether the C compiler supports -Wno-error=class-memaccess... 
[INFO] [stderr]   DEBUG: Creating `/tmp/conftest.53e_visd.c` with content:
[INFO] [stderr]   DEBUG: | int
[INFO] [stderr]   DEBUG: | main(void)
[INFO] [stderr]   DEBUG: | {
[INFO] [stderr]   DEBUG: | 
[INFO] [stderr]   DEBUG: |   ;
[INFO] [stderr]   DEBUG: |   return 0;
[INFO] [stderr]   DEBUG: | }
[INFO] [stderr]   DEBUG: Executing: `/usr/bin/cc -std=gnu99 /tmp/conftest.53e_visd.c -Werror -Wno-error=class-memaccess -c`
[INFO] [stderr]   INFO: yes
[INFO] [stderr]   INFO: checking whether the C++ compiler supports -Wno-error=class-memaccess... 
[INFO] [stderr]   DEBUG: Creating `/tmp/conftest.q9nyc6uw.cpp` with content:
[INFO] [stderr]   DEBUG: | int
[INFO] [stderr]   DEBUG: | main(void)
[INFO] [stderr]   DEBUG: | {
[INFO] [stderr]   DEBUG: | 
[INFO] [stderr]   DEBUG: |   ;
[INFO] [stderr]   DEBUG: |   return 0;
[INFO] [stderr]   DEBUG: | }
[INFO] [stderr]   DEBUG: Executing: `/usr/bin/c++ /tmp/conftest.q9nyc6uw.cpp -Werror -Wno-error=class-memaccess -c`
[INFO] [stderr]   INFO: yes
[INFO] [stderr]   INFO: checking whether the C compiler supports -Wno-error=atomic-alignment... 
[INFO] [stderr]   DEBUG: Creating `/tmp/conftest.m9rjjaiz.c` with content:
[INFO] [stderr]   DEBUG: | int
[INFO] [stderr]   DEBUG: | main(void)
[INFO] [stderr]   DEBUG: | {
[INFO] [stderr]   DEBUG: | 
[INFO] [stderr]   DEBUG: |   ;
[INFO] [stderr]   DEBUG: |   return 0;
[INFO] [stderr]   DEBUG: | }
[INFO] [stderr]   DEBUG: Executing: `/usr/bin/cc -std=gnu99 /tmp/conftest.m9rjjaiz.c -Werror -Wno-error=atomic-alignment -c`
[INFO] [stderr]   DEBUG: The command returned non-zero exit status 1.
[INFO] [stderr]   DEBUG: Its error output was:
[INFO] [stderr]   DEBUG: | cc1: error: ‘-Wno-error=atomic-alignment’: no option ‘-Watomic-alignment’
[INFO] [stderr]   INFO: no
[INFO] [stderr]   INFO: checking whether the C++ compiler supports -Wno-error=atomic-alignment... 
[INFO] [stderr]   DEBUG: Creating `/tmp/conftest.d3c7jas6.cpp` with content:
[INFO] [stderr]   DEBUG: | int
[INFO] [stderr]   DEBUG: | main(void)
[INFO] [stderr]   DEBUG: | {
[INFO] [stderr]   DEBUG: | 
[INFO] [stderr]   DEBUG: |   ;
[INFO] [stderr]   DEBUG: |   return 0;
[INFO] [stderr]   DEBUG: | }
[INFO] [stderr]   DEBUG: Executing: `/usr/bin/c++ /tmp/conftest.d3c7jas6.cpp -Werror -Wno-error=atomic-alignment -c`
[INFO] [stderr]   DEBUG: The command returned non-zero exit status 1.
[INFO] [stderr]   DEBUG: Its error output was:
[INFO] [stderr]   DEBUG: | cc1plus: error: ‘-Wno-error=atomic-alignment’: no option ‘-Watomic-alignment’
[INFO] [stderr]   INFO: no
[INFO] [stderr]   INFO: checking whether the C compiler supports -Wno-error=deprecated-builtins... 
[INFO] [stderr]   DEBUG: Creating `/tmp/conftest.slqsrcu9.c` with content:
[INFO] [stderr]   DEBUG: | int
[INFO] [stderr]   DEBUG: | main(void)
[INFO] [stderr]   DEBUG: | {
[INFO] [stderr]   DEBUG: | 
[INFO] [stderr]   DEBUG: |   ;
[INFO] [stderr]   DEBUG: |   return 0;
[INFO] [stderr]   DEBUG: | }
[INFO] [stderr]   DEBUG: Executing: `/usr/bin/cc -std=gnu99 /tmp/conftest.slqsrcu9.c -Werror -Wno-error=deprecated-builtins -c`
[INFO] [stderr]   DEBUG: The command returned non-zero exit status 1.
[INFO] [stderr]   DEBUG: Its error output was:
[INFO] [stderr]   DEBUG: | cc1: error: ‘-Wno-error=deprecated-builtins’: no option ‘-Wdeprecated-builtins’; did you mean ‘-Wdeprecated-declarations’?
[INFO] [stderr]   INFO: no
[INFO] [stderr]   INFO: checking whether the C++ compiler supports -Wno-error=deprecated-builtins... 
[INFO] [stderr]   DEBUG: Creating `/tmp/conftest.nm6lxp9j.cpp` with content:
[INFO] [stderr]   DEBUG: | int
[INFO] [stderr]   DEBUG: | main(void)
[INFO] [stderr]   DEBUG: | {
[INFO] [stderr]   DEBUG: | 
[INFO] [stderr]   DEBUG: |   ;
[INFO] [stderr]   DEBUG: |   return 0;
[INFO] [stderr]   DEBUG: | }
[INFO] [stderr]   DEBUG: Executing: `/usr/bin/c++ /tmp/conftest.nm6lxp9j.cpp -Werror -Wno-error=deprecated-builtins -c`
[INFO] [stderr]   DEBUG: The command returned non-zero exit status 1.
[INFO] [stderr]   DEBUG: Its error output was:
[INFO] [stderr]   DEBUG: | cc1plus: error: ‘-Wno-error=deprecated-builtins’: no option ‘-Wdeprecated-builtins’; did you mean ‘-Wdeprecated-declarations’?
[INFO] [stderr]   INFO: no
[INFO] [stderr]   INFO: checking whether the C compiler supports -Wformat... 
[INFO] [stderr]   DEBUG: Creating `/tmp/conftest.tssc5lkw.c` with content:
[INFO] [stderr]   DEBUG: | int
[INFO] [stderr]   DEBUG: | main(void)
[INFO] [stderr]   DEBUG: | {
[INFO] [stderr]   DEBUG: | 
[INFO] [stderr]   DEBUG: |   ;
[INFO] [stderr]   DEBUG: |   return 0;
[INFO] [stderr]   DEBUG: | }
[INFO] [stderr]   DEBUG: Executing: `/usr/bin/cc -std=gnu99 /tmp/conftest.tssc5lkw.c -Werror -Wformat -c`
[INFO] [stderr]   INFO: yes
[INFO] [stderr]   INFO: checking whether the C++ compiler supports -Wformat... 
[INFO] [stderr]   DEBUG: Creating `/tmp/conftest.gwf_yi4t.cpp` with content:
[INFO] [stderr]   DEBUG: | int
[INFO] [stderr]   DEBUG: | main(void)
[INFO] [stderr]   DEBUG: | {
[INFO] [stderr]   DEBUG: | 
[INFO] [stderr]   DEBUG: |   ;
[INFO] [stderr]   DEBUG: |   return 0;
[INFO] [stderr]   DEBUG: | }
[INFO] [stderr]   DEBUG: Executing: `/usr/bin/c++ /tmp/conftest.gwf_yi4t.cpp -Werror -Wformat -c`
[INFO] [stderr]   INFO: yes
[INFO] [stderr]   INFO: checking whether the C compiler supports -Wformat-security... 
[INFO] [stderr]   DEBUG: Creating `/tmp/conftest.2ieyisgx.c` with content:
[INFO] [stderr]   DEBUG: | int
[INFO] [stderr]   DEBUG: | main(void)
[INFO] [stderr]   DEBUG: | {
[INFO] [stderr]   DEBUG: | 
[INFO] [stderr]   DEBUG: |   ;
[INFO] [stderr]   DEBUG: |   return 0;
[INFO] [stderr]   DEBUG: | }
[INFO] [stderr]   DEBUG: Executing: `/usr/bin/cc -std=gnu99 /tmp/conftest.2ieyisgx.c -Werror -Wformat-security -c`
[INFO] [stderr]   INFO: yes
[INFO] [stderr]   INFO: checking whether the C++ compiler supports -Wformat-security... 
[INFO] [stderr]   DEBUG: Creating `/tmp/conftest.ei__99v4.cpp` with content:
[INFO] [stderr]   DEBUG: | int
[INFO] [stderr]   DEBUG: | main(void)
[INFO] [stderr]   DEBUG: | {
[INFO] [stderr]   DEBUG: | 
[INFO] [stderr]   DEBUG: |   ;
[INFO] [stderr]   DEBUG: |   return 0;
[INFO] [stderr]   DEBUG: | }
[INFO] [stderr]   DEBUG: Executing: `/usr/bin/c++ /tmp/conftest.ei__99v4.cpp -Werror -Wformat-security -c`
[INFO] [stderr]   INFO: yes
[INFO] [stderr]   INFO: checking whether the C compiler supports -Wformat-overflow=2... 
[INFO] [stderr]   DEBUG: Creating `/tmp/conftest.nnibjvr4.c` with content:
[INFO] [stderr]   DEBUG: | int
[INFO] [stderr]   DEBUG: | main(void)
[INFO] [stderr]   DEBUG: | {
[INFO] [stderr]   DEBUG: | 
[INFO] [stderr]   DEBUG: |   ;
[INFO] [stderr]   DEBUG: |   return 0;
[INFO] [stderr]   DEBUG: | }
[INFO] [stderr]   DEBUG: Executing: `/usr/bin/cc -std=gnu99 /tmp/conftest.nnibjvr4.c -Werror -Wformat-overflow=2 -c`
[INFO] [stderr]   INFO: yes
[INFO] [stderr]   INFO: checking whether the C++ compiler supports -Wformat-overflow=2... 
[INFO] [stderr]   DEBUG: Creating `/tmp/conftest.yayjw6ef.cpp` with content:
[INFO] [stderr]   DEBUG: | int
[INFO] [stderr]   DEBUG: | main(void)
[INFO] [stderr]   DEBUG: | {
[INFO] [stderr]   DEBUG: | 
[INFO] [stderr]   DEBUG: |   ;
[INFO] [stderr]   DEBUG: |   return 0;
[INFO] [stderr]   DEBUG: | }
[INFO] [stderr]   DEBUG: Executing: `/usr/bin/c++ /tmp/conftest.yayjw6ef.cpp -Werror -Wformat-overflow=2 -c`
[INFO] [stderr]   INFO: yes
[INFO] [stderr]   INFO: checking whether the C compiler supports -Werror=implicit-function-declaration... 
[INFO] [stderr]   DEBUG: Creating `/tmp/conftest.3ccmp45j.c` with content:
[INFO] [stderr]   DEBUG: | int
[INFO] [stderr]   DEBUG: | main(void)
[INFO] [stderr]   DEBUG: | {
[INFO] [stderr]   DEBUG: | 
[INFO] [stderr]   DEBUG: |   ;
[INFO] [stderr]   DEBUG: |   return 0;
[INFO] [stderr]   DEBUG: | }
[INFO] [stderr]   DEBUG: Executing: `/usr/bin/cc -std=gnu99 /tmp/conftest.3ccmp45j.c -Werror=implicit-function-declaration -c`
[INFO] [stderr]   INFO: yes
[INFO] [stderr]   INFO: checking whether the C compiler supports -Wno-psabi... 
[INFO] [stderr]   DEBUG: Creating `/tmp/conftest.dr0zykle.c` with content:
[INFO] [stderr]   DEBUG: | int
[INFO] [stderr]   DEBUG: | main(void)
[INFO] [stderr]   DEBUG: | {
[INFO] [stderr]   DEBUG: | 
[INFO] [stderr]   DEBUG: |   ;
[INFO] [stderr]   DEBUG: |   return 0;
[INFO] [stderr]   DEBUG: | }
[INFO] [stderr]   DEBUG: Executing: `/usr/bin/cc -std=gnu99 /tmp/conftest.dr0zykle.c -Werror -Wpsabi -c`
[INFO] [stderr]   INFO: yes
[INFO] [stderr]   INFO: checking whether the C++ compiler supports -Wno-psabi... 
[INFO] [stderr]   DEBUG: Creating `/tmp/conftest.5vkxw62o.cpp` with content:
[INFO] [stderr]   DEBUG: | int
[INFO] [stderr]   DEBUG: | main(void)
[INFO] [stderr]   DEBUG: | {
[INFO] [stderr]   DEBUG: | 
[INFO] [stderr]   DEBUG: |   ;
[INFO] [stderr]   DEBUG: |   return 0;
[INFO] [stderr]   DEBUG: | }
[INFO] [stderr]   DEBUG: Executing: `/usr/bin/c++ /tmp/conftest.5vkxw62o.cpp -Werror -Wpsabi -c`
[INFO] [stderr]   INFO: yes
[INFO] [stderr]   INFO: checking whether the C compiler supports -Wno-error=builtin-macro-redefined... 
[INFO] [stderr]   DEBUG: Creating `/tmp/conftest.d234xgg0.c` with content:
[INFO] [stderr]   DEBUG: | int
[INFO] [stderr]   DEBUG: | main(void)
[INFO] [stderr]   DEBUG: | {
[INFO] [stderr]   DEBUG: | 
[INFO] [stderr]   DEBUG: |   ;
[INFO] [stderr]   DEBUG: |   return 0;
[INFO] [stderr]   DEBUG: | }
[INFO] [stderr]   DEBUG: Executing: `/usr/bin/cc -std=gnu99 /tmp/conftest.d234xgg0.c -Werror -Wno-error=builtin-macro-redefined -c`
[INFO] [stderr]   INFO: yes
[INFO] [stderr]   INFO: checking whether the C++ compiler supports -Wno-error=builtin-macro-redefined... 
[INFO] [stderr]   DEBUG: Creating `/tmp/conftest.q423a7od.cpp` with content:
[INFO] [stderr]   DEBUG: | int
[INFO] [stderr]   DEBUG: | main(void)
[INFO] [stderr]   DEBUG: | {
[INFO] [stderr]   DEBUG: | 
[INFO] [stderr]   DEBUG: |   ;
[INFO] [stderr]   DEBUG: |   return 0;
[INFO] [stderr]   DEBUG: | }
[INFO] [stderr]   DEBUG: Executing: `/usr/bin/c++ /tmp/conftest.q423a7od.cpp -Werror -Wno-error=builtin-macro-redefined -c`
[INFO] [stderr]   INFO: yes
[INFO] [stderr]   INFO: checking whether the C compiler supports -Wno-unknown-warning-option... 
[INFO] [stderr]   DEBUG: Creating `/tmp/conftest.pm0ob1wo.c` with content:
[INFO] [stderr]   DEBUG: | int
[INFO] [stderr]   DEBUG: | main(void)
[INFO] [stderr]   DEBUG: | {
[INFO] [stderr]   DEBUG: | 
[INFO] [stderr]   DEBUG: |   ;
[INFO] [stderr]   DEBUG: |   return 0;
[INFO] [stderr]   DEBUG: | }
[INFO] [stderr]   DEBUG: Executing: `/usr/bin/cc -std=gnu99 /tmp/conftest.pm0ob1wo.c -Werror -Wunknown-warning-option -c`
[INFO] [stderr]   DEBUG: The command returned non-zero exit status 1.
[INFO] [stderr]   DEBUG: Its error output was:
[INFO] [stderr]   DEBUG: | cc: error: unrecognized command-line option ‘-Wunknown-warning-option’
[INFO] [stderr]   INFO: no
[INFO] [stderr]   INFO: checking whether the C++ compiler supports -Wno-unknown-warning-option... 
[INFO] [stderr]   DEBUG: Creating `/tmp/conftest.g3_dnaku.cpp` with content:
[INFO] [stderr]   DEBUG: | int
[INFO] [stderr]   DEBUG: | main(void)
[INFO] [stderr]   DEBUG: | {
[INFO] [stderr]   DEBUG: | 
[INFO] [stderr]   DEBUG: |   ;
[INFO] [stderr]   DEBUG: |   return 0;
[INFO] [stderr]   DEBUG: | }
[INFO] [stderr]   DEBUG: Executing: `/usr/bin/c++ /tmp/conftest.g3_dnaku.cpp -Werror -Wunknown-warning-option -c`
[INFO] [stderr]   DEBUG: The command returned non-zero exit status 1.
[INFO] [stderr]   DEBUG: Its error output was:
[INFO] [stderr]   DEBUG: | c++: error: unrecognized command-line option ‘-Wunknown-warning-option’
[INFO] [stderr]   INFO: no
[INFO] [stderr]   INFO: checking whether the C++ compiler supports -fno-sized-deallocation... 
[INFO] [stderr]   DEBUG: Creating `/tmp/conftest.bw954of4.cpp` with content:
[INFO] [stderr]   DEBUG: | int
[INFO] [stderr]   DEBUG: | main(void)
[INFO] [stderr]   DEBUG: | {
[INFO] [stderr]   DEBUG: | 
[INFO] [stderr]   DEBUG: |   ;
[INFO] [stderr]   DEBUG: |   return 0;
[INFO] [stderr]   DEBUG: | }
[INFO] [stderr]   DEBUG: Executing: `/usr/bin/c++ /tmp/conftest.bw954of4.cpp -Werror -fno-sized-deallocation -c`
[INFO] [stderr]   INFO: yes
[INFO] [stderr]   INFO: checking whether the C++ compiler supports -fno-aligned-new... 
[INFO] [stderr]   DEBUG: Creating `/tmp/conftest.gtsy4ue5.cpp` with content:
[INFO] [stderr]   DEBUG: | int
[INFO] [stderr]   DEBUG: | main(void)
[INFO] [stderr]   DEBUG: | {
[INFO] [stderr]   DEBUG: | 
[INFO] [stderr]   DEBUG: |   ;
[INFO] [stderr]   DEBUG: |   return 0;
[INFO] [stderr]   DEBUG: | }
[INFO] [stderr]   DEBUG: Executing: `/usr/bin/c++ /tmp/conftest.gtsy4ue5.cpp -Werror -fno-aligned-new -c`
[INFO] [stderr]   INFO: yes
[INFO] [stderr]   INFO: checking for llvm_profdata... 
[INFO] [stderr]   DEBUG: llvm_profdata: Looking for llvm-profdata
[INFO] [stderr]   INFO: /usr/bin/llvm-profdata
[INFO] [stderr]   INFO: checking for rustfmt... 
[INFO] [stderr]   DEBUG: rustfmt: Looking for rustfmt
[INFO] [stderr]   INFO: /opt/rustwide/cargo-home/bin/rustfmt
[INFO] [stderr]   INFO: checking for tm_zone and tm_gmtoff in struct tm... 
[INFO] [stderr]   DEBUG: Creating `/tmp/conftest.yei6vk6s.c` with content:
[INFO] [stderr]   DEBUG: | #include <time.h>
[INFO] [stderr]   DEBUG: | int
[INFO] [stderr]   DEBUG: | main(void)
[INFO] [stderr]   DEBUG: | {
[INFO] [stderr]   DEBUG: | struct tm tm; tm.tm_zone = 0; tm.tm_gmtoff = 1;
[INFO] [stderr]   DEBUG: |   ;
[INFO] [stderr]   DEBUG: |   return 0;
[INFO] [stderr]   DEBUG: | }
[INFO] [stderr]   DEBUG: Executing: `/usr/bin/cc -std=gnu99 /tmp/conftest.yei6vk6s.c -c`
[INFO] [stderr]   INFO: yes
[INFO] [stderr]   INFO: checking for getpagesize... 
[INFO] [stderr]   DEBUG: Creating `/tmp/conftest.h9zi3zwi.c` with content:
[INFO] [stderr]   DEBUG: | /* Override any gcc2 internal prototype to avoid an error.  */
[INFO] [stderr]   DEBUG: | /* We use char because int might match the return type of a gcc2
[INFO] [stderr]   DEBUG: |     builtin and then its argument prototype would still apply.  */
[INFO] [stderr]   DEBUG: | char getpagesize();
[INFO] [stderr]   DEBUG: | int
[INFO] [stderr]   DEBUG: | main(void)
[INFO] [stderr]   DEBUG: | {
[INFO] [stderr]   DEBUG: | getpagesize();
[INFO] [stderr]   DEBUG: |   ;
[INFO] [stderr]   DEBUG: |   return 0;
[INFO] [stderr]   DEBUG: | }
[INFO] [stderr]   DEBUG: Executing: `/usr/bin/cc -std=gnu99 /tmp/conftest.h9zi3zwi.c`
[INFO] [stderr]   INFO: yes
[INFO] [stderr]   INFO: checking for gmtime_r... 
[INFO] [stderr]   DEBUG: Creating `/tmp/conftest.b8jb6i97.c` with content:
[INFO] [stderr]   DEBUG: | /* Override any gcc2 internal prototype to avoid an error.  */
[INFO] [stderr]   DEBUG: | /* We use char because int might match the return type of a gcc2
[INFO] [stderr]   DEBUG: |     builtin and then its argument prototype would still apply.  */
[INFO] [stderr]   DEBUG: | char gmtime_r();
[INFO] [stderr]   DEBUG: | int
[INFO] [stderr]   DEBUG: | main(void)
[INFO] [stderr]   DEBUG: | {
[INFO] [stderr]   DEBUG: | gmtime_r();
[INFO] [stderr]   DEBUG: |   ;
[INFO] [stderr]   DEBUG: |   return 0;
[INFO] [stderr]   DEBUG: | }
[INFO] [stderr]   DEBUG: Executing: `/usr/bin/cc -std=gnu99 /tmp/conftest.b8jb6i97.c`
[INFO] [stderr]   INFO: yes
[INFO] [stderr]   INFO: checking for localtime_r... 
[INFO] [stderr]   DEBUG: Creating `/tmp/conftest.8q5wltop.c` with content:
[INFO] [stderr]   DEBUG: | /* Override any gcc2 internal prototype to avoid an error.  */
[INFO] [stderr]   DEBUG: | /* We use char because int might match the return type of a gcc2
[INFO] [stderr]   DEBUG: |     builtin and then its argument prototype would still apply.  */
[INFO] [stderr]   DEBUG: | char localtime_r();
[INFO] [stderr]   DEBUG: | int
[INFO] [stderr]   DEBUG: | main(void)
[INFO] [stderr]   DEBUG: | {
[INFO] [stderr]   DEBUG: | localtime_r();
[INFO] [stderr]   DEBUG: |   ;
[INFO] [stderr]   DEBUG: |   return 0;
[INFO] [stderr]   DEBUG: | }
[INFO] [stderr]   DEBUG: Executing: `/usr/bin/cc -std=gnu99 /tmp/conftest.8q5wltop.c`
[INFO] [stderr]   INFO: yes
[INFO] [stderr]   INFO: checking for gettid... 
[INFO] [stderr]   DEBUG: Creating `/tmp/conftest.hqob1cpx.c` with content:
[INFO] [stderr]   DEBUG: | /* Override any gcc2 internal prototype to avoid an error.  */
[INFO] [stderr]   DEBUG: | /* We use char because int might match the return type of a gcc2
[INFO] [stderr]   DEBUG: |     builtin and then its argument prototype would still apply.  */
[INFO] [stderr]   DEBUG: | char gettid();
[INFO] [stderr]   DEBUG: | int
[INFO] [stderr]   DEBUG: | main(void)
[INFO] [stderr]   DEBUG: | {
[INFO] [stderr]   DEBUG: | gettid();
[INFO] [stderr]   DEBUG: |   ;
[INFO] [stderr]   DEBUG: |   return 0;
[INFO] [stderr]   DEBUG: | }
[INFO] [stderr]   DEBUG: Executing: `/usr/bin/cc -std=gnu99 /tmp/conftest.hqob1cpx.c`
[INFO] [stderr]   INFO: yes
[INFO] [stderr]   INFO: checking for setpriority... 
[INFO] [stderr]   DEBUG: Creating `/tmp/conftest.chkrhha7.c` with content:
[INFO] [stderr]   DEBUG: | /* Override any gcc2 internal prototype to avoid an error.  */
[INFO] [stderr]   DEBUG: | /* We use char because int might match the return type of a gcc2
[INFO] [stderr]   DEBUG: |     builtin and then its argument prototype would still apply.  */
[INFO] [stderr]   DEBUG: | char setpriority();
[INFO] [stderr]   DEBUG: | int
[INFO] [stderr]   DEBUG: | main(void)
[INFO] [stderr]   DEBUG: | {
[INFO] [stderr]   DEBUG: | setpriority();
[INFO] [stderr]   DEBUG: |   ;
[INFO] [stderr]   DEBUG: |   return 0;
[INFO] [stderr]   DEBUG: | }
[INFO] [stderr]   DEBUG: Executing: `/usr/bin/cc -std=gnu99 /tmp/conftest.chkrhha7.c`
[INFO] [stderr]   INFO: yes
[INFO] [stderr]   INFO: checking for syscall... 
[INFO] [stderr]   DEBUG: Creating `/tmp/conftest.k3qjuc7m.c` with content:
[INFO] [stderr]   DEBUG: | /* Override any gcc2 internal prototype to avoid an error.  */
[INFO] [stderr]   DEBUG: | /* We use char because int might match the return type of a gcc2
[INFO] [stderr]   DEBUG: |     builtin and then its argument prototype would still apply.  */
[INFO] [stderr]   DEBUG: | char syscall();
[INFO] [stderr]   DEBUG: | int
[INFO] [stderr]   DEBUG: | main(void)
[INFO] [stderr]   DEBUG: | {
[INFO] [stderr]   DEBUG: | syscall();
[INFO] [stderr]   DEBUG: |   ;
[INFO] [stderr]   DEBUG: |   return 0;
[INFO] [stderr]   DEBUG: | }
[INFO] [stderr]   DEBUG: Executing: `/usr/bin/cc -std=gnu99 /tmp/conftest.k3qjuc7m.c`
[INFO] [stderr]   INFO: yes
[INFO] [stderr]   INFO: checking for getc_unlocked... 
[INFO] [stderr]   DEBUG: Creating `/tmp/conftest.ep5rwlin.c` with content:
[INFO] [stderr]   DEBUG: | /* Override any gcc2 internal prototype to avoid an error.  */
[INFO] [stderr]   DEBUG: | /* We use char because int might match the return type of a gcc2
[INFO] [stderr]   DEBUG: |     builtin and then its argument prototype would still apply.  */
[INFO] [stderr]   DEBUG: | char getc_unlocked();
[INFO] [stderr]   DEBUG: | int
[INFO] [stderr]   DEBUG: | main(void)
[INFO] [stderr]   DEBUG: | {
[INFO] [stderr]   DEBUG: | getc_unlocked();
[INFO] [stderr]   DEBUG: |   ;
[INFO] [stderr]   DEBUG: |   return 0;
[INFO] [stderr]   DEBUG: | }
[INFO] [stderr]   DEBUG: Executing: `/usr/bin/cc -std=gnu99 /tmp/conftest.ep5rwlin.c`
[INFO] [stderr]   INFO: yes
[INFO] [stderr]   INFO: checking for pthread_getname_np... 
[INFO] [stderr]   DEBUG: Creating `/tmp/conftest.pelvcrsj.c` with content:
[INFO] [stderr]   DEBUG: | /* Override any gcc2 internal prototype to avoid an error.  */
[INFO] [stderr]   DEBUG: | /* We use char because int might match the return type of a gcc2
[INFO] [stderr]   DEBUG: |     builtin and then its argument prototype would still apply.  */
[INFO] [stderr]   DEBUG: | char pthread_getname_np();
[INFO] [stderr]   DEBUG: | int
[INFO] [stderr]   DEBUG: | main(void)
[INFO] [stderr]   DEBUG: | {
[INFO] [stderr]   DEBUG: | pthread_getname_np();
[INFO] [stderr]   DEBUG: |   ;
[INFO] [stderr]   DEBUG: |   return 0;
[INFO] [stderr]   DEBUG: | }
[INFO] [stderr]   DEBUG: Executing: `/usr/bin/cc -std=gnu99 /tmp/conftest.pelvcrsj.c`
[INFO] [stderr]   INFO: yes
[INFO] [stderr]   INFO: checking for pthread_get_name_np... 
[INFO] [stderr]   DEBUG: Creating `/tmp/conftest.8bsy4v84.c` with content:
[INFO] [stderr]   DEBUG: | /* Override any gcc2 internal prototype to avoid an error.  */
[INFO] [stderr]   DEBUG: | /* We use char because int might match the return type of a gcc2
[INFO] [stderr]   DEBUG: |     builtin and then its argument prototype would still apply.  */
[INFO] [stderr]   DEBUG: | char pthread_get_name_np();
[INFO] [stderr]   DEBUG: | int
[INFO] [stderr]   DEBUG: | main(void)
[INFO] [stderr]   DEBUG: | {
[INFO] [stderr]   DEBUG: | pthread_get_name_np();
[INFO] [stderr]   DEBUG: |   ;
[INFO] [stderr]   DEBUG: |   return 0;
[INFO] [stderr]   DEBUG: | }
[INFO] [stderr]   DEBUG: Executing: `/usr/bin/cc -std=gnu99 /tmp/conftest.8bsy4v84.c`
[INFO] [stderr]   DEBUG: The command returned non-zero exit status 1.
[INFO] [stderr]   DEBUG: Its error output was:
[INFO] [stderr]   DEBUG: | /usr/bin/ld: /tmp/ccNvkdyp.o: in function `main':
[INFO] [stderr]   DEBUG: | conftest.8bsy4v84.c:(.text+0xe): undefined reference to `pthread_get_name_np'
[INFO] [stderr]   DEBUG: | collect2: error: ld returned 1 exit status
[INFO] [stderr]   INFO: no
[INFO] [stderr]   INFO: checking for strerror... 
[INFO] [stderr]   DEBUG: Creating `/tmp/conftest.4pih0fid.c` with content:
[INFO] [stderr]   DEBUG: | /* Override any gcc2 internal prototype to avoid an error.  */
[INFO] [stderr]   DEBUG: | /* We use char because int might match the return type of a gcc2
[INFO] [stderr]   DEBUG: |     builtin and then its argument prototype would still apply.  */
[INFO] [stderr]   DEBUG: | char strerror();
[INFO] [stderr]   DEBUG: | int
[INFO] [stderr]   DEBUG: | main(void)
[INFO] [stderr]   DEBUG: | {
[INFO] [stderr]   DEBUG: | strerror();
[INFO] [stderr]   DEBUG: |   ;
[INFO] [stderr]   DEBUG: |   return 0;
[INFO] [stderr]   DEBUG: | }
[INFO] [stderr]   DEBUG: Executing: `/usr/bin/cc -std=gnu99 /tmp/conftest.4pih0fid.c`
[INFO] [stderr]   INFO: yes
[INFO] [stderr]   INFO: checking for __cxa_demangle... 
[INFO] [stderr]   DEBUG: Creating `/tmp/conftest.vnh076id.cpp` with content:
[INFO] [stderr]   DEBUG: | /* Override any gcc2 internal prototype to avoid an error.  */
[INFO] [stderr]   DEBUG: | /* We use char because int might match the return type of a gcc2
[INFO] [stderr]   DEBUG: |     builtin and then its argument prototype would still apply.  */
[INFO] [stderr]   DEBUG: | extern "C" char __cxa_demangle();
[INFO] [stderr]   DEBUG: | int
[INFO] [stderr]   DEBUG: | main(void)
[INFO] [stderr]   DEBUG: | {
[INFO] [stderr]   DEBUG: | __cxa_demangle();
[INFO] [stderr]   DEBUG: |   ;
[INFO] [stderr]   DEBUG: |   return 0;
[INFO] [stderr]   DEBUG: | }
[INFO] [stderr]   DEBUG: Executing: `/usr/bin/c++ /tmp/conftest.vnh076id.cpp`
[INFO] [stderr]   INFO: yes
[INFO] [stderr]   INFO: checking for unwind.h... 
[INFO] [stderr]   DEBUG: Creating `/tmp/conftest.mbz_0wi6.cpp` with content:
[INFO] [stderr]   DEBUG: | #include <unwind.h>
[INFO] [stderr]   DEBUG: | int
[INFO] [stderr]   DEBUG: | main(void)
[INFO] [stderr]   DEBUG: | {
[INFO] [stderr]   DEBUG: | 
[INFO] [stderr]   DEBUG: |   ;
[INFO] [stderr]   DEBUG: |   return 0;
[INFO] [stderr]   DEBUG: | }
[INFO] [stderr]   DEBUG: Executing: `/usr/bin/c++ /tmp/conftest.mbz_0wi6.cpp -c`
[INFO] [stderr]   INFO: yes
[INFO] [stderr]   INFO: checking for _Unwind_Backtrace... 
[INFO] [stderr]   DEBUG: Creating `/tmp/conftest.bfcuhaij.c` with content:
[INFO] [stderr]   DEBUG: | /* Override any gcc2 internal prototype to avoid an error.  */
[INFO] [stderr]   DEBUG: | /* We use char because int might match the return type of a gcc2
[INFO] [stderr]   DEBUG: |     builtin and then its argument prototype would still apply.  */
[INFO] [stderr]   DEBUG: | char _Unwind_Backtrace();
[INFO] [stderr]   DEBUG: | int
[INFO] [stderr]   DEBUG: | main(void)
[INFO] [stderr]   DEBUG: | {
[INFO] [stderr]   DEBUG: | _Unwind_Backtrace();
[INFO] [stderr]   DEBUG: |   ;
[INFO] [stderr]   DEBUG: |   return 0;
[INFO] [stderr]   DEBUG: | }
[INFO] [stderr]   DEBUG: Executing: `/usr/bin/cc -std=gnu99 /tmp/conftest.bfcuhaij.c`
[INFO] [stderr]   INFO: yes
[INFO] [stderr]   INFO: checking for _getc_nolock... 
[INFO] [stderr]   DEBUG: Creating `/tmp/conftest.7nm8_6bj.c` with content:
[INFO] [stderr]   DEBUG: | /* Override any gcc2 internal prototype to avoid an error.  */
[INFO] [stderr]   DEBUG: | /* We use char because int might match the return type of a gcc2
[INFO] [stderr]   DEBUG: |     builtin and then its argument prototype would still apply.  */
[INFO] [stderr]   DEBUG: | char _getc_nolock();
[INFO] [stderr]   DEBUG: | int
[INFO] [stderr]   DEBUG: | main(void)
[INFO] [stderr]   DEBUG: | {
[INFO] [stderr]   DEBUG: | _getc_nolock();
[INFO] [stderr]   DEBUG: |   ;
[INFO] [stderr]   DEBUG: |   return 0;
[INFO] [stderr]   DEBUG: | }
[INFO] [stderr]   DEBUG: Executing: `/usr/bin/cc -std=gnu99 /tmp/conftest.7nm8_6bj.c`
[INFO] [stderr]   DEBUG: The command returned non-zero exit status 1.
[INFO] [stderr]   DEBUG: Its error output was:
[INFO] [stderr]   DEBUG: | /usr/bin/ld: /tmp/ccgDz6jH.o: in function `main':
[INFO] [stderr]   DEBUG: | conftest.7nm8_6bj.c:(.text+0xe): undefined reference to `_getc_nolock'
[INFO] [stderr]   DEBUG: | collect2: error: ld returned 1 exit status
[INFO] [stderr]   INFO: no
[INFO] [stderr]   INFO: checking for localeconv... 
[INFO] [stderr]   DEBUG: Creating `/tmp/conftest.yuuunz37.c` with content:
[INFO] [stderr]   DEBUG: | /* Override any gcc2 internal prototype to avoid an error.  */
[INFO] [stderr]   DEBUG: | /* We use char because int might match the return type of a gcc2
[INFO] [stderr]   DEBUG: |     builtin and then its argument prototype would still apply.  */
[INFO] [stderr]   DEBUG: | char localeconv();
[INFO] [stderr]   DEBUG: | int
[INFO] [stderr]   DEBUG: | main(void)
[INFO] [stderr]   DEBUG: | {
[INFO] [stderr]   DEBUG: | localeconv();
[INFO] [stderr]   DEBUG: |   ;
[INFO] [stderr]   DEBUG: |   return 0;
[INFO] [stderr]   DEBUG: | }
[INFO] [stderr]   DEBUG: Executing: `/usr/bin/cc -std=gnu99 /tmp/conftest.yuuunz37.c`
[INFO] [stderr]   INFO: yes
[INFO] [stderr]   INFO: checking for awk... 
[INFO] [stderr]   DEBUG: awk: Looking for gawk
[INFO] [stderr]   DEBUG: awk: Looking for mawk
[INFO] [stderr]   INFO: /usr/bin/mawk
[INFO] [stderr]   INFO: checking for gmake... 
[INFO] [stderr]   DEBUG: gmake: Looking for gmake
[INFO] [stderr]   INFO: /usr/bin/gmake
[INFO] [stderr]   INFO: checking for watchman... 
[INFO] [stderr]   INFO: not found
[INFO] [stderr]   INFO: checking for xargs... 
[INFO] [stderr]   DEBUG: xargs: Looking for xargs
[INFO] [stderr]   INFO: /usr/bin/xargs
[INFO] [stderr]   INFO: checking for rpmbuild... 
[INFO] [stderr]   DEBUG: rpmbuild: Looking for rpmbuild
[INFO] [stderr]   INFO: not found
[INFO] [stderr]   INFO: checking for llvm-objdump... 
[INFO] [stderr]   DEBUG: llvm_objdump: Looking for llvm-objdump
[INFO] [stderr]   INFO: /usr/bin/llvm-objdump
[INFO] [stderr]   INFO: checking for readelf... 
[INFO] [stderr]   DEBUG: readelf: Looking for llvm-readelf
[INFO] [stderr]   DEBUG: Executing: `/usr/bin/llvm-readelf --help`
[INFO] [stderr]   INFO: /usr/bin/llvm-readelf
[INFO] [stderr]   INFO: checking for objcopy... 
[INFO] [stderr]   DEBUG: objcopy: Looking for llvm-objcopy
[INFO] [stderr]   DEBUG: Executing: `/usr/bin/llvm-objcopy --help`
[INFO] [stderr]   INFO: /usr/bin/llvm-objcopy
[INFO] [stderr]   INFO: checking for strip... 
[INFO] [stderr]   DEBUG: strip: Looking for llvm-strip
[INFO] [stderr]   DEBUG: Executing: `/usr/bin/llvm-strip --help`
[INFO] [stderr]   INFO: /usr/bin/llvm-strip
[INFO] [stderr]   INFO: checking for zlib >= 1.2.3... 
[INFO] [stderr]   DEBUG: Executing: `/usr/bin/pkg-config --errors-to-stdout --print-errors 'zlib >= 1.2.3'`
[INFO] [stderr]   INFO: yes
[INFO] [stderr]   INFO: checking MOZ_ZLIB_CFLAGS... 
[INFO] [stderr]   DEBUG: Executing: `/usr/bin/pkg-config --cflags 'zlib >= 1.2.3'`
[INFO] [stderr]   INFO: 
[INFO] [stderr]   INFO: checking MOZ_ZLIB_LIBS... 
[INFO] [stderr]   DEBUG: Executing: `/usr/bin/pkg-config --libs 'zlib >= 1.2.3'`
[INFO] [stderr]   INFO: -lz
[INFO] [stderr]   INFO: checking for m4... 
[INFO] [stderr]   DEBUG: m4: Looking for gm4
[INFO] [stderr]   DEBUG: m4: Looking for m4
[INFO] [stderr]   INFO: /usr/bin/m4
[INFO] [stderr]   DEBUG: Injecting the following to old-configure:
[INFO] [stderr]   DEBUG: | _topsrcdir=/opt/rustwide/cargo-home/git/checkouts/mozjs-fa11ffc7d4f1cc2d/0a2efb9/mozjs-sys/mozjs
[INFO] [stderr]   DEBUG: | _objdir=/opt/rustwide/target/debug/build/mozjs_sys-75c27195a8a8d52c/out/build
[INFO] [stderr]   DEBUG: | DIST=/opt/rustwide/target/debug/build/mozjs_sys-75c27195a8a8d52c/out/build/dist
[INFO] [stderr]   DEBUG: | PYTHON3=/opt/rustwide/target/debug/build/mozjs_sys-75c27195a8a8d52c/out/build/_virtualenvs/build/bin/python
[INFO] [stderr]   DEBUG: | HAVE_64BIT_BUILD=1
[INFO] [stderr]   DEBUG: | OS_TARGET=Linux
[INFO] [stderr]   DEBUG: | OS_ARCH=Linux
[INFO] [stderr]   DEBUG: | CPU_ARCH=x86_64
[INFO] [stderr]   DEBUG: | HOST_OS_ARCH=Linux
[INFO] [stderr]   DEBUG: | MOZ_BUILD_APP=js
[INFO] [stderr]   DEBUG: | MOZILLA_SYMBOLVERSION=115
[INFO] [stderr]   DEBUG: | MOZ_APP_VERSION=115.7.0
[INFO] [stderr]   DEBUG: | MOZ_UPDATE_CHANNEL=default
[INFO] [stderr]   DEBUG: | COMPILE_ENVIRONMENT=1
[INFO] [stderr]   DEBUG: | MOZ_DEBUG=''
[INFO] [stderr]   DEBUG: | MOZ_OPTIMIZE=1
[INFO] [stderr]   DEBUG: | CC='/usr/bin/cc -std=gnu99'
[INFO] [stderr]   DEBUG: | ac_cv_prog_CC='/usr/bin/cc -std=gnu99'
[INFO] [stderr]   DEBUG: | ac_cv_prog_cc_works=yes
[INFO] [stderr]   DEBUG: | ac_cv_prog_cc_cross=no
[INFO] [stderr]   DEBUG: | ac_cv_prog_cc_g=yes
[INFO] [stderr]   DEBUG: | ac_cv_prog_gcc=yes
[INFO] [stderr]   DEBUG: | CC_TYPE=gcc
[INFO] [stderr]   DEBUG: | CPP='/usr/bin/cc -E -std=gnu99'
[INFO] [stderr]   DEBUG: | CXX=/usr/bin/c++
[INFO] [stderr]   DEBUG: | ac_cv_prog_CXX=/usr/bin/c++
[INFO] [stderr]   DEBUG: | ac_cv_prog_cxx_works=yes
[INFO] [stderr]   DEBUG: | ac_cv_prog_cxx_cross=no
[INFO] [stderr]   DEBUG: | ac_cv_prog_cxx_g=yes
[INFO] [stderr]   DEBUG: | ac_cv_prog_gxx=yes
[INFO] [stderr]   DEBUG: | CXXCPP='/usr/bin/c++ -E'
[INFO] [stderr]   DEBUG: | HOST_CC='/usr/bin/cc -std=gnu99'
[INFO] [stderr]   DEBUG: | HOST_CC_TYPE=gcc
[INFO] [stderr]   DEBUG: | HOST_CXX=/usr/bin/c++
[INFO] [stderr]   DEBUG: | LINKER_LDFLAGS=''
[INFO] [stderr]   DEBUG: | HOST_LINKER_LDFLAGS=''
[INFO] [stderr]   DEBUG: | GCC_USE_GNU_LD=1
[INFO] [stderr]   DEBUG: | MOZ_DEBUG_FLAGS=-gdwarf-4
[INFO] [stderr]   DEBUG: | LIBFUZZER_FLAGS=-fsanitize-coverage=trace-pc-guard,trace-cmp
[INFO] [stderr]   DEBUG: | HAVE_MALLOC_H=1
[INFO] [stderr]   DEBUG: | _COMPILATION_CFLAGS=''
[INFO] [stderr]   DEBUG: | _COMPILATION_CXXFLAGS='-fno-sized-deallocation -fno-aligned-new'
[INFO] [stderr]   DEBUG: | _COMPILATION_HOST_CFLAGS=''
[INFO] [stderr]   DEBUG: | _COMPILATION_HOST_CXXFLAGS=''
[INFO] [stderr]   DEBUG: | OBJ_SUFFIX=o
[INFO] [stderr]   DEBUG: | JS_STANDALONE=1
[INFO] [stderr]   DEBUG: | AWK=/usr/bin/mawk
[INFO] [stderr]   DEBUG: | LLVM_OBJDUMP=/usr/bin/llvm-objdump
[INFO] [stderr]   INFO: Refreshing /opt/rustwide/cargo-home/git/checkouts/mozjs-fa11ffc7d4f1cc2d/0a2efb9/mozjs-sys/mozjs/js/src/old-configure with /opt/rustwide/cargo-home/git/checkouts/mozjs-fa11ffc7d4f1cc2d/0a2efb9/mozjs-sys/mozjs/build/autoconf/autoconf.sh
[INFO] [stderr] 
[INFO] [stderr]   --- stderr
[INFO] [stderr]   gmake: *** No targets specified and no makefile found.  Stop.
[INFO] [stderr]   touch: cannot touch '/opt/rustwide/cargo-home/git/checkouts/mozjs-fa11ffc7d4f1cc2d/0a2efb9/mozjs-sys/mozjs/js/src/old-configure': Read-only file system
[INFO] [stderr]   touch: cannot touch '/opt/rustwide/cargo-home/git/checkouts/mozjs-fa11ffc7d4f1cc2d/0a2efb9/mozjs-sys/mozjs/js/src/old-configure': Read-only file system
[INFO] [stderr]   Traceback (most recent call last):
[INFO] [stderr]     File "/opt/rustwide/cargo-home/git/checkouts/mozjs-fa11ffc7d4f1cc2d/0a2efb9/mozjs-sys/mozjs/js/src/../../configure.py", line 343, in <module>
[INFO] [stderr]       sys.exit(main(sys.argv))
[INFO] [stderr]     File "/opt/rustwide/cargo-home/git/checkouts/mozjs-fa11ffc7d4f1cc2d/0a2efb9/mozjs-sys/mozjs/js/src/../../configure.py", line 126, in main
[INFO] [stderr]       sandbox.run(os.path.join(os.path.dirname(__file__), "moz.configure"))
[INFO] [stderr]     File "/opt/rustwide/cargo-home/git/checkouts/mozjs-fa11ffc7d4f1cc2d/0a2efb9/mozjs-sys/mozjs/python/mozbuild/mozbuild/configure/__init__.py", line 565, in run
[INFO] [stderr]       func(*args)
[INFO] [stderr]     File "/opt/rustwide/cargo-home/git/checkouts/mozjs-fa11ffc7d4f1cc2d/0a2efb9/mozjs-sys/mozjs/python/mozbuild/mozbuild/configure/__init__.py", line 616, in _value_for
[INFO] [stderr]       return self._value_for_depends(obj)
[INFO] [stderr]     File "/opt/rustwide/cargo-home/git/checkouts/mozjs-fa11ffc7d4f1cc2d/0a2efb9/mozjs-sys/mozjs/python/mozbuild/mozbuild/util.py", line 1063, in method_call
[INFO] [stderr]       cache[args] = self.func(instance, *args)
[INFO] [stderr]     File "/opt/rustwide/cargo-home/git/checkouts/mozjs-fa11ffc7d4f1cc2d/0a2efb9/mozjs-sys/mozjs/python/mozbuild/mozbuild/configure/__init__.py", line 625, in _value_for_depends
[INFO] [stderr]       value = obj.result()
[INFO] [stderr]     File "/opt/rustwide/cargo-home/git/checkouts/mozjs-fa11ffc7d4f1cc2d/0a2efb9/mozjs-sys/mozjs/python/mozbuild/mozbuild/util.py", line 1063, in method_call
[INFO] [stderr]       cache[args] = self.func(instance, *args)
[INFO] [stderr]     File "/opt/rustwide/cargo-home/git/checkouts/mozjs-fa11ffc7d4f1cc2d/0a2efb9/mozjs-sys/mozjs/python/mozbuild/mozbuild/configure/__init__.py", line 161, in result
[INFO] [stderr]       return self._func(*resolved_args)
[INFO] [stderr]     File "/opt/rustwide/cargo-home/git/checkouts/mozjs-fa11ffc7d4f1cc2d/0a2efb9/mozjs-sys/mozjs/python/mozbuild/mozbuild/configure/__init__.py", line 1308, in wrapped
[INFO] [stderr]       return new_func(*args, **kwargs)
[INFO] [stderr]     File "/opt/rustwide/cargo-home/git/checkouts/mozjs-fa11ffc7d4f1cc2d/0a2efb9/mozjs-sys/mozjs/build/moz.configure/old.configure", line 221, in old_configure
[INFO] [stderr]       with NamedTemporaryFile(
[INFO] [stderr]     File "/usr/lib/python3.10/tempfile.py", line 698, in NamedTemporaryFile
[INFO] [stderr]       file = _io.open(dir, mode, buffering=buffering,
[INFO] [stderr]     File "/usr/lib/python3.10/tempfile.py", line 695, in opener
[INFO] [stderr]       fd, name = _mkstemp_inner(dir, prefix, suffix, flags, output_type)
[INFO] [stderr]     File "/usr/lib/python3.10/tempfile.py", line 395, in _mkstemp_inner
[INFO] [stderr]       fd = _os.open(file, flags, 0o600)
[INFO] [stderr]   OSError: [Errno 30] Read-only file system: '/opt/rustwide/cargo-home/git/checkouts/mozjs-fa11ffc7d4f1cc2d/0a2efb9/mozjs-sys/mozjs/js/src/old-configurey9u4h_ka'
[INFO] [stderr]   make: *** [/opt/rustwide/cargo-home/git/checkouts/mozjs-fa11ffc7d4f1cc2d/0a2efb9/mozjs-sys/makefile.cargo:157: maybe-configure] Error 1
[INFO] [stderr]   thread 'main' panicked at /opt/rustwide/cargo-home/git/checkouts/mozjs-fa11ffc7d4f1cc2d/0a2efb9/mozjs-sys/build.rs:246:5:
[INFO] [stderr]   assertion failed: result.success()
[INFO] [stderr]   stack backtrace:
[INFO] [stderr]      0:     0x560701cf17cc - std::backtrace_rs::backtrace::libunwind::trace::ha637c64ce894333a
[INFO] [stderr]                                  at /rustc/82e1608dfa6e0b5569232559e3d385fea5a93112/library/std/src/../../backtrace/src/backtrace/libunwind.rs:104:5
[INFO] [stderr]      1:     0x560701cf17cc - std::backtrace_rs::backtrace::trace_unsynchronized::h47f62dea28e0c88d
[INFO] [stderr]                                  at /rustc/82e1608dfa6e0b5569232559e3d385fea5a93112/library/std/src/../../backtrace/src/backtrace/mod.rs:66:5
[INFO] [stderr]      2:     0x560701cf17cc - std::sys_common::backtrace::_print_fmt::h9eef0abe20ede486
[INFO] [stderr]                                  at /rustc/82e1608dfa6e0b5569232559e3d385fea5a93112/library/std/src/sys_common/backtrace.rs:67:5
[INFO] [stderr]      3:     0x560701cf17cc - <std::sys_common::backtrace::_print::DisplayBacktrace as core::fmt::Display>::fmt::hed7f999df88cc644
[INFO] [stderr]                                  at /rustc/82e1608dfa6e0b5569232559e3d385fea5a93112/library/std/src/sys_common/backtrace.rs:44:22
[INFO] [stderr]      4:     0x560701d1e750 - core::fmt::rt::Argument::fmt::h1539a9308b8d058d
[INFO] [stderr]                                  at /rustc/82e1608dfa6e0b5569232559e3d385fea5a93112/library/core/src/fmt/rt.rs:142:9
[INFO] [stderr]      5:     0x560701d1e750 - core::fmt::write::h3a39390d8560d9c9
[INFO] [stderr]                                  at /rustc/82e1608dfa6e0b5569232559e3d385fea5a93112/library/core/src/fmt/mod.rs:1120:17
[INFO] [stderr]      6:     0x560701cee78f - std::io::Write::write_fmt::h5fc9997dfe05f882
[INFO] [stderr]                                  at /rustc/82e1608dfa6e0b5569232559e3d385fea5a93112/library/std/src/io/mod.rs:1762:15
[INFO] [stderr]      7:     0x560701cf15b4 - std::sys_common::backtrace::_print::h894006fb5c6f3d45
[INFO] [stderr]                                  at /rustc/82e1608dfa6e0b5569232559e3d385fea5a93112/library/std/src/sys_common/backtrace.rs:47:5
[INFO] [stderr]      8:     0x560701cf15b4 - std::sys_common::backtrace::print::h23a2d212c6fff936
[INFO] [stderr]                                  at /rustc/82e1608dfa6e0b5569232559e3d385fea5a93112/library/std/src/sys_common/backtrace.rs:34:9
[INFO] [stderr]      9:     0x560701cf33e7 - std::panicking::default_hook::{{closure}}::h8a1d2ee00185001a
[INFO] [stderr]     10:     0x560701cf314f - std::panicking::default_hook::h6038f2eba384e475
[INFO] [stderr]                                  at /rustc/82e1608dfa6e0b5569232559e3d385fea5a93112/library/std/src/panicking.rs:292:9
[INFO] [stderr]     11:     0x560701cf3868 - std::panicking::rust_panic_with_hook::h2b5517d590cab22e
[INFO] [stderr]                                  at /rustc/82e1608dfa6e0b5569232559e3d385fea5a93112/library/std/src/panicking.rs:779:13
[INFO] [stderr]     12:     0x560701cf3719 - std::panicking::begin_panic_handler::{{closure}}::h233112c06e0ef43e
[INFO] [stderr]                                  at /rustc/82e1608dfa6e0b5569232559e3d385fea5a93112/library/std/src/panicking.rs:649:13
[INFO] [stderr]     13:     0x560701cf1c96 - std::sys_common::backtrace::__rust_end_short_backtrace::h6e893f24d7ebbff8
[INFO] [stderr]                                  at /rustc/82e1608dfa6e0b5569232559e3d385fea5a93112/library/std/src/sys_common/backtrace.rs:170:18
[INFO] [stderr]     14:     0x560701cf34b2 - rust_begin_unwind
[INFO] [stderr]                                  at /rustc/82e1608dfa6e0b5569232559e3d385fea5a93112/library/std/src/panicking.rs:645:5
[INFO] [stderr]     15:     0x5607015d3c35 - core::panicking::panic_fmt::hbf0e066aabfa482c
[INFO] [stderr]                                  at /rustc/82e1608dfa6e0b5569232559e3d385fea5a93112/library/core/src/panicking.rs:72:14
[INFO] [stderr]     16:     0x5607015d3cd3 - core::panicking::panic::h195fc2a96298d4c3
[INFO] [stderr]                                  at /rustc/82e1608dfa6e0b5569232559e3d385fea5a93112/library/core/src/panicking.rs:127:5
[INFO] [stderr]     17:     0x5607015d9394 - build_script_build::build_jsapi::hbe40274b60254e21
[INFO] [stderr]     18:     0x5607015d765f - build_script_build::main::h24c3cb48c94f8626
[INFO] [stderr]     19:     0x5607015dcd43 - core::ops::function::FnOnce::call_once::h7bb23d9a1bd62349
[INFO] [stderr]     20:     0x5607015dbf66 - std::sys_common::backtrace::__rust_begin_short_backtrace::had4062a708fc3503
[INFO] [stderr]     21:     0x5607015dc889 - std::rt::lang_start::{{closure}}::h62ff89f74fa4fe28
[INFO] [stderr]     22:     0x560701ce9a17 - core::ops::function::impls::<impl core::ops::function::FnOnce<A> for &F>::call_once::hd95060ecd5e1ca24
[INFO] [stderr]                                  at /rustc/82e1608dfa6e0b5569232559e3d385fea5a93112/library/core/src/ops/function.rs:284:13
[INFO] [stderr]     23:     0x560701ce9a17 - std::panicking::try::do_call::h6e8cf51db32a6e4b
[INFO] [stderr]                                  at /rustc/82e1608dfa6e0b5569232559e3d385fea5a93112/library/std/src/panicking.rs:552:40
[INFO] [stderr]     24:     0x560701ce9a17 - std::panicking::try::h3a52eefe24fe3c29
[INFO] [stderr]                                  at /rustc/82e1608dfa6e0b5569232559e3d385fea5a93112/library/std/src/panicking.rs:516:19
[INFO] [stderr]     25:     0x560701ce9a17 - std::panic::catch_unwind::h24c28c23c02c3841
[INFO] [stderr]                                  at /rustc/82e1608dfa6e0b5569232559e3d385fea5a93112/library/std/src/panic.rs:142:14
[INFO] [stderr]     26:     0x560701ce9a17 - std::rt::lang_start_internal::{{closure}}::h705d3c9cbc06ef47
[INFO] [stderr]                                  at /rustc/82e1608dfa6e0b5569232559e3d385fea5a93112/library/std/src/rt.rs:148:48
[INFO] [stderr]     27:     0x560701ce9a17 - std::panicking::try::do_call::ha21f52ba13158470
[INFO] [stderr]                                  at /rustc/82e1608dfa6e0b5569232559e3d385fea5a93112/library/std/src/panicking.rs:552:40
[INFO] [stderr]     28:     0x560701ce9a17 - std::panicking::try::h5581346bf6aeb1f8
[INFO] [stderr]                                  at /rustc/82e1608dfa6e0b5569232559e3d385fea5a93112/library/std/src/panicking.rs:516:19
[INFO] [stderr]     29:     0x560701ce9a17 - std::panic::catch_unwind::h7919645a6b72e25b
[INFO] [stderr]                                  at /rustc/82e1608dfa6e0b5569232559e3d385fea5a93112/library/std/src/panic.rs:142:14
[INFO] [stderr]     30:     0x560701ce9a17 - std::rt::lang_start_internal::h12de51168669836e
[INFO] [stderr]                                  at /rustc/82e1608dfa6e0b5569232559e3d385fea5a93112/library/std/src/rt.rs:148:20
[INFO] [stderr]     31:     0x5607015dc867 - std::rt::lang_start::h508c826df4560355
[INFO] [stderr]     32:     0x5607015dbcd5 - main
[INFO] [stderr]     33:     0x7feac098bd90 - <unknown>
[INFO] [stderr]     34:     0x7feac098be40 - __libc_start_main
[INFO] [stderr]     35:     0x5607015d4505 - _start
[INFO] [stderr]     36:                0x0 - <unknown>
[INFO] [stderr] warning: build failed, waiting for other jobs to finish...
[INFO] running `Command { std: "docker" "inspect" "73aecccf69d2518b0cab3899818d0a3504ca0fcdfaa68d1cef7eda130cc4cb20", kill_on_drop: false }`
[INFO] running `Command { std: "docker" "rm" "-f" "73aecccf69d2518b0cab3899818d0a3504ca0fcdfaa68d1cef7eda130cc4cb20", kill_on_drop: false }`
[INFO] [stdout] 73aecccf69d2518b0cab3899818d0a3504ca0fcdfaa68d1cef7eda130cc4cb20
