[INFO] cloning repository https://github.com/RavensWurk/rust-cbm1520
[INFO] running `Command { std: "git" "-c" "credential.helper=" "-c" "credential.helper=/workspace/cargo-home/bin/git-credential-null" "clone" "--bare" "https://github.com/RavensWurk/rust-cbm1520" "/workspace/cache/git-repos/https%3A%2F%2Fgithub.com%2FRavensWurk%2Frust-cbm1520", kill_on_drop: false }`
[INFO] [stderr] Cloning into bare repository '/workspace/cache/git-repos/https%3A%2F%2Fgithub.com%2FRavensWurk%2Frust-cbm1520'...
[INFO] running `Command { std: "git" "rev-parse" "HEAD", kill_on_drop: false }`
[INFO] [stdout] fc4205860c0dd8ea3d3191e4ec34a66ba98999e0
[INFO] documenting RavensWurk/rust-cbm1520 against 1.75.0 for beta-1.76-rustdoc-1
[INFO] running `Command { std: "git" "clone" "/workspace/cache/git-repos/https%3A%2F%2Fgithub.com%2FRavensWurk%2Frust-cbm1520" "/workspace/builds/worker-0-tc1/source", kill_on_drop: false }`
[INFO] [stderr] Cloning into '/workspace/builds/worker-0-tc1/source'...
[INFO] [stderr] done.
[INFO] validating manifest of git repo https://github.com/RavensWurk/rust-cbm1520 on toolchain 1.75.0
[INFO] running `Command { std: CARGO_HOME="/workspace/cargo-home" RUSTUP_HOME="/workspace/rustup-home" "/workspace/cargo-home/bin/cargo" "+1.75.0" "metadata" "--manifest-path" "Cargo.toml" "--no-deps", kill_on_drop: false }`
[INFO] started tweaking git repo https://github.com/RavensWurk/rust-cbm1520
[INFO] finished tweaking git repo https://github.com/RavensWurk/rust-cbm1520
[INFO] tweaked toml for git repo https://github.com/RavensWurk/rust-cbm1520 written to /workspace/builds/worker-0-tc1/source/Cargo.toml
[INFO] crate git repo https://github.com/RavensWurk/rust-cbm1520 already has a lockfile, it will not be regenerated
[INFO] running `Command { std: CARGO_HOME="/workspace/cargo-home" RUSTUP_HOME="/workspace/rustup-home" "/workspace/cargo-home/bin/cargo" "+1.75.0" "fetch" "--manifest-path" "Cargo.toml", kill_on_drop: false }`
[INFO] [stderr]     Updating crates.io index
[INFO] [stderr]  Downloading crates ...
[INFO] [stderr]   Downloaded roxmltree v0.19.0
[INFO] [stderr]   Downloaded svgtypes v0.12.0
[INFO] [stderr]   Downloaded g-code v0.3.6
[INFO] [stderr]   Downloaded svg2gcode v0.1.4
[INFO] running `Command { std: "docker" "create" "-v" "/var/lib/crater-agent-workspace/builds/worker-0-tc1/target:/opt/rustwide/target:rw,Z" "-v" "/var/lib/crater-agent-workspace/builds/worker-0-tc1/source:/opt/rustwide/workdir:ro,Z" "-v" "/var/lib/crater-agent-workspace/cargo-home:/opt/rustwide/cargo-home:ro,Z" "-v" "/var/lib/crater-agent-workspace/rustup-home:/opt/rustwide/rustup-home:ro,Z" "-e" "SOURCE_DIR=/opt/rustwide/workdir" "-e" "CARGO_TARGET_DIR=/opt/rustwide/target" "-e" "CARGO_HOME=/opt/rustwide/cargo-home" "-e" "RUSTUP_HOME=/opt/rustwide/rustup-home" "-w" "/opt/rustwide/workdir" "-m" "1610612736" "--user" "0:0" "--network" "none" "ghcr.io/rust-lang/crates-build-env/linux@sha256:2788e3201cd34a07e3172128adcd8b3090168a8e3bcc40d7c032b9dda1df7d1c" "/opt/rustwide/cargo-home/bin/cargo" "+1.75.0" "metadata" "--no-deps" "--format-version=1", kill_on_drop: false }`
[INFO] [stdout] 58476921a42369d165f4abaf6ffdc055cd04c60474123385461ccc14dee6ae7f
[INFO] running `Command { std: "docker" "start" "-a" "58476921a42369d165f4abaf6ffdc055cd04c60474123385461ccc14dee6ae7f", kill_on_drop: false }`
[INFO] running `Command { std: "docker" "inspect" "58476921a42369d165f4abaf6ffdc055cd04c60474123385461ccc14dee6ae7f", kill_on_drop: false }`
[INFO] running `Command { std: "docker" "rm" "-f" "58476921a42369d165f4abaf6ffdc055cd04c60474123385461ccc14dee6ae7f", kill_on_drop: false }`
[INFO] [stdout] 58476921a42369d165f4abaf6ffdc055cd04c60474123385461ccc14dee6ae7f
[INFO] running `Command { std: "docker" "create" "-v" "/var/lib/crater-agent-workspace/builds/worker-0-tc1/target:/opt/rustwide/target:rw,Z" "-v" "/var/lib/crater-agent-workspace/builds/worker-0-tc1/source:/opt/rustwide/workdir:ro,Z" "-v" "/var/lib/crater-agent-workspace/cargo-home:/opt/rustwide/cargo-home:ro,Z" "-v" "/var/lib/crater-agent-workspace/rustup-home:/opt/rustwide/rustup-home:ro,Z" "-e" "SOURCE_DIR=/opt/rustwide/workdir" "-e" "CARGO_TARGET_DIR=/opt/rustwide/target" "-e" "CARGO_INCREMENTAL=0" "-e" "RUST_BACKTRACE=full" "-e" "RUSTFLAGS=--cap-lints=warn" "-e" "RUSTDOCFLAGS=--cap-lints=warn" "-e" "CARGO_HOME=/opt/rustwide/cargo-home" "-e" "RUSTUP_HOME=/opt/rustwide/rustup-home" "-w" "/opt/rustwide/workdir" "-m" "1610612736" "--user" "0:0" "--network" "none" "ghcr.io/rust-lang/crates-build-env/linux@sha256:2788e3201cd34a07e3172128adcd8b3090168a8e3bcc40d7c032b9dda1df7d1c" "/opt/rustwide/cargo-home/bin/cargo" "+1.75.0" "doc" "--frozen" "--no-deps" "--document-private-items" "--message-format=json", kill_on_drop: false }`
[INFO] [stdout] 2013b9a170bbacb38c9a58ae45fe4ba1fc6c6bd2722fe52e1265d9da4cb319af
[INFO] running `Command { std: "docker" "start" "-a" "2013b9a170bbacb38c9a58ae45fe4ba1fc6c6bd2722fe52e1265d9da4cb319af", kill_on_drop: false }`
[INFO] [stderr]    Compiling proc-macro2 v1.0.71
[INFO] [stderr]    Compiling unicode-ident v1.0.12
[INFO] [stderr]    Compiling autocfg v1.1.0
[INFO] [stderr]    Compiling libm v0.2.8
[INFO] [stderr]    Compiling glob v0.3.1
[INFO] [stderr]    Compiling prettyplease v0.2.15
[INFO] [stderr]    Compiling libc v0.2.151
[INFO] [stderr]    Compiling rustix v0.38.28
[INFO] [stderr]     Checking arrayvec v0.7.4
[INFO] [stderr]    Compiling cfg-if v1.0.0
[INFO] [stderr]    Compiling bitflags v2.4.1
[INFO] [stderr]    Compiling linux-raw-sys v0.4.12
[INFO] [stderr]    Compiling memchr v2.6.4
[INFO] [stderr]    Compiling minimal-lexical v0.2.1
[INFO] [stderr]    Compiling regex-syntax v0.8.2
[INFO] [stderr]     Checking unicode-width v0.1.11
[INFO] [stderr]     Checking utf8parse v0.2.1
[INFO] [stderr]    Compiling libloading v0.7.4
[INFO] [stderr]     Checking termcolor v1.4.0
[INFO] [stderr]    Compiling either v1.9.0
[INFO] [stderr]    Compiling home v0.5.9
[INFO] [stderr]    Compiling serde v1.0.193
[INFO] [stderr]    Compiling peg-runtime v0.8.2
[INFO] [stderr]    Compiling typenum v1.17.0
[INFO] [stderr]    Compiling rust_decimal v1.33.1
[INFO] [stderr]    Compiling paste v1.0.14
[INFO] [stderr]    Compiling bindgen v0.65.1
[INFO] [stderr]     Checking anstyle-parse v0.2.3
[INFO] [stderr]     Checking codespan-reporting v0.11.1
[INFO] [stderr]    Compiling num-traits v0.2.17
[INFO] [stderr]    Compiling clang-sys v1.6.1
[INFO] [stderr]    Compiling lazycell v1.3.0
[INFO] [stderr]    Compiling quote v1.0.33
[INFO] [stderr]    Compiling log v0.4.20
[INFO] [stderr]    Compiling nom v7.1.3
[INFO] [stderr]    Compiling shlex v1.2.0
[INFO] [stderr]    Compiling rustc-hash v1.1.0
[INFO] [stderr]     Checking colorchoice v1.0.0
[INFO] [stderr]    Compiling lazy_static v1.4.0
[INFO] [stderr]     Checking anstyle-query v1.0.2
[INFO] [stderr]    Compiling bitflags v1.3.2
[INFO] [stderr]    Compiling syn v2.0.42
[INFO] [stderr]     Checking anstyle v1.0.4
[INFO] [stderr]    Compiling peeking_take_while v0.1.2
[INFO] [stderr]     Checking codespan v0.11.1
[INFO] [stderr]     Checking kurbo v0.9.5
[INFO] [stderr]    Compiling heck v0.4.1
[INFO] [stderr]     Checking siphasher v0.3.11
[INFO] [stderr]     Checking anstream v0.6.5
[INFO] [stderr]     Checking clap_lex v0.6.0
[INFO] [stderr]     Checking strsim v0.10.0
[INFO] [stderr]     Checking roxmltree v0.19.0
[INFO] [stderr]    Compiling peg-macros v0.8.2
[INFO] [stderr]     Checking clap_builder v4.4.12
[INFO] [stderr]     Checking svgtypes v0.12.0
[INFO] [stderr]     Checking euclid v0.22.9
[INFO] [stderr]     Checking uom v0.35.0
[INFO] [stderr]    Compiling regex-automata v0.4.3
[INFO] [stderr]    Compiling which v4.4.2
[INFO] [stderr]    Compiling cexpr v0.6.0
[INFO] [stderr]     Checking lyon_geom v1.0.4
[INFO] [stderr]     Checking peg v0.8.2
[INFO] [stderr]    Compiling regex v1.10.2
[INFO] [stderr]    Compiling serde_derive v1.0.193
[INFO] [stderr]    Compiling clap_derive v4.4.7
[INFO] [stderr]     Checking clap v4.4.12
[INFO] [stderr]    Compiling rust-cbm1520 v0.1.0 (/opt/rustwide/workdir)
[INFO] [stderr]     Checking g-code v0.3.6
[INFO] [stderr]     Checking svg2gcode v0.1.4
[INFO] [stderr] error: failed to run custom build command for `rust-cbm1520 v0.1.0 (/opt/rustwide/workdir)`
[INFO] [stderr] note: To improve backtraces for build dependencies, set the CARGO_PROFILE_DEV_BUILD_OVERRIDE_DEBUG=true environment variable to enable debug information generation.
[INFO] [stderr] 
[INFO] [stderr] Caused by:
[INFO] [stderr]   process didn't exit successfully: `/opt/rustwide/target/debug/build/rust-cbm1520-bcf06abd57811594/build-script-build` (exit status: 101)
[INFO] [stderr]   --- stdout
[INFO] [stderr]   cargo:rustc-link-search=/path/to/lib
[INFO] [stderr]   cargo:rustc-link-lib=opencbm
[INFO] [stderr]   cargo:rerun-if-changed=wrapper.h
[INFO] [stderr]   cargo:rerun-if-env-changed=TARGET
[INFO] [stderr]   cargo:rerun-if-env-changed=BINDGEN_EXTRA_CLANG_ARGS_x86_64-unknown-linux-gnu
[INFO] [stderr]   cargo:rerun-if-env-changed=BINDGEN_EXTRA_CLANG_ARGS_x86_64_unknown_linux_gnu
[INFO] [stderr]   cargo:rerun-if-env-changed=BINDGEN_EXTRA_CLANG_ARGS
[INFO] [stderr] 
[INFO] [stderr]   --- stderr
[INFO] [stderr]   wrapper.h:1:10: fatal error: 'opencbm.h' file not found
[INFO] [stderr]   thread 'main' panicked at build.rs:28:10:
[INFO] [stderr]   Unable to generate bindings: ClangDiagnostic("wrapper.h:1:10: fatal error: 'opencbm.h' file not found\n")
[INFO] [stderr]   stack backtrace:
[INFO] [stderr]      0:     0x5643ed2fee8c - std::backtrace_rs::backtrace::libunwind::trace::ha637c64ce894333a
[INFO] [stderr]                                  at /rustc/82e1608dfa6e0b5569232559e3d385fea5a93112/library/std/src/../../backtrace/src/backtrace/libunwind.rs:104:5
[INFO] [stderr]      1:     0x5643ed2fee8c - std::backtrace_rs::backtrace::trace_unsynchronized::h47f62dea28e0c88d
[INFO] [stderr]                                  at /rustc/82e1608dfa6e0b5569232559e3d385fea5a93112/library/std/src/../../backtrace/src/backtrace/mod.rs:66:5
[INFO] [stderr]      2:     0x5643ed2fee8c - std::sys_common::backtrace::_print_fmt::h9eef0abe20ede486
[INFO] [stderr]                                  at /rustc/82e1608dfa6e0b5569232559e3d385fea5a93112/library/std/src/sys_common/backtrace.rs:67:5
[INFO] [stderr]      3:     0x5643ed2fee8c - <std::sys_common::backtrace::_print::DisplayBacktrace as core::fmt::Display>::fmt::hed7f999df88cc644
[INFO] [stderr]                                  at /rustc/82e1608dfa6e0b5569232559e3d385fea5a93112/library/std/src/sys_common/backtrace.rs:44:22
[INFO] [stderr]      4:     0x5643ed3295a0 - core::fmt::rt::Argument::fmt::h1539a9308b8d058d
[INFO] [stderr]                                  at /rustc/82e1608dfa6e0b5569232559e3d385fea5a93112/library/core/src/fmt/rt.rs:142:9
[INFO] [stderr]      5:     0x5643ed3295a0 - core::fmt::write::h3a39390d8560d9c9
[INFO] [stderr]                                  at /rustc/82e1608dfa6e0b5569232559e3d385fea5a93112/library/core/src/fmt/mod.rs:1120:17
[INFO] [stderr]      6:     0x5643ed2fc45f - std::io::Write::write_fmt::h5fc9997dfe05f882
[INFO] [stderr]                                  at /rustc/82e1608dfa6e0b5569232559e3d385fea5a93112/library/std/src/io/mod.rs:1762:15
[INFO] [stderr]      7:     0x5643ed2fec74 - std::sys_common::backtrace::_print::h894006fb5c6f3d45
[INFO] [stderr]                                  at /rustc/82e1608dfa6e0b5569232559e3d385fea5a93112/library/std/src/sys_common/backtrace.rs:47:5
[INFO] [stderr]      8:     0x5643ed2fec74 - std::sys_common::backtrace::print::h23a2d212c6fff936
[INFO] [stderr]                                  at /rustc/82e1608dfa6e0b5569232559e3d385fea5a93112/library/std/src/sys_common/backtrace.rs:34:9
[INFO] [stderr]      9:     0x5643ed300277 - std::panicking::default_hook::{{closure}}::h8a1d2ee00185001a
[INFO] [stderr]     10:     0x5643ed2fffdf - std::panicking::default_hook::h6038f2eba384e475
[INFO] [stderr]                                  at /rustc/82e1608dfa6e0b5569232559e3d385fea5a93112/library/std/src/panicking.rs:292:9
[INFO] [stderr]     11:     0x5643ed3006f8 - std::panicking::rust_panic_with_hook::h2b5517d590cab22e
[INFO] [stderr]                                  at /rustc/82e1608dfa6e0b5569232559e3d385fea5a93112/library/std/src/panicking.rs:779:13
[INFO] [stderr]     12:     0x5643ed3005de - std::panicking::begin_panic_handler::{{closure}}::h233112c06e0ef43e
[INFO] [stderr]                                  at /rustc/82e1608dfa6e0b5569232559e3d385fea5a93112/library/std/src/panicking.rs:657:13
[INFO] [stderr]     13:     0x5643ed2ff356 - std::sys_common::backtrace::__rust_end_short_backtrace::h6e893f24d7ebbff8
[INFO] [stderr]                                  at /rustc/82e1608dfa6e0b5569232559e3d385fea5a93112/library/std/src/sys_common/backtrace.rs:170:18
[INFO] [stderr]     14:     0x5643ed300342 - rust_begin_unwind
[INFO] [stderr]                                  at /rustc/82e1608dfa6e0b5569232559e3d385fea5a93112/library/std/src/panicking.rs:645:5
[INFO] [stderr]     15:     0x5643ecdb54f5 - core::panicking::panic_fmt::hbf0e066aabfa482c
[INFO] [stderr]                                  at /rustc/82e1608dfa6e0b5569232559e3d385fea5a93112/library/core/src/panicking.rs:72:14
[INFO] [stderr]     16:     0x5643ecdb5ac3 - core::result::unwrap_failed::hddb4fea594200c52
[INFO] [stderr]                                  at /rustc/82e1608dfa6e0b5569232559e3d385fea5a93112/library/core/src/result.rs:1653:5
[INFO] [stderr]     17:     0x5643ecdb6da2 - core::result::Result<T,E>::expect::h83407b44dd8c9605
[INFO] [stderr]     18:     0x5643ecdb7d67 - build_script_build::main::h703032701f1fb501
[INFO] [stderr]     19:     0x5643ecdb6803 - core::ops::function::FnOnce::call_once::h13ecd2cf3ffbbc9d
[INFO] [stderr]     20:     0x5643ecdb5e96 - std::sys_common::backtrace::__rust_begin_short_backtrace::h6a0e41aeae87bd69
[INFO] [stderr]     21:     0x5643ecdb6589 - std::rt::lang_start::{{closure}}::h24b95fceb50db8fa
[INFO] [stderr]     22:     0x5643ed2f7c17 - core::ops::function::impls::<impl core::ops::function::FnOnce<A> for &F>::call_once::hd95060ecd5e1ca24
[INFO] [stderr]                                  at /rustc/82e1608dfa6e0b5569232559e3d385fea5a93112/library/core/src/ops/function.rs:284:13
[INFO] [stderr]     23:     0x5643ed2f7c17 - std::panicking::try::do_call::h6e8cf51db32a6e4b
[INFO] [stderr]                                  at /rustc/82e1608dfa6e0b5569232559e3d385fea5a93112/library/std/src/panicking.rs:552:40
[INFO] [stderr]     24:     0x5643ed2f7c17 - std::panicking::try::h3a52eefe24fe3c29
[INFO] [stderr]                                  at /rustc/82e1608dfa6e0b5569232559e3d385fea5a93112/library/std/src/panicking.rs:516:19
[INFO] [stderr]     25:     0x5643ed2f7c17 - std::panic::catch_unwind::h24c28c23c02c3841
[INFO] [stderr]                                  at /rustc/82e1608dfa6e0b5569232559e3d385fea5a93112/library/std/src/panic.rs:142:14
[INFO] [stderr]     26:     0x5643ed2f7c17 - std::rt::lang_start_internal::{{closure}}::h705d3c9cbc06ef47
[INFO] [stderr]                                  at /rustc/82e1608dfa6e0b5569232559e3d385fea5a93112/library/std/src/rt.rs:148:48
[INFO] [stderr]     27:     0x5643ed2f7c17 - std::panicking::try::do_call::ha21f52ba13158470
[INFO] [stderr]                                  at /rustc/82e1608dfa6e0b5569232559e3d385fea5a93112/library/std/src/panicking.rs:552:40
[INFO] [stderr]     28:     0x5643ed2f7c17 - std::panicking::try::h5581346bf6aeb1f8
[INFO] [stderr]                                  at /rustc/82e1608dfa6e0b5569232559e3d385fea5a93112/library/std/src/panicking.rs:516:19
[INFO] [stderr]     29:     0x5643ed2f7c17 - std::panic::catch_unwind::h7919645a6b72e25b
[INFO] [stderr]                                  at /rustc/82e1608dfa6e0b5569232559e3d385fea5a93112/library/std/src/panic.rs:142:14
[INFO] [stderr]     30:     0x5643ed2f7c17 - std::rt::lang_start_internal::h12de51168669836e
[INFO] [stderr]                                  at /rustc/82e1608dfa6e0b5569232559e3d385fea5a93112/library/std/src/rt.rs:148:20
[INFO] [stderr]     31:     0x5643ecdb6567 - std::rt::lang_start::h76bc5cc7047bb6bf
[INFO] [stderr]     32:     0x5643ecdb7f05 - main
[INFO] [stderr]     33:     0x7ffb92987d90 - <unknown>
[INFO] [stderr]     34:     0x7ffb92987e40 - __libc_start_main
[INFO] [stderr]     35:     0x5643ecdb5dc5 - _start
[INFO] [stderr]     36:                0x0 - <unknown>
[INFO] running `Command { std: "docker" "inspect" "2013b9a170bbacb38c9a58ae45fe4ba1fc6c6bd2722fe52e1265d9da4cb319af", kill_on_drop: false }`
[INFO] running `Command { std: "docker" "rm" "-f" "2013b9a170bbacb38c9a58ae45fe4ba1fc6c6bd2722fe52e1265d9da4cb319af", kill_on_drop: false }`
[INFO] [stdout] 2013b9a170bbacb38c9a58ae45fe4ba1fc6c6bd2722fe52e1265d9da4cb319af
[INFO] documenting RavensWurk/rust-cbm1520 against beta-2023-12-22 for beta-1.76-rustdoc-1
[INFO] running `Command { std: "git" "clone" "/workspace/cache/git-repos/https%3A%2F%2Fgithub.com%2FRavensWurk%2Frust-cbm1520" "/workspace/builds/worker-0-tc2/source", kill_on_drop: false }`
[INFO] [stderr] Cloning into '/workspace/builds/worker-0-tc2/source'...
[INFO] [stderr] done.
[INFO] validating manifest of git repo https://github.com/RavensWurk/rust-cbm1520 on toolchain beta-2023-12-22
[INFO] running `Command { std: CARGO_HOME="/workspace/cargo-home" RUSTUP_HOME="/workspace/rustup-home" "/workspace/cargo-home/bin/cargo" "+beta-2023-12-22" "metadata" "--manifest-path" "Cargo.toml" "--no-deps", kill_on_drop: false }`
[INFO] started tweaking git repo https://github.com/RavensWurk/rust-cbm1520
[INFO] finished tweaking git repo https://github.com/RavensWurk/rust-cbm1520
[INFO] tweaked toml for git repo https://github.com/RavensWurk/rust-cbm1520 written to /workspace/builds/worker-0-tc2/source/Cargo.toml
[INFO] crate git repo https://github.com/RavensWurk/rust-cbm1520 already has a lockfile, it will not be regenerated
[INFO] running `Command { std: CARGO_HOME="/workspace/cargo-home" RUSTUP_HOME="/workspace/rustup-home" "/workspace/cargo-home/bin/cargo" "+beta-2023-12-22" "fetch" "--manifest-path" "Cargo.toml", kill_on_drop: false }`
[INFO] running `Command { std: "docker" "create" "-v" "/var/lib/crater-agent-workspace/builds/worker-0-tc2/target:/opt/rustwide/target:rw,Z" "-v" "/var/lib/crater-agent-workspace/builds/worker-0-tc2/source:/opt/rustwide/workdir:ro,Z" "-v" "/var/lib/crater-agent-workspace/cargo-home:/opt/rustwide/cargo-home:ro,Z" "-v" "/var/lib/crater-agent-workspace/rustup-home:/opt/rustwide/rustup-home:ro,Z" "-e" "SOURCE_DIR=/opt/rustwide/workdir" "-e" "CARGO_TARGET_DIR=/opt/rustwide/target" "-e" "CARGO_HOME=/opt/rustwide/cargo-home" "-e" "RUSTUP_HOME=/opt/rustwide/rustup-home" "-w" "/opt/rustwide/workdir" "-m" "1610612736" "--user" "0:0" "--network" "none" "ghcr.io/rust-lang/crates-build-env/linux@sha256:2788e3201cd34a07e3172128adcd8b3090168a8e3bcc40d7c032b9dda1df7d1c" "/opt/rustwide/cargo-home/bin/cargo" "+beta-2023-12-22" "metadata" "--no-deps" "--format-version=1", kill_on_drop: false }`
[INFO] [stdout] 92f237492c4f7eb7730ddedd0892dd452088ea0ecdd197df8c6becc5a99a61d4
[INFO] running `Command { std: "docker" "start" "-a" "92f237492c4f7eb7730ddedd0892dd452088ea0ecdd197df8c6becc5a99a61d4", kill_on_drop: false }`
[INFO] running `Command { std: "docker" "inspect" "92f237492c4f7eb7730ddedd0892dd452088ea0ecdd197df8c6becc5a99a61d4", kill_on_drop: false }`
[INFO] running `Command { std: "docker" "rm" "-f" "92f237492c4f7eb7730ddedd0892dd452088ea0ecdd197df8c6becc5a99a61d4", kill_on_drop: false }`
[INFO] [stdout] 92f237492c4f7eb7730ddedd0892dd452088ea0ecdd197df8c6becc5a99a61d4
[INFO] running `Command { std: "docker" "create" "-v" "/var/lib/crater-agent-workspace/builds/worker-0-tc2/target:/opt/rustwide/target:rw,Z" "-v" "/var/lib/crater-agent-workspace/builds/worker-0-tc2/source:/opt/rustwide/workdir:ro,Z" "-v" "/var/lib/crater-agent-workspace/cargo-home:/opt/rustwide/cargo-home:ro,Z" "-v" "/var/lib/crater-agent-workspace/rustup-home:/opt/rustwide/rustup-home:ro,Z" "-e" "SOURCE_DIR=/opt/rustwide/workdir" "-e" "CARGO_TARGET_DIR=/opt/rustwide/target" "-e" "CARGO_INCREMENTAL=0" "-e" "RUST_BACKTRACE=full" "-e" "RUSTFLAGS=--cap-lints=warn" "-e" "RUSTDOCFLAGS=--cap-lints=warn" "-e" "CARGO_HOME=/opt/rustwide/cargo-home" "-e" "RUSTUP_HOME=/opt/rustwide/rustup-home" "-w" "/opt/rustwide/workdir" "-m" "1610612736" "--user" "0:0" "--network" "none" "ghcr.io/rust-lang/crates-build-env/linux@sha256:2788e3201cd34a07e3172128adcd8b3090168a8e3bcc40d7c032b9dda1df7d1c" "/opt/rustwide/cargo-home/bin/cargo" "+beta-2023-12-22" "doc" "--frozen" "--no-deps" "--document-private-items" "--message-format=json", kill_on_drop: false }`
[INFO] [stdout] 97a9bb264cb75fe6eb5fd28d0f973d7115bb630df66a3959f94ed06f776642ff
[INFO] running `Command { std: "docker" "start" "-a" "97a9bb264cb75fe6eb5fd28d0f973d7115bb630df66a3959f94ed06f776642ff", kill_on_drop: false }`
[INFO] [stderr]    Compiling proc-macro2 v1.0.71
[INFO] [stderr]    Compiling unicode-ident v1.0.12
[INFO] [stderr]    Compiling libm v0.2.8
[INFO] [stderr]    Compiling autocfg v1.1.0
[INFO] [stderr]    Compiling glob v0.3.1
[INFO] [stderr]     Checking arrayvec v0.7.4
[INFO] [stderr]    Compiling libc v0.2.151
[INFO] [stderr]    Compiling prettyplease v0.2.15
[INFO] [stderr]    Compiling rustix v0.38.28
[INFO] [stderr]    Compiling memchr v2.6.4
[INFO] [stderr]    Compiling regex-syntax v0.8.2
[INFO] [stderr]    Compiling minimal-lexical v0.2.1
[INFO] [stderr]    Compiling cfg-if v1.0.0
[INFO] [stderr]    Compiling bitflags v2.4.1
[INFO] [stderr]    Compiling linux-raw-sys v0.4.12
[INFO] [stderr]    Compiling serde v1.0.193
[INFO] [stderr]    Compiling libloading v0.7.4
[INFO] [stderr]    Compiling bindgen v0.65.1
[INFO] [stderr]    Compiling rust_decimal v1.33.1
[INFO] [stderr]    Compiling either v1.9.0
[INFO] [stderr]     Checking termcolor v1.4.0
[INFO] [stderr]     Checking unicode-width v0.1.11
[INFO] [stderr]     Checking utf8parse v0.2.1
[INFO] [stderr]    Compiling peg-runtime v0.8.2
[INFO] [stderr]    Compiling typenum v1.17.0
[INFO] [stderr]    Compiling home v0.5.9
[INFO] [stderr]    Compiling paste v1.0.14
[INFO] [stderr]    Compiling num-traits v0.2.17
[INFO] [stderr]     Checking anstyle-parse v0.2.3
[INFO] [stderr]     Checking codespan-reporting v0.11.1
[INFO] [stderr]    Compiling clang-sys v1.6.1
[INFO] [stderr]     Checking anstyle v1.0.4
[INFO] [stderr]    Compiling nom v7.1.3
[INFO] [stderr]    Compiling lazycell v1.3.0
[INFO] [stderr]    Compiling log v0.4.20
[INFO] [stderr]    Compiling lazy_static v1.4.0
[INFO] [stderr]    Compiling bitflags v1.3.2
[INFO] [stderr]    Compiling rustc-hash v1.1.0
[INFO] [stderr]     Checking anstyle-query v1.0.2
[INFO] [stderr]    Compiling peeking_take_while v0.1.2
[INFO] [stderr]     Checking colorchoice v1.0.0
[INFO] [stderr]    Compiling shlex v1.2.0
[INFO] [stderr]     Checking codespan v0.11.1
[INFO] [stderr]     Checking anstream v0.6.5
[INFO] [stderr]     Checking kurbo v0.9.5
[INFO] [stderr]    Compiling heck v0.4.1
[INFO] [stderr]    Compiling quote v1.0.33
[INFO] [stderr]     Checking clap_lex v0.6.0
[INFO] [stderr]     Checking siphasher v0.3.11
[INFO] [stderr]     Checking strsim v0.10.0
[INFO] [stderr]     Checking roxmltree v0.19.0
[INFO] [stderr]     Checking clap_builder v4.4.12
[INFO] [stderr]    Compiling syn v2.0.42
[INFO] [stderr]    Compiling peg-macros v0.8.2
[INFO] [stderr]     Checking svgtypes v0.12.0
[INFO] [stderr]    Compiling regex-automata v0.4.3
[INFO] [stderr]     Checking euclid v0.22.9
[INFO] [stderr]     Checking uom v0.35.0
[INFO] [stderr]    Compiling which v4.4.2
[INFO] [stderr]    Compiling cexpr v0.6.0
[INFO] [stderr]     Checking peg v0.8.2
[INFO] [stderr]     Checking lyon_geom v1.0.4
[INFO] [stderr]    Compiling regex v1.10.2
[INFO] [stderr]    Compiling serde_derive v1.0.193
[INFO] [stderr]    Compiling clap_derive v4.4.7
[INFO] [stderr]     Checking clap v4.4.12
[INFO] [stderr]    Compiling rust-cbm1520 v0.1.0 (/opt/rustwide/workdir)
[INFO] [stderr]     Checking g-code v0.3.6
[INFO] [stderr] error: failed to run custom build command for `rust-cbm1520 v0.1.0 (/opt/rustwide/workdir)`
[INFO] [stderr] note: To improve backtraces for build dependencies, set the CARGO_PROFILE_DEV_BUILD_OVERRIDE_DEBUG=true environment variable to enable debug information generation.
[INFO] [stderr] 
[INFO] [stderr] Caused by:
[INFO] [stderr]   process didn't exit successfully: `/opt/rustwide/target/debug/build/rust-cbm1520-3a79c84532f2ed7a/build-script-build` (exit status: 101)
[INFO] [stderr]   --- stdout
[INFO] [stderr]   cargo:rustc-link-search=/path/to/lib
[INFO] [stderr]   cargo:rustc-link-lib=opencbm
[INFO] [stderr]   cargo:rerun-if-changed=wrapper.h
[INFO] [stderr]   cargo:rerun-if-env-changed=TARGET
[INFO] [stderr]   cargo:rerun-if-env-changed=BINDGEN_EXTRA_CLANG_ARGS_x86_64-unknown-linux-gnu
[INFO] [stderr]   cargo:rerun-if-env-changed=BINDGEN_EXTRA_CLANG_ARGS_x86_64_unknown_linux_gnu
[INFO] [stderr]   cargo:rerun-if-env-changed=BINDGEN_EXTRA_CLANG_ARGS
[INFO] [stderr] 
[INFO] [stderr]   --- stderr
[INFO] [stderr]   wrapper.h:1:10: fatal error: 'opencbm.h' file not found
[INFO] [stderr]   thread 'main' panicked at build.rs:28:10:
[INFO] [stderr]   Unable to generate bindings: ClangDiagnostic("wrapper.h:1:10: fatal error: 'opencbm.h' file not found\n")
[INFO] [stderr]   stack backtrace:
[INFO] [stderr]      0:     0x55caa02be4a6 - std::backtrace_rs::backtrace::libunwind::trace::h261606ad26a499c1
[INFO] [stderr]                                  at /rustc/0e09125c6c3c2fd70d7de961bcf0e51575235fad/library/std/src/../../backtrace/src/backtrace/libunwind.rs:104:5
[INFO] [stderr]      1:     0x55caa02be4a6 - std::backtrace_rs::backtrace::trace_unsynchronized::hd183f0625477fb28
[INFO] [stderr]                                  at /rustc/0e09125c6c3c2fd70d7de961bcf0e51575235fad/library/std/src/../../backtrace/src/backtrace/mod.rs:66:5
[INFO] [stderr]      2:     0x55caa02be4a6 - std::sys_common::backtrace::_print_fmt::hd7f8fef21b4eda67
[INFO] [stderr]                                  at /rustc/0e09125c6c3c2fd70d7de961bcf0e51575235fad/library/std/src/sys_common/backtrace.rs:68:5
[INFO] [stderr]      3:     0x55caa02be4a6 - <std::sys_common::backtrace::_print::DisplayBacktrace as core::fmt::Display>::fmt::h623d9b51f2f453f1
[INFO] [stderr]                                  at /rustc/0e09125c6c3c2fd70d7de961bcf0e51575235fad/library/std/src/sys_common/backtrace.rs:44:22
[INFO] [stderr]      4:     0x55caa02e7ed0 - core::fmt::rt::Argument::fmt::h9f417ac76a86f368
[INFO] [stderr]                                  at /rustc/0e09125c6c3c2fd70d7de961bcf0e51575235fad/library/core/src/fmt/rt.rs:142:9
[INFO] [stderr]      5:     0x55caa02e7ed0 - core::fmt::write::hc9b6faf4ac2aeff7
[INFO] [stderr]                                  at /rustc/0e09125c6c3c2fd70d7de961bcf0e51575235fad/library/core/src/fmt/mod.rs:1120:17
[INFO] [stderr]      6:     0x55caa02bbc1f - std::io::Write::write_fmt::hfead1eee52c2e65e
[INFO] [stderr]                                  at /rustc/0e09125c6c3c2fd70d7de961bcf0e51575235fad/library/std/src/io/mod.rs:1810:15
[INFO] [stderr]      7:     0x55caa02be284 - std::sys_common::backtrace::_print::hd5d66399c7df88a2
[INFO] [stderr]                                  at /rustc/0e09125c6c3c2fd70d7de961bcf0e51575235fad/library/std/src/sys_common/backtrace.rs:47:5
[INFO] [stderr]      8:     0x55caa02be284 - std::sys_common::backtrace::print::he81ed2da642d37e5
[INFO] [stderr]                                  at /rustc/0e09125c6c3c2fd70d7de961bcf0e51575235fad/library/std/src/sys_common/backtrace.rs:34:9
[INFO] [stderr]      9:     0x55caa02bf957 - std::panicking::default_hook::{{closure}}::h85773f4fa117163d
[INFO] [stderr]     10:     0x55caa02bf6b9 - std::panicking::default_hook::h6a1694a91d09b278
[INFO] [stderr]                                  at /rustc/0e09125c6c3c2fd70d7de961bcf0e51575235fad/library/std/src/panicking.rs:292:9
[INFO] [stderr]     11:     0x55caa02bfde8 - std::panicking::rust_panic_with_hook::h0a7ad96e90f7145b
[INFO] [stderr]                                  at /rustc/0e09125c6c3c2fd70d7de961bcf0e51575235fad/library/std/src/panicking.rs:779:13
[INFO] [stderr]     12:     0x55caa02bfcc2 - std::panicking::begin_panic_handler::{{closure}}::h7919090525c6485e
[INFO] [stderr]                                  at /rustc/0e09125c6c3c2fd70d7de961bcf0e51575235fad/library/std/src/panicking.rs:657:13
[INFO] [stderr]     13:     0x55caa02be9a6 - std::sys_common::backtrace::__rust_end_short_backtrace::hf3289479464f7dfe
[INFO] [stderr]                                  at /rustc/0e09125c6c3c2fd70d7de961bcf0e51575235fad/library/std/src/sys_common/backtrace.rs:171:18
[INFO] [stderr]     14:     0x55caa02bfa20 - rust_begin_unwind
[INFO] [stderr]                                  at /rustc/0e09125c6c3c2fd70d7de961bcf0e51575235fad/library/std/src/panicking.rs:645:5
[INFO] [stderr]     15:     0x55ca9fd5f4f5 - core::panicking::panic_fmt::hcc9f77c5c132af55
[INFO] [stderr]                                  at /rustc/0e09125c6c3c2fd70d7de961bcf0e51575235fad/library/core/src/panicking.rs:72:14
[INFO] [stderr]     16:     0x55ca9fd5fad3 - core::result::unwrap_failed::hbe14f498be1452f9
[INFO] [stderr]                                  at /rustc/0e09125c6c3c2fd70d7de961bcf0e51575235fad/library/core/src/result.rs:1649:5
[INFO] [stderr]     17:     0x55ca9fd60da0 - core::result::Result<T,E>::expect::h12e16ac9305c3c9e
[INFO] [stderr]     18:     0x55ca9fd61de7 - build_script_build::main::ha3596290d13230d6
[INFO] [stderr]     19:     0x55ca9fd607f3 - core::ops::function::FnOnce::call_once::h26597db86499827b
[INFO] [stderr]     20:     0x55ca9fd5fea6 - std::sys_common::backtrace::__rust_begin_short_backtrace::h5fb682bb2fc956a9
[INFO] [stderr]     21:     0x55ca9fd60589 - std::rt::lang_start::{{closure}}::hb2bcec209dd3ee95
[INFO] [stderr]     22:     0x55caa02b7131 - core::ops::function::impls::<impl core::ops::function::FnOnce<A> for &F>::call_once::h4eb4c5e1620f29b0
[INFO] [stderr]                                  at /rustc/0e09125c6c3c2fd70d7de961bcf0e51575235fad/library/core/src/ops/function.rs:284:13
[INFO] [stderr]     23:     0x55caa02b7131 - std::panicking::try::do_call::h73fd26535faffcdf
[INFO] [stderr]                                  at /rustc/0e09125c6c3c2fd70d7de961bcf0e51575235fad/library/std/src/panicking.rs:552:40
[INFO] [stderr]     24:     0x55caa02b7131 - std::panicking::try::h77ff1d98f0fb9f39
[INFO] [stderr]                                  at /rustc/0e09125c6c3c2fd70d7de961bcf0e51575235fad/library/std/src/panicking.rs:516:19
[INFO] [stderr]     25:     0x55caa02b7131 - std::panic::catch_unwind::hab3caf2448b95e37
[INFO] [stderr]                                  at /rustc/0e09125c6c3c2fd70d7de961bcf0e51575235fad/library/std/src/panic.rs:142:14
[INFO] [stderr]     26:     0x55caa02b7131 - std::rt::lang_start_internal::{{closure}}::h8086711f9c783f78
[INFO] [stderr]                                  at /rustc/0e09125c6c3c2fd70d7de961bcf0e51575235fad/library/std/src/rt.rs:148:48
[INFO] [stderr]     27:     0x55caa02b7131 - std::panicking::try::do_call::hf920d4dc291cd6ca
[INFO] [stderr]                                  at /rustc/0e09125c6c3c2fd70d7de961bcf0e51575235fad/library/std/src/panicking.rs:552:40
[INFO] [stderr]     28:     0x55caa02b7131 - std::panicking::try::h2b806ccc0a85db74
[INFO] [stderr]                                  at /rustc/0e09125c6c3c2fd70d7de961bcf0e51575235fad/library/std/src/panicking.rs:516:19
[INFO] [stderr]     29:     0x55caa02b7131 - std::panic::catch_unwind::h038489539c507df2
[INFO] [stderr]                                  at /rustc/0e09125c6c3c2fd70d7de961bcf0e51575235fad/library/std/src/panic.rs:142:14
[INFO] [stderr]     30:     0x55caa02b7131 - std::rt::lang_start_internal::h28503b88912e8a5c
[INFO] [stderr]                                  at /rustc/0e09125c6c3c2fd70d7de961bcf0e51575235fad/library/std/src/rt.rs:148:20
[INFO] [stderr]     31:     0x55ca9fd60567 - std::rt::lang_start::h63b4142ac88b236a
[INFO] [stderr]     32:     0x55ca9fd61f85 - main
[INFO] [stderr]     33:     0x7f517e8a0d90 - <unknown>
[INFO] [stderr]     34:     0x7f517e8a0e40 - __libc_start_main
[INFO] [stderr]     35:     0x55ca9fd5fdd5 - _start
[INFO] [stderr]     36:                0x0 - <unknown>
[INFO] [stderr] warning: build failed, waiting for other jobs to finish...
[INFO] running `Command { std: "docker" "inspect" "97a9bb264cb75fe6eb5fd28d0f973d7115bb630df66a3959f94ed06f776642ff", kill_on_drop: false }`
[INFO] running `Command { std: "docker" "rm" "-f" "97a9bb264cb75fe6eb5fd28d0f973d7115bb630df66a3959f94ed06f776642ff", kill_on_drop: false }`
[INFO] [stdout] 97a9bb264cb75fe6eb5fd28d0f973d7115bb630df66a3959f94ed06f776642ff
