[INFO] cloning repository https://github.com/RatioFinance/ratio-staking
[INFO] running `Command { std: "git" "-c" "credential.helper=" "-c" "credential.helper=/workspace/cargo-home/bin/git-credential-null" "clone" "--bare" "https://github.com/RatioFinance/ratio-staking" "/workspace/cache/git-repos/https%3A%2F%2Fgithub.com%2FRatioFinance%2Fratio-staking", kill_on_drop: false }`
[INFO] [stderr] Cloning into bare repository '/workspace/cache/git-repos/https%3A%2F%2Fgithub.com%2FRatioFinance%2Fratio-staking'...
[INFO] running `Command { std: "git" "rev-parse" "HEAD", kill_on_drop: false }`
[INFO] [stdout] 7f9099a5530213fb3def53ee678a41bc0b0459ad
[INFO] documenting RatioFinance/ratio-staking against 1.75.0 for beta-1.76-rustdoc-1
[INFO] running `Command { std: "git" "clone" "/workspace/cache/git-repos/https%3A%2F%2Fgithub.com%2FRatioFinance%2Fratio-staking" "/workspace/builds/worker-3-tc1/source", kill_on_drop: false }`
[INFO] [stderr] Cloning into '/workspace/builds/worker-3-tc1/source'...
[INFO] [stderr] done.
[INFO] validating manifest of git repo https://github.com/RatioFinance/ratio-staking on toolchain 1.75.0
[INFO] running `Command { std: CARGO_HOME="/workspace/cargo-home" RUSTUP_HOME="/workspace/rustup-home" "/workspace/cargo-home/bin/cargo" "+1.75.0" "metadata" "--manifest-path" "Cargo.toml" "--no-deps", kill_on_drop: false }`
[INFO] started tweaking git repo https://github.com/RatioFinance/ratio-staking
[INFO] finished tweaking git repo https://github.com/RatioFinance/ratio-staking
[INFO] tweaked toml for git repo https://github.com/RatioFinance/ratio-staking written to /workspace/builds/worker-3-tc1/source/Cargo.toml
[INFO] crate git repo https://github.com/RatioFinance/ratio-staking already has a lockfile, it will not be regenerated
[INFO] running `Command { std: CARGO_HOME="/workspace/cargo-home" RUSTUP_HOME="/workspace/rustup-home" "/workspace/cargo-home/bin/cargo" "+1.75.0" "fetch" "--manifest-path" "Cargo.toml", kill_on_drop: false }`
[INFO] [stderr] warning: virtual workspace defaulting to `resolver = "1"` despite one or more workspace members being on edition 2021 which implies `resolver = "2"`
[INFO] [stderr] note: to keep the current resolver, specify `workspace.resolver = "1"` in the workspace root's manifest
[INFO] [stderr] note: to use the edition 2021 resolver, specify `workspace.resolver = "2"` in the workspace root's manifest
[INFO] [stderr] note: for more details see https://doc.rust-lang.org/cargo/reference/resolver.html#resolver-versions
[INFO] [stderr]  Downloading crates ...
[INFO] [stderr]   Downloaded blake3 v1.3.2
[INFO] running `Command { std: "docker" "create" "-v" "/var/lib/crater-agent-workspace/builds/worker-3-tc1/target:/opt/rustwide/target:rw,Z" "-v" "/var/lib/crater-agent-workspace/builds/worker-3-tc1/source:/opt/rustwide/workdir:ro,Z" "-v" "/var/lib/crater-agent-workspace/cargo-home:/opt/rustwide/cargo-home:ro,Z" "-v" "/var/lib/crater-agent-workspace/rustup-home:/opt/rustwide/rustup-home:ro,Z" "-e" "SOURCE_DIR=/opt/rustwide/workdir" "-e" "CARGO_TARGET_DIR=/opt/rustwide/target" "-e" "CARGO_HOME=/opt/rustwide/cargo-home" "-e" "RUSTUP_HOME=/opt/rustwide/rustup-home" "-w" "/opt/rustwide/workdir" "-m" "1610612736" "--user" "0:0" "--network" "none" "ghcr.io/rust-lang/crates-build-env/linux@sha256:2788e3201cd34a07e3172128adcd8b3090168a8e3bcc40d7c032b9dda1df7d1c" "/opt/rustwide/cargo-home/bin/cargo" "+1.75.0" "metadata" "--no-deps" "--format-version=1", kill_on_drop: false }`
[INFO] [stdout] 8b1b12746fe5b636f87bd53d198edb10c98e592ed4ebf2a85924c97111476ed4
[INFO] running `Command { std: "docker" "start" "-a" "8b1b12746fe5b636f87bd53d198edb10c98e592ed4ebf2a85924c97111476ed4", kill_on_drop: false }`
[INFO] running `Command { std: "docker" "inspect" "8b1b12746fe5b636f87bd53d198edb10c98e592ed4ebf2a85924c97111476ed4", kill_on_drop: false }`
[INFO] running `Command { std: "docker" "rm" "-f" "8b1b12746fe5b636f87bd53d198edb10c98e592ed4ebf2a85924c97111476ed4", kill_on_drop: false }`
[INFO] [stdout] 8b1b12746fe5b636f87bd53d198edb10c98e592ed4ebf2a85924c97111476ed4
[INFO] running `Command { std: "docker" "create" "-v" "/var/lib/crater-agent-workspace/builds/worker-3-tc1/target:/opt/rustwide/target:rw,Z" "-v" "/var/lib/crater-agent-workspace/builds/worker-3-tc1/source:/opt/rustwide/workdir:ro,Z" "-v" "/var/lib/crater-agent-workspace/cargo-home:/opt/rustwide/cargo-home:ro,Z" "-v" "/var/lib/crater-agent-workspace/rustup-home:/opt/rustwide/rustup-home:ro,Z" "-e" "SOURCE_DIR=/opt/rustwide/workdir" "-e" "CARGO_TARGET_DIR=/opt/rustwide/target" "-e" "CARGO_INCREMENTAL=0" "-e" "RUST_BACKTRACE=full" "-e" "RUSTFLAGS=--cap-lints=warn" "-e" "RUSTDOCFLAGS=--cap-lints=warn" "-e" "CARGO_HOME=/opt/rustwide/cargo-home" "-e" "RUSTUP_HOME=/opt/rustwide/rustup-home" "-w" "/opt/rustwide/workdir" "-m" "1610612736" "--user" "0:0" "--network" "none" "ghcr.io/rust-lang/crates-build-env/linux@sha256:2788e3201cd34a07e3172128adcd8b3090168a8e3bcc40d7c032b9dda1df7d1c" "/opt/rustwide/cargo-home/bin/cargo" "+1.75.0" "doc" "--frozen" "--no-deps" "--document-private-items" "--message-format=json", kill_on_drop: false }`
[INFO] [stdout] 251998f9dca783d904a56dc9cdd3fe9801e706a7fb6b8247f387575fb0c3c62e
[INFO] running `Command { std: "docker" "start" "-a" "251998f9dca783d904a56dc9cdd3fe9801e706a7fb6b8247f387575fb0c3c62e", kill_on_drop: false }`
[INFO] [stderr] warning: virtual workspace defaulting to `resolver = "1"` despite one or more workspace members being on edition 2021 which implies `resolver = "2"`
[INFO] [stderr] note: to keep the current resolver, specify `workspace.resolver = "1"` in the workspace root's manifest
[INFO] [stderr] note: to use the edition 2021 resolver, specify `workspace.resolver = "2"` in the workspace root's manifest
[INFO] [stderr] note: for more details see https://doc.rust-lang.org/cargo/reference/resolver.html#resolver-versions
[INFO] [stderr]    Compiling proc-macro2 v1.0.47
[INFO] [stderr]    Compiling quote v1.0.21
[INFO] [stderr]    Compiling unicode-ident v1.0.5
[INFO] [stderr]    Compiling syn v1.0.103
[INFO] [stderr]    Compiling serde_derive v1.0.147
[INFO] [stderr]    Compiling serde v1.0.147
[INFO] [stderr]    Compiling typenum v1.15.0
[INFO] [stderr]    Compiling libc v0.2.137
[INFO] [stderr]    Compiling thiserror v1.0.37
[INFO] [stderr]    Compiling semver v1.0.14
[INFO] [stderr]     Checking subtle v2.4.1
[INFO] [stderr]    Compiling crunchy v0.2.2
[INFO] [stderr]    Compiling generic-array v0.14.6
[INFO] [stderr]    Compiling proc-macro2-diagnostics v0.9.1
[INFO] [stderr]    Compiling crossbeam-utils v0.8.14
[INFO] [stderr]    Compiling anyhow v1.0.66
[INFO] [stderr]    Compiling serde_json v1.0.89
[INFO] [stderr]    Compiling unicode-segmentation v1.10.0
[INFO] [stderr]    Compiling cpufeatures v0.2.5
[INFO] [stderr]    Compiling yansi v0.5.1
[INFO] [stderr]    Compiling opaque-debug v0.3.0
[INFO] [stderr]    Compiling ryu v1.0.11
[INFO] [stderr]    Compiling itoa v1.0.4
[INFO] [stderr]    Compiling memoffset v0.7.1
[INFO] [stderr]    Compiling crossbeam-epoch v0.9.13
[INFO] [stderr]    Compiling once_cell v1.16.0
[INFO] [stderr]    Compiling bs58 v0.3.1
[INFO] [stderr]    Compiling getrandom v0.1.16
[INFO] [stderr]    Compiling wasm-bindgen-shared v0.2.83
[INFO] [stderr]    Compiling rayon-core v1.10.1
[INFO] [stderr]    Compiling log v0.4.17
[INFO] [stderr]    Compiling ahash v0.7.6
[INFO] [stderr]    Compiling heck v0.3.3
[INFO] [stderr]    Compiling bumpalo v3.11.1
[INFO] [stderr]    Compiling rustc_version v0.4.0
[INFO] [stderr]    Compiling rustversion v1.0.9
[INFO] [stderr]     Checking either v1.8.0
[INFO] [stderr]    Compiling feature-probe v0.1.1
[INFO] [stderr]    Compiling im v15.1.0
[INFO] [stderr]     Checking crossbeam-channel v0.5.6
[INFO] [stderr]    Compiling cc v1.0.77
[INFO] [stderr]     Checking rand_core v0.6.4
[INFO] [stderr]    Compiling num-traits v0.2.15
[INFO] [stderr]    Compiling bv v0.11.1
[INFO] [stderr]    Compiling bs58 v0.4.0
[INFO] [stderr]    Compiling solana-frozen-abi-macro v1.10.41
[INFO] [stderr]    Compiling solana-frozen-abi v1.10.41
[INFO] [stderr]     Checking crossbeam-deque v0.8.2
[INFO] [stderr]     Checking rand_xoshiro v0.6.0
[INFO] [stderr]     Checking arrayref v0.3.6
[INFO] [stderr]    Compiling wasm-bindgen v0.2.83
[INFO] [stderr]    Compiling memchr v2.5.0
[INFO] [stderr]    Compiling solana-program v1.10.41
[INFO] [stderr]     Checking num_cpus v1.14.0
[INFO] [stderr]     Checking getrandom v0.2.8
[INFO] [stderr]     Checking memmap2 v0.5.8
[INFO] [stderr]     Checking constant_time_eq v0.2.4
[INFO] [stderr]     Checking zeroize v1.3.0
[INFO] [stderr]     Checking base64 v0.12.3
[INFO] [stderr]     Checking rand_core v0.5.1
[INFO] [stderr]     Checking byteorder v1.4.3
[INFO] [stderr]     Checking arrayvec v0.7.2
[INFO] [stderr]     Checking keccak v0.1.3
[INFO] [stderr]     Checking itertools v0.10.5
[INFO] [stderr]     Checking base64 v0.13.1
[INFO] [stderr]    Compiling regex-syntax v0.6.28
[INFO] [stderr]     Checking rand_chacha v0.2.2
[INFO] [stderr]     Checking hashbrown v0.11.2
[INFO] [stderr]     Checking bitmaps v2.1.0
[INFO] [stderr]     Checking rand v0.7.3
[INFO] [stderr]    Compiling blake3 v1.3.2
[INFO] [stderr]    Compiling aho-corasick v0.7.20
[INFO] [stderr]     Checking rayon v1.6.0
[INFO] [stderr]     Checking sized-chunks v0.6.5
[INFO] [stderr]    Compiling regex v1.7.0
[INFO] [stderr]    Compiling wasm-bindgen-backend v0.2.83
[INFO] [stderr]    Compiling borsh-schema-derive-internal v0.9.3
[INFO] [stderr]    Compiling borsh-derive-internal v0.9.3
[INFO] [stderr]    Compiling wasm-bindgen-macro-support v0.2.83
[INFO] [stderr]    Compiling thiserror-impl v1.0.37
[INFO] [stderr]    Compiling bytemuck_derive v1.3.0
[INFO] [stderr]    Compiling num-derive v0.3.3
[INFO] [stderr]    Compiling solana-sdk-macro v1.10.41
[INFO] [stderr]    Compiling wasm-bindgen-macro v0.2.83
[INFO] [stderr]     Checking bytemuck v1.12.3
[INFO] [stderr]     Checking serde_bytes v0.11.7
[INFO] [stderr]     Checking bincode v1.3.3
[INFO] [stderr]    Compiling toml v0.5.9
[INFO] [stderr]     Checking digest v0.9.0
[INFO] [stderr]     Checking block-buffer v0.10.3
[INFO] [stderr]     Checking crypto-common v0.1.6
[INFO] [stderr]     Checking crypto-mac v0.8.0
[INFO] [stderr]     Checking block-buffer v0.9.0
[INFO] [stderr]     Checking hmac v0.8.1
[INFO] [stderr]     Checking libsecp256k1-core v0.2.2
[INFO] [stderr]     Checking sha2 v0.9.9
[INFO] [stderr]     Checking curve25519-dalek v3.2.1
[INFO] [stderr]     Checking digest v0.10.6
[INFO] [stderr]     Checking hmac-drbg v0.3.0
[INFO] [stderr]     Checking sha2 v0.10.6
[INFO] [stderr]     Checking sha3 v0.10.6
[INFO] [stderr]    Compiling anchor-syn v0.25.0
[INFO] [stderr]    Compiling proc-macro-crate v0.1.5
[INFO] [stderr]    Compiling proc-macro-crate v1.2.1
[INFO] [stderr]    Compiling borsh-derive v0.9.3
[INFO] [stderr]    Compiling num_enum_derive v0.5.7
[INFO] [stderr]    Compiling libsecp256k1-gen-genmult v0.2.1
[INFO] [stderr]    Compiling libsecp256k1-gen-ecmult v0.2.1
[INFO] [stderr]    Compiling libsecp256k1 v0.6.0
[INFO] [stderr]     Checking borsh v0.9.3
[INFO] [stderr]     Checking num_enum v0.5.7
[INFO] [stderr]    Compiling anchor-attribute-access-control v0.25.0
[INFO] [stderr]    Compiling anchor-attribute-interface v0.25.0
[INFO] [stderr]    Compiling anchor-attribute-state v0.25.0
[INFO] [stderr]    Compiling anchor-attribute-event v0.25.0
[INFO] [stderr]    Compiling anchor-attribute-program v0.25.0
[INFO] [stderr]    Compiling anchor-attribute-account v0.25.0
[INFO] [stderr]    Compiling anchor-attribute-constant v0.25.0
[INFO] [stderr]    Compiling anchor-derive-accounts v0.25.0
[INFO] [stderr]    Compiling anchor-attribute-error v0.25.0
[INFO] [stderr]     Checking spl-token v3.3.1
[INFO] [stderr]     Checking anchor-lang v0.25.0
[INFO] [stderr]     Checking spl-associated-token-account v1.0.5
[INFO] [stderr]     Checking anchor-spl v0.25.0
[INFO] [stderr]     Checking ratio-common v0.1.0 (/opt/rustwide/workdir/programs/common)
[INFO] [stderr]  Documenting ratio-common v0.1.0 (/opt/rustwide/workdir/programs/common)
[INFO] [stderr]     Checking ratio-staking v0.1.0 (/opt/rustwide/workdir/programs/ratio-staking)
[INFO] [stderr]  Documenting ratio-staking v0.1.0 (/opt/rustwide/workdir/programs/ratio-staking)
[INFO] [stdout] error[E0425]: cannot find function `close_token_account` in module `cpi`
[INFO] [stdout]   --> programs/ratio-staking/src/instructions/close.rs:27:9
[INFO] [stdout]    |
[INFO] [stdout] 27 |         close_vault!(self, seeds!(self.stake, self.vault))
[INFO] [stdout]    |         ^^^^^^^^^^^^^^^^^^^^^^^^^^^^^^^^^^^^^^^^^^^^^^^^^^ not found in `cpi`
[INFO] [stdout]    |
[INFO] [stdout]    = note: this error originates in the macro `close_vault` (in Nightly builds, run with -Z macro-backtrace for more info)
[INFO] [stdout] help: consider importing this function
[INFO] [stdout]    |
[INFO] [stdout] 1  + use ratio_common::cpi::close_token_account;
[INFO] [stdout]    |
[INFO] [stdout] 
[INFO] [stdout] 
[INFO] [stdout] error[E0425]: cannot find function `transfer_tokens` in module `cpi`
[INFO] [stdout]   --> programs/ratio-staking/src/instructions/slash.rs:32:9
[INFO] [stdout]    |
[INFO] [stdout] 32 |         transfer_tokens_from_vault!(self, token_account, seeds!(self.stake, self.vault), amount)
[INFO] [stdout]    |         ^^^^^^^^^^^^^^^^^^^^^^^^^^^^^^^^^^^^^^^^^^^^^^^^^^^^^^^^^^^^^^^^^^^^^^^^^^^^^^^^^^^^^^^^ not found in `cpi`
[INFO] [stdout]    |
[INFO] [stdout]    = note: this error originates in the macro `transfer_tokens_from_vault` (in Nightly builds, run with -Z macro-backtrace for more info)
[INFO] [stdout] help: consider importing this function
[INFO] [stdout]    |
[INFO] [stdout] 1  + use ratio_common::cpi::transfer_tokens;
[INFO] [stdout]    |
[INFO] [stdout] 
[INFO] [stdout] 
[INFO] [stdout] error[E0425]: cannot find function `transfer_tokens` in module `cpi`
[INFO] [stdout]   --> programs/ratio-staking/src/instructions/stake.rs:60:9
[INFO] [stdout]    |
[INFO] [stdout] 60 |         transfer_tokens_to_vault!(self, amount)
[INFO] [stdout]    |         ^^^^^^^^^^^^^^^^^^^^^^^^^^^^^^^^^^^^^^^ not found in `cpi`
[INFO] [stdout]    |
[INFO] [stdout]    = note: this error originates in the macro `transfer_tokens_to_vault` (in Nightly builds, run with -Z macro-backtrace for more info)
[INFO] [stdout] help: consider importing this function
[INFO] [stdout]    |
[INFO] [stdout] 1  + use ratio_common::cpi::transfer_tokens;
[INFO] [stdout]    |
[INFO] [stdout] 
[INFO] [stdout] 
[INFO] [stdout] error[E0425]: cannot find function `transfer_tokens` in module `cpi`
[INFO] [stdout]   --> programs/ratio-staking/src/instructions/topup.rs:30:9
[INFO] [stdout]    |
[INFO] [stdout] 30 |         transfer_tokens_to_vault!(self, amount)
[INFO] [stdout]    |         ^^^^^^^^^^^^^^^^^^^^^^^^^^^^^^^^^^^^^^^ not found in `cpi`
[INFO] [stdout]    |
[INFO] [stdout]    = note: this error originates in the macro `transfer_tokens_to_vault` (in Nightly builds, run with -Z macro-backtrace for more info)
[INFO] [stdout] help: consider importing this function
[INFO] [stdout]    |
[INFO] [stdout] 1  + use ratio_common::cpi::transfer_tokens;
[INFO] [stdout]    |
[INFO] [stdout] 
[INFO] [stdout] 
[INFO] [stdout] error[E0425]: cannot find function `transfer_tokens` in module `cpi`
[INFO] [stdout]   --> programs/ratio-staking/src/instructions/withdraw.rs:28:13
[INFO] [stdout]    |
[INFO] [stdout] 28 |             transfer_tokens_from_vault!(self, user, seeds!(self.stake, self.vault), amount)
[INFO] [stdout]    |             ^^^^^^^^^^^^^^^^^^^^^^^^^^^^^^^^^^^^^^^^^^^^^^^^^^^^^^^^^^^^^^^^^^^^^^^^^^^^^^^ not found in `cpi`
[INFO] [stdout]    |
[INFO] [stdout]    = note: this error originates in the macro `transfer_tokens_from_vault` (in Nightly builds, run with -Z macro-backtrace for more info)
[INFO] [stdout] help: consider importing this function
[INFO] [stdout]    |
[INFO] [stdout] 1  + use ratio_common::cpi::transfer_tokens;
[INFO] [stdout]    |
[INFO] [stdout] 
[INFO] [stdout] 
[INFO] [stdout] error: aborting due to 5 previous errors
[INFO] [stdout] 
[INFO] [stdout] 
[INFO] [stdout] For more information about this error, try `rustc --explain E0425`.
[INFO] [stdout] 
[INFO] [stderr] error: could not compile `ratio-staking` (lib) due to 6 previous errors
[INFO] [stderr] warning: build failed, waiting for other jobs to finish...
[INFO] running `Command { std: "docker" "inspect" "251998f9dca783d904a56dc9cdd3fe9801e706a7fb6b8247f387575fb0c3c62e", kill_on_drop: false }`
[INFO] running `Command { std: "docker" "rm" "-f" "251998f9dca783d904a56dc9cdd3fe9801e706a7fb6b8247f387575fb0c3c62e", kill_on_drop: false }`
[INFO] [stdout] 251998f9dca783d904a56dc9cdd3fe9801e706a7fb6b8247f387575fb0c3c62e
[INFO] documenting RatioFinance/ratio-staking against beta-2023-12-22 for beta-1.76-rustdoc-1
[INFO] running `Command { std: "git" "clone" "/workspace/cache/git-repos/https%3A%2F%2Fgithub.com%2FRatioFinance%2Fratio-staking" "/workspace/builds/worker-3-tc2/source", kill_on_drop: false }`
[INFO] [stderr] Cloning into '/workspace/builds/worker-3-tc2/source'...
[INFO] [stderr] done.
[INFO] validating manifest of git repo https://github.com/RatioFinance/ratio-staking on toolchain beta-2023-12-22
[INFO] running `Command { std: CARGO_HOME="/workspace/cargo-home" RUSTUP_HOME="/workspace/rustup-home" "/workspace/cargo-home/bin/cargo" "+beta-2023-12-22" "metadata" "--manifest-path" "Cargo.toml" "--no-deps", kill_on_drop: false }`
[INFO] started tweaking git repo https://github.com/RatioFinance/ratio-staking
[INFO] finished tweaking git repo https://github.com/RatioFinance/ratio-staking
[INFO] tweaked toml for git repo https://github.com/RatioFinance/ratio-staking written to /workspace/builds/worker-3-tc2/source/Cargo.toml
[INFO] crate git repo https://github.com/RatioFinance/ratio-staking already has a lockfile, it will not be regenerated
[INFO] running `Command { std: CARGO_HOME="/workspace/cargo-home" RUSTUP_HOME="/workspace/rustup-home" "/workspace/cargo-home/bin/cargo" "+beta-2023-12-22" "fetch" "--manifest-path" "Cargo.toml", kill_on_drop: false }`
[INFO] [stderr] warning: virtual workspace defaulting to `resolver = "1"` despite one or more workspace members being on edition 2021 which implies `resolver = "2"`
[INFO] [stderr] note: to keep the current resolver, specify `workspace.resolver = "1"` in the workspace root's manifest
[INFO] [stderr] note: to use the edition 2021 resolver, specify `workspace.resolver = "2"` in the workspace root's manifest
[INFO] [stderr] note: for more details see https://doc.rust-lang.org/cargo/reference/resolver.html#resolver-versions
[INFO] running `Command { std: "docker" "create" "-v" "/var/lib/crater-agent-workspace/builds/worker-3-tc2/target:/opt/rustwide/target:rw,Z" "-v" "/var/lib/crater-agent-workspace/builds/worker-3-tc2/source:/opt/rustwide/workdir:ro,Z" "-v" "/var/lib/crater-agent-workspace/cargo-home:/opt/rustwide/cargo-home:ro,Z" "-v" "/var/lib/crater-agent-workspace/rustup-home:/opt/rustwide/rustup-home:ro,Z" "-e" "SOURCE_DIR=/opt/rustwide/workdir" "-e" "CARGO_TARGET_DIR=/opt/rustwide/target" "-e" "CARGO_HOME=/opt/rustwide/cargo-home" "-e" "RUSTUP_HOME=/opt/rustwide/rustup-home" "-w" "/opt/rustwide/workdir" "-m" "1610612736" "--user" "0:0" "--network" "none" "ghcr.io/rust-lang/crates-build-env/linux@sha256:2788e3201cd34a07e3172128adcd8b3090168a8e3bcc40d7c032b9dda1df7d1c" "/opt/rustwide/cargo-home/bin/cargo" "+beta-2023-12-22" "metadata" "--no-deps" "--format-version=1", kill_on_drop: false }`
[INFO] [stdout] d96c2cf475edf288dab67588464c072781c2eb46a94933e263f97aa644382314
[INFO] running `Command { std: "docker" "start" "-a" "d96c2cf475edf288dab67588464c072781c2eb46a94933e263f97aa644382314", kill_on_drop: false }`
[INFO] running `Command { std: "docker" "inspect" "d96c2cf475edf288dab67588464c072781c2eb46a94933e263f97aa644382314", kill_on_drop: false }`
[INFO] running `Command { std: "docker" "rm" "-f" "d96c2cf475edf288dab67588464c072781c2eb46a94933e263f97aa644382314", kill_on_drop: false }`
[INFO] [stdout] d96c2cf475edf288dab67588464c072781c2eb46a94933e263f97aa644382314
[INFO] running `Command { std: "docker" "create" "-v" "/var/lib/crater-agent-workspace/builds/worker-3-tc2/target:/opt/rustwide/target:rw,Z" "-v" "/var/lib/crater-agent-workspace/builds/worker-3-tc2/source:/opt/rustwide/workdir:ro,Z" "-v" "/var/lib/crater-agent-workspace/cargo-home:/opt/rustwide/cargo-home:ro,Z" "-v" "/var/lib/crater-agent-workspace/rustup-home:/opt/rustwide/rustup-home:ro,Z" "-e" "SOURCE_DIR=/opt/rustwide/workdir" "-e" "CARGO_TARGET_DIR=/opt/rustwide/target" "-e" "CARGO_INCREMENTAL=0" "-e" "RUST_BACKTRACE=full" "-e" "RUSTFLAGS=--cap-lints=warn" "-e" "RUSTDOCFLAGS=--cap-lints=warn" "-e" "CARGO_HOME=/opt/rustwide/cargo-home" "-e" "RUSTUP_HOME=/opt/rustwide/rustup-home" "-w" "/opt/rustwide/workdir" "-m" "1610612736" "--user" "0:0" "--network" "none" "ghcr.io/rust-lang/crates-build-env/linux@sha256:2788e3201cd34a07e3172128adcd8b3090168a8e3bcc40d7c032b9dda1df7d1c" "/opt/rustwide/cargo-home/bin/cargo" "+beta-2023-12-22" "doc" "--frozen" "--no-deps" "--document-private-items" "--message-format=json", kill_on_drop: false }`
[INFO] [stdout] 5a7728f326435a3e00ee7d25848712d143a716746023e2d2650e53f347c16b8a
[INFO] running `Command { std: "docker" "start" "-a" "5a7728f326435a3e00ee7d25848712d143a716746023e2d2650e53f347c16b8a", kill_on_drop: false }`
[INFO] [stderr] warning: virtual workspace defaulting to `resolver = "1"` despite one or more workspace members being on edition 2021 which implies `resolver = "2"`
[INFO] [stderr] note: to keep the current resolver, specify `workspace.resolver = "1"` in the workspace root's manifest
[INFO] [stderr] note: to use the edition 2021 resolver, specify `workspace.resolver = "2"` in the workspace root's manifest
[INFO] [stderr] note: for more details see https://doc.rust-lang.org/cargo/reference/resolver.html#resolver-versions
[INFO] [stderr]    Compiling proc-macro2 v1.0.47
[INFO] [stderr]    Compiling quote v1.0.21
[INFO] [stderr]    Compiling unicode-ident v1.0.5
[INFO] [stderr]    Compiling syn v1.0.103
[INFO] [stderr]    Compiling serde_derive v1.0.147
[INFO] [stderr]    Compiling serde v1.0.147
[INFO] [stderr]    Compiling typenum v1.15.0
[INFO] [stderr]    Compiling libc v0.2.137
[INFO] [stderr]    Compiling thiserror v1.0.37
[INFO] [stderr]    Compiling semver v1.0.14
[INFO] [stderr]     Checking subtle v2.4.1
[INFO] [stderr]    Compiling crunchy v0.2.2
[INFO] [stderr]    Compiling generic-array v0.14.6
[INFO] [stderr]    Compiling proc-macro2-diagnostics v0.9.1
[INFO] [stderr]    Compiling anyhow v1.0.66
[INFO] [stderr]    Compiling serde_json v1.0.89
[INFO] [stderr]    Compiling crossbeam-utils v0.8.14
[INFO] [stderr]    Compiling unicode-segmentation v1.10.0
[INFO] [stderr]    Compiling ryu v1.0.11
[INFO] [stderr]    Compiling cpufeatures v0.2.5
[INFO] [stderr]    Compiling itoa v1.0.4
[INFO] [stderr]    Compiling opaque-debug v0.3.0
[INFO] [stderr]    Compiling yansi v0.5.1
[INFO] [stderr]    Compiling memoffset v0.7.1
[INFO] [stderr]    Compiling crossbeam-epoch v0.9.13
[INFO] [stderr]    Compiling bs58 v0.3.1
[INFO] [stderr]    Compiling getrandom v0.1.16
[INFO] [stderr]    Compiling once_cell v1.16.0
[INFO] [stderr]    Compiling wasm-bindgen-shared v0.2.83
[INFO] [stderr]    Compiling rayon-core v1.10.1
[INFO] [stderr]    Compiling heck v0.3.3
[INFO] [stderr]    Compiling log v0.4.17
[INFO] [stderr]    Compiling ahash v0.7.6
[INFO] [stderr]    Compiling rustc_version v0.4.0
[INFO] [stderr]    Compiling feature-probe v0.1.1
[INFO] [stderr]    Compiling bumpalo v3.11.1
[INFO] [stderr]     Checking either v1.8.0
[INFO] [stderr]    Compiling rustversion v1.0.9
[INFO] [stderr]    Compiling im v15.1.0
[INFO] [stderr]     Checking rand_core v0.6.4
[INFO] [stderr]    Compiling cc v1.0.77
[INFO] [stderr]    Compiling bv v0.11.1
[INFO] [stderr]     Checking crossbeam-channel v0.5.6
[INFO] [stderr]     Checking rand_xoshiro v0.6.0
[INFO] [stderr]    Compiling num-traits v0.2.15
[INFO] [stderr]     Checking arrayref v0.3.6
[INFO] [stderr]    Compiling solana-frozen-abi-macro v1.10.41
[INFO] [stderr]     Checking crossbeam-deque v0.8.2
[INFO] [stderr]    Compiling solana-frozen-abi v1.10.41
[INFO] [stderr]    Compiling bs58 v0.4.0
[INFO] [stderr]    Compiling wasm-bindgen v0.2.83
[INFO] [stderr]     Checking num_cpus v1.14.0
[INFO] [stderr]     Checking getrandom v0.2.8
[INFO] [stderr]     Checking memmap2 v0.5.8
[INFO] [stderr]    Compiling memchr v2.5.0
[INFO] [stderr]    Compiling solana-program v1.10.41
[INFO] [stderr]     Checking rand_core v0.5.1
[INFO] [stderr]     Checking constant_time_eq v0.2.4
[INFO] [stderr]     Checking keccak v0.1.3
[INFO] [stderr]     Checking base64 v0.12.3
[INFO] [stderr]     Checking byteorder v1.4.3
[INFO] [stderr]     Checking arrayvec v0.7.2
[INFO] [stderr]     Checking zeroize v1.3.0
[INFO] [stderr]     Checking rand_chacha v0.2.2
[INFO] [stderr]     Checking hashbrown v0.11.2
[INFO] [stderr]     Checking itertools v0.10.5
[INFO] [stderr]     Checking base64 v0.13.1
[INFO] [stderr]    Compiling regex-syntax v0.6.28
[INFO] [stderr]     Checking rand v0.7.3
[INFO] [stderr]     Checking bitmaps v2.1.0
[INFO] [stderr]     Checking rayon v1.6.0
[INFO] [stderr]    Compiling blake3 v1.3.2
[INFO] [stderr]    Compiling aho-corasick v0.7.20
[INFO] [stderr]     Checking sized-chunks v0.6.5
[INFO] [stderr]    Compiling regex v1.7.0
[INFO] [stderr]    Compiling wasm-bindgen-backend v0.2.83
[INFO] [stderr]    Compiling borsh-schema-derive-internal v0.9.3
[INFO] [stderr]    Compiling borsh-derive-internal v0.9.3
[INFO] [stderr]    Compiling wasm-bindgen-macro-support v0.2.83
[INFO] [stderr]    Compiling thiserror-impl v1.0.37
[INFO] [stderr]    Compiling bytemuck_derive v1.3.0
[INFO] [stderr]    Compiling num-derive v0.3.3
[INFO] [stderr]    Compiling solana-sdk-macro v1.10.41
[INFO] [stderr]    Compiling wasm-bindgen-macro v0.2.83
[INFO] [stderr]     Checking bytemuck v1.12.3
[INFO] [stderr]     Checking serde_bytes v0.11.7
[INFO] [stderr]     Checking bincode v1.3.3
[INFO] [stderr]    Compiling toml v0.5.9
[INFO] [stderr]     Checking digest v0.9.0
[INFO] [stderr]     Checking block-buffer v0.10.3
[INFO] [stderr]     Checking crypto-common v0.1.6
[INFO] [stderr]     Checking crypto-mac v0.8.0
[INFO] [stderr]     Checking block-buffer v0.9.0
[INFO] [stderr]     Checking digest v0.10.6
[INFO] [stderr]     Checking hmac v0.8.1
[INFO] [stderr]     Checking sha2 v0.9.9
[INFO] [stderr]     Checking libsecp256k1-core v0.2.2
[INFO] [stderr]     Checking curve25519-dalek v3.2.1
[INFO] [stderr]     Checking hmac-drbg v0.3.0
[INFO] [stderr]     Checking sha2 v0.10.6
[INFO] [stderr]     Checking sha3 v0.10.6
[INFO] [stderr]    Compiling proc-macro-crate v0.1.5
[INFO] [stderr]    Compiling proc-macro-crate v1.2.1
[INFO] [stderr]    Compiling anchor-syn v0.25.0
[INFO] [stderr]    Compiling borsh-derive v0.9.3
[INFO] [stderr]    Compiling num_enum_derive v0.5.7
[INFO] [stderr]    Compiling libsecp256k1-gen-ecmult v0.2.1
[INFO] [stderr]    Compiling libsecp256k1-gen-genmult v0.2.1
[INFO] [stderr]    Compiling libsecp256k1 v0.6.0
[INFO] [stderr]     Checking borsh v0.9.3
[INFO] [stderr]     Checking num_enum v0.5.7
[INFO] [stderr]    Compiling anchor-attribute-access-control v0.25.0
[INFO] [stderr]    Compiling anchor-attribute-error v0.25.0
[INFO] [stderr]    Compiling anchor-attribute-program v0.25.0
[INFO] [stderr]    Compiling anchor-attribute-constant v0.25.0
[INFO] [stderr]    Compiling anchor-derive-accounts v0.25.0
[INFO] [stderr]    Compiling anchor-attribute-account v0.25.0
[INFO] [stderr]    Compiling anchor-attribute-interface v0.25.0
[INFO] [stderr]    Compiling anchor-attribute-event v0.25.0
[INFO] [stderr]    Compiling anchor-attribute-state v0.25.0
[INFO] [stderr]     Checking spl-token v3.3.1
[INFO] [stderr]     Checking anchor-lang v0.25.0
[INFO] [stderr]     Checking spl-associated-token-account v1.0.5
[INFO] [stderr]     Checking anchor-spl v0.25.0
[INFO] [stderr]     Checking ratio-common v0.1.0 (/opt/rustwide/workdir/programs/common)
[INFO] [stderr]  Documenting ratio-common v0.1.0 (/opt/rustwide/workdir/programs/common)
[INFO] [stderr]     Checking ratio-staking v0.1.0 (/opt/rustwide/workdir/programs/ratio-staking)
[INFO] [stderr]  Documenting ratio-staking v0.1.0 (/opt/rustwide/workdir/programs/ratio-staking)
[INFO] [stdout] error[E0425]: cannot find function `close_token_account` in module `cpi`
[INFO] [stdout]   --> programs/ratio-staking/src/instructions/close.rs:27:9
[INFO] [stdout]    |
[INFO] [stdout] 27 |         close_vault!(self, seeds!(self.stake, self.vault))
[INFO] [stdout]    |         ^^^^^^^^^^^^^^^^^^^^^^^^^^^^^^^^^^^^^^^^^^^^^^^^^^ not found in `cpi`
[INFO] [stdout]    |
[INFO] [stdout]    = note: this error originates in the macro `close_vault` (in Nightly builds, run with -Z macro-backtrace for more info)
[INFO] [stdout] help: consider importing this function
[INFO] [stdout]    |
[INFO] [stdout] 1  + use ratio_common::cpi::close_token_account;
[INFO] [stdout]    |
[INFO] [stdout] 
[INFO] [stdout] 
[INFO] [stdout] error[E0425]: cannot find function `transfer_tokens` in module `cpi`
[INFO] [stdout]   --> programs/ratio-staking/src/instructions/slash.rs:32:9
[INFO] [stdout]    |
[INFO] [stdout] 32 |         transfer_tokens_from_vault!(self, token_account, seeds!(self.stake, self.vault), amount)
[INFO] [stdout]    |         ^^^^^^^^^^^^^^^^^^^^^^^^^^^^^^^^^^^^^^^^^^^^^^^^^^^^^^^^^^^^^^^^^^^^^^^^^^^^^^^^^^^^^^^^ not found in `cpi`
[INFO] [stdout]    |
[INFO] [stdout]    = note: this error originates in the macro `transfer_tokens_from_vault` (in Nightly builds, run with -Z macro-backtrace for more info)
[INFO] [stdout] help: consider importing this function
[INFO] [stdout]    |
[INFO] [stdout] 1  + use ratio_common::cpi::transfer_tokens;
[INFO] [stdout]    |
[INFO] [stdout] 
[INFO] [stdout] 
[INFO] [stdout] error[E0425]: cannot find function `transfer_tokens` in module `cpi`
[INFO] [stdout]   --> programs/ratio-staking/src/instructions/stake.rs:60:9
[INFO] [stdout]    |
[INFO] [stdout] 60 |         transfer_tokens_to_vault!(self, amount)
[INFO] [stdout]    |         ^^^^^^^^^^^^^^^^^^^^^^^^^^^^^^^^^^^^^^^ not found in `cpi`
[INFO] [stdout]    |
[INFO] [stdout]    = note: this error originates in the macro `transfer_tokens_to_vault` (in Nightly builds, run with -Z macro-backtrace for more info)
[INFO] [stdout] help: consider importing this function
[INFO] [stdout]    |
[INFO] [stdout] 1  + use ratio_common::cpi::transfer_tokens;
[INFO] [stdout]    |
[INFO] [stdout] 
[INFO] [stdout] 
[INFO] [stdout] error[E0425]: cannot find function `transfer_tokens` in module `cpi`
[INFO] [stdout]   --> programs/ratio-staking/src/instructions/topup.rs:30:9
[INFO] [stdout]    |
[INFO] [stdout] 30 |         transfer_tokens_to_vault!(self, amount)
[INFO] [stdout]    |         ^^^^^^^^^^^^^^^^^^^^^^^^^^^^^^^^^^^^^^^ not found in `cpi`
[INFO] [stdout]    |
[INFO] [stdout]    = note: this error originates in the macro `transfer_tokens_to_vault` (in Nightly builds, run with -Z macro-backtrace for more info)
[INFO] [stdout] help: consider importing this function
[INFO] [stdout]    |
[INFO] [stdout] 1  + use ratio_common::cpi::transfer_tokens;
[INFO] [stdout]    |
[INFO] [stdout] 
[INFO] [stdout] 
[INFO] [stdout] error[E0425]: cannot find function `transfer_tokens` in module `cpi`
[INFO] [stdout]   --> programs/ratio-staking/src/instructions/withdraw.rs:28:13
[INFO] [stdout]    |
[INFO] [stdout] 28 |             transfer_tokens_from_vault!(self, user, seeds!(self.stake, self.vault), amount)
[INFO] [stdout]    |             ^^^^^^^^^^^^^^^^^^^^^^^^^^^^^^^^^^^^^^^^^^^^^^^^^^^^^^^^^^^^^^^^^^^^^^^^^^^^^^^ not found in `cpi`
[INFO] [stdout]    |
[INFO] [stdout]    = note: this error originates in the macro `transfer_tokens_from_vault` (in Nightly builds, run with -Z macro-backtrace for more info)
[INFO] [stdout] help: consider importing this function
[INFO] [stdout]    |
[INFO] [stdout] 1  + use ratio_common::cpi::transfer_tokens;
[INFO] [stdout]    |
[INFO] [stdout] 
[INFO] [stdout] 
[INFO] [stdout] error: aborting due to 5 previous errors
[INFO] [stdout] 
[INFO] [stdout] 
[INFO] [stdout] For more information about this error, try `rustc --explain E0425`.
[INFO] [stdout] 
[INFO] [stderr] error: could not compile `ratio-staking` (lib) due to 6 previous errors
[INFO] [stderr] warning: build failed, waiting for other jobs to finish...
[INFO] running `Command { std: "docker" "inspect" "5a7728f326435a3e00ee7d25848712d143a716746023e2d2650e53f347c16b8a", kill_on_drop: false }`
[INFO] running `Command { std: "docker" "rm" "-f" "5a7728f326435a3e00ee7d25848712d143a716746023e2d2650e53f347c16b8a", kill_on_drop: false }`
[INFO] [stdout] 5a7728f326435a3e00ee7d25848712d143a716746023e2d2650e53f347c16b8a
