[INFO] cloning repository https://github.com/Ralith/starbox
[INFO] running `Command { std: "git" "-c" "credential.helper=" "-c" "credential.helper=/workspace/cargo-home/bin/git-credential-null" "clone" "--bare" "https://github.com/Ralith/starbox" "/workspace/cache/git-repos/https%3A%2F%2Fgithub.com%2FRalith%2Fstarbox", kill_on_drop: false }`
[INFO] [stderr] Cloning into bare repository '/workspace/cache/git-repos/https%3A%2F%2Fgithub.com%2FRalith%2Fstarbox'...
[INFO] running `Command { std: "git" "rev-parse" "HEAD", kill_on_drop: false }`
[INFO] [stdout] fc59ce9f1e7242072f91d23840fded443fc98f9e
[INFO] documenting Ralith/starbox against 1.75.0 for beta-1.76-rustdoc-1
[INFO] running `Command { std: "git" "clone" "/workspace/cache/git-repos/https%3A%2F%2Fgithub.com%2FRalith%2Fstarbox" "/workspace/builds/worker-1-tc1/source", kill_on_drop: false }`
[INFO] [stderr] Cloning into '/workspace/builds/worker-1-tc1/source'...
[INFO] [stderr] done.
[INFO] validating manifest of git repo https://github.com/Ralith/starbox on toolchain 1.75.0
[INFO] running `Command { std: CARGO_HOME="/workspace/cargo-home" RUSTUP_HOME="/workspace/rustup-home" "/workspace/cargo-home/bin/cargo" "+1.75.0" "metadata" "--manifest-path" "Cargo.toml" "--no-deps", kill_on_drop: false }`
[INFO] started tweaking git repo https://github.com/Ralith/starbox
[INFO] finished tweaking git repo https://github.com/Ralith/starbox
[INFO] tweaked toml for git repo https://github.com/Ralith/starbox written to /workspace/builds/worker-1-tc1/source/Cargo.toml
[INFO] crate git repo https://github.com/Ralith/starbox already has a lockfile, it will not be regenerated
[INFO] running `Command { std: CARGO_HOME="/workspace/cargo-home" RUSTUP_HOME="/workspace/rustup-home" "/workspace/cargo-home/bin/cargo" "+1.75.0" "fetch" "--manifest-path" "Cargo.toml", kill_on_drop: false }`
[INFO] [stderr]     Updating git repository `https://github.com/cessen/openexr-rs.git`
[INFO] [stderr]  Downloading crates ...
[INFO] [stderr]   Downloaded alga v0.5.1
[INFO] [stderr]   Downloaded typenum v1.9.0
[INFO] [stderr]   Downloaded half v1.0.0
[INFO] [stderr]   Downloaded gcc v0.3.50
[INFO] [stderr]   Downloaded num-complex v0.1.38
[INFO] running `Command { std: "docker" "create" "-v" "/var/lib/crater-agent-workspace/builds/worker-1-tc1/target:/opt/rustwide/target:rw,Z" "-v" "/var/lib/crater-agent-workspace/builds/worker-1-tc1/source:/opt/rustwide/workdir:ro,Z" "-v" "/var/lib/crater-agent-workspace/cargo-home:/opt/rustwide/cargo-home:ro,Z" "-v" "/var/lib/crater-agent-workspace/rustup-home:/opt/rustwide/rustup-home:ro,Z" "-e" "SOURCE_DIR=/opt/rustwide/workdir" "-e" "CARGO_TARGET_DIR=/opt/rustwide/target" "-e" "CARGO_HOME=/opt/rustwide/cargo-home" "-e" "RUSTUP_HOME=/opt/rustwide/rustup-home" "-w" "/opt/rustwide/workdir" "-m" "1610612736" "--user" "0:0" "--network" "none" "ghcr.io/rust-lang/crates-build-env/linux@sha256:2788e3201cd34a07e3172128adcd8b3090168a8e3bcc40d7c032b9dda1df7d1c" "/opt/rustwide/cargo-home/bin/cargo" "+1.75.0" "metadata" "--no-deps" "--format-version=1", kill_on_drop: false }`
[INFO] [stdout] fe545ba6dfe1c4282a96ad7c6d26e5b593ef938d3a0dd72ea3ac556bfc139509
[INFO] running `Command { std: "docker" "start" "-a" "fe545ba6dfe1c4282a96ad7c6d26e5b593ef938d3a0dd72ea3ac556bfc139509", kill_on_drop: false }`
[INFO] running `Command { std: "docker" "inspect" "fe545ba6dfe1c4282a96ad7c6d26e5b593ef938d3a0dd72ea3ac556bfc139509", kill_on_drop: false }`
[INFO] running `Command { std: "docker" "rm" "-f" "fe545ba6dfe1c4282a96ad7c6d26e5b593ef938d3a0dd72ea3ac556bfc139509", kill_on_drop: false }`
[INFO] [stdout] fe545ba6dfe1c4282a96ad7c6d26e5b593ef938d3a0dd72ea3ac556bfc139509
[INFO] running `Command { std: "docker" "create" "-v" "/var/lib/crater-agent-workspace/builds/worker-1-tc1/target:/opt/rustwide/target:rw,Z" "-v" "/var/lib/crater-agent-workspace/builds/worker-1-tc1/source:/opt/rustwide/workdir:ro,Z" "-v" "/var/lib/crater-agent-workspace/cargo-home:/opt/rustwide/cargo-home:ro,Z" "-v" "/var/lib/crater-agent-workspace/rustup-home:/opt/rustwide/rustup-home:ro,Z" "-e" "SOURCE_DIR=/opt/rustwide/workdir" "-e" "CARGO_TARGET_DIR=/opt/rustwide/target" "-e" "CARGO_INCREMENTAL=0" "-e" "RUST_BACKTRACE=full" "-e" "RUSTFLAGS=--cap-lints=warn" "-e" "RUSTDOCFLAGS=--cap-lints=warn" "-e" "CARGO_HOME=/opt/rustwide/cargo-home" "-e" "RUSTUP_HOME=/opt/rustwide/rustup-home" "-w" "/opt/rustwide/workdir" "-m" "1610612736" "--user" "0:0" "--network" "none" "ghcr.io/rust-lang/crates-build-env/linux@sha256:2788e3201cd34a07e3172128adcd8b3090168a8e3bcc40d7c032b9dda1df7d1c" "/opt/rustwide/cargo-home/bin/cargo" "+1.75.0" "doc" "--frozen" "--no-deps" "--document-private-items" "--message-format=json", kill_on_drop: false }`
[INFO] [stdout] 19761e29480d3ab7f67eeae57d1d33ca5befb9ca18ffbfa4607d6532eff13038
[INFO] running `Command { std: "docker" "start" "-a" "19761e29480d3ab7f67eeae57d1d33ca5befb9ca18ffbfa4607d6532eff13038", kill_on_drop: false }`
[INFO] [stderr]     Checking libc v0.2.23
[INFO] [stderr]    Compiling gcc v0.3.50
[INFO] [stderr]    Compiling pkg-config v0.3.9
[INFO] [stderr]    Compiling typenum v1.9.0
[INFO] [stderr]     Checking num-traits v0.1.39
[INFO] [stderr]     Checking rustc-serialize v0.3.24
[INFO] [stderr]     Checking approx v0.1.1
[INFO] [stderr]     Checking cfg-if v0.1.1
[INFO] [stderr]     Checking rustc-demangle v0.1.4
[INFO] [stderr]     Checking unicode-width v0.1.4
[INFO] [stderr]     Checking half v1.0.0
[INFO] [stderr]     Checking strsim v0.6.0
[INFO] [stderr]     Checking ansi_term v0.9.0
[INFO] [stderr]     Checking term_size v0.3.0
[INFO] [stderr]     Checking atty v0.2.2
[INFO] [stderr]     Checking rand v0.3.15
[INFO] [stderr]     Checking unicode-segmentation v1.2.0
[INFO] [stderr]     Checking vec_map v0.8.0
[INFO] [stderr]     Checking bitflags v0.8.2
[INFO] [stderr]    Compiling backtrace-sys v0.1.11
[INFO] [stderr]    Compiling openexr-sys v0.5.0 (https://github.com/cessen/openexr-rs.git#c630d85b)
[INFO] [stderr]     Checking clap v2.24.2
[INFO] [stderr]     Checking generic-array v0.2.1
[INFO] [stderr]     Checking num-complex v0.1.38
[INFO] [stderr]     Checking alga v0.5.1
[INFO] [stderr]     Checking nalgebra v0.11.2
[INFO] [stderr]     Checking openexr v0.5.0 (https://github.com/cessen/openexr-rs.git#c630d85b)
[INFO] [stdout] error[E0119]: conflicting implementations of trait `Mul<&_>` for type `translation::TranslationBase<_, _, _>`
[INFO] [stdout]    --> /opt/rustwide/cargo-home/registry/src/index.crates.io-6f17d22bba15001f/nalgebra-0.11.2/src/geometry/isometry_ops.rs:68:9
[INFO] [stdout]     |
[INFO] [stdout] 68  | /         impl<$($lives ,)* N, D: DimName, S, R> $Op<$Rhs> for $Lhs
[INFO] [stdout] 69  | |             where N: Real,
[INFO] [stdout] 70  | |                   S: OwnedStorage<N, D, U1>,
[INFO] [stdout] 71  | |                   R: Rotation<PointBase<N, D, S>>,
[INFO] [stdout] 72  | |                   S::Alloc: OwnedAllocator<N, D, U1, S> {
[INFO] [stdout]     | |                                                       ^
[INFO] [stdout]     | |                                                       |
[INFO] [stdout]     | |_______________________________________________________first implementation here
[INFO] [stdout]     |                                                         conflicting implementation for `translation::TranslationBase<_, _, _>`
[INFO] [stdout] ...
[INFO] [stdout] 286 | / isometry_binop_impl_all!(
[INFO] [stdout] 287 | |     Mul, mul;
[INFO] [stdout] 288 | |     self: TranslationBase<N, D, S>, right: R, Output = IsometryBase<N, D, S, R>;
[INFO] [stdout] 289 | |     [val val] => IsometryBase::from_parts(self, right);
[INFO] [stdout] ...   |
[INFO] [stdout] 292 | |     [ref ref] => IsometryBase::from_parts(self.clone(), right.clone());
[INFO] [stdout] 293 | | );
[INFO] [stdout]     | |_- in this macro invocation
[INFO] [stdout]     |
[INFO] [stdout]     = note: downstream crates may implement trait `alga::linear::Rotation<geometry::point::PointBase<_, _, _>>` for type `&_`
[INFO] [stdout]     = note: this error originates in the macro `isometry_binop_impl` which comes from the expansion of the macro `isometry_binop_impl_all` (in Nightly builds, run with -Z macro-backtrace for more info)
[INFO] [stdout] 
[INFO] [stdout] 
[INFO] [stdout] error[E0119]: conflicting implementations of trait `Mul<&_>` for type `&translation::TranslationBase<_, _, _>`
[INFO] [stdout]    --> /opt/rustwide/cargo-home/registry/src/index.crates.io-6f17d22bba15001f/nalgebra-0.11.2/src/geometry/isometry_ops.rs:68:9
[INFO] [stdout]     |
[INFO] [stdout] 68  | /         impl<$($lives ,)* N, D: DimName, S, R> $Op<$Rhs> for $Lhs
[INFO] [stdout] 69  | |             where N: Real,
[INFO] [stdout] 70  | |                   S: OwnedStorage<N, D, U1>,
[INFO] [stdout] 71  | |                   R: Rotation<PointBase<N, D, S>>,
[INFO] [stdout] 72  | |                   S::Alloc: OwnedAllocator<N, D, U1, S> {
[INFO] [stdout]     | |                                                       ^
[INFO] [stdout]     | |                                                       |
[INFO] [stdout]     | |_______________________________________________________first implementation here
[INFO] [stdout]     |                                                         conflicting implementation for `&translation::TranslationBase<_, _, _>`
[INFO] [stdout] ...
[INFO] [stdout] 286 | / isometry_binop_impl_all!(
[INFO] [stdout] 287 | |     Mul, mul;
[INFO] [stdout] 288 | |     self: TranslationBase<N, D, S>, right: R, Output = IsometryBase<N, D, S, R>;
[INFO] [stdout] 289 | |     [val val] => IsometryBase::from_parts(self, right);
[INFO] [stdout] ...   |
[INFO] [stdout] 292 | |     [ref ref] => IsometryBase::from_parts(self.clone(), right.clone());
[INFO] [stdout] 293 | | );
[INFO] [stdout]     | |_- in this macro invocation
[INFO] [stdout]     |
[INFO] [stdout]     = note: downstream crates may implement trait `alga::linear::Rotation<geometry::point::PointBase<_, _, _>>` for type `&_`
[INFO] [stdout]     = note: this error originates in the macro `isometry_binop_impl` which comes from the expansion of the macro `isometry_binop_impl_all` (in Nightly builds, run with -Z macro-backtrace for more info)
[INFO] [stdout] 
[INFO] [stdout] 
[INFO] [stdout] error: aborting due to 2 previous errors
[INFO] [stdout] 
[INFO] [stdout] 
[INFO] [stdout] For more information about this error, try `rustc --explain E0119`.
[INFO] [stdout] 
[INFO] [stderr] error: could not compile `nalgebra` (lib) due to 3 previous errors
[INFO] [stderr] warning: build failed, waiting for other jobs to finish...
[INFO] running `Command { std: "docker" "inspect" "19761e29480d3ab7f67eeae57d1d33ca5befb9ca18ffbfa4607d6532eff13038", kill_on_drop: false }`
[INFO] running `Command { std: "docker" "rm" "-f" "19761e29480d3ab7f67eeae57d1d33ca5befb9ca18ffbfa4607d6532eff13038", kill_on_drop: false }`
[INFO] [stdout] 19761e29480d3ab7f67eeae57d1d33ca5befb9ca18ffbfa4607d6532eff13038
[INFO] documenting Ralith/starbox against beta-2023-12-22 for beta-1.76-rustdoc-1
[INFO] running `Command { std: "git" "clone" "/workspace/cache/git-repos/https%3A%2F%2Fgithub.com%2FRalith%2Fstarbox" "/workspace/builds/worker-1-tc2/source", kill_on_drop: false }`
[INFO] [stderr] Cloning into '/workspace/builds/worker-1-tc2/source'...
[INFO] [stderr] done.
[INFO] validating manifest of git repo https://github.com/Ralith/starbox on toolchain beta-2023-12-22
[INFO] running `Command { std: CARGO_HOME="/workspace/cargo-home" RUSTUP_HOME="/workspace/rustup-home" "/workspace/cargo-home/bin/cargo" "+beta-2023-12-22" "metadata" "--manifest-path" "Cargo.toml" "--no-deps", kill_on_drop: false }`
[INFO] started tweaking git repo https://github.com/Ralith/starbox
[INFO] finished tweaking git repo https://github.com/Ralith/starbox
[INFO] tweaked toml for git repo https://github.com/Ralith/starbox written to /workspace/builds/worker-1-tc2/source/Cargo.toml
[INFO] crate git repo https://github.com/Ralith/starbox already has a lockfile, it will not be regenerated
[INFO] running `Command { std: CARGO_HOME="/workspace/cargo-home" RUSTUP_HOME="/workspace/rustup-home" "/workspace/cargo-home/bin/cargo" "+beta-2023-12-22" "fetch" "--manifest-path" "Cargo.toml", kill_on_drop: false }`
[INFO] running `Command { std: "docker" "create" "-v" "/var/lib/crater-agent-workspace/builds/worker-1-tc2/target:/opt/rustwide/target:rw,Z" "-v" "/var/lib/crater-agent-workspace/builds/worker-1-tc2/source:/opt/rustwide/workdir:ro,Z" "-v" "/var/lib/crater-agent-workspace/cargo-home:/opt/rustwide/cargo-home:ro,Z" "-v" "/var/lib/crater-agent-workspace/rustup-home:/opt/rustwide/rustup-home:ro,Z" "-e" "SOURCE_DIR=/opt/rustwide/workdir" "-e" "CARGO_TARGET_DIR=/opt/rustwide/target" "-e" "CARGO_HOME=/opt/rustwide/cargo-home" "-e" "RUSTUP_HOME=/opt/rustwide/rustup-home" "-w" "/opt/rustwide/workdir" "-m" "1610612736" "--user" "0:0" "--network" "none" "ghcr.io/rust-lang/crates-build-env/linux@sha256:2788e3201cd34a07e3172128adcd8b3090168a8e3bcc40d7c032b9dda1df7d1c" "/opt/rustwide/cargo-home/bin/cargo" "+beta-2023-12-22" "metadata" "--no-deps" "--format-version=1", kill_on_drop: false }`
[INFO] [stdout] 7fd2fa33660d02f95326773ea5ed957185961c07c30ff164159eabce28541098
[INFO] running `Command { std: "docker" "start" "-a" "7fd2fa33660d02f95326773ea5ed957185961c07c30ff164159eabce28541098", kill_on_drop: false }`
[INFO] running `Command { std: "docker" "inspect" "7fd2fa33660d02f95326773ea5ed957185961c07c30ff164159eabce28541098", kill_on_drop: false }`
[INFO] running `Command { std: "docker" "rm" "-f" "7fd2fa33660d02f95326773ea5ed957185961c07c30ff164159eabce28541098", kill_on_drop: false }`
[INFO] [stdout] 7fd2fa33660d02f95326773ea5ed957185961c07c30ff164159eabce28541098
[INFO] running `Command { std: "docker" "create" "-v" "/var/lib/crater-agent-workspace/builds/worker-1-tc2/target:/opt/rustwide/target:rw,Z" "-v" "/var/lib/crater-agent-workspace/builds/worker-1-tc2/source:/opt/rustwide/workdir:ro,Z" "-v" "/var/lib/crater-agent-workspace/cargo-home:/opt/rustwide/cargo-home:ro,Z" "-v" "/var/lib/crater-agent-workspace/rustup-home:/opt/rustwide/rustup-home:ro,Z" "-e" "SOURCE_DIR=/opt/rustwide/workdir" "-e" "CARGO_TARGET_DIR=/opt/rustwide/target" "-e" "CARGO_INCREMENTAL=0" "-e" "RUST_BACKTRACE=full" "-e" "RUSTFLAGS=--cap-lints=warn" "-e" "RUSTDOCFLAGS=--cap-lints=warn" "-e" "CARGO_HOME=/opt/rustwide/cargo-home" "-e" "RUSTUP_HOME=/opt/rustwide/rustup-home" "-w" "/opt/rustwide/workdir" "-m" "1610612736" "--user" "0:0" "--network" "none" "ghcr.io/rust-lang/crates-build-env/linux@sha256:2788e3201cd34a07e3172128adcd8b3090168a8e3bcc40d7c032b9dda1df7d1c" "/opt/rustwide/cargo-home/bin/cargo" "+beta-2023-12-22" "doc" "--frozen" "--no-deps" "--document-private-items" "--message-format=json", kill_on_drop: false }`
[INFO] [stdout] 5d5a1737e379b806b526d25265419a604571c848075fa319390f66314831b27b
[INFO] running `Command { std: "docker" "start" "-a" "5d5a1737e379b806b526d25265419a604571c848075fa319390f66314831b27b", kill_on_drop: false }`
[INFO] [stderr]     Checking libc v0.2.23
[INFO] [stderr]    Compiling gcc v0.3.50
[INFO] [stderr]    Compiling typenum v1.9.0
[INFO] [stderr]    Compiling pkg-config v0.3.9
[INFO] [stderr]     Checking num-traits v0.1.39
[INFO] [stderr]     Checking rustc-serialize v0.3.24
[INFO] [stderr]     Checking rustc-demangle v0.1.4
[INFO] [stderr]     Checking approx v0.1.1
[INFO] [stderr]     Checking cfg-if v0.1.1
[INFO] [stderr]     Checking half v1.0.0
[INFO] [stderr]     Checking bitflags v0.8.2
[INFO] [stderr]     Checking unicode-segmentation v1.2.0
[INFO] [stderr]     Checking vec_map v0.8.0
[INFO] [stderr]     Checking rand v0.3.15
[INFO] [stdout] error[E0310]: the parameter type `T` may not live long enough
[INFO] [stdout]     --> /opt/rustwide/cargo-home/registry/src/index.crates.io-6f17d22bba15001f/rustc-serialize-0.3.24/src/serialize.rs:1155:5
[INFO] [stdout]      |
[INFO] [stdout] 1155 |     fn decode<D: Decoder>(d: &mut D) -> Result<Cow<'static, T>, D::Error> {
[INFO] [stdout]      |     ^^^^^^^^^^^^^^^^^^^^^^^^^^^^^^^^^^^^^^^^^^^^^^^^^^^^^^^^^^^^^^^^^^^^^
[INFO] [stdout]      |     |
[INFO] [stdout]      |     the parameter type `T` must be valid for the static lifetime...
[INFO] [stdout]      |     ...so that the type `T` will meet its required lifetime bounds...
[INFO] [stdout]      |
[INFO] [stdout] note: ...that is required by this bound
[INFO] [stdout]     --> /rustc/0e09125c6c3c2fd70d7de961bcf0e51575235fad/library/alloc/src/borrow.rs:180:30
[INFO] [stdout] help: consider adding an explicit lifetime bound
[INFO] [stdout]      |
[INFO] [stdout] 1151 | impl<'a, T: ?Sized + 'static> Decodable for Cow<'a, T>
[INFO] [stdout]      |                    +++++++++
[INFO] [stdout] 
[INFO] [stdout] 
[INFO] [stderr]     Checking term_size v0.3.0
[INFO] [stderr]     Checking atty v0.2.2
[INFO] [stderr]     Checking unicode-width v0.1.4
[INFO] [stderr]     Checking strsim v0.6.0
[INFO] [stderr]     Checking ansi_term v0.9.0
[INFO] [stderr]     Checking clap v2.24.2
[INFO] [stderr]    Compiling backtrace-sys v0.1.11
[INFO] [stderr]    Compiling openexr-sys v0.5.0 (https://github.com/cessen/openexr-rs.git#c630d85b)
[INFO] [stdout] error: aborting due to 1 previous error
[INFO] [stdout] 
[INFO] [stdout] 
[INFO] [stdout] For more information about this error, try `rustc --explain E0310`.
[INFO] [stdout] 
[INFO] [stderr] error: could not compile `rustc-serialize` (lib) due to 2 previous errors
[INFO] [stderr] warning: build failed, waiting for other jobs to finish...
[INFO] running `Command { std: "docker" "inspect" "5d5a1737e379b806b526d25265419a604571c848075fa319390f66314831b27b", kill_on_drop: false }`
[INFO] running `Command { std: "docker" "rm" "-f" "5d5a1737e379b806b526d25265419a604571c848075fa319390f66314831b27b", kill_on_drop: false }`
[INFO] [stdout] 5d5a1737e379b806b526d25265419a604571c848075fa319390f66314831b27b
