[INFO] cloning repository https://github.com/RajendrabinHafiz/Crypto-trading-with-machine-learning
[INFO] running `Command { std: "git" "-c" "credential.helper=" "-c" "credential.helper=/workspace/cargo-home/bin/git-credential-null" "clone" "--bare" "https://github.com/RajendrabinHafiz/Crypto-trading-with-machine-learning" "/workspace/cache/git-repos/https%3A%2F%2Fgithub.com%2FRajendrabinHafiz%2FCrypto-trading-with-machine-learning", kill_on_drop: false }`
[INFO] [stderr] Cloning into bare repository '/workspace/cache/git-repos/https%3A%2F%2Fgithub.com%2FRajendrabinHafiz%2FCrypto-trading-with-machine-learning'...
[INFO] running `Command { std: "git" "rev-parse" "HEAD", kill_on_drop: false }`
[INFO] [stdout] ef6098c11aafc3deae810427836ee447da1fb45c
[INFO] documenting RajendrabinHafiz/Crypto-trading-with-machine-learning against 1.75.0 for beta-1.76-rustdoc-1
[INFO] running `Command { std: "git" "clone" "/workspace/cache/git-repos/https%3A%2F%2Fgithub.com%2FRajendrabinHafiz%2FCrypto-trading-with-machine-learning" "/workspace/builds/worker-4-tc1/source", kill_on_drop: false }`
[INFO] [stderr] Cloning into '/workspace/builds/worker-4-tc1/source'...
[INFO] [stderr] done.
[INFO] validating manifest of git repo https://github.com/RajendrabinHafiz/Crypto-trading-with-machine-learning on toolchain 1.75.0
[INFO] running `Command { std: CARGO_HOME="/workspace/cargo-home" RUSTUP_HOME="/workspace/rustup-home" "/workspace/cargo-home/bin/cargo" "+1.75.0" "metadata" "--manifest-path" "Cargo.toml" "--no-deps", kill_on_drop: false }`
[INFO] started tweaking git repo https://github.com/RajendrabinHafiz/Crypto-trading-with-machine-learning
[INFO] finished tweaking git repo https://github.com/RajendrabinHafiz/Crypto-trading-with-machine-learning
[INFO] tweaked toml for git repo https://github.com/RajendrabinHafiz/Crypto-trading-with-machine-learning written to /workspace/builds/worker-4-tc1/source/Cargo.toml
[INFO] crate git repo https://github.com/RajendrabinHafiz/Crypto-trading-with-machine-learning already has a lockfile, it will not be regenerated
[INFO] running `Command { std: CARGO_HOME="/workspace/cargo-home" RUSTUP_HOME="/workspace/rustup-home" "/workspace/cargo-home/bin/cargo" "+1.75.0" "fetch" "--manifest-path" "Cargo.toml", kill_on_drop: false }`
[INFO] [stderr]     Updating crates.io index
[INFO] [stderr]     Updating git repository `https://github.com/vaaaaanquish/lightgbm-rs.git`
[INFO] [stderr]     Updating git submodule `https://github.com/vaaaaanquish/LightGBM.git`
[INFO] [stderr]     Updating git submodule `https://gitlab.com/libeigen/eigen.git`
[INFO] [stderr]     Updating git submodule `https://github.com/lemire/fast_double_parser.git`
[INFO] [stderr]     Updating git submodule `https://github.com/abseil/abseil-cpp.git`
[INFO] [stderr]     Updating git submodule `https://github.com/google/double-conversion.git`
[INFO] [stderr]     Updating git submodule `https://github.com/fmtlib/fmt.git`
[INFO] [stderr]     Updating git submodule `https://github.com/boostorg/compute`
[INFO] [stderr]     Blocking waiting for file lock on package cache
[INFO] [stderr]  Downloading crates ...
[INFO] [stderr]   Downloaded pest_derive v2.5.2
[INFO] [stderr]   Downloaded genawaiter-proc-macro v0.99.1
[INFO] [stderr]   Downloaded pest_meta v2.5.2
[INFO] [stderr]   Downloaded pest_generator v2.5.2
[INFO] [stderr]   Downloaded pest v2.5.2
[INFO] [stderr]   Downloaded nix v0.26.1
[INFO] [stderr]   Downloaded ctrlc v3.2.4
[INFO] [stderr]   Downloaded binance v0.20.2
[INFO] running `Command { std: "docker" "create" "-v" "/var/lib/crater-agent-workspace/builds/worker-4-tc1/target:/opt/rustwide/target:rw,Z" "-v" "/var/lib/crater-agent-workspace/builds/worker-4-tc1/source:/opt/rustwide/workdir:ro,Z" "-v" "/var/lib/crater-agent-workspace/cargo-home:/opt/rustwide/cargo-home:ro,Z" "-v" "/var/lib/crater-agent-workspace/rustup-home:/opt/rustwide/rustup-home:ro,Z" "-e" "SOURCE_DIR=/opt/rustwide/workdir" "-e" "CARGO_TARGET_DIR=/opt/rustwide/target" "-e" "CARGO_HOME=/opt/rustwide/cargo-home" "-e" "RUSTUP_HOME=/opt/rustwide/rustup-home" "-w" "/opt/rustwide/workdir" "-m" "1610612736" "--user" "0:0" "--network" "none" "ghcr.io/rust-lang/crates-build-env/linux@sha256:2788e3201cd34a07e3172128adcd8b3090168a8e3bcc40d7c032b9dda1df7d1c" "/opt/rustwide/cargo-home/bin/cargo" "+1.75.0" "metadata" "--no-deps" "--format-version=1", kill_on_drop: false }`
[INFO] [stdout] e9894fcdc14b370d6eecb1ea73d6db5acb97e8b5a4b76f5b2a375886a7d599cf
[INFO] running `Command { std: "docker" "start" "-a" "e9894fcdc14b370d6eecb1ea73d6db5acb97e8b5a4b76f5b2a375886a7d599cf", kill_on_drop: false }`
[INFO] running `Command { std: "docker" "inspect" "e9894fcdc14b370d6eecb1ea73d6db5acb97e8b5a4b76f5b2a375886a7d599cf", kill_on_drop: false }`
[INFO] running `Command { std: "docker" "rm" "-f" "e9894fcdc14b370d6eecb1ea73d6db5acb97e8b5a4b76f5b2a375886a7d599cf", kill_on_drop: false }`
[INFO] [stdout] e9894fcdc14b370d6eecb1ea73d6db5acb97e8b5a4b76f5b2a375886a7d599cf
[INFO] running `Command { std: "docker" "create" "-v" "/var/lib/crater-agent-workspace/builds/worker-4-tc1/target:/opt/rustwide/target:rw,Z" "-v" "/var/lib/crater-agent-workspace/builds/worker-4-tc1/source:/opt/rustwide/workdir:ro,Z" "-v" "/var/lib/crater-agent-workspace/cargo-home:/opt/rustwide/cargo-home:ro,Z" "-v" "/var/lib/crater-agent-workspace/rustup-home:/opt/rustwide/rustup-home:ro,Z" "-e" "SOURCE_DIR=/opt/rustwide/workdir" "-e" "CARGO_TARGET_DIR=/opt/rustwide/target" "-e" "CARGO_INCREMENTAL=0" "-e" "RUST_BACKTRACE=full" "-e" "RUSTFLAGS=--cap-lints=warn" "-e" "RUSTDOCFLAGS=--cap-lints=warn" "-e" "CARGO_HOME=/opt/rustwide/cargo-home" "-e" "RUSTUP_HOME=/opt/rustwide/rustup-home" "-w" "/opt/rustwide/workdir" "-m" "1610612736" "--user" "0:0" "--network" "none" "ghcr.io/rust-lang/crates-build-env/linux@sha256:2788e3201cd34a07e3172128adcd8b3090168a8e3bcc40d7c032b9dda1df7d1c" "/opt/rustwide/cargo-home/bin/cargo" "+1.75.0" "doc" "--frozen" "--no-deps" "--document-private-items" "--message-format=json", kill_on_drop: false }`
[INFO] [stdout] 561472b9810006dca1e5257d002acb664abf4ed805cddd7d3524ae89735f5406
[INFO] running `Command { std: "docker" "start" "-a" "561472b9810006dca1e5257d002acb664abf4ed805cddd7d3524ae89735f5406", kill_on_drop: false }`
[INFO] [stderr]    Compiling proc-macro2 v1.0.49
[INFO] [stderr]    Compiling syn v1.0.107
[INFO] [stderr]    Compiling libc v0.2.139
[INFO] [stderr]     Checking once_cell v1.17.0
[INFO] [stderr]    Compiling serde_derive v1.0.152
[INFO] [stderr]    Compiling serde v1.0.152
[INFO] [stderr]    Compiling futures-core v0.3.25
[INFO] [stderr]     Checking bytes v1.3.0
[INFO] [stderr]    Compiling thiserror v1.0.38
[INFO] [stderr]     Checking itoa v1.0.5
[INFO] [stderr]    Compiling slab v0.4.7
[INFO] [stderr]    Compiling openssl-sys v0.9.80
[INFO] [stderr]    Compiling futures-channel v0.3.25
[INFO] [stderr]    Compiling futures-task v0.3.25
[INFO] [stderr]     Checking futures-sink v0.3.25
[INFO] [stderr]    Compiling tokio v1.24.2
[INFO] [stderr]    Compiling memchr v2.5.0
[INFO] [stderr]    Compiling futures-util v0.3.25
[INFO] [stderr]     Checking futures-io v0.3.25
[INFO] [stderr]    Compiling unicase v2.6.0
[INFO] [stderr]    Compiling openssl v0.10.45
[INFO] [stderr]     Checking foreign-types-shared v0.1.1
[INFO] [stderr]     Checking tracing-core v0.1.30
[INFO] [stderr]    Compiling indexmap v1.9.2
[INFO] [stderr]     Checking ryu v1.0.12
[INFO] [stderr]     Checking foreign-types v0.3.2
[INFO] [stderr]    Compiling native-tls v0.2.11
[INFO] [stderr]    Compiling glob v0.3.0
[INFO] [stderr]     Checking tinyvec_macros v0.1.0
[INFO] [stderr]     Checking tinyvec v1.6.0
[INFO] [stderr]    Compiling nom v5.1.2
[INFO] [stderr]     Checking http v0.2.8
[INFO] [stderr]    Compiling serde_json v1.0.91
[INFO] [stderr]    Compiling regex-syntax v0.6.28
[INFO] [stderr]     Checking try-lock v0.2.3
[INFO] [stderr]     Checking tracing v0.1.37
[INFO] [stderr]     Checking unicode-bidi v0.3.8
[INFO] [stderr]     Checking want v0.3.0
[INFO] [stderr]    Compiling quote v1.0.23
[INFO] [stderr]    Compiling textwrap v0.11.0
[INFO] [stderr]     Checking block-buffer v0.10.3
[INFO] [stderr]    Compiling num-traits v0.2.15
[INFO] [stderr]    Compiling encoding_rs v0.8.31
[INFO] [stderr]    Compiling clang-sys v1.4.0
[INFO] [stderr]    Compiling mime_guess v2.0.4
[INFO] [stderr]    Compiling aho-corasick v0.7.20
[INFO] [stderr]    Compiling bindgen v0.56.0
[INFO] [stderr]    Compiling humantime v2.1.0
[INFO] [stderr]    Compiling ucd-trie v0.1.5
[INFO] [stderr]    Compiling strsim v0.8.0
[INFO] [stderr]    Compiling vec_map v0.8.2
[INFO] [stderr]    Compiling ansi_term v0.12.1
[INFO] [stderr]    Compiling atty v0.2.14
[INFO] [stderr]     Checking unicode-normalization v0.1.22
[INFO] [stderr]    Compiling which v3.1.1
[INFO] [stderr]     Checking digest v0.10.6
[INFO] [stderr]     Checking http-body v0.4.5
[INFO] [stderr]    Compiling clap v2.34.0
[INFO] [stderr]    Compiling proc-macro-error-attr v0.4.12
[INFO] [stderr]    Compiling erasable v1.2.1
[INFO] [stderr]    Compiling num-integer v0.1.45
[INFO] [stderr]     Checking mime v0.3.16
[INFO] [stderr]    Compiling io-lifetimes v1.0.4
[INFO] [stderr]    Compiling unicode-xid v0.0.4
[INFO] [stderr]    Compiling shlex v0.1.1
[INFO] [stderr]    Compiling synom v0.11.3
[INFO] [stderr]    Compiling cmake v0.1.49
[INFO] [stderr]     Checking getrandom v0.2.8
[INFO] [stderr]     Checking mio v0.8.5
[INFO] [stderr]     Checking num_cpus v1.15.0
[INFO] [stderr]     Checking socket2 v0.4.7
[INFO] [stderr]     Checking signal-hook-registry v1.4.0
[INFO] [stderr]     Checking ahash v0.7.6
[INFO] [stderr]     Checking idna v0.3.0
[INFO] [stderr]    Compiling regex v1.7.0
[INFO] [stderr]     Checking rand_core v0.6.4
[INFO] [stderr]     Checking hashbrown v0.12.3
[INFO] [stderr]    Compiling proc-macro-error v0.4.12
[INFO] [stderr]    Compiling quote v0.3.15
[INFO] [stderr]    Compiling proc-macro-hack v0.5.20+deprecated
[INFO] [stderr]    Compiling rustix v0.36.7
[INFO] [stderr]     Checking ipnet v2.7.0
[INFO] [stderr]    Compiling syn v0.11.11
[INFO] [stderr]     Checking rand_chacha v0.3.1
[INFO] [stderr]    Compiling proc-macro-error-attr v1.0.4
[INFO] [stderr]    Compiling error-chain v0.12.4
[INFO] [stderr]    Compiling cexpr v0.4.0
[INFO] [stderr]     Checking dlv-list v0.3.0
[INFO] [stderr]    Compiling async-trait v0.1.60
[INFO] [stderr]    Compiling either v1.8.0
[INFO] [stderr]    Compiling derive_builder v0.5.1
[INFO] [stderr]    Compiling itertools v0.9.0
[INFO] [stderr]     Checking ordered-multimap v0.4.3
[INFO] [stderr]    Compiling env_logger v0.8.4
[INFO] [stderr]     Checking chrono v0.4.23
[INFO] [stderr]     Checking rc-box v1.2.0
[INFO] [stderr]     Checking rand v0.8.5
[INFO] [stderr]     Checking sha1 v0.10.5
[INFO] [stderr]     Checking uuid v1.2.2
[INFO] [stderr]     Checking takecell v0.1.1
[INFO] [stderr]     Checking never v0.1.0
[INFO] [stderr]    Compiling derive_builder_core v0.2.0
[INFO] [stderr]     Checking regex-automata v0.1.10
[INFO] [stderr]    Compiling anyhow v1.0.68
[INFO] [stderr]     Checking take_mut v0.2.2
[INFO] [stderr]     Checking utf-8 v0.7.6
[INFO] [stderr]     Checking nix v0.26.1
[INFO] [stderr]     Checking yaml-rust v0.4.5
[INFO] [stderr]     Checking nom v7.1.2
[INFO] [stderr]     Checking rust-ini v0.18.0
[INFO] [stderr]     Checking sha2 v0.10.6
[INFO] [stderr]     Checking hmac v0.12.1
[INFO] [stderr]     Checking csv-core v0.1.10
[INFO] [stderr]     Checking pathdiff v0.2.1
[INFO] [stderr]     Checking genawaiter-macro v0.99.1
[INFO] [stderr]     Checking itoa v0.4.8
[INFO] [stderr]     Checking itertools v0.10.5
[INFO] [stderr]     Checking is-terminal v0.4.2
[INFO] [stderr]     Checking ctrlc v3.2.4
[INFO] [stderr]    Compiling darling_core v0.13.4
[INFO] [stderr]    Compiling syn-mid v0.5.3
[INFO] [stderr]    Compiling proc-macro-error v1.0.4
[INFO] [stderr]     Checking env_logger v0.10.0
[INFO] [stderr]    Compiling thiserror-impl v1.0.38
[INFO] [stderr]    Compiling tokio-macros v1.8.2
[INFO] [stderr]    Compiling futures-macro v0.3.25
[INFO] [stderr]    Compiling openssl-macros v0.1.0
[INFO] [stderr]    Compiling pin-project-internal v1.0.12
[INFO] [stderr]    Compiling derive_more v0.99.17
[INFO] [stderr]    Compiling aquamarine v0.1.12
[INFO] [stderr]    Compiling darling_macro v0.13.4
[INFO] [stderr]    Compiling genawaiter-proc-macro v0.99.1
[INFO] [stderr]     Checking pest v2.5.2
[INFO] [stderr]    Compiling darling v0.13.4
[INFO] [stderr]     Checking pin-project v1.0.12
[INFO] [stderr]    Compiling serde_with_macros v1.5.2
[INFO] [stderr]    Compiling lightgbm-sys v0.3.0 (https://github.com/vaaaaanquish/lightgbm-rs.git?tag=v0.2.4#fdac5153)
[INFO] [stderr]     Checking genawaiter v0.99.1
[INFO] [stderr]    Compiling pest_meta v2.5.2
[INFO] [stderr]    Compiling pest_generator v2.5.2
[INFO] [stderr]    Compiling pest_derive v2.5.2
[INFO] [stderr]     Checking futures-executor v0.3.25
[INFO] [stderr]     Checking futures v0.3.25
[INFO] [stderr]     Checking dptree v0.3.0
[INFO] [stderr]     Checking tokio-util v0.7.4
[INFO] [stderr]     Checking tokio-native-tls v0.3.0
[INFO] [stderr]     Checking tokio-stream v0.1.11
[INFO] [stderr]     Checking h2 v0.3.15
[INFO] [stderr]     Checking url v2.3.1
[INFO] [stderr]     Checking serde_urlencoded v0.7.1
[INFO] [stderr]     Checking json5 v0.4.1
[INFO] [stderr]     Checking toml v0.5.10
[INFO] [stderr]     Checking bstr v0.2.17
[INFO] [stderr]     Checking ron v0.7.1
[INFO] [stderr]     Checking csv v1.1.6
[INFO] [stderr]     Checking tungstenite v0.18.0
[INFO] [stderr]     Checking config v0.13.3
[INFO] [stderr]     Checking hyper v0.14.23
[INFO] [stderr] error: could not compile `hyper` (lib)
[INFO] [stderr] 
[INFO] [stderr] Caused by:
[INFO] [stderr]   process didn't exit successfully: `/opt/rustwide/rustup-home/toolchains/1.75.0-x86_64-unknown-linux-gnu/bin/rustc --crate-name hyper --edition=2018 /opt/rustwide/cargo-home/registry/src/index.crates.io-6f17d22bba15001f/hyper-0.14.23/src/lib.rs --error-format=json --json=diagnostic-rendered-ansi,artifacts,future-incompat --crate-type lib --emit=dep-info,metadata -C embed-bitcode=no -C debuginfo=2 --cfg 'feature="client"' --cfg 'feature="h2"' --cfg 'feature="http1"' --cfg 'feature="http2"' --cfg 'feature="runtime"' --cfg 'feature="socket2"' --cfg 'feature="tcp"' -C metadata=619e063496f5318e -C extra-filename=-619e063496f5318e --out-dir /opt/rustwide/target/debug/deps -L dependency=/opt/rustwide/target/debug/deps --extern bytes=/opt/rustwide/target/debug/deps/libbytes-85a9e9f3fe0247d6.rmeta --extern futures_channel=/opt/rustwide/target/debug/deps/libfutures_channel-51874551dcc9e66f.rmeta --extern futures_core=/opt/rustwide/target/debug/deps/libfutures_core-3f75e3a26df2bc9e.rmeta --extern futures_util=/opt/rustwide/target/debug/deps/libfutures_util-12d95808f6318bf5.rmeta --extern h2=/opt/rustwide/target/debug/deps/libh2-5979d7e2d2dd53e9.rmeta --extern http=/opt/rustwide/target/debug/deps/libhttp-44d883819a82ad19.rmeta --extern http_body=/opt/rustwide/target/debug/deps/libhttp_body-c6858d28507c24aa.rmeta --extern httparse=/opt/rustwide/target/debug/deps/libhttparse-7c8a2d6bbc52db7d.rmeta --extern httpdate=/opt/rustwide/target/debug/deps/libhttpdate-d8b96c7b05a3fb74.rmeta --extern itoa=/opt/rustwide/target/debug/deps/libitoa-36ff007bcc85deca.rmeta --extern pin_project_lite=/opt/rustwide/target/debug/deps/libpin_project_lite-12e98c1df7921299.rmeta --extern socket2=/opt/rustwide/target/debug/deps/libsocket2-ca5f065df9cc87e8.rmeta --extern tokio=/opt/rustwide/target/debug/deps/libtokio-482ccb5fe7322666.rmeta --extern tower_service=/opt/rustwide/target/debug/deps/libtower_service-f0feaf64c8970dba.rmeta --extern tracing=/opt/rustwide/target/debug/deps/libtracing-cd0b531971ee39bd.rmeta --extern want=/opt/rustwide/target/debug/deps/libwant-8d555cb2d1b8fa58.rmeta --cap-lints allow --cap-lints=warn` (signal: 9, SIGKILL: kill)
[INFO] [stderr] warning: build failed, waiting for other jobs to finish...
[ERROR] error running command: no output for 300 seconds
[INFO] running `Command { std: "docker" "inspect" "561472b9810006dca1e5257d002acb664abf4ed805cddd7d3524ae89735f5406", kill_on_drop: false }`
[INFO] running `Command { std: "docker" "rm" "-f" "561472b9810006dca1e5257d002acb664abf4ed805cddd7d3524ae89735f5406", kill_on_drop: false }`
[INFO] [stdout] 561472b9810006dca1e5257d002acb664abf4ed805cddd7d3524ae89735f5406
[INFO] documenting RajendrabinHafiz/Crypto-trading-with-machine-learning against beta-2023-12-22 for beta-1.76-rustdoc-1
[INFO] running `Command { std: "git" "clone" "/workspace/cache/git-repos/https%3A%2F%2Fgithub.com%2FRajendrabinHafiz%2FCrypto-trading-with-machine-learning" "/workspace/builds/worker-4-tc2/source", kill_on_drop: false }`
[INFO] [stderr] Cloning into '/workspace/builds/worker-4-tc2/source'...
[INFO] [stderr] done.
[INFO] validating manifest of git repo https://github.com/RajendrabinHafiz/Crypto-trading-with-machine-learning on toolchain beta-2023-12-22
[INFO] running `Command { std: CARGO_HOME="/workspace/cargo-home" RUSTUP_HOME="/workspace/rustup-home" "/workspace/cargo-home/bin/cargo" "+beta-2023-12-22" "metadata" "--manifest-path" "Cargo.toml" "--no-deps", kill_on_drop: false }`
[INFO] started tweaking git repo https://github.com/RajendrabinHafiz/Crypto-trading-with-machine-learning
[INFO] finished tweaking git repo https://github.com/RajendrabinHafiz/Crypto-trading-with-machine-learning
[INFO] tweaked toml for git repo https://github.com/RajendrabinHafiz/Crypto-trading-with-machine-learning written to /workspace/builds/worker-4-tc2/source/Cargo.toml
[INFO] crate git repo https://github.com/RajendrabinHafiz/Crypto-trading-with-machine-learning already has a lockfile, it will not be regenerated
[INFO] running `Command { std: CARGO_HOME="/workspace/cargo-home" RUSTUP_HOME="/workspace/rustup-home" "/workspace/cargo-home/bin/cargo" "+beta-2023-12-22" "fetch" "--manifest-path" "Cargo.toml", kill_on_drop: false }`
[INFO] running `Command { std: "docker" "create" "-v" "/var/lib/crater-agent-workspace/builds/worker-4-tc2/target:/opt/rustwide/target:rw,Z" "-v" "/var/lib/crater-agent-workspace/builds/worker-4-tc2/source:/opt/rustwide/workdir:ro,Z" "-v" "/var/lib/crater-agent-workspace/cargo-home:/opt/rustwide/cargo-home:ro,Z" "-v" "/var/lib/crater-agent-workspace/rustup-home:/opt/rustwide/rustup-home:ro,Z" "-e" "SOURCE_DIR=/opt/rustwide/workdir" "-e" "CARGO_TARGET_DIR=/opt/rustwide/target" "-e" "CARGO_HOME=/opt/rustwide/cargo-home" "-e" "RUSTUP_HOME=/opt/rustwide/rustup-home" "-w" "/opt/rustwide/workdir" "-m" "1610612736" "--user" "0:0" "--network" "none" "ghcr.io/rust-lang/crates-build-env/linux@sha256:2788e3201cd34a07e3172128adcd8b3090168a8e3bcc40d7c032b9dda1df7d1c" "/opt/rustwide/cargo-home/bin/cargo" "+beta-2023-12-22" "metadata" "--no-deps" "--format-version=1", kill_on_drop: false }`
[INFO] [stdout] 8d1901258f2b14462834462947ba2a6b0f8f98931c2e91a8af91f8008bab83c6
[INFO] running `Command { std: "docker" "start" "-a" "8d1901258f2b14462834462947ba2a6b0f8f98931c2e91a8af91f8008bab83c6", kill_on_drop: false }`
[INFO] running `Command { std: "docker" "inspect" "8d1901258f2b14462834462947ba2a6b0f8f98931c2e91a8af91f8008bab83c6", kill_on_drop: false }`
[INFO] running `Command { std: "docker" "rm" "-f" "8d1901258f2b14462834462947ba2a6b0f8f98931c2e91a8af91f8008bab83c6", kill_on_drop: false }`
[INFO] [stdout] 8d1901258f2b14462834462947ba2a6b0f8f98931c2e91a8af91f8008bab83c6
[INFO] running `Command { std: "docker" "create" "-v" "/var/lib/crater-agent-workspace/builds/worker-4-tc2/target:/opt/rustwide/target:rw,Z" "-v" "/var/lib/crater-agent-workspace/builds/worker-4-tc2/source:/opt/rustwide/workdir:ro,Z" "-v" "/var/lib/crater-agent-workspace/cargo-home:/opt/rustwide/cargo-home:ro,Z" "-v" "/var/lib/crater-agent-workspace/rustup-home:/opt/rustwide/rustup-home:ro,Z" "-e" "SOURCE_DIR=/opt/rustwide/workdir" "-e" "CARGO_TARGET_DIR=/opt/rustwide/target" "-e" "CARGO_INCREMENTAL=0" "-e" "RUST_BACKTRACE=full" "-e" "RUSTFLAGS=--cap-lints=warn" "-e" "RUSTDOCFLAGS=--cap-lints=warn" "-e" "CARGO_HOME=/opt/rustwide/cargo-home" "-e" "RUSTUP_HOME=/opt/rustwide/rustup-home" "-w" "/opt/rustwide/workdir" "-m" "1610612736" "--user" "0:0" "--network" "none" "ghcr.io/rust-lang/crates-build-env/linux@sha256:2788e3201cd34a07e3172128adcd8b3090168a8e3bcc40d7c032b9dda1df7d1c" "/opt/rustwide/cargo-home/bin/cargo" "+beta-2023-12-22" "doc" "--frozen" "--no-deps" "--document-private-items" "--message-format=json", kill_on_drop: false }`
[INFO] [stdout] 57a9e8e484eeae39cb3369bdf34c70f40a9a33f3b32ef4f353c4cb423f109de8
[INFO] running `Command { std: "docker" "start" "-a" "57a9e8e484eeae39cb3369bdf34c70f40a9a33f3b32ef4f353c4cb423f109de8", kill_on_drop: false }`
[INFO] [stderr]    Compiling proc-macro2 v1.0.49
[INFO] [stderr]    Compiling syn v1.0.107
[INFO] [stderr]    Compiling libc v0.2.139
[INFO] [stderr]     Checking once_cell v1.17.0
[INFO] [stderr]    Compiling serde_derive v1.0.152
[INFO] [stderr]    Compiling serde v1.0.152
[INFO] [stderr]    Compiling futures-core v0.3.25
[INFO] [stderr]    Compiling thiserror v1.0.38
[INFO] [stderr]     Checking itoa v1.0.5
[INFO] [stderr]     Checking bytes v1.3.0
[INFO] [stderr]    Compiling slab v0.4.7
[INFO] [stderr]    Compiling openssl-sys v0.9.80
[INFO] [stderr]     Checking futures-sink v0.3.25
[INFO] [stderr]    Compiling futures-channel v0.3.25
[INFO] [stderr]    Compiling futures-task v0.3.25
[INFO] [stderr]    Compiling tokio v1.24.2
[INFO] [stderr]    Compiling futures-util v0.3.25
[INFO] [stderr]    Compiling memchr v2.5.0
[INFO] [stderr]     Checking futures-io v0.3.25
[INFO] [stderr]    Compiling unicase v2.6.0
[INFO] [stderr]     Checking foreign-types-shared v0.1.1
[INFO] [stderr]    Compiling openssl v0.10.45
[INFO] [stderr]     Checking tracing-core v0.1.30
[INFO] [stderr]    Compiling indexmap v1.9.2
[INFO] [stderr]     Checking tinyvec_macros v0.1.0
[INFO] [stderr]    Compiling native-tls v0.2.11
[INFO] [stderr]     Checking foreign-types v0.3.2
[INFO] [stderr]     Checking ryu v1.0.12
[INFO] [stderr]     Checking http v0.2.8
[INFO] [stderr]    Compiling glob v0.3.0
[INFO] [stderr]     Checking tinyvec v1.6.0
[INFO] [stderr]    Compiling nom v5.1.2
[INFO] [stderr]    Compiling serde_json v1.0.91
[INFO] [stderr]    Compiling regex-syntax v0.6.28
[INFO] [stderr]     Checking unicode-bidi v0.3.8
[INFO] [stderr]     Checking try-lock v0.2.3
[INFO] [stderr]    Compiling textwrap v0.11.0
[INFO] [stderr]     Checking want v0.3.0
[INFO] [stderr]     Checking tracing v0.1.37
[INFO] [stderr]     Checking block-buffer v0.10.3
[INFO] [stderr]    Compiling num-traits v0.2.15
[INFO] [stderr]    Compiling bindgen v0.56.0
[INFO] [stderr]    Compiling quote v1.0.23
[INFO] [stderr]    Compiling mime_guess v2.0.4
[INFO] [stderr]    Compiling ucd-trie v0.1.5
[INFO] [stderr]    Compiling vec_map v0.8.2
[INFO] [stderr]    Compiling encoding_rs v0.8.31
[INFO] [stderr]    Compiling clang-sys v1.4.0
[INFO] [stderr]    Compiling aho-corasick v0.7.20
[INFO] [stderr]    Compiling humantime v2.1.0
[INFO] [stderr]    Compiling strsim v0.8.0
[INFO] [stderr]    Compiling ansi_term v0.12.1
[INFO] [stderr]    Compiling atty v0.2.14
[INFO] [stderr]    Compiling which v3.1.1
[INFO] [stderr]     Checking http-body v0.4.5
[INFO] [stderr]     Checking digest v0.10.6
[INFO] [stderr]     Checking unicode-normalization v0.1.22
[INFO] [stderr]    Compiling clap v2.34.0
[INFO] [stderr]    Compiling num-integer v0.1.45
[INFO] [stderr]    Compiling proc-macro-error-attr v0.4.12
[INFO] [stderr]    Compiling erasable v1.2.1
[INFO] [stderr]     Checking mime v0.3.16
[INFO] [stderr]    Compiling shlex v0.1.1
[INFO] [stderr]    Compiling unicode-xid v0.0.4
[INFO] [stderr]    Compiling io-lifetimes v1.0.4
[INFO] [stderr]    Compiling synom v0.11.3
[INFO] [stderr]    Compiling proc-macro-error v0.4.12
[INFO] [stderr]    Compiling cmake v0.1.49
[INFO] [stderr]    Compiling quote v0.3.15
[INFO] [stderr]     Checking getrandom v0.2.8
[INFO] [stderr]     Checking signal-hook-registry v1.4.0
[INFO] [stderr]     Checking mio v0.8.5
[INFO] [stderr]     Checking num_cpus v1.15.0
[INFO] [stderr]     Checking socket2 v0.4.7
[INFO] [stderr]     Checking ahash v0.7.6
[INFO] [stderr]     Checking idna v0.3.0
[INFO] [stderr]     Checking rand_core v0.6.4
[INFO] [stderr]     Checking hashbrown v0.12.3
[INFO] [stderr]    Compiling proc-macro-hack v0.5.20+deprecated
[INFO] [stderr]    Compiling rustix v0.36.7
[INFO] [stderr]     Checking ipnet v2.7.0
[INFO] [stderr]     Checking rand_chacha v0.3.1
[INFO] [stderr]    Compiling syn v0.11.11
[INFO] [stderr]    Compiling proc-macro-error-attr v1.0.4
[INFO] [stderr]    Compiling error-chain v0.12.4
[INFO] [stderr]    Compiling either v1.8.0
[INFO] [stderr]    Compiling async-trait v0.1.60
[INFO] [stderr]    Compiling derive_builder v0.5.1
[INFO] [stderr]    Compiling regex v1.7.0
[INFO] [stderr]     Checking dlv-list v0.3.0
[INFO] [stderr]     Checking chrono v0.4.23
[INFO] [stderr]     Checking ordered-multimap v0.4.3
[INFO] [stderr]    Compiling itertools v0.9.0
[INFO] [stderr]    Compiling cexpr v0.4.0
[INFO] [stderr]     Checking rand v0.8.5
[INFO] [stderr]     Checking rc-box v1.2.0
[INFO] [stderr]     Checking sha1 v0.10.5
[INFO] [stderr]     Checking uuid v1.2.2
[INFO] [stderr]     Checking takecell v0.1.1
[INFO] [stderr]    Compiling anyhow v1.0.68
[INFO] [stderr]    Compiling derive_builder_core v0.2.0
[INFO] [stderr]     Checking never v0.1.0
[INFO] [stderr]     Checking regex-automata v0.1.10
[INFO] [stderr]     Checking utf-8 v0.7.6
[INFO] [stderr]     Checking take_mut v0.2.2
[INFO] [stderr]     Checking nom v7.1.2
[INFO] [stderr]     Checking nix v0.26.1
[INFO] [stderr]     Checking yaml-rust v0.4.5
[INFO] [stderr]     Checking rust-ini v0.18.0
[INFO] [stderr]     Checking sha2 v0.10.6
[INFO] [stderr]    Compiling env_logger v0.8.4
[INFO] [stderr]     Checking hmac v0.12.1
[INFO] [stderr]     Checking csv-core v0.1.10
[INFO] [stderr]     Checking pathdiff v0.2.1
[INFO] [stderr]     Checking genawaiter-macro v0.99.1
[INFO] [stderr]     Checking itoa v0.4.8
[INFO] [stderr]     Checking is-terminal v0.4.2
[INFO] [stderr]     Checking itertools v0.10.5
[INFO] [stderr]     Checking ctrlc v3.2.4
[INFO] [stderr]    Compiling darling_core v0.13.4
[INFO] [stderr]    Compiling syn-mid v0.5.3
[INFO] [stderr]    Compiling proc-macro-error v1.0.4
[INFO] [stderr]     Checking env_logger v0.10.0
[INFO] [stderr]    Compiling thiserror-impl v1.0.38
[INFO] [stderr]    Compiling futures-macro v0.3.25
[INFO] [stderr]    Compiling tokio-macros v1.8.2
[INFO] [stderr]    Compiling openssl-macros v0.1.0
[INFO] [stderr]    Compiling pin-project-internal v1.0.12
[INFO] [stderr]    Compiling derive_more v0.99.17
[INFO] [stderr]    Compiling aquamarine v0.1.12
[INFO] [stderr]    Compiling genawaiter-proc-macro v0.99.1
[INFO] [stderr]    Compiling darling_macro v0.13.4
[INFO] [stderr]     Checking pin-project v1.0.12
[INFO] [stderr]    Compiling pest v2.5.2
[INFO] [stderr]    Compiling darling v0.13.4
[INFO] [stderr]    Compiling serde_with_macros v1.5.2
[INFO] [stderr]     Checking genawaiter v0.99.1
[INFO] [stderr]    Compiling lightgbm-sys v0.3.0 (https://github.com/vaaaaanquish/lightgbm-rs.git?tag=v0.2.4#fdac5153)
[INFO] [stderr]    Compiling pest_meta v2.5.2
[INFO] [stderr]    Compiling pest_generator v2.5.2
[INFO] [stderr]     Checking futures-executor v0.3.25
[INFO] [stderr]     Checking futures v0.3.25
[INFO] [stderr]     Checking dptree v0.3.0
[INFO] [stderr]    Compiling pest_derive v2.5.2
[INFO] [stderr]     Checking tokio-util v0.7.4
[INFO] [stderr]     Checking tokio-native-tls v0.3.0
[INFO] [stderr]     Checking tokio-stream v0.1.11
[INFO] [stderr]     Checking h2 v0.3.15
[INFO] [stderr]     Checking url v2.3.1
[INFO] [stderr]     Checking serde_urlencoded v0.7.1
[INFO] [stderr]     Checking bstr v0.2.17
[INFO] [stderr]     Checking ron v0.7.1
[INFO] [stderr]     Checking json5 v0.4.1
[INFO] [stderr]     Checking toml v0.5.10
[INFO] [stderr]     Checking tungstenite v0.18.0
[INFO] [stderr]     Checking csv v1.1.6
[INFO] [stderr]     Checking config v0.13.3
[INFO] [stderr]     Checking hyper v0.14.23
[INFO] [stderr] error: could not compile `hyper` (lib)
[INFO] [stderr] 
[INFO] [stderr] Caused by:
[INFO] [stderr]   process didn't exit successfully: `/opt/rustwide/rustup-home/toolchains/beta-2023-12-22-x86_64-unknown-linux-gnu/bin/rustc --crate-name hyper --edition=2018 /opt/rustwide/cargo-home/registry/src/index.crates.io-6f17d22bba15001f/hyper-0.14.23/src/lib.rs --error-format=json --json=diagnostic-rendered-ansi,artifacts,future-incompat --crate-type lib --emit=dep-info,metadata -C embed-bitcode=no -C debuginfo=2 --cfg 'feature="client"' --cfg 'feature="h2"' --cfg 'feature="http1"' --cfg 'feature="http2"' --cfg 'feature="runtime"' --cfg 'feature="socket2"' --cfg 'feature="tcp"' -C metadata=890aaba897a73b7d -C extra-filename=-890aaba897a73b7d --out-dir /opt/rustwide/target/debug/deps -L dependency=/opt/rustwide/target/debug/deps --extern bytes=/opt/rustwide/target/debug/deps/libbytes-6fc4cd67c66cc9ef.rmeta --extern futures_channel=/opt/rustwide/target/debug/deps/libfutures_channel-7f874715afde71bd.rmeta --extern futures_core=/opt/rustwide/target/debug/deps/libfutures_core-a0228dc10b455145.rmeta --extern futures_util=/opt/rustwide/target/debug/deps/libfutures_util-51f8ba64128eaab3.rmeta --extern h2=/opt/rustwide/target/debug/deps/libh2-699a7c4bc6556dc1.rmeta --extern http=/opt/rustwide/target/debug/deps/libhttp-fd80a4b49936da50.rmeta --extern http_body=/opt/rustwide/target/debug/deps/libhttp_body-5a554d390ccb1df5.rmeta --extern httparse=/opt/rustwide/target/debug/deps/libhttparse-ce6e43cd12e8169a.rmeta --extern httpdate=/opt/rustwide/target/debug/deps/libhttpdate-1dd841567ebba6f2.rmeta --extern itoa=/opt/rustwide/target/debug/deps/libitoa-47d137cb9f6a1e1f.rmeta --extern pin_project_lite=/opt/rustwide/target/debug/deps/libpin_project_lite-57649b516a58a32c.rmeta --extern socket2=/opt/rustwide/target/debug/deps/libsocket2-4eb51c6b3228b72e.rmeta --extern tokio=/opt/rustwide/target/debug/deps/libtokio-db44dd5b2ddbf0ba.rmeta --extern tower_service=/opt/rustwide/target/debug/deps/libtower_service-d1848352b0a7a30a.rmeta --extern tracing=/opt/rustwide/target/debug/deps/libtracing-5d2189694aa16eb7.rmeta --extern want=/opt/rustwide/target/debug/deps/libwant-137f694a3ad322cc.rmeta --cap-lints allow --cap-lints=warn` (signal: 9, SIGKILL: kill)
[INFO] [stderr] warning: build failed, waiting for other jobs to finish...
[INFO] [stderr] error: failed to run custom build command for `lightgbm-sys v0.3.0 (https://github.com/vaaaaanquish/lightgbm-rs.git?tag=v0.2.4#fdac5153)`
[INFO] [stderr] note: To improve backtraces for build dependencies, set the CARGO_PROFILE_DEV_BUILD_OVERRIDE_DEBUG=true environment variable to enable debug information generation.
[INFO] [stderr] 
[INFO] [stderr] Caused by:
[INFO] [stderr]   process didn't exit successfully: `/opt/rustwide/target/debug/build/lightgbm-sys-c244c4eff0f952b9/build-script-build` (exit status: 101)
[INFO] [stderr]   --- stdout
[INFO] [stderr]   CMAKE_TOOLCHAIN_FILE_x86_64-unknown-linux-gnu = None
[INFO] [stderr]   CMAKE_TOOLCHAIN_FILE_x86_64_unknown_linux_gnu = None
[INFO] [stderr]   HOST_CMAKE_TOOLCHAIN_FILE = None
[INFO] [stderr]   CMAKE_TOOLCHAIN_FILE = None
[INFO] [stderr]   CMAKE_GENERATOR_x86_64-unknown-linux-gnu = None
[INFO] [stderr]   CMAKE_GENERATOR_x86_64_unknown_linux_gnu = None
[INFO] [stderr]   HOST_CMAKE_GENERATOR = None
[INFO] [stderr]   CMAKE_GENERATOR = None
[INFO] [stderr]   CMAKE_PREFIX_PATH_x86_64-unknown-linux-gnu = None
[INFO] [stderr]   CMAKE_PREFIX_PATH_x86_64_unknown_linux_gnu = None
[INFO] [stderr]   HOST_CMAKE_PREFIX_PATH = None
[INFO] [stderr]   CMAKE_PREFIX_PATH = None
[INFO] [stderr]   CMAKE_x86_64-unknown-linux-gnu = None
[INFO] [stderr]   CMAKE_x86_64_unknown_linux_gnu = None
[INFO] [stderr]   HOST_CMAKE = None
[INFO] [stderr]   CMAKE = None
[INFO] [stderr]   running: cd "/opt/rustwide/target/debug/build/lightgbm-sys-7622e8ebfe44ff7e/out/build" && CMAKE_PREFIX_PATH="" "cmake" "/opt/rustwide/target/debug/build/lightgbm-sys-7622e8ebfe44ff7e/out/lightgbm" "-DBUILD_STATIC_LIB=ON" "-DCMAKE_INSTALL_PREFIX=/opt/rustwide/target/debug/build/lightgbm-sys-7622e8ebfe44ff7e/out" "-DCMAKE_C_FLAGS= -ffunction-sections -fdata-sections -fPIC -m64" "-DCMAKE_C_COMPILER=/usr/bin/cc" "-DCMAKE_CXX_FLAGS= -ffunction-sections -fdata-sections -fPIC -m64" "-DCMAKE_CXX_COMPILER=/usr/bin/c++" "-DCMAKE_ASM_FLAGS= -ffunction-sections -fdata-sections -fPIC -m64" "-DCMAKE_ASM_COMPILER=/usr/bin/cc" "-DCMAKE_BUILD_TYPE=Release"
[INFO] [stderr]   -- The C compiler identification is GNU 11.4.0
[INFO] [stderr]   -- The CXX compiler identification is GNU 11.4.0
[INFO] [stderr]   -- Detecting C compiler ABI info
[INFO] [stderr]   -- Detecting C compiler ABI info - done
[INFO] [stderr]   -- Check for working C compiler: /usr/bin/cc - skipped
[INFO] [stderr]   -- Detecting C compile features
[INFO] [stderr]   -- Detecting C compile features - done
[INFO] [stderr]   -- Detecting CXX compiler ABI info
[INFO] [stderr]   -- Detecting CXX compiler ABI info - done
[INFO] [stderr]   -- Check for working CXX compiler: /usr/bin/c++ - skipped
[INFO] [stderr]   -- Detecting CXX compile features
[INFO] [stderr]   -- Detecting CXX compile features - done
[INFO] [stderr]   -- Found OpenMP_C: -fopenmp (found version "4.5") 
[INFO] [stderr]   -- Found OpenMP_CXX: -fopenmp (found version "4.5") 
[INFO] [stderr]   -- Found OpenMP: TRUE (found version "4.5")  
[INFO] [stderr]   -- Performing Test MM_PREFETCH
[INFO] [stderr]   -- Performing Test MM_PREFETCH - Success
[INFO] [stderr]   -- Using _mm_prefetch
[INFO] [stderr]   -- Performing Test MM_MALLOC
[INFO] [stderr]   -- Performing Test MM_MALLOC - Success
[INFO] [stderr]   -- Using _mm_malloc
[INFO] [stderr]   -- Configuring done
[INFO] [stderr]   -- Generating done
[INFO] [stderr]   -- Build files have been written to: /opt/rustwide/target/debug/build/lightgbm-sys-7622e8ebfe44ff7e/out/build
[INFO] [stderr]   running: cd "/opt/rustwide/target/debug/build/lightgbm-sys-7622e8ebfe44ff7e/out/build" && MAKEFLAGS="-j --jobserver-fds=7,8 --jobserver-auth=7,8" "cmake" "--build" "." "--target" "install" "--config" "Release"
[INFO] [stderr]   [  7%] Building CXX object CMakeFiles/lightgbm.dir/src/main.cpp.o
[INFO] [stderr]   [  7%] Building CXX object CMakeFiles/_lightgbm.dir/src/boosting/gbdt.cpp.o
[INFO] [stderr]   [  7%] Building CXX object CMakeFiles/_lightgbm.dir/src/boosting/gbdt_model_text.cpp.o
[INFO] [stderr]   [  8%] Building CXX object CMakeFiles/lightgbm.dir/src/application/application.cpp.o
[INFO] [stderr]   [  8%] Building CXX object CMakeFiles/_lightgbm.dir/src/boosting/boosting.cpp.o
[INFO] [stderr]   [  8%] Building CXX object CMakeFiles/_lightgbm.dir/src/boosting/gbdt_prediction.cpp.o
[INFO] [stderr]   [ 13%] Building CXX object CMakeFiles/lightgbm.dir/src/boosting/gbdt_model_text.cpp.o
[INFO] [stderr]   [ 13%] Building CXX object CMakeFiles/lightgbm.dir/src/boosting/gbdt.cpp.o
[INFO] [stderr]   [ 13%] Building CXX object CMakeFiles/_lightgbm.dir/src/boosting/prediction_early_stop.cpp.o
[INFO] [stderr]   [ 15%] Building CXX object CMakeFiles/_lightgbm.dir/src/io/bin.cpp.o
[INFO] [stderr]   [ 15%] Building CXX object CMakeFiles/lightgbm.dir/src/boosting/gbdt_prediction.cpp.o
[INFO] [stderr]   [ 20%] Building CXX object CMakeFiles/lightgbm.dir/src/boosting/boosting.cpp.o
[INFO] [stderr]   [ 20%] Building CXX object CMakeFiles/lightgbm.dir/src/boosting/prediction_early_stop.cpp.o
[INFO] [stderr]   [ 20%] Building CXX object CMakeFiles/_lightgbm.dir/src/io/config.cpp.o
[INFO] [stderr]   [ 21%] Building CXX object CMakeFiles/_lightgbm.dir/src/io/config_auto.cpp.o
[INFO] [stderr]   [ 24%] Building CXX object CMakeFiles/_lightgbm.dir/src/io/dataset.cpp.o
[INFO] [stderr]   [ 24%] Building CXX object CMakeFiles/lightgbm.dir/src/io/bin.cpp.o
[INFO] [stderr]   [ 26%] Building CXX object CMakeFiles/_lightgbm.dir/src/io/dataset_loader.cpp.o
[INFO] [stderr]   [ 27%] Building CXX object CMakeFiles/lightgbm.dir/src/io/config.cpp.o
[INFO] [stderr]   [ 28%] Building CXX object CMakeFiles/lightgbm.dir/src/io/config_auto.cpp.o
[INFO] [stderr]   [ 30%] Building CXX object CMakeFiles/lightgbm.dir/src/io/dataset.cpp.o
[INFO] [stderr] 
[INFO] [stderr]   --- stderr
[INFO] [stderr]   CMake Warning:
[INFO] [stderr]     Manually-specified variables were not used by the project:
[INFO] [stderr] 
[INFO] [stderr]       CMAKE_ASM_COMPILER
[INFO] [stderr]       CMAKE_ASM_FLAGS
[INFO] [stderr] 
[INFO] [stderr] 
[INFO] [stderr]   c++: fatal error: Killed signal terminated program cc1plus
[INFO] [stderr]   compilation terminated.
[INFO] [stderr]   gmake[2]: *** [CMakeFiles/_lightgbm.dir/build.make:174: CMakeFiles/_lightgbm.dir/src/io/config_auto.cpp.o] Error 1
[INFO] [stderr]   gmake[2]: *** Waiting for unfinished jobs....
[INFO] [stderr]   c++: fatal error: Killed signal terminated program cc1plus
[INFO] [stderr]   compilation terminated.
[INFO] [stderr]   gmake[2]: *** [CMakeFiles/_lightgbm.dir/build.make:104: CMakeFiles/_lightgbm.dir/src/boosting/gbdt_model_text.cpp.o] Error 1
[INFO] [stderr]   c++: fatal error: Killed signal terminated program cc1plus
[INFO] [stderr]   compilation terminated.
[INFO] [stderr]   gmake[2]: *** [CMakeFiles/_lightgbm.dir/build.make:76: CMakeFiles/_lightgbm.dir/src/boosting/boosting.cpp.o] Error 1
[INFO] [stderr]   c++: fatal error: Killed signal terminated program cc1plus
[INFO] [stderr]   compilation terminated.
[INFO] [stderr]   gmake[2]: *** [CMakeFiles/lightgbm.dir/build.make:146: CMakeFiles/lightgbm.dir/src/boosting/gbdt_prediction.cpp.o] Error 1
[INFO] [stderr]   gmake[2]: *** Waiting for unfinished jobs....
[INFO] [stderr]   c++: fatal error: Killed signal terminated program cc1plus
[INFO] [stderr]   compilation terminated.
[INFO] [stderr]   gmake[2]: *** [CMakeFiles/lightgbm.dir/build.make:118: CMakeFiles/lightgbm.dir/src/boosting/gbdt.cpp.o] Error 1
[INFO] [stderr]   c++: fatal error: Killed signal terminated program cc1plus
[INFO] [stderr]   compilation terminated.
[INFO] [stderr]   gmake[2]: *** [CMakeFiles/_lightgbm.dir/build.make:118: CMakeFiles/_lightgbm.dir/src/boosting/gbdt_prediction.cpp.o] Error 1
[INFO] [stderr]   c++: fatal error: Killed signal terminated program cc1plus
[INFO] [stderr]   compilation terminated.
[INFO] [stderr]   gmake[2]: *** [CMakeFiles/lightgbm.dir/build.make:132: CMakeFiles/lightgbm.dir/src/boosting/gbdt_model_text.cpp.o] Error 1
[INFO] [stderr]   c++: fatal error: Killed signal terminated program cc1plus
[INFO] [stderr]   compilation terminated.
[INFO] [stderr]   gmake[2]: *** [CMakeFiles/_lightgbm.dir/build.make:90: CMakeFiles/_lightgbm.dir/src/boosting/gbdt.cpp.o] Error 1
[INFO] [stderr]   c++: fatal error: Killed signal terminated program cc1plus
[INFO] [stderr]   compilation terminated.
[INFO] [stderr]   gmake[2]: *** [CMakeFiles/lightgbm.dir/build.make:104: CMakeFiles/lightgbm.dir/src/boosting/boosting.cpp.o] Error 1
[INFO] [stderr]   c++: fatal error: Killed signal terminated program cc1plus
[INFO] [stderr]   compilation terminated.
[INFO] [stderr]   gmake[2]: *** [CMakeFiles/lightgbm.dir/build.make:90: CMakeFiles/lightgbm.dir/src/application/application.cpp.o] Error 1
[INFO] [stderr]   c++: fatal error: Killed signal terminated program cc1plus
[INFO] [stderr]   compilation terminated.
[INFO] [stderr]   gmake[2]: *** [CMakeFiles/_lightgbm.dir/build.make:146: CMakeFiles/_lightgbm.dir/src/io/bin.cpp.o] Error 1
[INFO] [stderr]   c++: fatal error: Killed signal terminated program cc1plus
[INFO] [stderr]   compilation terminated.
[INFO] [stderr]   gmake[2]: *** [CMakeFiles/lightgbm.dir/build.make:174: CMakeFiles/lightgbm.dir/src/io/bin.cpp.o] Error 1
[INFO] [stderr]   gmake[1]: *** [CMakeFiles/Makefile2:111: CMakeFiles/_lightgbm.dir/all] Error 2
[INFO] [stderr]   gmake[1]: *** Waiting for unfinished jobs....
[INFO] [stderr]   gmake[1]: *** [CMakeFiles/Makefile2:85: CMakeFiles/lightgbm.dir/all] Error 2
[INFO] [stderr]   gmake: *** [Makefile:136: all] Error 2
[INFO] [stderr]   thread 'main' panicked at /opt/rustwide/cargo-home/registry/src/index.crates.io-6f17d22bba15001f/cmake-0.1.49/src/lib.rs:1104:5:
[INFO] [stderr] 
[INFO] [stderr]   command did not execute successfully, got: exit status: 2
[INFO] [stderr] 
[INFO] [stderr]   build script failed, must exit now
[INFO] [stderr]   stack backtrace:
[INFO] [stderr]      0:     0x5602ddc1b826 - std::backtrace_rs::backtrace::libunwind::trace::h261606ad26a499c1
[INFO] [stderr]                                  at /rustc/0e09125c6c3c2fd70d7de961bcf0e51575235fad/library/std/src/../../backtrace/src/backtrace/libunwind.rs:104:5
[INFO] [stderr]      1:     0x5602ddc1b826 - std::backtrace_rs::backtrace::trace_unsynchronized::hd183f0625477fb28
[INFO] [stderr]                                  at /rustc/0e09125c6c3c2fd70d7de961bcf0e51575235fad/library/std/src/../../backtrace/src/backtrace/mod.rs:66:5
[INFO] [stderr]      2:     0x5602ddc1b826 - std::sys_common::backtrace::_print_fmt::hd7f8fef21b4eda67
[INFO] [stderr]                                  at /rustc/0e09125c6c3c2fd70d7de961bcf0e51575235fad/library/std/src/sys_common/backtrace.rs:68:5
[INFO] [stderr]      3:     0x5602ddc1b826 - <std::sys_common::backtrace::_print::DisplayBacktrace as core::fmt::Display>::fmt::h623d9b51f2f453f1
[INFO] [stderr]                                  at /rustc/0e09125c6c3c2fd70d7de961bcf0e51575235fad/library/std/src/sys_common/backtrace.rs:44:22
[INFO] [stderr]      4:     0x5602ddc466e0 - core::fmt::rt::Argument::fmt::h9f417ac76a86f368
[INFO] [stderr]                                  at /rustc/0e09125c6c3c2fd70d7de961bcf0e51575235fad/library/core/src/fmt/rt.rs:142:9
[INFO] [stderr]      5:     0x5602ddc466e0 - core::fmt::write::hc9b6faf4ac2aeff7
[INFO] [stderr]                                  at /rustc/0e09125c6c3c2fd70d7de961bcf0e51575235fad/library/core/src/fmt/mod.rs:1120:17
[INFO] [stderr]      6:     0x5602ddc18c5f - std::io::Write::write_fmt::hfead1eee52c2e65e
[INFO] [stderr]                                  at /rustc/0e09125c6c3c2fd70d7de961bcf0e51575235fad/library/std/src/io/mod.rs:1810:15
[INFO] [stderr]      7:     0x5602ddc1b604 - std::sys_common::backtrace::_print::hd5d66399c7df88a2
[INFO] [stderr]                                  at /rustc/0e09125c6c3c2fd70d7de961bcf0e51575235fad/library/std/src/sys_common/backtrace.rs:47:5
[INFO] [stderr]      8:     0x5602ddc1b604 - std::sys_common::backtrace::print::he81ed2da642d37e5
[INFO] [stderr]                                  at /rustc/0e09125c6c3c2fd70d7de961bcf0e51575235fad/library/std/src/sys_common/backtrace.rs:34:9
[INFO] [stderr]      9:     0x5602ddc1cee7 - std::panicking::default_hook::{{closure}}::h85773f4fa117163d
[INFO] [stderr]     10:     0x5602ddc1cc49 - std::panicking::default_hook::h6a1694a91d09b278
[INFO] [stderr]                                  at /rustc/0e09125c6c3c2fd70d7de961bcf0e51575235fad/library/std/src/panicking.rs:292:9
[INFO] [stderr]     11:     0x5602ddc1d378 - std::panicking::rust_panic_with_hook::h0a7ad96e90f7145b
[INFO] [stderr]                                  at /rustc/0e09125c6c3c2fd70d7de961bcf0e51575235fad/library/std/src/panicking.rs:779:13
[INFO] [stderr]     12:     0x5602ddc1d252 - std::panicking::begin_panic_handler::{{closure}}::h7919090525c6485e
[INFO] [stderr]                                  at /rustc/0e09125c6c3c2fd70d7de961bcf0e51575235fad/library/std/src/panicking.rs:657:13
[INFO] [stderr]     13:     0x5602ddc1bd26 - std::sys_common::backtrace::__rust_end_short_backtrace::hf3289479464f7dfe
[INFO] [stderr]                                  at /rustc/0e09125c6c3c2fd70d7de961bcf0e51575235fad/library/std/src/sys_common/backtrace.rs:171:18
[INFO] [stderr]     14:     0x5602ddc1cfb0 - rust_begin_unwind
[INFO] [stderr]                                  at /rustc/0e09125c6c3c2fd70d7de961bcf0e51575235fad/library/std/src/panicking.rs:645:5
[INFO] [stderr]     15:     0x5602dd7bd7c5 - core::panicking::panic_fmt::hcc9f77c5c132af55
[INFO] [stderr]                                  at /rustc/0e09125c6c3c2fd70d7de961bcf0e51575235fad/library/core/src/panicking.rs:72:14
[INFO] [stderr]     16:     0x5602dd7d3021 - cmake::fail::h06a18e10c5b1c308
[INFO] [stderr]     17:     0x5602dd7d27b7 - cmake::run::hba0cd65d9aaec3f5
[INFO] [stderr]     18:     0x5602dd7cf0aa - cmake::Config::build::h6dd0ff6d6e195ec5
[INFO] [stderr]     19:     0x5602dd7c167e - build_script_build::main::h4164ba70e7c8badb
[INFO] [stderr]     20:     0x5602dd7becc3 - core::ops::function::FnOnce::call_once::h3555f261263831ba
[INFO] [stderr]     21:     0x5602dd7be176 - std::sys_common::backtrace::__rust_begin_short_backtrace::h88a1ae888623a9f2
[INFO] [stderr]     22:     0x5602dd7be809 - std::rt::lang_start::{{closure}}::h89d059161f9086ac
[INFO] [stderr]     23:     0x5602ddc144b1 - core::ops::function::impls::<impl core::ops::function::FnOnce<A> for &F>::call_once::h4eb4c5e1620f29b0
[INFO] [stderr]                                  at /rustc/0e09125c6c3c2fd70d7de961bcf0e51575235fad/library/core/src/ops/function.rs:284:13
[INFO] [stderr]     24:     0x5602ddc144b1 - std::panicking::try::do_call::h73fd26535faffcdf
[INFO] [stderr]                                  at /rustc/0e09125c6c3c2fd70d7de961bcf0e51575235fad/library/std/src/panicking.rs:552:40
[INFO] [stderr]     25:     0x5602ddc144b1 - std::panicking::try::h77ff1d98f0fb9f39
[INFO] [stderr]                                  at /rustc/0e09125c6c3c2fd70d7de961bcf0e51575235fad/library/std/src/panicking.rs:516:19
[INFO] [stderr]     26:     0x5602ddc144b1 - std::panic::catch_unwind::hab3caf2448b95e37
[INFO] [stderr]                                  at /rustc/0e09125c6c3c2fd70d7de961bcf0e51575235fad/library/std/src/panic.rs:142:14
[INFO] [stderr]     27:     0x5602ddc144b1 - std::rt::lang_start_internal::{{closure}}::h8086711f9c783f78
[INFO] [stderr]                                  at /rustc/0e09125c6c3c2fd70d7de961bcf0e51575235fad/library/std/src/rt.rs:148:48
[INFO] [stderr]     28:     0x5602ddc144b1 - std::panicking::try::do_call::hf920d4dc291cd6ca
[INFO] [stderr]                                  at /rustc/0e09125c6c3c2fd70d7de961bcf0e51575235fad/library/std/src/panicking.rs:552:40
[INFO] [stderr]     29:     0x5602ddc144b1 - std::panicking::try::h2b806ccc0a85db74
[INFO] [stderr]                                  at /rustc/0e09125c6c3c2fd70d7de961bcf0e51575235fad/library/std/src/panicking.rs:516:19
[INFO] [stderr]     30:     0x5602ddc144b1 - std::panic::catch_unwind::h038489539c507df2
[INFO] [stderr]                                  at /rustc/0e09125c6c3c2fd70d7de961bcf0e51575235fad/library/std/src/panic.rs:142:14
[INFO] [stderr]     31:     0x5602ddc144b1 - std::rt::lang_start_internal::h28503b88912e8a5c
[INFO] [stderr]                                  at /rustc/0e09125c6c3c2fd70d7de961bcf0e51575235fad/library/std/src/rt.rs:148:20
[INFO] [stderr]     32:     0x5602dd7be7e7 - std::rt::lang_start::hf7c105fb374d996a
[INFO] [stderr]     33:     0x5602dd7c1fe5 - main
[INFO] [stderr]     34:     0x7fd1c53a9d90 - <unknown>
[INFO] [stderr]     35:     0x7fd1c53a9e40 - __libc_start_main
[INFO] [stderr]     36:     0x5602dd7be0a5 - _start
[INFO] [stderr]     37:                0x0 - <unknown>
[INFO] running `Command { std: "docker" "inspect" "57a9e8e484eeae39cb3369bdf34c70f40a9a33f3b32ef4f353c4cb423f109de8", kill_on_drop: false }`
[INFO] running `Command { std: "docker" "rm" "-f" "57a9e8e484eeae39cb3369bdf34c70f40a9a33f3b32ef4f353c4cb423f109de8", kill_on_drop: false }`
[INFO] [stdout] 57a9e8e484eeae39cb3369bdf34c70f40a9a33f3b32ef4f353c4cb423f109de8
