[INFO] cloning repository https://github.com/RYOSKATE/dueling_bandits_simulator
[INFO] running `Command { std: "git" "-c" "credential.helper=" "-c" "credential.helper=/workspace/cargo-home/bin/git-credential-null" "clone" "--bare" "https://github.com/RYOSKATE/dueling_bandits_simulator" "/workspace/cache/git-repos/https%3A%2F%2Fgithub.com%2FRYOSKATE%2Fdueling_bandits_simulator", kill_on_drop: false }`
[INFO] [stderr] Cloning into bare repository '/workspace/cache/git-repos/https%3A%2F%2Fgithub.com%2FRYOSKATE%2Fdueling_bandits_simulator'...
[INFO] running `Command { std: "git" "rev-parse" "HEAD", kill_on_drop: false }`
[INFO] [stdout] 97bab60cfae59bf66a57560e631463441fcb6337
[INFO] documenting RYOSKATE/dueling_bandits_simulator against 1.75.0 for beta-1.76-rustdoc-1
[INFO] running `Command { std: "git" "clone" "/workspace/cache/git-repos/https%3A%2F%2Fgithub.com%2FRYOSKATE%2Fdueling_bandits_simulator" "/workspace/builds/worker-0-tc1/source", kill_on_drop: false }`
[INFO] [stderr] Cloning into '/workspace/builds/worker-0-tc1/source'...
[INFO] [stderr] done.
[INFO] validating manifest of git repo https://github.com/RYOSKATE/dueling_bandits_simulator on toolchain 1.75.0
[INFO] running `Command { std: CARGO_HOME="/workspace/cargo-home" RUSTUP_HOME="/workspace/rustup-home" "/workspace/cargo-home/bin/cargo" "+1.75.0" "metadata" "--manifest-path" "Cargo.toml" "--no-deps", kill_on_drop: false }`
[INFO] started tweaking git repo https://github.com/RYOSKATE/dueling_bandits_simulator
[INFO] finished tweaking git repo https://github.com/RYOSKATE/dueling_bandits_simulator
[INFO] tweaked toml for git repo https://github.com/RYOSKATE/dueling_bandits_simulator written to /workspace/builds/worker-0-tc1/source/Cargo.toml
[INFO] crate git repo https://github.com/RYOSKATE/dueling_bandits_simulator already has a lockfile, it will not be regenerated
[INFO] running `Command { std: CARGO_HOME="/workspace/cargo-home" RUSTUP_HOME="/workspace/rustup-home" "/workspace/cargo-home/bin/cargo" "+1.75.0" "fetch" "--manifest-path" "Cargo.toml", kill_on_drop: false }`
[INFO] [stderr]  Downloading crates ...
[INFO] [stderr]   Downloaded array-macro v2.0.0
[INFO] running `Command { std: "docker" "create" "-v" "/var/lib/crater-agent-workspace/builds/worker-0-tc1/target:/opt/rustwide/target:rw,Z" "-v" "/var/lib/crater-agent-workspace/builds/worker-0-tc1/source:/opt/rustwide/workdir:ro,Z" "-v" "/var/lib/crater-agent-workspace/cargo-home:/opt/rustwide/cargo-home:ro,Z" "-v" "/var/lib/crater-agent-workspace/rustup-home:/opt/rustwide/rustup-home:ro,Z" "-e" "SOURCE_DIR=/opt/rustwide/workdir" "-e" "CARGO_TARGET_DIR=/opt/rustwide/target" "-e" "CARGO_HOME=/opt/rustwide/cargo-home" "-e" "RUSTUP_HOME=/opt/rustwide/rustup-home" "-w" "/opt/rustwide/workdir" "-m" "1610612736" "--user" "0:0" "--network" "none" "ghcr.io/rust-lang/crates-build-env/linux@sha256:2788e3201cd34a07e3172128adcd8b3090168a8e3bcc40d7c032b9dda1df7d1c" "/opt/rustwide/cargo-home/bin/cargo" "+1.75.0" "metadata" "--no-deps" "--format-version=1", kill_on_drop: false }`
[INFO] [stdout] bb7e91060f2afe8173751d11ac771b253cd4f6863dab240ff33929c5a6cd55c2
[INFO] running `Command { std: "docker" "start" "-a" "bb7e91060f2afe8173751d11ac771b253cd4f6863dab240ff33929c5a6cd55c2", kill_on_drop: false }`
[INFO] running `Command { std: "docker" "inspect" "bb7e91060f2afe8173751d11ac771b253cd4f6863dab240ff33929c5a6cd55c2", kill_on_drop: false }`
[INFO] running `Command { std: "docker" "rm" "-f" "bb7e91060f2afe8173751d11ac771b253cd4f6863dab240ff33929c5a6cd55c2", kill_on_drop: false }`
[INFO] [stdout] bb7e91060f2afe8173751d11ac771b253cd4f6863dab240ff33929c5a6cd55c2
[INFO] running `Command { std: "docker" "create" "-v" "/var/lib/crater-agent-workspace/builds/worker-0-tc1/target:/opt/rustwide/target:rw,Z" "-v" "/var/lib/crater-agent-workspace/builds/worker-0-tc1/source:/opt/rustwide/workdir:ro,Z" "-v" "/var/lib/crater-agent-workspace/cargo-home:/opt/rustwide/cargo-home:ro,Z" "-v" "/var/lib/crater-agent-workspace/rustup-home:/opt/rustwide/rustup-home:ro,Z" "-e" "SOURCE_DIR=/opt/rustwide/workdir" "-e" "CARGO_TARGET_DIR=/opt/rustwide/target" "-e" "CARGO_INCREMENTAL=0" "-e" "RUST_BACKTRACE=full" "-e" "RUSTFLAGS=--cap-lints=warn" "-e" "RUSTDOCFLAGS=--cap-lints=warn" "-e" "CARGO_HOME=/opt/rustwide/cargo-home" "-e" "RUSTUP_HOME=/opt/rustwide/rustup-home" "-w" "/opt/rustwide/workdir" "-m" "1610612736" "--user" "0:0" "--network" "none" "ghcr.io/rust-lang/crates-build-env/linux@sha256:2788e3201cd34a07e3172128adcd8b3090168a8e3bcc40d7c032b9dda1df7d1c" "/opt/rustwide/cargo-home/bin/cargo" "+1.75.0" "doc" "--frozen" "--no-deps" "--document-private-items" "--message-format=json", kill_on_drop: false }`
[INFO] [stdout] f8686a06e6ac567d97a67be64a2124666e057ca3cde629d54f744b2c2172d241
[INFO] running `Command { std: "docker" "start" "-a" "f8686a06e6ac567d97a67be64a2124666e057ca3cde629d54f744b2c2172d241", kill_on_drop: false }`
[INFO] [stderr]    Compiling autocfg v1.0.1
[INFO] [stderr]    Compiling libc v0.2.82
[INFO] [stderr]    Compiling autocfg v0.1.7
[INFO] [stderr]     Checking rand_core v0.4.2
[INFO] [stderr]    Compiling const_fn v0.4.5
[INFO] [stderr]    Compiling memchr v2.3.4
[INFO] [stderr]    Compiling serde v1.0.123
[INFO] [stderr]     Checking scopeguard v1.1.0
[INFO] [stderr]    Compiling rayon-core v1.9.0
[INFO] [stderr]     Checking rand_core v0.3.1
[INFO] [stderr]     Checking byteorder v1.4.2
[INFO] [stderr]    Compiling ryu v1.0.5
[INFO] [stderr]     Checking regex-automata v0.1.9
[INFO] [stderr]    Compiling rand_pcg v0.1.2
[INFO] [stderr]    Compiling num-traits v0.2.14
[INFO] [stderr]    Compiling crossbeam-utils v0.8.1
[INFO] [stderr]    Compiling num-integer v0.1.44
[INFO] [stderr]    Compiling memoffset v0.6.1
[INFO] [stderr]    Compiling num-bigint v0.3.1
[INFO] [stderr]    Compiling num-rational v0.3.2
[INFO] [stderr]    Compiling num-iter v0.1.42
[INFO] [stderr]    Compiling rand_chacha v0.1.1
[INFO] [stderr]     Checking num_cpus v1.13.0
[INFO] [stderr]     Checking crossbeam-channel v0.5.0
[INFO] [stderr]    Compiling rayon v1.5.0
[INFO] [stderr]    Compiling rand v0.6.5
[INFO] [stderr]     Checking crossbeam-epoch v0.9.1
[INFO] [stderr]     Checking rand_os v0.1.3
[INFO] [stderr]     Checking time v0.1.44
[INFO] [stderr]     Checking crossbeam-deque v0.8.0
[INFO] [stderr]     Checking csv-core v0.1.10
[INFO] [stderr]     Checking rand_isaac v0.1.1
[INFO] [stderr]     Checking num-complex v0.3.1
[INFO] [stderr]     Checking rand_xorshift v0.1.1
[INFO] [stderr]     Checking rand_hc v0.1.0
[INFO] [stderr]     Checking rand_jitter v0.1.4
[INFO] [stderr]     Checking itoa v0.4.7
[INFO] [stderr]     Checking either v1.6.1
[INFO] [stderr]     Checking array-macro v2.0.0
[INFO] [stderr]     Checking chrono v0.4.19
[INFO] [stdout] error[E0308]: mismatched types
[INFO] [stdout]    --> /opt/rustwide/cargo-home/registry/src/index.crates.io-6f17d22bba15001f/num-bigint-0.3.1/src/biguint.rs:208:19
[INFO] [stdout]     |
[INFO] [stdout] 208 |         .div_ceil(&big_digit::BITS.into())
[INFO] [stdout]     |          -------- ^^^^^^^^^^^^^^^^^^^^^^^ expected `u64`, found `&_`
[INFO] [stdout]     |          |
[INFO] [stdout]     |          arguments to this method are incorrect
[INFO] [stdout]     |
[INFO] [stdout]     = note:   expected type `u64`
[INFO] [stdout]             found reference `&_`
[INFO] [stdout] note: method defined here
[INFO] [stdout]    --> /rustc/82e1608dfa6e0b5569232559e3d385fea5a93112/library/core/src/num/mod.rs:1169:5
[INFO] [stdout]     = note: this error originates in the macro `uint_impl` (in Nightly builds, run with -Z macro-backtrace for more info)
[INFO] [stdout] help: consider removing the borrow
[INFO] [stdout]     |
[INFO] [stdout] 208 -         .div_ceil(&big_digit::BITS.into())
[INFO] [stdout] 208 +         .div_ceil(big_digit::BITS.into())
[INFO] [stdout]     |
[INFO] [stdout] 
[INFO] [stdout] 
[INFO] [stdout] error[E0308]: mismatched types
[INFO] [stdout]     --> /opt/rustwide/cargo-home/registry/src/index.crates.io-6f17d22bba15001f/num-bigint-0.3.1/src/biguint.rs:1712:54
[INFO] [stdout]      |
[INFO] [stdout] 1712 |                 let root_scale = extra_bits.div_ceil(&n64);
[INFO] [stdout]      |                                             -------- ^^^^ expected `u64`, found `&u64`
[INFO] [stdout]      |                                             |
[INFO] [stdout]      |                                             arguments to this method are incorrect
[INFO] [stdout]      |
[INFO] [stdout] note: method defined here
[INFO] [stdout]     --> /rustc/82e1608dfa6e0b5569232559e3d385fea5a93112/library/core/src/num/mod.rs:1169:5
[INFO] [stdout]      = note: this error originates in the macro `uint_impl` (in Nightly builds, run with -Z macro-backtrace for more info)
[INFO] [stdout] help: consider removing the borrow
[INFO] [stdout]      |
[INFO] [stdout] 1712 -                 let root_scale = extra_bits.div_ceil(&n64);
[INFO] [stdout] 1712 +                 let root_scale = extra_bits.div_ceil(n64);
[INFO] [stdout]      |
[INFO] [stdout] 
[INFO] [stdout] 
[INFO] [stdout] error[E0308]: mismatched types
[INFO] [stdout]     --> /opt/rustwide/cargo-home/registry/src/index.crates.io-6f17d22bba15001f/num-bigint-0.3.1/src/biguint.rs:2128:19
[INFO] [stdout]      |
[INFO] [stdout] 2128 |         .div_ceil(&u64::from(bits))
[INFO] [stdout]      |          -------- ^^^^^^^^^^^^^^^^ expected `u64`, found `&u64`
[INFO] [stdout]      |          |
[INFO] [stdout]      |          arguments to this method are incorrect
[INFO] [stdout]      |
[INFO] [stdout] note: method defined here
[INFO] [stdout]     --> /rustc/82e1608dfa6e0b5569232559e3d385fea5a93112/library/core/src/num/mod.rs:1169:5
[INFO] [stdout]      = note: this error originates in the macro `uint_impl` (in Nightly builds, run with -Z macro-backtrace for more info)
[INFO] [stdout] help: consider removing the borrow
[INFO] [stdout]      |
[INFO] [stdout] 2128 -         .div_ceil(&u64::from(bits))
[INFO] [stdout] 2128 +         .div_ceil(u64::from(bits))
[INFO] [stdout]      |
[INFO] [stdout] 
[INFO] [stdout] 
[INFO] [stdout] error[E0308]: mismatched types
[INFO] [stdout]     --> /opt/rustwide/cargo-home/registry/src/index.crates.io-6f17d22bba15001f/num-bigint-0.3.1/src/biguint.rs:2156:19
[INFO] [stdout]      |
[INFO] [stdout] 2156 |         .div_ceil(&u64::from(bits))
[INFO] [stdout]      |          -------- ^^^^^^^^^^^^^^^^ expected `u64`, found `&u64`
[INFO] [stdout]      |          |
[INFO] [stdout]      |          arguments to this method are incorrect
[INFO] [stdout]      |
[INFO] [stdout] note: method defined here
[INFO] [stdout]     --> /rustc/82e1608dfa6e0b5569232559e3d385fea5a93112/library/core/src/num/mod.rs:1169:5
[INFO] [stdout]      = note: this error originates in the macro `uint_impl` (in Nightly builds, run with -Z macro-backtrace for more info)
[INFO] [stdout] help: consider removing the borrow
[INFO] [stdout]      |
[INFO] [stdout] 2156 -         .div_ceil(&u64::from(bits))
[INFO] [stdout] 2156 +         .div_ceil(u64::from(bits))
[INFO] [stdout]      |
[INFO] [stdout] 
[INFO] [stdout] 
[INFO] [stdout] error: aborting due to 4 previous errors
[INFO] [stdout] 
[INFO] [stdout] 
[INFO] [stdout] For more information about this error, try `rustc --explain E0308`.
[INFO] [stdout] 
[INFO] [stderr] error: could not compile `num-bigint` (lib) due to 5 previous errors
[INFO] [stderr] warning: build failed, waiting for other jobs to finish...
[INFO] running `Command { std: "docker" "inspect" "f8686a06e6ac567d97a67be64a2124666e057ca3cde629d54f744b2c2172d241", kill_on_drop: false }`
[INFO] running `Command { std: "docker" "rm" "-f" "f8686a06e6ac567d97a67be64a2124666e057ca3cde629d54f744b2c2172d241", kill_on_drop: false }`
[INFO] [stdout] f8686a06e6ac567d97a67be64a2124666e057ca3cde629d54f744b2c2172d241
[INFO] documenting RYOSKATE/dueling_bandits_simulator against beta-2023-12-22 for beta-1.76-rustdoc-1
[INFO] running `Command { std: "git" "clone" "/workspace/cache/git-repos/https%3A%2F%2Fgithub.com%2FRYOSKATE%2Fdueling_bandits_simulator" "/workspace/builds/worker-0-tc2/source", kill_on_drop: false }`
[INFO] [stderr] Cloning into '/workspace/builds/worker-0-tc2/source'...
[INFO] [stderr] done.
[INFO] validating manifest of git repo https://github.com/RYOSKATE/dueling_bandits_simulator on toolchain beta-2023-12-22
[INFO] running `Command { std: CARGO_HOME="/workspace/cargo-home" RUSTUP_HOME="/workspace/rustup-home" "/workspace/cargo-home/bin/cargo" "+beta-2023-12-22" "metadata" "--manifest-path" "Cargo.toml" "--no-deps", kill_on_drop: false }`
[INFO] started tweaking git repo https://github.com/RYOSKATE/dueling_bandits_simulator
[INFO] finished tweaking git repo https://github.com/RYOSKATE/dueling_bandits_simulator
[INFO] tweaked toml for git repo https://github.com/RYOSKATE/dueling_bandits_simulator written to /workspace/builds/worker-0-tc2/source/Cargo.toml
[INFO] crate git repo https://github.com/RYOSKATE/dueling_bandits_simulator already has a lockfile, it will not be regenerated
[INFO] running `Command { std: CARGO_HOME="/workspace/cargo-home" RUSTUP_HOME="/workspace/rustup-home" "/workspace/cargo-home/bin/cargo" "+beta-2023-12-22" "fetch" "--manifest-path" "Cargo.toml", kill_on_drop: false }`
[INFO] running `Command { std: "docker" "create" "-v" "/var/lib/crater-agent-workspace/builds/worker-0-tc2/target:/opt/rustwide/target:rw,Z" "-v" "/var/lib/crater-agent-workspace/builds/worker-0-tc2/source:/opt/rustwide/workdir:ro,Z" "-v" "/var/lib/crater-agent-workspace/cargo-home:/opt/rustwide/cargo-home:ro,Z" "-v" "/var/lib/crater-agent-workspace/rustup-home:/opt/rustwide/rustup-home:ro,Z" "-e" "SOURCE_DIR=/opt/rustwide/workdir" "-e" "CARGO_TARGET_DIR=/opt/rustwide/target" "-e" "CARGO_HOME=/opt/rustwide/cargo-home" "-e" "RUSTUP_HOME=/opt/rustwide/rustup-home" "-w" "/opt/rustwide/workdir" "-m" "1610612736" "--user" "0:0" "--network" "none" "ghcr.io/rust-lang/crates-build-env/linux@sha256:2788e3201cd34a07e3172128adcd8b3090168a8e3bcc40d7c032b9dda1df7d1c" "/opt/rustwide/cargo-home/bin/cargo" "+beta-2023-12-22" "metadata" "--no-deps" "--format-version=1", kill_on_drop: false }`
[INFO] [stdout] 3eae01467a45c4e9d186a38cd47225adf4874a0c7b9e1986a2e3902bdd41a794
[INFO] running `Command { std: "docker" "start" "-a" "3eae01467a45c4e9d186a38cd47225adf4874a0c7b9e1986a2e3902bdd41a794", kill_on_drop: false }`
[INFO] running `Command { std: "docker" "inspect" "3eae01467a45c4e9d186a38cd47225adf4874a0c7b9e1986a2e3902bdd41a794", kill_on_drop: false }`
[INFO] running `Command { std: "docker" "rm" "-f" "3eae01467a45c4e9d186a38cd47225adf4874a0c7b9e1986a2e3902bdd41a794", kill_on_drop: false }`
[INFO] [stdout] 3eae01467a45c4e9d186a38cd47225adf4874a0c7b9e1986a2e3902bdd41a794
[INFO] running `Command { std: "docker" "create" "-v" "/var/lib/crater-agent-workspace/builds/worker-0-tc2/target:/opt/rustwide/target:rw,Z" "-v" "/var/lib/crater-agent-workspace/builds/worker-0-tc2/source:/opt/rustwide/workdir:ro,Z" "-v" "/var/lib/crater-agent-workspace/cargo-home:/opt/rustwide/cargo-home:ro,Z" "-v" "/var/lib/crater-agent-workspace/rustup-home:/opt/rustwide/rustup-home:ro,Z" "-e" "SOURCE_DIR=/opt/rustwide/workdir" "-e" "CARGO_TARGET_DIR=/opt/rustwide/target" "-e" "CARGO_INCREMENTAL=0" "-e" "RUST_BACKTRACE=full" "-e" "RUSTFLAGS=--cap-lints=warn" "-e" "RUSTDOCFLAGS=--cap-lints=warn" "-e" "CARGO_HOME=/opt/rustwide/cargo-home" "-e" "RUSTUP_HOME=/opt/rustwide/rustup-home" "-w" "/opt/rustwide/workdir" "-m" "1610612736" "--user" "0:0" "--network" "none" "ghcr.io/rust-lang/crates-build-env/linux@sha256:2788e3201cd34a07e3172128adcd8b3090168a8e3bcc40d7c032b9dda1df7d1c" "/opt/rustwide/cargo-home/bin/cargo" "+beta-2023-12-22" "doc" "--frozen" "--no-deps" "--document-private-items" "--message-format=json", kill_on_drop: false }`
[INFO] [stdout] 3d79ce781081994b8289002203537f971de9ef9eb57efc7db4b5bbe8b6870ae3
[INFO] running `Command { std: "docker" "start" "-a" "3d79ce781081994b8289002203537f971de9ef9eb57efc7db4b5bbe8b6870ae3", kill_on_drop: false }`
[INFO] [stderr]    Compiling autocfg v1.0.1
[INFO] [stderr]    Compiling libc v0.2.82
[INFO] [stderr]    Compiling autocfg v0.1.7
[INFO] [stderr]     Checking rand_core v0.4.2
[INFO] [stderr]    Compiling const_fn v0.4.5
[INFO] [stderr]    Compiling memchr v2.3.4
[INFO] [stderr]    Compiling rayon-core v1.9.0
[INFO] [stderr]    Compiling serde v1.0.123
[INFO] [stderr]     Checking rand_core v0.3.1
[INFO] [stderr]     Checking scopeguard v1.1.0
[INFO] [stderr]    Compiling ryu v1.0.5
[INFO] [stderr]     Checking byteorder v1.4.2
[INFO] [stderr]    Compiling rand_pcg v0.1.2
[INFO] [stderr]    Compiling rand_chacha v0.1.1
[INFO] [stderr]    Compiling num-traits v0.2.14
[INFO] [stderr]    Compiling crossbeam-utils v0.8.1
[INFO] [stderr]    Compiling num-integer v0.1.44
[INFO] [stderr]    Compiling memoffset v0.6.1
[INFO] [stderr]    Compiling num-bigint v0.3.1
[INFO] [stderr]    Compiling num-iter v0.1.42
[INFO] [stderr]    Compiling num-rational v0.3.2
[INFO] [stderr]     Checking num_cpus v1.13.0
[INFO] [stderr]     Checking regex-automata v0.1.9
[INFO] [stderr]    Compiling rayon v1.5.0
[INFO] [stderr]    Compiling rand v0.6.5
[INFO] [stderr]     Checking crossbeam-epoch v0.9.1
[INFO] [stderr]     Checking crossbeam-channel v0.5.0
[INFO] [stderr]     Checking rand_os v0.1.3
[INFO] [stderr]     Checking time v0.1.44
[INFO] [stderr]     Checking csv-core v0.1.10
[INFO] [stderr]     Checking rand_hc v0.1.0
[INFO] [stderr]     Checking crossbeam-deque v0.8.0
[INFO] [stderr]     Checking rand_isaac v0.1.1
[INFO] [stderr]     Checking rand_xorshift v0.1.1
[INFO] [stderr]     Checking rand_jitter v0.1.4
[INFO] [stderr]     Checking itoa v0.4.7
[INFO] [stderr]     Checking either v1.6.1
[INFO] [stderr]     Checking array-macro v2.0.0
[INFO] [stderr]     Checking num-complex v0.3.1
[INFO] [stderr]     Checking chrono v0.4.19
[INFO] [stdout] error[E0308]: mismatched types
[INFO] [stdout]    --> /opt/rustwide/cargo-home/registry/src/index.crates.io-6f17d22bba15001f/num-bigint-0.3.1/src/biguint.rs:208:19
[INFO] [stdout]     |
[INFO] [stdout] 208 |         .div_ceil(&big_digit::BITS.into())
[INFO] [stdout]     |          -------- ^^^^^^^^^^^^^^^^^^^^^^^ expected `u64`, found `&_`
[INFO] [stdout]     |          |
[INFO] [stdout]     |          arguments to this method are incorrect
[INFO] [stdout]     |
[INFO] [stdout]     = note:   expected type `u64`
[INFO] [stdout]             found reference `&_`
[INFO] [stdout] note: method defined here
[INFO] [stdout]    --> /rustc/0e09125c6c3c2fd70d7de961bcf0e51575235fad/library/core/src/num/mod.rs:1169:5
[INFO] [stdout]     = note: this error originates in the macro `uint_impl` (in Nightly builds, run with -Z macro-backtrace for more info)
[INFO] [stdout] help: consider removing the borrow
[INFO] [stdout]     |
[INFO] [stdout] 208 -         .div_ceil(&big_digit::BITS.into())
[INFO] [stdout] 208 +         .div_ceil(big_digit::BITS.into())
[INFO] [stdout]     |
[INFO] [stdout] 
[INFO] [stdout] 
[INFO] [stdout] error[E0308]: mismatched types
[INFO] [stdout]     --> /opt/rustwide/cargo-home/registry/src/index.crates.io-6f17d22bba15001f/num-bigint-0.3.1/src/biguint.rs:1712:54
[INFO] [stdout]      |
[INFO] [stdout] 1712 |                 let root_scale = extra_bits.div_ceil(&n64);
[INFO] [stdout]      |                                             -------- ^^^^ expected `u64`, found `&u64`
[INFO] [stdout]      |                                             |
[INFO] [stdout]      |                                             arguments to this method are incorrect
[INFO] [stdout]      |
[INFO] [stdout] note: method defined here
[INFO] [stdout]     --> /rustc/0e09125c6c3c2fd70d7de961bcf0e51575235fad/library/core/src/num/mod.rs:1169:5
[INFO] [stdout]      = note: this error originates in the macro `uint_impl` (in Nightly builds, run with -Z macro-backtrace for more info)
[INFO] [stdout] help: consider removing the borrow
[INFO] [stdout]      |
[INFO] [stdout] 1712 -                 let root_scale = extra_bits.div_ceil(&n64);
[INFO] [stdout] 1712 +                 let root_scale = extra_bits.div_ceil(n64);
[INFO] [stdout]      |
[INFO] [stdout] 
[INFO] [stdout] 
[INFO] [stdout] error[E0308]: mismatched types
[INFO] [stdout]     --> /opt/rustwide/cargo-home/registry/src/index.crates.io-6f17d22bba15001f/num-bigint-0.3.1/src/biguint.rs:2128:19
[INFO] [stdout]      |
[INFO] [stdout] 2128 |         .div_ceil(&u64::from(bits))
[INFO] [stdout]      |          -------- ^^^^^^^^^^^^^^^^ expected `u64`, found `&u64`
[INFO] [stdout]      |          |
[INFO] [stdout]      |          arguments to this method are incorrect
[INFO] [stdout]      |
[INFO] [stdout] note: method defined here
[INFO] [stdout]     --> /rustc/0e09125c6c3c2fd70d7de961bcf0e51575235fad/library/core/src/num/mod.rs:1169:5
[INFO] [stdout]      = note: this error originates in the macro `uint_impl` (in Nightly builds, run with -Z macro-backtrace for more info)
[INFO] [stdout] help: consider removing the borrow
[INFO] [stdout]      |
[INFO] [stdout] 2128 -         .div_ceil(&u64::from(bits))
[INFO] [stdout] 2128 +         .div_ceil(u64::from(bits))
[INFO] [stdout]      |
[INFO] [stdout] 
[INFO] [stdout] 
[INFO] [stdout] error[E0308]: mismatched types
[INFO] [stdout]     --> /opt/rustwide/cargo-home/registry/src/index.crates.io-6f17d22bba15001f/num-bigint-0.3.1/src/biguint.rs:2156:19
[INFO] [stdout]      |
[INFO] [stdout] 2156 |         .div_ceil(&u64::from(bits))
[INFO] [stdout]      |          -------- ^^^^^^^^^^^^^^^^ expected `u64`, found `&u64`
[INFO] [stdout]      |          |
[INFO] [stdout]      |          arguments to this method are incorrect
[INFO] [stdout]      |
[INFO] [stdout] note: method defined here
[INFO] [stdout]     --> /rustc/0e09125c6c3c2fd70d7de961bcf0e51575235fad/library/core/src/num/mod.rs:1169:5
[INFO] [stdout]      = note: this error originates in the macro `uint_impl` (in Nightly builds, run with -Z macro-backtrace for more info)
[INFO] [stdout] help: consider removing the borrow
[INFO] [stdout]      |
[INFO] [stdout] 2156 -         .div_ceil(&u64::from(bits))
[INFO] [stdout] 2156 +         .div_ceil(u64::from(bits))
[INFO] [stdout]      |
[INFO] [stdout] 
[INFO] [stdout] 
[INFO] [stdout] error: aborting due to 4 previous errors
[INFO] [stdout] 
[INFO] [stdout] 
[INFO] [stdout] For more information about this error, try `rustc --explain E0308`.
[INFO] [stdout] 
[INFO] [stderr] error: could not compile `num-bigint` (lib) due to 5 previous errors
[INFO] [stderr] warning: build failed, waiting for other jobs to finish...
[INFO] running `Command { std: "docker" "inspect" "3d79ce781081994b8289002203537f971de9ef9eb57efc7db4b5bbe8b6870ae3", kill_on_drop: false }`
[INFO] running `Command { std: "docker" "rm" "-f" "3d79ce781081994b8289002203537f971de9ef9eb57efc7db4b5bbe8b6870ae3", kill_on_drop: false }`
[INFO] [stdout] 3d79ce781081994b8289002203537f971de9ef9eb57efc7db4b5bbe8b6870ae3
