[INFO] cloning repository https://github.com/RArbore/vtrace
[INFO] running `Command { std: "git" "-c" "credential.helper=" "-c" "credential.helper=/workspace/cargo-home/bin/git-credential-null" "clone" "--bare" "https://github.com/RArbore/vtrace" "/workspace/cache/git-repos/https%3A%2F%2Fgithub.com%2FRArbore%2Fvtrace", kill_on_drop: false }`
[INFO] [stderr] Cloning into bare repository '/workspace/cache/git-repos/https%3A%2F%2Fgithub.com%2FRArbore%2Fvtrace'...
[INFO] running `Command { std: "git" "rev-parse" "HEAD", kill_on_drop: false }`
[INFO] [stdout] c69678f12b4b3cc7cec13cb9ffb790b3ca5ae5f1
[INFO] documenting RArbore/vtrace against 1.75.0 for beta-1.76-rustdoc-1
[INFO] running `Command { std: "git" "clone" "/workspace/cache/git-repos/https%3A%2F%2Fgithub.com%2FRArbore%2Fvtrace" "/workspace/builds/worker-2-tc1/source", kill_on_drop: false }`
[INFO] [stderr] Cloning into '/workspace/builds/worker-2-tc1/source'...
[INFO] [stderr] done.
[INFO] validating manifest of git repo https://github.com/RArbore/vtrace on toolchain 1.75.0
[INFO] running `Command { std: CARGO_HOME="/workspace/cargo-home" RUSTUP_HOME="/workspace/rustup-home" "/workspace/cargo-home/bin/cargo" "+1.75.0" "metadata" "--manifest-path" "Cargo.toml" "--no-deps", kill_on_drop: false }`
[INFO] started tweaking git repo https://github.com/RArbore/vtrace
[INFO] finished tweaking git repo https://github.com/RArbore/vtrace
[INFO] tweaked toml for git repo https://github.com/RArbore/vtrace written to /workspace/builds/worker-2-tc1/source/Cargo.toml
[INFO] crate git repo https://github.com/RArbore/vtrace already has a lockfile, it will not be regenerated
[INFO] running `Command { std: CARGO_HOME="/workspace/cargo-home" RUSTUP_HOME="/workspace/rustup-home" "/workspace/cargo-home/bin/cargo" "+1.75.0" "fetch" "--manifest-path" "Cargo.toml", kill_on_drop: false }`
[INFO] [stderr]     Updating crates.io index
[INFO] [stderr]  Downloading crates ...
[INFO] [stderr]   Downloaded dot_vox v4.1.0
[INFO] [stderr]   Downloaded quickcheck v0.2.27
[INFO] [stderr]   Downloaded glm v0.2.3
[INFO] [stderr]   Downloaded libc v0.2.129
[INFO] running `Command { std: "docker" "create" "-v" "/var/lib/crater-agent-workspace/builds/worker-2-tc1/target:/opt/rustwide/target:rw,Z" "-v" "/var/lib/crater-agent-workspace/builds/worker-2-tc1/source:/opt/rustwide/workdir:ro,Z" "-v" "/var/lib/crater-agent-workspace/cargo-home:/opt/rustwide/cargo-home:ro,Z" "-v" "/var/lib/crater-agent-workspace/rustup-home:/opt/rustwide/rustup-home:ro,Z" "-e" "SOURCE_DIR=/opt/rustwide/workdir" "-e" "CARGO_TARGET_DIR=/opt/rustwide/target" "-e" "CARGO_HOME=/opt/rustwide/cargo-home" "-e" "RUSTUP_HOME=/opt/rustwide/rustup-home" "-w" "/opt/rustwide/workdir" "-m" "1610612736" "--user" "0:0" "--network" "none" "ghcr.io/rust-lang/crates-build-env/linux@sha256:2788e3201cd34a07e3172128adcd8b3090168a8e3bcc40d7c032b9dda1df7d1c" "/opt/rustwide/cargo-home/bin/cargo" "+1.75.0" "metadata" "--no-deps" "--format-version=1", kill_on_drop: false }`
[INFO] [stdout] f68c792b0d507a6e5bf788c765cd9a4b18b21370cdaf295d3ca66f6903b3e190
[INFO] running `Command { std: "docker" "start" "-a" "f68c792b0d507a6e5bf788c765cd9a4b18b21370cdaf295d3ca66f6903b3e190", kill_on_drop: false }`
[INFO] running `Command { std: "docker" "inspect" "f68c792b0d507a6e5bf788c765cd9a4b18b21370cdaf295d3ca66f6903b3e190", kill_on_drop: false }`
[INFO] running `Command { std: "docker" "rm" "-f" "f68c792b0d507a6e5bf788c765cd9a4b18b21370cdaf295d3ca66f6903b3e190", kill_on_drop: false }`
[INFO] [stdout] f68c792b0d507a6e5bf788c765cd9a4b18b21370cdaf295d3ca66f6903b3e190
[INFO] running `Command { std: "docker" "create" "-v" "/var/lib/crater-agent-workspace/builds/worker-2-tc1/target:/opt/rustwide/target:rw,Z" "-v" "/var/lib/crater-agent-workspace/builds/worker-2-tc1/source:/opt/rustwide/workdir:ro,Z" "-v" "/var/lib/crater-agent-workspace/cargo-home:/opt/rustwide/cargo-home:ro,Z" "-v" "/var/lib/crater-agent-workspace/rustup-home:/opt/rustwide/rustup-home:ro,Z" "-e" "SOURCE_DIR=/opt/rustwide/workdir" "-e" "CARGO_TARGET_DIR=/opt/rustwide/target" "-e" "CARGO_INCREMENTAL=0" "-e" "RUST_BACKTRACE=full" "-e" "RUSTFLAGS=--cap-lints=warn" "-e" "RUSTDOCFLAGS=--cap-lints=warn" "-e" "CARGO_HOME=/opt/rustwide/cargo-home" "-e" "RUSTUP_HOME=/opt/rustwide/rustup-home" "-w" "/opt/rustwide/workdir" "-m" "1610612736" "--user" "0:0" "--network" "none" "ghcr.io/rust-lang/crates-build-env/linux@sha256:2788e3201cd34a07e3172128adcd8b3090168a8e3bcc40d7c032b9dda1df7d1c" "/opt/rustwide/cargo-home/bin/cargo" "+1.75.0" "doc" "--frozen" "--no-deps" "--document-private-items" "--message-format=json", kill_on_drop: false }`
[INFO] [stdout] b9aa74aae3487ba37966f5a7a33e244c6162afe7b94cb9cd25d4bc37c90f390b
[INFO] running `Command { std: "docker" "start" "-a" "b9aa74aae3487ba37966f5a7a33e244c6162afe7b94cb9cd25d4bc37c90f390b", kill_on_drop: false }`
[INFO] [stderr]    Compiling autocfg v1.1.0
[INFO] [stderr]    Compiling libc v0.2.129
[INFO] [stderr]     Checking cfg-if v1.0.0
[INFO] [stderr]    Compiling crossbeam-utils v0.8.11
[INFO] [stderr]     Checking once_cell v1.13.0
[INFO] [stderr]    Compiling winapi-build v0.1.1
[INFO] [stderr]    Compiling rayon-core v1.9.3
[INFO] [stderr]     Checking scopeguard v1.1.0
[INFO] [stderr]     Checking winapi v0.2.8
[INFO] [stderr]    Compiling getrandom v0.1.16
[INFO] [stderr]    Compiling log v0.4.17
[INFO] [stderr]     Checking rustc-serialize v0.3.24
[INFO] [stderr]     Checking either v1.7.0
[INFO] [stderr]     Checking byteorder v1.4.3
[INFO] [stderr]     Checking adler32 v1.2.0
[INFO] [stderr]    Compiling crc32fast v1.3.2
[INFO] [stderr]    Compiling memchr v2.5.0
[INFO] [stderr]    Compiling version_check v0.1.5
[INFO] [stderr]     Checking weezl v0.1.7
[INFO] [stderr]     Checking adler v1.0.2
[INFO] [stderr]    Compiling kernel32-sys v0.2.2
[INFO] [stderr]     Checking regex-syntax v0.3.9
[INFO] [stderr]     Checking utf8-ranges v0.1.3
[INFO] [stderr]     Checking miniz_oxide v0.3.7
[INFO] [stderr]     Checking ppv-lite86 v0.2.16
[INFO] [stderr]     Checking color_quant v1.1.0
[INFO] [stderr]     Checking deflate v0.8.6
[INFO] [stderr]     Checking bitflags v1.3.2
[INFO] [stderr]     Checking scoped_threadpool v0.1.9
[INFO] [stderr]    Compiling nom v4.2.3
[INFO] [stderr]     Checking bytemuck v1.11.0
[INFO] [stderr]     Checking gif v0.11.4
[INFO] [stderr]     Checking lazy_static v1.4.0
[INFO] [stderr]    Compiling vtrace v0.1.0 (/opt/rustwide/workdir)
[INFO] [stderr]    Compiling num-traits v0.2.15
[INFO] [stderr]    Compiling memoffset v0.6.5
[INFO] [stderr]    Compiling num-integer v0.1.45
[INFO] [stderr]    Compiling crossbeam-epoch v0.9.10
[INFO] [stderr]    Compiling rayon v1.5.3
[INFO] [stderr]    Compiling num-iter v0.1.43
[INFO] [stderr]     Checking crossbeam-channel v0.5.6
[INFO] [stderr]    Compiling miniz_oxide v0.4.4
[INFO] [stderr]    Compiling num-rational v0.3.2
[INFO] [stderr]     Checking log v0.3.9
[INFO] [stderr]     Checking png v0.16.8
[INFO] [stderr] error: failed to run custom build command for `vtrace v0.1.0 (/opt/rustwide/workdir)`
[INFO] [stderr] note: To improve backtraces for build dependencies, set the CARGO_PROFILE_DEV_BUILD_OVERRIDE_DEBUG=true environment variable to enable debug information generation.
[INFO] [stderr] 
[INFO] [stderr] Caused by:
[INFO] [stderr]   process didn't exit successfully: `/opt/rustwide/target/debug/build/vtrace-7dd15b69c157684a/build-script-build` (exit status: 1)
[INFO] [stderr]   --- stderr
[INFO] [stderr]   In file included from lib/entry.c:19:
[INFO] [stderr]   lib/common.h:22:10: fatal error: GLFW/glfw3.h: No such file or directory
[INFO] [stderr]      22 | #include <GLFW/glfw3.h>
[INFO] [stderr]         |          ^~~~~~~~~~~~~~
[INFO] [stderr]   compilation terminated.
[INFO] [stderr] warning: build failed, waiting for other jobs to finish...
[INFO] running `Command { std: "docker" "inspect" "b9aa74aae3487ba37966f5a7a33e244c6162afe7b94cb9cd25d4bc37c90f390b", kill_on_drop: false }`
[INFO] running `Command { std: "docker" "rm" "-f" "b9aa74aae3487ba37966f5a7a33e244c6162afe7b94cb9cd25d4bc37c90f390b", kill_on_drop: false }`
[INFO] [stdout] b9aa74aae3487ba37966f5a7a33e244c6162afe7b94cb9cd25d4bc37c90f390b
[INFO] documenting RArbore/vtrace against beta-2023-12-22 for beta-1.76-rustdoc-1
[INFO] running `Command { std: "git" "clone" "/workspace/cache/git-repos/https%3A%2F%2Fgithub.com%2FRArbore%2Fvtrace" "/workspace/builds/worker-2-tc2/source", kill_on_drop: false }`
[INFO] [stderr] Cloning into '/workspace/builds/worker-2-tc2/source'...
[INFO] [stderr] done.
[INFO] validating manifest of git repo https://github.com/RArbore/vtrace on toolchain beta-2023-12-22
[INFO] running `Command { std: CARGO_HOME="/workspace/cargo-home" RUSTUP_HOME="/workspace/rustup-home" "/workspace/cargo-home/bin/cargo" "+beta-2023-12-22" "metadata" "--manifest-path" "Cargo.toml" "--no-deps", kill_on_drop: false }`
[INFO] started tweaking git repo https://github.com/RArbore/vtrace
[INFO] finished tweaking git repo https://github.com/RArbore/vtrace
[INFO] tweaked toml for git repo https://github.com/RArbore/vtrace written to /workspace/builds/worker-2-tc2/source/Cargo.toml
[INFO] crate git repo https://github.com/RArbore/vtrace already has a lockfile, it will not be regenerated
[INFO] running `Command { std: CARGO_HOME="/workspace/cargo-home" RUSTUP_HOME="/workspace/rustup-home" "/workspace/cargo-home/bin/cargo" "+beta-2023-12-22" "fetch" "--manifest-path" "Cargo.toml", kill_on_drop: false }`
[INFO] running `Command { std: "docker" "create" "-v" "/var/lib/crater-agent-workspace/builds/worker-2-tc2/target:/opt/rustwide/target:rw,Z" "-v" "/var/lib/crater-agent-workspace/builds/worker-2-tc2/source:/opt/rustwide/workdir:ro,Z" "-v" "/var/lib/crater-agent-workspace/cargo-home:/opt/rustwide/cargo-home:ro,Z" "-v" "/var/lib/crater-agent-workspace/rustup-home:/opt/rustwide/rustup-home:ro,Z" "-e" "SOURCE_DIR=/opt/rustwide/workdir" "-e" "CARGO_TARGET_DIR=/opt/rustwide/target" "-e" "CARGO_HOME=/opt/rustwide/cargo-home" "-e" "RUSTUP_HOME=/opt/rustwide/rustup-home" "-w" "/opt/rustwide/workdir" "-m" "1610612736" "--user" "0:0" "--network" "none" "ghcr.io/rust-lang/crates-build-env/linux@sha256:2788e3201cd34a07e3172128adcd8b3090168a8e3bcc40d7c032b9dda1df7d1c" "/opt/rustwide/cargo-home/bin/cargo" "+beta-2023-12-22" "metadata" "--no-deps" "--format-version=1", kill_on_drop: false }`
[INFO] [stdout] 26ed8890d3069425d64efff9baa5706ba68232beef01a88e2de09f77a65295b6
[INFO] running `Command { std: "docker" "start" "-a" "26ed8890d3069425d64efff9baa5706ba68232beef01a88e2de09f77a65295b6", kill_on_drop: false }`
[INFO] running `Command { std: "docker" "inspect" "26ed8890d3069425d64efff9baa5706ba68232beef01a88e2de09f77a65295b6", kill_on_drop: false }`
[INFO] running `Command { std: "docker" "rm" "-f" "26ed8890d3069425d64efff9baa5706ba68232beef01a88e2de09f77a65295b6", kill_on_drop: false }`
[INFO] [stdout] 26ed8890d3069425d64efff9baa5706ba68232beef01a88e2de09f77a65295b6
[INFO] running `Command { std: "docker" "create" "-v" "/var/lib/crater-agent-workspace/builds/worker-2-tc2/target:/opt/rustwide/target:rw,Z" "-v" "/var/lib/crater-agent-workspace/builds/worker-2-tc2/source:/opt/rustwide/workdir:ro,Z" "-v" "/var/lib/crater-agent-workspace/cargo-home:/opt/rustwide/cargo-home:ro,Z" "-v" "/var/lib/crater-agent-workspace/rustup-home:/opt/rustwide/rustup-home:ro,Z" "-e" "SOURCE_DIR=/opt/rustwide/workdir" "-e" "CARGO_TARGET_DIR=/opt/rustwide/target" "-e" "CARGO_INCREMENTAL=0" "-e" "RUST_BACKTRACE=full" "-e" "RUSTFLAGS=--cap-lints=warn" "-e" "RUSTDOCFLAGS=--cap-lints=warn" "-e" "CARGO_HOME=/opt/rustwide/cargo-home" "-e" "RUSTUP_HOME=/opt/rustwide/rustup-home" "-w" "/opt/rustwide/workdir" "-m" "1610612736" "--user" "0:0" "--network" "none" "ghcr.io/rust-lang/crates-build-env/linux@sha256:2788e3201cd34a07e3172128adcd8b3090168a8e3bcc40d7c032b9dda1df7d1c" "/opt/rustwide/cargo-home/bin/cargo" "+beta-2023-12-22" "doc" "--frozen" "--no-deps" "--document-private-items" "--message-format=json", kill_on_drop: false }`
[INFO] [stdout] 82fb0c1d61df0111dc09be1cf33913f6c376a6528e1e24ba0bdab89ee1c2c55c
[INFO] running `Command { std: "docker" "start" "-a" "82fb0c1d61df0111dc09be1cf33913f6c376a6528e1e24ba0bdab89ee1c2c55c", kill_on_drop: false }`
[INFO] [stderr]    Compiling autocfg v1.1.0
[INFO] [stderr]    Compiling libc v0.2.129
[INFO] [stderr]     Checking cfg-if v1.0.0
[INFO] [stderr]    Compiling crossbeam-utils v0.8.11
[INFO] [stderr]     Checking once_cell v1.13.0
[INFO] [stderr]    Compiling winapi-build v0.1.1
[INFO] [stderr]     Checking scopeguard v1.1.0
[INFO] [stderr]    Compiling rayon-core v1.9.3
[INFO] [stderr]    Compiling log v0.4.17
[INFO] [stderr]     Checking winapi v0.2.8
[INFO] [stderr]    Compiling getrandom v0.1.16
[INFO] [stderr]     Checking byteorder v1.4.3
[INFO] [stderr]     Checking adler32 v1.2.0
[INFO] [stderr]    Compiling crc32fast v1.3.2
[INFO] [stderr]     Checking rustc-serialize v0.3.24
[INFO] [stderr]     Checking either v1.7.0
[INFO] [stderr]     Checking utf8-ranges v0.1.3
[INFO] [stderr]     Checking adler v1.0.2
[INFO] [stderr]     Checking weezl v0.1.7
[INFO] [stderr]    Compiling memchr v2.5.0
[INFO] [stderr]    Compiling kernel32-sys v0.2.2
[INFO] [stderr]    Compiling version_check v0.1.5
[INFO] [stderr]     Checking regex-syntax v0.3.9
[INFO] [stderr]     Checking miniz_oxide v0.3.7
[INFO] [stderr]     Checking bitflags v1.3.2
[INFO] [stderr]     Checking color_quant v1.1.0
[INFO] [stderr]     Checking ppv-lite86 v0.2.16
[INFO] [stderr]     Checking deflate v0.8.6
[INFO] [stderr]     Checking scoped_threadpool v0.1.9
[INFO] [stderr]     Checking gif v0.11.4
[INFO] [stdout] error[E0310]: the parameter type `T` may not live long enough
[INFO] [stdout]     --> /opt/rustwide/cargo-home/registry/src/index.crates.io-6f17d22bba15001f/rustc-serialize-0.3.24/src/serialize.rs:1155:5
[INFO] [stdout]      |
[INFO] [stdout] 1155 |     fn decode<D: Decoder>(d: &mut D) -> Result<Cow<'static, T>, D::Error> {
[INFO] [stdout]      |     ^^^^^^^^^^^^^^^^^^^^^^^^^^^^^^^^^^^^^^^^^^^^^^^^^^^^^^^^^^^^^^^^^^^^^
[INFO] [stdout]      |     |
[INFO] [stdout]      |     the parameter type `T` must be valid for the static lifetime...
[INFO] [stdout]      |     ...so that the type `T` will meet its required lifetime bounds...
[INFO] [stdout]      |
[INFO] [stdout] note: ...that is required by this bound
[INFO] [stdout]     --> /rustc/0e09125c6c3c2fd70d7de961bcf0e51575235fad/library/alloc/src/borrow.rs:180:30
[INFO] [stdout] help: consider adding an explicit lifetime bound
[INFO] [stdout]      |
[INFO] [stdout] 1151 | impl<'a, T: ?Sized + 'static> Decodable for Cow<'a, T>
[INFO] [stdout]      |                    +++++++++
[INFO] [stdout] 
[INFO] [stdout] 
[INFO] [stderr]     Checking bytemuck v1.11.0
[INFO] [stderr]    Compiling vtrace v0.1.0 (/opt/rustwide/workdir)
[INFO] [stderr]    Compiling num-traits v0.2.15
[INFO] [stderr]    Compiling memoffset v0.6.5
[INFO] [stderr]    Compiling num-integer v0.1.45
[INFO] [stderr]    Compiling crossbeam-epoch v0.9.10
[INFO] [stderr]    Compiling rayon v1.5.3
[INFO] [stderr]    Compiling num-iter v0.1.43
[INFO] [stderr]    Compiling miniz_oxide v0.4.4
[INFO] [stderr]     Checking crossbeam-channel v0.5.6
[INFO] [stderr]    Compiling num-rational v0.3.2
[INFO] [stderr]     Checking log v0.3.9
[INFO] [stderr]    Compiling nom v4.2.3
[INFO] [stderr]     Checking png v0.16.8
[INFO] [stderr]     Checking lazy_static v1.4.0
[INFO] [stderr] error: failed to run custom build command for `vtrace v0.1.0 (/opt/rustwide/workdir)`
[INFO] [stderr] note: To improve backtraces for build dependencies, set the CARGO_PROFILE_DEV_BUILD_OVERRIDE_DEBUG=true environment variable to enable debug information generation.
[INFO] [stderr] 
[INFO] [stderr] Caused by:
[INFO] [stderr]   process didn't exit successfully: `/opt/rustwide/target/debug/build/vtrace-241f726248c0d0ca/build-script-build` (exit status: 1)
[INFO] [stderr]   --- stderr
[INFO] [stderr]   In file included from lib/entry.c:19:
[INFO] [stderr]   lib/common.h:22:10: fatal error: GLFW/glfw3.h: No such file or directory
[INFO] [stderr]      22 | #include <GLFW/glfw3.h>
[INFO] [stderr]         |          ^~~~~~~~~~~~~~
[INFO] [stderr]   compilation terminated.
[INFO] [stderr] warning: build failed, waiting for other jobs to finish...
[INFO] [stdout] error: aborting due to 1 previous error
[INFO] [stdout] 
[INFO] [stdout] 
[INFO] [stdout] For more information about this error, try `rustc --explain E0310`.
[INFO] [stdout] 
[INFO] [stderr] error: could not compile `rustc-serialize` (lib) due to 2 previous errors
[INFO] running `Command { std: "docker" "inspect" "82fb0c1d61df0111dc09be1cf33913f6c376a6528e1e24ba0bdab89ee1c2c55c", kill_on_drop: false }`
[INFO] running `Command { std: "docker" "rm" "-f" "82fb0c1d61df0111dc09be1cf33913f6c376a6528e1e24ba0bdab89ee1c2c55c", kill_on_drop: false }`
[INFO] [stdout] 82fb0c1d61df0111dc09be1cf33913f6c376a6528e1e24ba0bdab89ee1c2c55c
