[INFO] cloning repository https://github.com/R030t1/winrecord
[INFO] running `Command { std: "git" "-c" "credential.helper=" "-c" "credential.helper=/workspace/cargo-home/bin/git-credential-null" "clone" "--bare" "https://github.com/R030t1/winrecord" "/workspace/cache/git-repos/https%3A%2F%2Fgithub.com%2FR030t1%2Fwinrecord", kill_on_drop: false }`
[INFO] [stderr] Cloning into bare repository '/workspace/cache/git-repos/https%3A%2F%2Fgithub.com%2FR030t1%2Fwinrecord'...
[INFO] running `Command { std: "git" "rev-parse" "HEAD", kill_on_drop: false }`
[INFO] [stdout] a100e83f549aaf08a50efdf2f85c0f24b74a2468
[INFO] documenting R030t1/winrecord against 1.75.0 for beta-1.76-rustdoc-1
[INFO] running `Command { std: "git" "clone" "/workspace/cache/git-repos/https%3A%2F%2Fgithub.com%2FR030t1%2Fwinrecord" "/workspace/builds/worker-3-tc1/source", kill_on_drop: false }`
[INFO] [stderr] Cloning into '/workspace/builds/worker-3-tc1/source'...
[INFO] [stderr] done.
[INFO] validating manifest of git repo https://github.com/R030t1/winrecord on toolchain 1.75.0
[INFO] running `Command { std: CARGO_HOME="/workspace/cargo-home" RUSTUP_HOME="/workspace/rustup-home" "/workspace/cargo-home/bin/cargo" "+1.75.0" "metadata" "--manifest-path" "Cargo.toml" "--no-deps", kill_on_drop: false }`
[INFO] started tweaking git repo https://github.com/R030t1/winrecord
[INFO] finished tweaking git repo https://github.com/R030t1/winrecord
[INFO] tweaked toml for git repo https://github.com/R030t1/winrecord written to /workspace/builds/worker-3-tc1/source/Cargo.toml
[INFO] crate git repo https://github.com/R030t1/winrecord already has a lockfile, it will not be regenerated
[INFO] running `Command { std: CARGO_HOME="/workspace/cargo-home" RUSTUP_HOME="/workspace/rustup-home" "/workspace/cargo-home/bin/cargo" "+1.75.0" "fetch" "--manifest-path" "Cargo.toml", kill_on_drop: false }`
[INFO] running `Command { std: "docker" "create" "-v" "/var/lib/crater-agent-workspace/builds/worker-3-tc1/target:/opt/rustwide/target:rw,Z" "-v" "/var/lib/crater-agent-workspace/builds/worker-3-tc1/source:/opt/rustwide/workdir:ro,Z" "-v" "/var/lib/crater-agent-workspace/cargo-home:/opt/rustwide/cargo-home:ro,Z" "-v" "/var/lib/crater-agent-workspace/rustup-home:/opt/rustwide/rustup-home:ro,Z" "-e" "SOURCE_DIR=/opt/rustwide/workdir" "-e" "CARGO_TARGET_DIR=/opt/rustwide/target" "-e" "CARGO_HOME=/opt/rustwide/cargo-home" "-e" "RUSTUP_HOME=/opt/rustwide/rustup-home" "-w" "/opt/rustwide/workdir" "-m" "1610612736" "--user" "0:0" "--network" "none" "ghcr.io/rust-lang/crates-build-env/linux@sha256:2788e3201cd34a07e3172128adcd8b3090168a8e3bcc40d7c032b9dda1df7d1c" "/opt/rustwide/cargo-home/bin/cargo" "+1.75.0" "metadata" "--no-deps" "--format-version=1", kill_on_drop: false }`
[INFO] [stdout] 3edbb9cf584d9c8a5cee78d6ebf740a29e3634d03aa2892cda97c2b16a4ee33e
[INFO] running `Command { std: "docker" "start" "-a" "3edbb9cf584d9c8a5cee78d6ebf740a29e3634d03aa2892cda97c2b16a4ee33e", kill_on_drop: false }`
[INFO] running `Command { std: "docker" "inspect" "3edbb9cf584d9c8a5cee78d6ebf740a29e3634d03aa2892cda97c2b16a4ee33e", kill_on_drop: false }`
[INFO] running `Command { std: "docker" "rm" "-f" "3edbb9cf584d9c8a5cee78d6ebf740a29e3634d03aa2892cda97c2b16a4ee33e", kill_on_drop: false }`
[INFO] [stdout] 3edbb9cf584d9c8a5cee78d6ebf740a29e3634d03aa2892cda97c2b16a4ee33e
[INFO] running `Command { std: "docker" "create" "-v" "/var/lib/crater-agent-workspace/builds/worker-3-tc1/target:/opt/rustwide/target:rw,Z" "-v" "/var/lib/crater-agent-workspace/builds/worker-3-tc1/source:/opt/rustwide/workdir:ro,Z" "-v" "/var/lib/crater-agent-workspace/cargo-home:/opt/rustwide/cargo-home:ro,Z" "-v" "/var/lib/crater-agent-workspace/rustup-home:/opt/rustwide/rustup-home:ro,Z" "-e" "SOURCE_DIR=/opt/rustwide/workdir" "-e" "CARGO_TARGET_DIR=/opt/rustwide/target" "-e" "CARGO_INCREMENTAL=0" "-e" "RUST_BACKTRACE=full" "-e" "RUSTFLAGS=--cap-lints=warn" "-e" "RUSTDOCFLAGS=--cap-lints=warn" "-e" "CARGO_HOME=/opt/rustwide/cargo-home" "-e" "RUSTUP_HOME=/opt/rustwide/rustup-home" "-w" "/opt/rustwide/workdir" "-m" "1610612736" "--user" "0:0" "--network" "none" "ghcr.io/rust-lang/crates-build-env/linux@sha256:2788e3201cd34a07e3172128adcd8b3090168a8e3bcc40d7c032b9dda1df7d1c" "/opt/rustwide/cargo-home/bin/cargo" "+1.75.0" "doc" "--frozen" "--no-deps" "--document-private-items" "--message-format=json", kill_on_drop: false }`
[INFO] [stdout] fe2cea5c769fb613b697abb11a7b9bff95f2f5c37d377b7d82cc96a061ec1328
[INFO] running `Command { std: "docker" "start" "-a" "fe2cea5c769fb613b697abb11a7b9bff95f2f5c37d377b7d82cc96a061ec1328", kill_on_drop: false }`
[INFO] [stderr]    Compiling libc v0.2.94
[INFO] [stderr]    Compiling user32-sys v0.2.0
[INFO] [stderr]    Compiling kernel32-sys v0.2.2
[INFO] [stderr]     Checking unicode-width v0.1.8
[INFO] [stderr]     Checking winapi v0.2.8
[INFO] [stderr]    Compiling winapi v0.3.9
[INFO] [stderr]     Checking vec_map v0.8.2
[INFO] [stderr]     Checking ansi_term v0.11.0
[INFO] [stderr]     Checking strsim v0.8.0
[INFO] [stderr]     Checking widestring v0.4.3
[INFO] [stderr]    Compiling tokio v1.6.0
[INFO] [stderr]     Checking textwrap v0.11.0
[INFO] [stderr]     Checking atty v0.2.14
[INFO] [stderr]     Checking clap v2.33.3
[INFO] [stderr]  Documenting winrecord v0.1.0 (/opt/rustwide/workdir)
[INFO] [stderr]     Checking winrecord v0.1.0 (/opt/rustwide/workdir)
[INFO] [stdout] error[E0433]: failed to resolve: could not find `windows` in `os`
[INFO] [stdout]   --> src/payload/lib.rs:10:14
[INFO] [stdout]    |
[INFO] [stdout] 10 | use std::os::windows::ffi::OsStrExt;
[INFO] [stdout]    |              ^^^^^^^ could not find `windows` in `os`
[INFO] [stdout] 
[INFO] [stdout] 
[INFO] [stdout] error[E0433]: failed to resolve: could not find `windows` in `os`
[INFO] [stdout]   --> src/payload/lib.rs:10:14
[INFO] [stdout]    |
[INFO] [stdout] 10 | use std::os::windows::ffi::OsStrExt;
[INFO] [stdout]    |              ^^^^^^^ could not find `windows` in `os`
[INFO] [stdout] 
[INFO] [stdout] 
[INFO] [stdout] error[E0433]: failed to resolve: could not find `shared` in `winapi`
[INFO] [stdout]   --> src/payload/lib.rs:22:13
[INFO] [stdout]    |
[INFO] [stdout] 22 | use winapi::shared::windef::*;
[INFO] [stdout]    |             ^^^^^^ could not find `shared` in `winapi`
[INFO] [stdout] 
[INFO] [stdout] 
[INFO] [stdout] error[E0433]: failed to resolve: could not find `shared` in `winapi`
[INFO] [stdout]   --> src/payload/lib.rs:22:13
[INFO] [stdout]    |
[INFO] [stdout] 22 | use winapi::shared::windef::*;
[INFO] [stdout]    |             ^^^^^^ could not find `shared` in `winapi`
[INFO] [stdout] 
[INFO] [stdout] 
[INFO] [stdout] error[E0433]: failed to resolve: could not find `shared` in `winapi`
[INFO] [stdout]   --> src/payload/lib.rs:23:13
[INFO] [stdout]    |
[INFO] [stdout] 23 | use winapi::shared::minwindef::*;
[INFO] [stdout]    |             ^^^^^^ could not find `shared` in `winapi`
[INFO] [stdout] 
[INFO] [stdout] 
[INFO] [stdout] error[E0433]: failed to resolve: could not find `shared` in `winapi`
[INFO] [stdout]   --> src/payload/lib.rs:23:13
[INFO] [stdout]    |
[INFO] [stdout] 23 | use winapi::shared::minwindef::*;
[INFO] [stdout]    |             ^^^^^^ could not find `shared` in `winapi`
[INFO] [stdout] 
[INFO] [stdout] 
[INFO] [stdout] error[E0432]: unresolved import `winapi::ctypes`
[INFO] [stdout]   --> src/payload/lib.rs:21:13
[INFO] [stdout]    |
[INFO] [stdout] 21 | use winapi::ctypes::*;
[INFO] [stdout]    |             ^^^^^^ could not find `ctypes` in `winapi`
[INFO] [stdout] 
[INFO] [stdout] 
[INFO] [stdout] error[E0432]: unresolved import `winapi::ctypes`
[INFO] [stdout]   --> src/payload/lib.rs:21:13
[INFO] [stdout]    |
[INFO] [stdout] 21 | use winapi::ctypes::*;
[INFO] [stdout]    |             ^^^^^^ could not find `ctypes` in `winapi`
[INFO] [stdout] 
[INFO] [stdout] 
[INFO] [stdout] error[E0433]: failed to resolve: could not find `um` in `winapi`
[INFO] [stdout]   --> src/payload/lib.rs:25:13
[INFO] [stdout]    |
[INFO] [stdout] 25 | use winapi::um::minwinbase::*;
[INFO] [stdout]    |             ^^ could not find `um` in `winapi`
[INFO] [stdout] 
[INFO] [stdout] 
[INFO] [stdout] error[E0433]: failed to resolve: could not find `um` in `winapi`
[INFO] [stdout]   --> src/payload/lib.rs:25:13
[INFO] [stdout]    |
[INFO] [stdout] 25 | use winapi::um::minwinbase::*;
[INFO] [stdout]    |             ^^ could not find `um` in `winapi`
[INFO] [stdout] 
[INFO] [stdout] 
[INFO] [stdout] error[E0433]: failed to resolve: could not find `um` in `winapi`
[INFO] [stdout]   --> src/payload/lib.rs:26:13
[INFO] [stdout]    |
[INFO] [stdout] 26 | use winapi::um::winnt::*;
[INFO] [stdout]    |             ^^ could not find `um` in `winapi`
[INFO] [stdout] 
[INFO] [stdout] 
[INFO] [stdout] error[E0433]: failed to resolve: could not find `um` in `winapi`
[INFO] [stdout]   --> src/payload/lib.rs:26:13
[INFO] [stdout]    |
[INFO] [stdout] 26 | use winapi::um::winnt::*;
[INFO] [stdout]    |             ^^ could not find `um` in `winapi`
[INFO] [stdout] 
[INFO] [stdout] 
[INFO] [stdout] error[E0433]: failed to resolve: could not find `um` in `winapi`
[INFO] [stdout]   --> src/payload/lib.rs:27:13
[INFO] [stdout]    |
[INFO] [stdout] 27 | use winapi::um::winuser::*;
[INFO] [stdout]    |             ^^ could not find `um` in `winapi`
[INFO] [stdout] 
[INFO] [stdout] 
[INFO] [stdout] error[E0433]: failed to resolve: could not find `um` in `winapi`
[INFO] [stdout]   --> src/payload/lib.rs:27:13
[INFO] [stdout]    |
[INFO] [stdout] 27 | use winapi::um::winuser::*;
[INFO] [stdout]    |             ^^ could not find `um` in `winapi`
[INFO] [stdout] 
[INFO] [stdout] 
[INFO] [stdout] error[E0433]: failed to resolve: could not find `shared` in `winapi`
[INFO] [stdout]   --> src/payload/lib.rs:28:13
[INFO] [stdout]    |
[INFO] [stdout] 28 | use winapi::shared::minwindef::{TRUE, DWORD};
[INFO] [stdout]    |             ^^^^^^ could not find `shared` in `winapi`
[INFO] [stdout] 
[INFO] [stdout] 
[INFO] [stdout] error[E0433]: failed to resolve: could not find `shared` in `winapi`
[INFO] [stdout]   --> src/payload/lib.rs:28:13
[INFO] [stdout]    |
[INFO] [stdout] 28 | use winapi::shared::minwindef::{TRUE, DWORD};
[INFO] [stdout]    |             ^^^^^^ could not find `shared` in `winapi`
[INFO] [stdout] 
[INFO] [stdout] 
[INFO] [stdout] error[E0432]: unresolved import `winapi::um`
[INFO] [stdout]   --> src/payload/lib.rs:24:13
[INFO] [stdout]    |
[INFO] [stdout] 24 | use winapi::um::*;
[INFO] [stdout]    |             ^^ could not find `um` in `winapi`
[INFO] [stdout] 
[INFO] [stdout] 
[INFO] [stdout] error[E0432]: unresolved import `winapi::um`
[INFO] [stdout]   --> src/payload/lib.rs:24:13
[INFO] [stdout]    |
[INFO] [stdout] 24 | use winapi::um::*;
[INFO] [stdout]    |             ^^ could not find `um` in `winapi`
[INFO] [stdout] 
[INFO] [stdout] 
[INFO] [stdout] error[E0412]: cannot find type `HINSTANCE` in this scope
[INFO] [stdout]   --> src/payload/lib.rs:42:12
[INFO] [stdout]    |
[INFO] [stdout] 42 |     hinst: HINSTANCE,
[INFO] [stdout]    |            ^^^^^^^^^ not found in this scope
[INFO] [stdout] 
[INFO] [stdout] 
[INFO] [stdout] error[E0412]: cannot find type `BOOL` in this scope
[INFO] [stdout]   --> src/payload/lib.rs:45:6
[INFO] [stdout]    |
[INFO] [stdout] 45 | ) -> BOOL {
[INFO] [stdout]    |      ^^^^ help: a builtin type with a similar name exists: `bool`
[INFO] [stdout] 
[INFO] [stdout] 
[INFO] [stdout] error[E0412]: cannot find type `HINSTANCE` in this scope
[INFO] [stdout]   --> src/payload/lib.rs:42:12
[INFO] [stdout]    |
[INFO] [stdout] 42 |     hinst: HINSTANCE,
[INFO] [stdout]    |            ^^^^^^^^^ not found in this scope
[INFO] [stdout] 
[INFO] [stdout] 
[INFO] [stdout] error[E0412]: cannot find type `BOOL` in this scope
[INFO] [stdout]   --> src/payload/lib.rs:45:6
[INFO] [stdout]    |
[INFO] [stdout] 45 | ) -> BOOL {
[INFO] [stdout]    |      ^^^^ help: a builtin type with a similar name exists: `bool`
[INFO] [stdout] 
[INFO] [stdout] 
[INFO] [stdout] warning: unused `#[macro_use]` import
[INFO] [stdout]  --> src/payload/lib.rs:1:1
[INFO] [stdout]   |
[INFO] [stdout] 1 | #[macro_use]
[INFO] [stdout]   | ^^^^^^^^^^^^
[INFO] [stdout]   |
[INFO] [stdout]   = note: `#[warn(unused_imports)]` on by default
[INFO] [stdout] 
[INFO] [stdout] 
[INFO] [stdout] warning: unused import: `std::mem::*`
[INFO] [stdout]  --> src/payload/lib.rs:8:5
[INFO] [stdout]   |
[INFO] [stdout] 8 | use std::mem::*;
[INFO] [stdout]   |     ^^^^^^^^^^^
[INFO] [stdout] 
[INFO] [stdout] 
[INFO] [stdout] warning: unused import: `std::ffi::*`
[INFO] [stdout]  --> src/payload/lib.rs:9:5
[INFO] [stdout]   |
[INFO] [stdout] 9 | use std::ffi::*;
[INFO] [stdout]   |     ^^^^^^^^^^^
[INFO] [stdout] 
[INFO] [stdout] 
[INFO] [stdout] warning: unused import: `std::iter::*`
[INFO] [stdout]   --> src/payload/lib.rs:11:5
[INFO] [stdout]    |
[INFO] [stdout] 11 | use std::iter::*;
[INFO] [stdout]    |     ^^^^^^^^^^^^
[INFO] [stdout] 
[INFO] [stdout] 
[INFO] [stdout] warning: unused import: `std::sync::*`
[INFO] [stdout]   --> src/payload/lib.rs:13:5
[INFO] [stdout]    |
[INFO] [stdout] 13 | use std::sync::*;
[INFO] [stdout]    |     ^^^^^^^^^^^^
[INFO] [stdout] 
[INFO] [stdout] 
[INFO] [stdout] warning: unused import: `lazy_static::*`
[INFO] [stdout]   --> src/payload/lib.rs:16:5
[INFO] [stdout]    |
[INFO] [stdout] 16 | use lazy_static::*;
[INFO] [stdout]    |     ^^^^^^^^^^^^^^
[INFO] [stdout] 
[INFO] [stdout] 
[INFO] [stdout] warning: unused import: `widestring::*`
[INFO] [stdout]   --> src/payload/lib.rs:18:5
[INFO] [stdout]    |
[INFO] [stdout] 18 | use widestring::*;
[INFO] [stdout]    |     ^^^^^^^^^^^^^
[INFO] [stdout] 
[INFO] [stdout] 
[INFO] [stdout] warning: unused import: `kernel32::*`
[INFO] [stdout]   --> src/payload/lib.rs:20:5
[INFO] [stdout]    |
[INFO] [stdout] 20 | use kernel32::*;
[INFO] [stdout]    |     ^^^^^^^^^^^
[INFO] [stdout] 
[INFO] [stdout] 
[INFO] [stdout] error: aborting due to 11 previous errors
[INFO] [stdout] 
[INFO] [stdout] 
[INFO] [stdout] Some errors have detailed explanations: E0412, E0432, E0433.
[INFO] [stdout] 
[INFO] [stdout] For more information about an error, try `rustc --explain E0412`.
[INFO] [stdout] 
[INFO] [stdout] error[E0425]: cannot find function, tuple struct or tuple variant `GetCurrentProcessId` in this scope
[INFO] [stdout]   --> src/payload/lib.rs:52:34
[INFO] [stdout]    |
[INFO] [stdout] 52 |                 let t = unsafe { GetCurrentProcessId() };
[INFO] [stdout]    |                                  ^^^^^^^^^^^^^^^^^^^ not found in this scope
[INFO] [stdout] 
[INFO] [stdout] 
[INFO] [stdout] warning: unused import: `std::ptr`
[INFO] [stdout]  --> src/payload/lib.rs:7:5
[INFO] [stdout]   |
[INFO] [stdout] 7 | use std::ptr::*;
[INFO] [stdout]   |     ^^^^^^^^
[INFO] [stdout] 
[INFO] [stdout] 
[INFO] [stderr] error: could not document `winrecord`
[INFO] [stdout] error[E0433]: failed to resolve: use of undeclared crate or module `winnt`
[INFO] [stdout]   --> src/payload/lib.rs:48:9
[INFO] [stdout]    |
[INFO] [stdout] 48 |         winnt::DLL_PROCESS_ATTACH => {
[INFO] [stdout]    |         ^^^^^ use of undeclared crate or module `winnt`
[INFO] [stdout] 
[INFO] [stdout] 
[INFO] [stderr] 
[INFO] [stdout] error[E0433]: failed to resolve: use of undeclared crate or module `winnt`
[INFO] [stdout]   --> src/payload/lib.rs:57:9
[INFO] [stdout]    |
[INFO] [stdout] 57 |         winnt::DLL_PROCESS_DETACH => {
[INFO] [stdout]    |         ^^^^^ use of undeclared crate or module `winnt`
[INFO] [stdout] 
[INFO] [stdout] 
[INFO] [stderr] Caused by:
[INFO] [stdout] error: aborting due to 14 previous errors; 9 warnings emitted
[INFO] [stdout] 
[INFO] [stdout] 
[INFO] [stdout] Some errors have detailed explanations: E0412, E0425, E0432, E0433.
[INFO] [stdout] 
[INFO] [stdout] For more information about an error, try `rustc --explain E0412`.
[INFO] [stdout] 
[INFO] [stderr]   process didn't exit successfully: `/opt/rustwide/rustup-home/toolchains/1.75.0-x86_64-unknown-linux-gnu/bin/rustdoc --edition=2018 --crate-type lib --crate-type cdylib --crate-name payload src/payload/lib.rs -o /opt/rustwide/target/doc --error-format=json --json=diagnostic-rendered-ansi,artifacts,future-incompat --document-private-items -C metadata=efd3b792ea539637 -L dependency=/opt/rustwide/target/debug/deps --extern clap=/opt/rustwide/target/debug/deps/libclap-df345ab381c59667.rmeta --extern kernel32=/opt/rustwide/target/debug/deps/libkernel32-8e6efe40101328cb.rmeta --extern lazy_static=/opt/rustwide/target/debug/deps/liblazy_static-e7445b4e8703c20b.rmeta --extern tokio=/opt/rustwide/target/debug/deps/libtokio-dc58e110d9736d6d.rmeta --extern user32=/opt/rustwide/target/debug/deps/libuser32-8b1720f4d1d2b03a.rmeta --extern widestring=/opt/rustwide/target/debug/deps/libwidestring-2f3428af26811f98.rmeta --extern winapi=/opt/rustwide/target/debug/deps/libwinapi-feb313c5e69ac483.rmeta --cap-lints=warn --crate-version 0.1.0` (exit status: 1)
[INFO] [stderr] warning: build failed, waiting for other jobs to finish...
[INFO] [stderr] error: could not compile `winrecord` (lib) due to 15 previous errors; 9 warnings emitted
[INFO] running `Command { std: "docker" "inspect" "fe2cea5c769fb613b697abb11a7b9bff95f2f5c37d377b7d82cc96a061ec1328", kill_on_drop: false }`
[INFO] running `Command { std: "docker" "rm" "-f" "fe2cea5c769fb613b697abb11a7b9bff95f2f5c37d377b7d82cc96a061ec1328", kill_on_drop: false }`
[INFO] [stdout] fe2cea5c769fb613b697abb11a7b9bff95f2f5c37d377b7d82cc96a061ec1328
[INFO] documenting R030t1/winrecord against beta-2023-12-22 for beta-1.76-rustdoc-1
[INFO] running `Command { std: "git" "clone" "/workspace/cache/git-repos/https%3A%2F%2Fgithub.com%2FR030t1%2Fwinrecord" "/workspace/builds/worker-3-tc2/source", kill_on_drop: false }`
[INFO] [stderr] Cloning into '/workspace/builds/worker-3-tc2/source'...
[INFO] [stderr] done.
[INFO] validating manifest of git repo https://github.com/R030t1/winrecord on toolchain beta-2023-12-22
[INFO] running `Command { std: CARGO_HOME="/workspace/cargo-home" RUSTUP_HOME="/workspace/rustup-home" "/workspace/cargo-home/bin/cargo" "+beta-2023-12-22" "metadata" "--manifest-path" "Cargo.toml" "--no-deps", kill_on_drop: false }`
[INFO] started tweaking git repo https://github.com/R030t1/winrecord
[INFO] finished tweaking git repo https://github.com/R030t1/winrecord
[INFO] tweaked toml for git repo https://github.com/R030t1/winrecord written to /workspace/builds/worker-3-tc2/source/Cargo.toml
[INFO] crate git repo https://github.com/R030t1/winrecord already has a lockfile, it will not be regenerated
[INFO] running `Command { std: CARGO_HOME="/workspace/cargo-home" RUSTUP_HOME="/workspace/rustup-home" "/workspace/cargo-home/bin/cargo" "+beta-2023-12-22" "fetch" "--manifest-path" "Cargo.toml", kill_on_drop: false }`
[INFO] running `Command { std: "docker" "create" "-v" "/var/lib/crater-agent-workspace/builds/worker-3-tc2/target:/opt/rustwide/target:rw,Z" "-v" "/var/lib/crater-agent-workspace/builds/worker-3-tc2/source:/opt/rustwide/workdir:ro,Z" "-v" "/var/lib/crater-agent-workspace/cargo-home:/opt/rustwide/cargo-home:ro,Z" "-v" "/var/lib/crater-agent-workspace/rustup-home:/opt/rustwide/rustup-home:ro,Z" "-e" "SOURCE_DIR=/opt/rustwide/workdir" "-e" "CARGO_TARGET_DIR=/opt/rustwide/target" "-e" "CARGO_HOME=/opt/rustwide/cargo-home" "-e" "RUSTUP_HOME=/opt/rustwide/rustup-home" "-w" "/opt/rustwide/workdir" "-m" "1610612736" "--user" "0:0" "--network" "none" "ghcr.io/rust-lang/crates-build-env/linux@sha256:2788e3201cd34a07e3172128adcd8b3090168a8e3bcc40d7c032b9dda1df7d1c" "/opt/rustwide/cargo-home/bin/cargo" "+beta-2023-12-22" "metadata" "--no-deps" "--format-version=1", kill_on_drop: false }`
[INFO] [stdout] 53bbec0492269cdbe36a5f0b826ae8a946672d73a677116e2833015bb7a33dd5
[INFO] running `Command { std: "docker" "start" "-a" "53bbec0492269cdbe36a5f0b826ae8a946672d73a677116e2833015bb7a33dd5", kill_on_drop: false }`
[INFO] running `Command { std: "docker" "inspect" "53bbec0492269cdbe36a5f0b826ae8a946672d73a677116e2833015bb7a33dd5", kill_on_drop: false }`
[INFO] running `Command { std: "docker" "rm" "-f" "53bbec0492269cdbe36a5f0b826ae8a946672d73a677116e2833015bb7a33dd5", kill_on_drop: false }`
[INFO] [stdout] 53bbec0492269cdbe36a5f0b826ae8a946672d73a677116e2833015bb7a33dd5
[INFO] running `Command { std: "docker" "create" "-v" "/var/lib/crater-agent-workspace/builds/worker-3-tc2/target:/opt/rustwide/target:rw,Z" "-v" "/var/lib/crater-agent-workspace/builds/worker-3-tc2/source:/opt/rustwide/workdir:ro,Z" "-v" "/var/lib/crater-agent-workspace/cargo-home:/opt/rustwide/cargo-home:ro,Z" "-v" "/var/lib/crater-agent-workspace/rustup-home:/opt/rustwide/rustup-home:ro,Z" "-e" "SOURCE_DIR=/opt/rustwide/workdir" "-e" "CARGO_TARGET_DIR=/opt/rustwide/target" "-e" "CARGO_INCREMENTAL=0" "-e" "RUST_BACKTRACE=full" "-e" "RUSTFLAGS=--cap-lints=warn" "-e" "RUSTDOCFLAGS=--cap-lints=warn" "-e" "CARGO_HOME=/opt/rustwide/cargo-home" "-e" "RUSTUP_HOME=/opt/rustwide/rustup-home" "-w" "/opt/rustwide/workdir" "-m" "1610612736" "--user" "0:0" "--network" "none" "ghcr.io/rust-lang/crates-build-env/linux@sha256:2788e3201cd34a07e3172128adcd8b3090168a8e3bcc40d7c032b9dda1df7d1c" "/opt/rustwide/cargo-home/bin/cargo" "+beta-2023-12-22" "doc" "--frozen" "--no-deps" "--document-private-items" "--message-format=json", kill_on_drop: false }`
[INFO] [stdout] 1f59e25696d2f25fe392838bf82c047bd48ebf16cdcce2ee19068c889affefda
[INFO] running `Command { std: "docker" "start" "-a" "1f59e25696d2f25fe392838bf82c047bd48ebf16cdcce2ee19068c889affefda", kill_on_drop: false }`
[INFO] [stderr]    Compiling libc v0.2.94
[INFO] [stderr]    Compiling kernel32-sys v0.2.2
[INFO] [stderr]    Compiling user32-sys v0.2.0
[INFO] [stderr]     Checking winapi v0.2.8
[INFO] [stderr]    Compiling winapi v0.3.9
[INFO] [stderr]     Checking unicode-width v0.1.8
[INFO] [stderr]     Checking strsim v0.8.0
[INFO] [stderr]     Checking ansi_term v0.11.0
[INFO] [stderr]     Checking vec_map v0.8.2
[INFO] [stderr]     Checking widestring v0.4.3
[INFO] [stderr]    Compiling tokio v1.6.0
[INFO] [stderr]     Checking textwrap v0.11.0
[INFO] [stderr]     Checking atty v0.2.14
[INFO] [stderr]     Checking clap v2.33.3
[INFO] [stderr]  Documenting winrecord v0.1.0 (/opt/rustwide/workdir)
[INFO] [stderr]     Checking winrecord v0.1.0 (/opt/rustwide/workdir)
[INFO] [stdout] error[E0433]: failed to resolve: could not find `windows` in `os`
[INFO] [stdout]   --> src/payload/lib.rs:10:14
[INFO] [stdout]    |
[INFO] [stdout] 10 | use std::os::windows::ffi::OsStrExt;
[INFO] [stdout]    |              ^^^^^^^ could not find `windows` in `os`
[INFO] [stdout] 
[INFO] [stdout] 
[INFO] [stdout] error[E0433]: failed to resolve: could not find `windows` in `os`
[INFO] [stdout]   --> src/payload/lib.rs:10:14
[INFO] [stdout]    |
[INFO] [stdout] 10 | use std::os::windows::ffi::OsStrExt;
[INFO] [stdout]    |              ^^^^^^^ could not find `windows` in `os`
[INFO] [stdout] 
[INFO] [stdout] 
[INFO] [stdout] error[E0433]: failed to resolve: could not find `shared` in `winapi`
[INFO] [stdout]   --> src/payload/lib.rs:22:13
[INFO] [stdout]    |
[INFO] [stdout] 22 | use winapi::shared::windef::*;
[INFO] [stdout]    |             ^^^^^^ could not find `shared` in `winapi`
[INFO] [stdout] 
[INFO] [stdout] 
[INFO] [stdout] error[E0433]: failed to resolve: could not find `shared` in `winapi`
[INFO] [stdout]   --> src/payload/lib.rs:22:13
[INFO] [stdout]    |
[INFO] [stdout] 22 | use winapi::shared::windef::*;
[INFO] [stdout]    |             ^^^^^^ could not find `shared` in `winapi`
[INFO] [stdout] 
[INFO] [stdout] 
[INFO] [stdout] error[E0433]: failed to resolve: could not find `shared` in `winapi`
[INFO] [stdout]   --> src/payload/lib.rs:23:13
[INFO] [stdout]    |
[INFO] [stdout] 23 | use winapi::shared::minwindef::*;
[INFO] [stdout]    |             ^^^^^^ could not find `shared` in `winapi`
[INFO] [stdout] 
[INFO] [stdout] 
[INFO] [stdout] error[E0433]: failed to resolve: could not find `shared` in `winapi`
[INFO] [stdout]   --> src/payload/lib.rs:23:13
[INFO] [stdout]    |
[INFO] [stdout] 23 | use winapi::shared::minwindef::*;
[INFO] [stdout]    |             ^^^^^^ could not find `shared` in `winapi`
[INFO] [stdout] 
[INFO] [stdout] 
[INFO] [stdout] error[E0432]: unresolved import `winapi::ctypes`
[INFO] [stdout]   --> src/payload/lib.rs:21:13
[INFO] [stdout]    |
[INFO] [stdout] 21 | use winapi::ctypes::*;
[INFO] [stdout]    |             ^^^^^^ could not find `ctypes` in `winapi`
[INFO] [stdout] 
[INFO] [stdout] 
[INFO] [stdout] error[E0433]: failed to resolve: could not find `um` in `winapi`
[INFO] [stdout]   --> src/payload/lib.rs:25:13
[INFO] [stdout]    |
[INFO] [stdout] 25 | use winapi::um::minwinbase::*;
[INFO] [stdout]    |             ^^ could not find `um` in `winapi`
[INFO] [stdout] 
[INFO] [stdout] 
[INFO] [stdout] error[E0432]: unresolved import `winapi::ctypes`
[INFO] [stdout]   --> src/payload/lib.rs:21:13
[INFO] [stdout]    |
[INFO] [stdout] 21 | use winapi::ctypes::*;
[INFO] [stdout]    |             ^^^^^^ could not find `ctypes` in `winapi`
[INFO] [stdout] 
[INFO] [stdout] 
[INFO] [stdout] error[E0433]: failed to resolve: could not find `um` in `winapi`
[INFO] [stdout]   --> src/payload/lib.rs:26:13
[INFO] [stdout]    |
[INFO] [stdout] 26 | use winapi::um::winnt::*;
[INFO] [stdout]    |             ^^ could not find `um` in `winapi`
[INFO] [stdout] 
[INFO] [stdout] 
[INFO] [stdout] error[E0433]: failed to resolve: could not find `um` in `winapi`
[INFO] [stdout]   --> src/payload/lib.rs:25:13
[INFO] [stdout]    |
[INFO] [stdout] 25 | use winapi::um::minwinbase::*;
[INFO] [stdout]    |             ^^ could not find `um` in `winapi`
[INFO] [stdout] 
[INFO] [stdout] 
[INFO] [stdout] error[E0433]: failed to resolve: could not find `um` in `winapi`
[INFO] [stdout]   --> src/payload/lib.rs:27:13
[INFO] [stdout]    |
[INFO] [stdout] 27 | use winapi::um::winuser::*;
[INFO] [stdout]    |             ^^ could not find `um` in `winapi`
[INFO] [stdout] 
[INFO] [stdout] 
[INFO] [stdout] error[E0433]: failed to resolve: could not find `um` in `winapi`
[INFO] [stdout]   --> src/payload/lib.rs:26:13
[INFO] [stdout]    |
[INFO] [stdout] 26 | use winapi::um::winnt::*;
[INFO] [stdout]    |             ^^ could not find `um` in `winapi`
[INFO] [stdout] 
[INFO] [stdout] 
[INFO] [stdout] error[E0433]: failed to resolve: could not find `shared` in `winapi`
[INFO] [stdout]   --> src/payload/lib.rs:28:13
[INFO] [stdout]    |
[INFO] [stdout] 28 | use winapi::shared::minwindef::{TRUE, DWORD};
[INFO] [stdout]    |             ^^^^^^ could not find `shared` in `winapi`
[INFO] [stdout] 
[INFO] [stdout] 
[INFO] [stdout] error[E0433]: failed to resolve: could not find `um` in `winapi`
[INFO] [stdout]   --> src/payload/lib.rs:27:13
[INFO] [stdout]    |
[INFO] [stdout] 27 | use winapi::um::winuser::*;
[INFO] [stdout]    |             ^^ could not find `um` in `winapi`
[INFO] [stdout] 
[INFO] [stdout] 
[INFO] [stdout] error[E0432]: unresolved import `winapi::um`
[INFO] [stdout]   --> src/payload/lib.rs:24:13
[INFO] [stdout]    |
[INFO] [stdout] 24 | use winapi::um::*;
[INFO] [stdout]    |             ^^ could not find `um` in `winapi`
[INFO] [stdout] 
[INFO] [stdout] 
[INFO] [stdout] error[E0433]: failed to resolve: could not find `shared` in `winapi`
[INFO] [stdout]   --> src/payload/lib.rs:28:13
[INFO] [stdout]    |
[INFO] [stdout] 28 | use winapi::shared::minwindef::{TRUE, DWORD};
[INFO] [stdout]    |             ^^^^^^ could not find `shared` in `winapi`
[INFO] [stdout] 
[INFO] [stdout] 
[INFO] [stdout] error[E0432]: unresolved import `winapi::um`
[INFO] [stdout]   --> src/payload/lib.rs:24:13
[INFO] [stdout]    |
[INFO] [stdout] 24 | use winapi::um::*;
[INFO] [stdout]    |             ^^ could not find `um` in `winapi`
[INFO] [stdout] 
[INFO] [stdout] 
[INFO] [stdout] error[E0412]: cannot find type `HINSTANCE` in this scope
[INFO] [stdout]   --> src/payload/lib.rs:42:12
[INFO] [stdout]    |
[INFO] [stdout] 42 |     hinst: HINSTANCE,
[INFO] [stdout]    |            ^^^^^^^^^ not found in this scope
[INFO] [stdout] 
[INFO] [stdout] 
[INFO] [stdout] error[E0412]: cannot find type `BOOL` in this scope
[INFO] [stdout]   --> src/payload/lib.rs:45:6
[INFO] [stdout]    |
[INFO] [stdout] 45 | ) -> BOOL {
[INFO] [stdout]    |      ^^^^ help: a builtin type with a similar name exists: `bool`
[INFO] [stdout] 
[INFO] [stdout] 
[INFO] [stdout] error[E0412]: cannot find type `HINSTANCE` in this scope
[INFO] [stdout]   --> src/payload/lib.rs:42:12
[INFO] [stdout]    |
[INFO] [stdout] 42 |     hinst: HINSTANCE,
[INFO] [stdout]    |            ^^^^^^^^^ not found in this scope
[INFO] [stdout] 
[INFO] [stdout] 
[INFO] [stdout] error[E0412]: cannot find type `BOOL` in this scope
[INFO] [stdout]   --> src/payload/lib.rs:45:6
[INFO] [stdout]    |
[INFO] [stdout] 45 | ) -> BOOL {
[INFO] [stdout]    |      ^^^^ help: a builtin type with a similar name exists: `bool`
[INFO] [stdout] 
[INFO] [stdout] 
[INFO] [stdout] warning: unused `#[macro_use]` import
[INFO] [stdout]  --> src/payload/lib.rs:1:1
[INFO] [stdout]   |
[INFO] [stdout] 1 | #[macro_use]
[INFO] [stdout]   | ^^^^^^^^^^^^
[INFO] [stdout]   |
[INFO] [stdout]   = note: `#[warn(unused_imports)]` on by default
[INFO] [stdout] 
[INFO] [stdout] 
[INFO] [stdout] warning: unused import: `std::mem::*`
[INFO] [stdout]  --> src/payload/lib.rs:8:5
[INFO] [stdout]   |
[INFO] [stdout] 8 | use std::mem::*;
[INFO] [stdout]   |     ^^^^^^^^^^^
[INFO] [stdout] 
[INFO] [stdout] 
[INFO] [stdout] warning: unused import: `std::ffi::*`
[INFO] [stdout]  --> src/payload/lib.rs:9:5
[INFO] [stdout]   |
[INFO] [stdout] 9 | use std::ffi::*;
[INFO] [stdout]   |     ^^^^^^^^^^^
[INFO] [stdout] 
[INFO] [stdout] 
[INFO] [stdout] warning: unused import: `std::iter::*`
[INFO] [stdout]   --> src/payload/lib.rs:11:5
[INFO] [stdout]    |
[INFO] [stdout] 11 | use std::iter::*;
[INFO] [stdout]    |     ^^^^^^^^^^^^
[INFO] [stdout] 
[INFO] [stdout] 
[INFO] [stdout] warning: unused import: `std::sync::*`
[INFO] [stdout]   --> src/payload/lib.rs:13:5
[INFO] [stdout]    |
[INFO] [stdout] 13 | use std::sync::*;
[INFO] [stdout]    |     ^^^^^^^^^^^^
[INFO] [stdout] 
[INFO] [stdout] 
[INFO] [stdout] warning: unused import: `lazy_static::*`
[INFO] [stdout]   --> src/payload/lib.rs:16:5
[INFO] [stdout]    |
[INFO] [stdout] 16 | use lazy_static::*;
[INFO] [stdout]    |     ^^^^^^^^^^^^^^
[INFO] [stdout] 
[INFO] [stdout] 
[INFO] [stdout] warning: unused import: `widestring::*`
[INFO] [stdout]   --> src/payload/lib.rs:18:5
[INFO] [stdout]    |
[INFO] [stdout] 18 | use widestring::*;
[INFO] [stdout]    |     ^^^^^^^^^^^^^
[INFO] [stdout] 
[INFO] [stdout] 
[INFO] [stdout] warning: unused import: `kernel32::*`
[INFO] [stdout]   --> src/payload/lib.rs:20:5
[INFO] [stdout]    |
[INFO] [stdout] 20 | use kernel32::*;
[INFO] [stdout]    |     ^^^^^^^^^^^
[INFO] [stdout] 
[INFO] [stdout] 
[INFO] [stdout] error: aborting due to 11 previous errors
[INFO] [stdout] 
[INFO] [stdout] 
[INFO] [stdout] Some errors have detailed explanations: E0412, E0432, E0433.
[INFO] [stdout] 
[INFO] [stdout] For more information about an error, try `rustc --explain E0412`.
[INFO] [stdout] 
[INFO] [stdout] error[E0425]: cannot find function, tuple struct or tuple variant `GetCurrentProcessId` in this scope
[INFO] [stdout]   --> src/payload/lib.rs:52:34
[INFO] [stdout]    |
[INFO] [stdout] 52 |                 let t = unsafe { GetCurrentProcessId() };
[INFO] [stdout]    |                                  ^^^^^^^^^^^^^^^^^^^ not found in this scope
[INFO] [stdout] 
[INFO] [stdout] 
[INFO] [stdout] warning: unused import: `std::ptr`
[INFO] [stdout]  --> src/payload/lib.rs:7:5
[INFO] [stdout]   |
[INFO] [stdout] 7 | use std::ptr::*;
[INFO] [stdout]   |     ^^^^^^^^
[INFO] [stdout] 
[INFO] [stdout] 
[INFO] [stdout] error[E0433]: failed to resolve: use of undeclared crate or module `winnt`
[INFO] [stdout]   --> src/payload/lib.rs:48:9
[INFO] [stdout]    |
[INFO] [stdout] 48 |         winnt::DLL_PROCESS_ATTACH => {
[INFO] [stdout]    |         ^^^^^ use of undeclared crate or module `winnt`
[INFO] [stdout] 
[INFO] [stdout] 
[INFO] [stdout] error[E0433]: failed to resolve: use of undeclared crate or module `winnt`
[INFO] [stdout]   --> src/payload/lib.rs:57:9
[INFO] [stdout]    |
[INFO] [stdout] 57 |         winnt::DLL_PROCESS_DETACH => {
[INFO] [stdout]    |         ^^^^^ use of undeclared crate or module `winnt`
[INFO] [stdout] 
[INFO] [stdout] 
[INFO] [stdout] error: aborting due to 14 previous errors; 9 warnings emitted
[INFO] [stdout] 
[INFO] [stdout] 
[INFO] [stdout] Some errors have detailed explanations: E0412, E0425, E0432, E0433.
[INFO] [stdout] 
[INFO] [stdout] For more information about an error, try `rustc --explain E0412`.
[INFO] [stdout] 
[INFO] [stderr] error: could not document `winrecord`
[INFO] [stderr] 
[INFO] [stderr] Caused by:
[INFO] [stderr]   process didn't exit successfully: `/opt/rustwide/rustup-home/toolchains/beta-2023-12-22-x86_64-unknown-linux-gnu/bin/rustdoc --edition=2018 --crate-type lib --crate-type cdylib --crate-name payload src/payload/lib.rs -o /opt/rustwide/target/doc --error-format=json --json=diagnostic-rendered-ansi,artifacts,future-incompat --document-private-items -C metadata=9ab209da6b958a6a -L dependency=/opt/rustwide/target/debug/deps --extern clap=/opt/rustwide/target/debug/deps/libclap-4e56263f2f446d5a.rmeta --extern kernel32=/opt/rustwide/target/debug/deps/libkernel32-5929e404597df883.rmeta --extern lazy_static=/opt/rustwide/target/debug/deps/liblazy_static-cc91e7c9c894213a.rmeta --extern tokio=/opt/rustwide/target/debug/deps/libtokio-725e56a82d8ed37e.rmeta --extern user32=/opt/rustwide/target/debug/deps/libuser32-c3d4b60f72ed35df.rmeta --extern widestring=/opt/rustwide/target/debug/deps/libwidestring-425bf00283b5ef63.rmeta --extern winapi=/opt/rustwide/target/debug/deps/libwinapi-807657ab641c6e39.rmeta --cap-lints=warn --crate-version 0.1.0` (exit status: 1)
[INFO] [stderr] warning: build failed, waiting for other jobs to finish...
[INFO] [stderr] error: could not compile `winrecord` (lib) due to 15 previous errors; 9 warnings emitted
[INFO] running `Command { std: "docker" "inspect" "1f59e25696d2f25fe392838bf82c047bd48ebf16cdcce2ee19068c889affefda", kill_on_drop: false }`
[INFO] running `Command { std: "docker" "rm" "-f" "1f59e25696d2f25fe392838bf82c047bd48ebf16cdcce2ee19068c889affefda", kill_on_drop: false }`
[INFO] [stdout] 1f59e25696d2f25fe392838bf82c047bd48ebf16cdcce2ee19068c889affefda
