[INFO] cloning repository https://github.com/QuietMisdreavus/whismur
[INFO] running `Command { std: "git" "-c" "credential.helper=" "-c" "credential.helper=/workspace/cargo-home/bin/git-credential-null" "clone" "--bare" "https://github.com/QuietMisdreavus/whismur" "/workspace/cache/git-repos/https%3A%2F%2Fgithub.com%2FQuietMisdreavus%2Fwhismur", kill_on_drop: false }`
[INFO] [stderr] Cloning into bare repository '/workspace/cache/git-repos/https%3A%2F%2Fgithub.com%2FQuietMisdreavus%2Fwhismur'...
[INFO] running `Command { std: "git" "rev-parse" "HEAD", kill_on_drop: false }`
[INFO] [stdout] 4c577c2d7a79144469bbf97abfed6cd77f265de4
[INFO] documenting QuietMisdreavus/whismur against 1.75.0 for beta-1.76-rustdoc-1
[INFO] running `Command { std: "git" "clone" "/workspace/cache/git-repos/https%3A%2F%2Fgithub.com%2FQuietMisdreavus%2Fwhismur" "/workspace/builds/worker-7-tc1/source", kill_on_drop: false }`
[INFO] [stderr] Cloning into '/workspace/builds/worker-7-tc1/source'...
[INFO] [stderr] done.
[INFO] validating manifest of git repo https://github.com/QuietMisdreavus/whismur on toolchain 1.75.0
[INFO] running `Command { std: CARGO_HOME="/workspace/cargo-home" RUSTUP_HOME="/workspace/rustup-home" "/workspace/cargo-home/bin/cargo" "+1.75.0" "metadata" "--manifest-path" "Cargo.toml" "--no-deps", kill_on_drop: false }`
[INFO] started tweaking git repo https://github.com/QuietMisdreavus/whismur
[INFO] finished tweaking git repo https://github.com/QuietMisdreavus/whismur
[INFO] tweaked toml for git repo https://github.com/QuietMisdreavus/whismur written to /workspace/builds/worker-7-tc1/source/Cargo.toml
[INFO] crate git repo https://github.com/QuietMisdreavus/whismur already has a lockfile, it will not be regenerated
[INFO] running `Command { std: CARGO_HOME="/workspace/cargo-home" RUSTUP_HOME="/workspace/rustup-home" "/workspace/cargo-home/bin/cargo" "+1.75.0" "fetch" "--manifest-path" "Cargo.toml", kill_on_drop: false }`
[INFO] [stderr]  Downloading crates ...
[INFO] [stderr]   Downloaded chrono v0.3.1
[INFO] [stderr]   Downloaded redox_syscall v0.1.17
[INFO] [stderr]   Downloaded serde_derive_internals v0.15.0
[INFO] [stderr]   Downloaded serde_derive v1.0.2
[INFO] [stderr]   Downloaded irc v0.11.6
[INFO] [stderr]   Downloaded serde_json v1.0.1
[INFO] [stderr]   Downloaded serde v1.0.2
[INFO] [stderr]   Downloaded time v0.1.36
[INFO] [stderr]   Downloaded gcc v0.3.45
[INFO] running `Command { std: "docker" "create" "-v" "/var/lib/crater-agent-workspace/builds/worker-7-tc1/target:/opt/rustwide/target:rw,Z" "-v" "/var/lib/crater-agent-workspace/builds/worker-7-tc1/source:/opt/rustwide/workdir:ro,Z" "-v" "/var/lib/crater-agent-workspace/cargo-home:/opt/rustwide/cargo-home:ro,Z" "-v" "/var/lib/crater-agent-workspace/rustup-home:/opt/rustwide/rustup-home:ro,Z" "-e" "SOURCE_DIR=/opt/rustwide/workdir" "-e" "CARGO_TARGET_DIR=/opt/rustwide/target" "-e" "CARGO_HOME=/opt/rustwide/cargo-home" "-e" "RUSTUP_HOME=/opt/rustwide/rustup-home" "-w" "/opt/rustwide/workdir" "-m" "1610612736" "--user" "0:0" "--network" "none" "ghcr.io/rust-lang/crates-build-env/linux@sha256:2788e3201cd34a07e3172128adcd8b3090168a8e3bcc40d7c032b9dda1df7d1c" "/opt/rustwide/cargo-home/bin/cargo" "+1.75.0" "metadata" "--no-deps" "--format-version=1", kill_on_drop: false }`
[INFO] [stdout] 2ec4ccfb64f8f9719baf02934bba3861eefcacd0873f64b4fe72f0bb0c187594
[INFO] running `Command { std: "docker" "start" "-a" "2ec4ccfb64f8f9719baf02934bba3861eefcacd0873f64b4fe72f0bb0c187594", kill_on_drop: false }`
[INFO] running `Command { std: "docker" "inspect" "2ec4ccfb64f8f9719baf02934bba3861eefcacd0873f64b4fe72f0bb0c187594", kill_on_drop: false }`
[INFO] running `Command { std: "docker" "rm" "-f" "2ec4ccfb64f8f9719baf02934bba3861eefcacd0873f64b4fe72f0bb0c187594", kill_on_drop: false }`
[INFO] [stdout] 2ec4ccfb64f8f9719baf02934bba3861eefcacd0873f64b4fe72f0bb0c187594
[INFO] running `Command { std: "docker" "create" "-v" "/var/lib/crater-agent-workspace/builds/worker-7-tc1/target:/opt/rustwide/target:rw,Z" "-v" "/var/lib/crater-agent-workspace/builds/worker-7-tc1/source:/opt/rustwide/workdir:ro,Z" "-v" "/var/lib/crater-agent-workspace/cargo-home:/opt/rustwide/cargo-home:ro,Z" "-v" "/var/lib/crater-agent-workspace/rustup-home:/opt/rustwide/rustup-home:ro,Z" "-e" "SOURCE_DIR=/opt/rustwide/workdir" "-e" "CARGO_TARGET_DIR=/opt/rustwide/target" "-e" "CARGO_INCREMENTAL=0" "-e" "RUST_BACKTRACE=full" "-e" "RUSTFLAGS=--cap-lints=warn" "-e" "RUSTDOCFLAGS=--cap-lints=warn" "-e" "CARGO_HOME=/opt/rustwide/cargo-home" "-e" "RUSTUP_HOME=/opt/rustwide/rustup-home" "-w" "/opt/rustwide/workdir" "-m" "1610612736" "--user" "0:0" "--network" "none" "ghcr.io/rust-lang/crates-build-env/linux@sha256:2788e3201cd34a07e3172128adcd8b3090168a8e3bcc40d7c032b9dda1df7d1c" "/opt/rustwide/cargo-home/bin/cargo" "+1.75.0" "doc" "--frozen" "--no-deps" "--document-private-items" "--message-format=json", kill_on_drop: false }`
[INFO] [stdout] 1f9a260498609ba215468ad2bc51c1ae670d56855fb5b4c0019962aecdcba4bc
[INFO] running `Command { std: "docker" "start" "-a" "1f9a260498609ba215468ad2bc51c1ae670d56855fb5b4c0019962aecdcba4bc", kill_on_drop: false }`
[INFO] [stderr]    Compiling pkg-config v0.3.9
[INFO] [stderr]    Compiling gcc v0.3.45
[INFO] [stderr]     Checking encoding_index_tests v0.1.4
[INFO] [stderr]     Checking libc v0.2.21
[INFO] [stderr]     Checking num-traits v0.1.37
[INFO] [stderr]    Compiling unicode-xid v0.0.4
[INFO] [stderr]    Compiling quote v0.3.15
[INFO] [stderr]     Checking bitflags v0.7.0
[INFO] [stderr]     Checking encoding-index-japanese v1.20141219.5
[INFO] [stderr]     Checking encoding-index-simpchinese v1.20141219.5
[INFO] [stderr]    Compiling synom v0.11.3
[INFO] [stderr]    Compiling syn v0.11.11
[INFO] [stderr]     Checking encoding-index-korean v1.20141219.5
[INFO] [stderr]     Checking encoding-index-singlebyte v1.20141219.5
[INFO] [stderr]     Checking encoding-index-tradchinese v1.20141219.5
[INFO] [stderr]     Checking time v0.1.36
[INFO] [stderr]    Compiling openssl-sys v0.7.17
[INFO] [stderr]     Checking num-integer v0.1.34
[INFO] [stderr]     Checking serde v1.0.2
[INFO] [stderr]     Checking lazy_static v0.2.8
[INFO] [stderr]     Checking rustc-serialize v0.3.23
[INFO] [stderr]     Checking num-iter v0.1.33
[INFO] [stderr]     Checking itoa v0.3.1
[INFO] [stderr]     Checking encoding v0.2.33
[INFO] [stderr]     Checking num v0.1.37
[INFO] [stderr]     Checking dtoa v0.4.1
[INFO] [stderr]    Compiling openssl-sys-extras v0.7.14
[INFO] [stderr]    Compiling openssl v0.7.14
[INFO] [stderr] The following warnings were emitted during compilation:
[INFO] [stderr] 
[INFO] [stderr] warning: openssl@0.7.14: src/c_helpers.c: In function 'rust_SSL_clone':
[INFO] [stderr] warning: openssl@0.7.14: src/c_helpers.c:4:5: warning: implicit declaration of function 'CRYPTO_add' [-Wimplicit-function-declaration]
[INFO] [stderr] warning: openssl@0.7.14:     4 |     CRYPTO_add(&ssl->references, 1, CRYPTO_LOCK_SSL);
[INFO] [stderr] warning: openssl@0.7.14:       |     ^~~~~~~~~~
[INFO] [stderr] warning: openssl@0.7.14: src/c_helpers.c:4:20: error: invalid use of incomplete typedef 'SSL' {aka 'struct ssl_st'}
[INFO] [stderr] warning: openssl@0.7.14:     4 |     CRYPTO_add(&ssl->references, 1, CRYPTO_LOCK_SSL);
[INFO] [stderr] warning: openssl@0.7.14:       |                    ^~
[INFO] [stderr] warning: openssl@0.7.14: src/c_helpers.c:4:37: error: 'CRYPTO_LOCK_SSL' undeclared (first use in this function); did you mean 'CRYPTO_LOCK'?
[INFO] [stderr] warning: openssl@0.7.14:     4 |     CRYPTO_add(&ssl->references, 1, CRYPTO_LOCK_SSL);
[INFO] [stderr] warning: openssl@0.7.14:       |                                     ^~~~~~~~~~~~~~~
[INFO] [stderr] warning: openssl@0.7.14:       |                                     CRYPTO_LOCK
[INFO] [stderr] warning: openssl@0.7.14: src/c_helpers.c:4:37: note: each undeclared identifier is reported only once for each function it appears in
[INFO] [stderr] warning: openssl@0.7.14: src/c_helpers.c: In function 'rust_SSL_CTX_clone':
[INFO] [stderr] warning: openssl@0.7.14: src/c_helpers.c:8:20: error: invalid use of incomplete typedef 'SSL_CTX' {aka 'struct ssl_ctx_st'}
[INFO] [stderr] warning: openssl@0.7.14:     8 |     CRYPTO_add(&ctx->references,1,CRYPTO_LOCK_SSL_CTX);
[INFO] [stderr] warning: openssl@0.7.14:       |                    ^~
[INFO] [stderr] warning: openssl@0.7.14: src/c_helpers.c:8:35: error: 'CRYPTO_LOCK_SSL_CTX' undeclared (first use in this function); did you mean 'CRYPTO_EX_INDEX_SSL_CTX'?
[INFO] [stderr] warning: openssl@0.7.14:     8 |     CRYPTO_add(&ctx->references,1,CRYPTO_LOCK_SSL_CTX);
[INFO] [stderr] warning: openssl@0.7.14:       |                                   ^~~~~~~~~~~~~~~~~~~
[INFO] [stderr] warning: openssl@0.7.14:       |                                   CRYPTO_EX_INDEX_SSL_CTX
[INFO] [stderr] warning: openssl@0.7.14: src/c_helpers.c: In function 'rust_X509_clone':
[INFO] [stderr] warning: openssl@0.7.14: src/c_helpers.c:12:21: error: invalid use of incomplete typedef 'X509' {aka 'struct x509_st'}
[INFO] [stderr] warning: openssl@0.7.14:    12 |     CRYPTO_add(&x509->references,1,CRYPTO_LOCK_X509);
[INFO] [stderr] warning: openssl@0.7.14:       |                     ^~
[INFO] [stderr] warning: openssl@0.7.14: src/c_helpers.c:12:36: error: 'CRYPTO_LOCK_X509' undeclared (first use in this function); did you mean 'CRYPTO_LOCK'?
[INFO] [stderr] warning: openssl@0.7.14:    12 |     CRYPTO_add(&x509->references,1,CRYPTO_LOCK_X509);
[INFO] [stderr] warning: openssl@0.7.14:       |                                    ^~~~~~~~~~~~~~~~
[INFO] [stderr] warning: openssl@0.7.14:       |                                    CRYPTO_LOCK
[INFO] [stderr] 
[INFO] [stderr] error: failed to run custom build command for `openssl v0.7.14`
[INFO] [stderr] note: To improve backtraces for build dependencies, set the CARGO_PROFILE_DEV_BUILD_OVERRIDE_DEBUG=true environment variable to enable debug information generation.
[INFO] [stderr] 
[INFO] [stderr] Caused by:
[INFO] [stderr]   process didn't exit successfully: `/opt/rustwide/target/debug/build/openssl-f84c8a485f540e9a/build-script-build` (exit status: 101)
[INFO] [stderr]   --- stdout
[INFO] [stderr]   TARGET = Some("x86_64-unknown-linux-gnu")
[INFO] [stderr]   OPT_LEVEL = Some("0")
[INFO] [stderr]   TARGET = Some("x86_64-unknown-linux-gnu")
[INFO] [stderr]   HOST = Some("x86_64-unknown-linux-gnu")
[INFO] [stderr]   TARGET = Some("x86_64-unknown-linux-gnu")
[INFO] [stderr]   TARGET = Some("x86_64-unknown-linux-gnu")
[INFO] [stderr]   HOST = Some("x86_64-unknown-linux-gnu")
[INFO] [stderr]   CC_x86_64-unknown-linux-gnu = None
[INFO] [stderr]   CC_x86_64_unknown_linux_gnu = None
[INFO] [stderr]   HOST_CC = None
[INFO] [stderr]   CC = None
[INFO] [stderr]   HOST = Some("x86_64-unknown-linux-gnu")
[INFO] [stderr]   TARGET = Some("x86_64-unknown-linux-gnu")
[INFO] [stderr]   HOST = Some("x86_64-unknown-linux-gnu")
[INFO] [stderr]   CFLAGS_x86_64-unknown-linux-gnu = None
[INFO] [stderr]   CFLAGS_x86_64_unknown_linux_gnu = None
[INFO] [stderr]   HOST_CFLAGS = None
[INFO] [stderr]   CFLAGS = None
[INFO] [stderr]   PROFILE = Some("debug")
[INFO] [stderr]   running: "cc" "-O0" "-ffunction-sections" "-fdata-sections" "-fPIC" "-g" "-m64" "-o" "/opt/rustwide/target/debug/build/openssl-791b98528d8e9928/out/src/c_helpers.o" "-c" "src/c_helpers.c"
[INFO] [stderr]   cargo:warning=src/c_helpers.c: In function 'rust_SSL_clone':
[INFO] [stderr]   cargo:warning=src/c_helpers.c:4:5: warning: implicit declaration of function 'CRYPTO_add' [-Wimplicit-function-declaration]
[INFO] [stderr]   cargo:warning=    4 |     CRYPTO_add(&ssl->references, 1, CRYPTO_LOCK_SSL);
[INFO] [stderr]   cargo:warning=      |     ^~~~~~~~~~
[INFO] [stderr]   cargo:warning=src/c_helpers.c:4:20: error: invalid use of incomplete typedef 'SSL' {aka 'struct ssl_st'}
[INFO] [stderr]   cargo:warning=    4 |     CRYPTO_add(&ssl->references, 1, CRYPTO_LOCK_SSL);
[INFO] [stderr]   cargo:warning=      |                    ^~
[INFO] [stderr]   cargo:warning=src/c_helpers.c:4:37: error: 'CRYPTO_LOCK_SSL' undeclared (first use in this function); did you mean 'CRYPTO_LOCK'?
[INFO] [stderr]   cargo:warning=    4 |     CRYPTO_add(&ssl->references, 1, CRYPTO_LOCK_SSL);
[INFO] [stderr]   cargo:warning=      |                                     ^~~~~~~~~~~~~~~
[INFO] [stderr]   cargo:warning=      |                                     CRYPTO_LOCK
[INFO] [stderr]   cargo:warning=src/c_helpers.c:4:37: note: each undeclared identifier is reported only once for each function it appears in
[INFO] [stderr]   cargo:warning=src/c_helpers.c: In function 'rust_SSL_CTX_clone':
[INFO] [stderr]   cargo:warning=src/c_helpers.c:8:20: error: invalid use of incomplete typedef 'SSL_CTX' {aka 'struct ssl_ctx_st'}
[INFO] [stderr]   cargo:warning=    8 |     CRYPTO_add(&ctx->references,1,CRYPTO_LOCK_SSL_CTX);
[INFO] [stderr]   cargo:warning=      |                    ^~
[INFO] [stderr]   cargo:warning=src/c_helpers.c:8:35: error: 'CRYPTO_LOCK_SSL_CTX' undeclared (first use in this function); did you mean 'CRYPTO_EX_INDEX_SSL_CTX'?
[INFO] [stderr]   cargo:warning=    8 |     CRYPTO_add(&ctx->references,1,CRYPTO_LOCK_SSL_CTX);
[INFO] [stderr]   cargo:warning=      |                                   ^~~~~~~~~~~~~~~~~~~
[INFO] [stderr]   cargo:warning=      |                                   CRYPTO_EX_INDEX_SSL_CTX
[INFO] [stderr]   cargo:warning=src/c_helpers.c: In function 'rust_X509_clone':
[INFO] [stderr]   cargo:warning=src/c_helpers.c:12:21: error: invalid use of incomplete typedef 'X509' {aka 'struct x509_st'}
[INFO] [stderr]   cargo:warning=   12 |     CRYPTO_add(&x509->references,1,CRYPTO_LOCK_X509);
[INFO] [stderr]   cargo:warning=      |                     ^~
[INFO] [stderr]   cargo:warning=src/c_helpers.c:12:36: error: 'CRYPTO_LOCK_X509' undeclared (first use in this function); did you mean 'CRYPTO_LOCK'?
[INFO] [stderr]   cargo:warning=   12 |     CRYPTO_add(&x509->references,1,CRYPTO_LOCK_X509);
[INFO] [stderr]   cargo:warning=      |                                    ^~~~~~~~~~~~~~~~
[INFO] [stderr]   cargo:warning=      |                                    CRYPTO_LOCK
[INFO] [stderr]   ExitStatus(unix_wait_status(256))
[INFO] [stderr] 
[INFO] [stderr] 
[INFO] [stderr]   command did not execute successfully, got: exit status: 1
[INFO] [stderr] 
[INFO] [stderr] 
[INFO] [stderr] 
[INFO] [stderr]   --- stderr
[INFO] [stderr]   thread 'main' panicked at /opt/rustwide/cargo-home/registry/src/index.crates.io-6f17d22bba15001f/gcc-0.3.45/src/lib.rs:1152:5:
[INFO] [stderr]   explicit panic
[INFO] [stderr]   stack backtrace:
[INFO] [stderr]      0:     0x55cd7c7d12fc - std::backtrace_rs::backtrace::libunwind::trace::ha637c64ce894333a
[INFO] [stderr]                                  at /rustc/82e1608dfa6e0b5569232559e3d385fea5a93112/library/std/src/../../backtrace/src/backtrace/libunwind.rs:104:5
[INFO] [stderr]      1:     0x55cd7c7d12fc - std::backtrace_rs::backtrace::trace_unsynchronized::h47f62dea28e0c88d
[INFO] [stderr]                                  at /rustc/82e1608dfa6e0b5569232559e3d385fea5a93112/library/std/src/../../backtrace/src/backtrace/mod.rs:66:5
[INFO] [stderr]      2:     0x55cd7c7d12fc - std::sys_common::backtrace::_print_fmt::h9eef0abe20ede486
[INFO] [stderr]                                  at /rustc/82e1608dfa6e0b5569232559e3d385fea5a93112/library/std/src/sys_common/backtrace.rs:67:5
[INFO] [stderr]      3:     0x55cd7c7d12fc - <std::sys_common::backtrace::_print::DisplayBacktrace as core::fmt::Display>::fmt::hed7f999df88cc644
[INFO] [stderr]                                  at /rustc/82e1608dfa6e0b5569232559e3d385fea5a93112/library/std/src/sys_common/backtrace.rs:44:22
[INFO] [stderr]      4:     0x55cd7c7f6e90 - core::fmt::rt::Argument::fmt::h1539a9308b8d058d
[INFO] [stderr]                                  at /rustc/82e1608dfa6e0b5569232559e3d385fea5a93112/library/core/src/fmt/rt.rs:142:9
[INFO] [stderr]      5:     0x55cd7c7f6e90 - core::fmt::write::h3a39390d8560d9c9
[INFO] [stderr]                                  at /rustc/82e1608dfa6e0b5569232559e3d385fea5a93112/library/core/src/fmt/mod.rs:1120:17
[INFO] [stderr]      6:     0x55cd7c7ce71f - std::io::Write::write_fmt::h5fc9997dfe05f882
[INFO] [stderr]                                  at /rustc/82e1608dfa6e0b5569232559e3d385fea5a93112/library/std/src/io/mod.rs:1762:15
[INFO] [stderr]      7:     0x55cd7c7d10e4 - std::sys_common::backtrace::_print::h894006fb5c6f3d45
[INFO] [stderr]                                  at /rustc/82e1608dfa6e0b5569232559e3d385fea5a93112/library/std/src/sys_common/backtrace.rs:47:5
[INFO] [stderr]      8:     0x55cd7c7d10e4 - std::sys_common::backtrace::print::h23a2d212c6fff936
[INFO] [stderr]                                  at /rustc/82e1608dfa6e0b5569232559e3d385fea5a93112/library/std/src/sys_common/backtrace.rs:34:9
[INFO] [stderr]      9:     0x55cd7c7d28f7 - std::panicking::default_hook::{{closure}}::h8a1d2ee00185001a
[INFO] [stderr]     10:     0x55cd7c7d265f - std::panicking::default_hook::h6038f2eba384e475
[INFO] [stderr]                                  at /rustc/82e1608dfa6e0b5569232559e3d385fea5a93112/library/std/src/panicking.rs:292:9
[INFO] [stderr]     11:     0x55cd7c7d2d78 - std::panicking::rust_panic_with_hook::h2b5517d590cab22e
[INFO] [stderr]                                  at /rustc/82e1608dfa6e0b5569232559e3d385fea5a93112/library/std/src/panicking.rs:779:13
[INFO] [stderr]     12:     0x55cd7c7a969e - std::panicking::begin_panic::{{closure}}::h005693f6e15564e6
[INFO] [stderr]     13:     0x55cd7c7a1f8a - std::sys_common::backtrace::__rust_end_short_backtrace::h126d74144077a542
[INFO] [stderr]     14:     0x55cd7c7a961b - std::panicking::begin_panic::hc127d1c7d4c6000a
[INFO] [stderr]     15:     0x55cd7c799fd6 - gcc::fail::hef482f0cdf810524
[INFO] [stderr]     16:     0x55cd7c7995e8 - gcc::run::h21963efd2f304d3c
[INFO] [stderr]     17:     0x55cd7c7910c6 - gcc::Config::compile_object::h74fcaf0fd62456c0
[INFO] [stderr]     18:     0x55cd7c790986 - gcc::Config::compile_objects::h75e47f53a05adc42
[INFO] [stderr]     19:     0x55cd7c78f6fa - gcc::Config::compile::hc32f2ec664b43d22
[INFO] [stderr]     20:     0x55cd7c78b320 - build_script_build::main::h680e96a6df864f28
[INFO] [stderr]     21:     0x55cd7c78b023 - core::ops::function::FnOnce::call_once::h4b3f13c233ea5572
[INFO] [stderr]     22:     0x55cd7c78af66 - std::sys_common::backtrace::__rust_begin_short_backtrace::h4845d225dd240737
[INFO] [stderr]     23:     0x55cd7c78afb9 - std::rt::lang_start::{{closure}}::h3f1fd996cc0428c7
[INFO] [stderr]     24:     0x55cd7c7caaf7 - core::ops::function::impls::<impl core::ops::function::FnOnce<A> for &F>::call_once::hd95060ecd5e1ca24
[INFO] [stderr]                                  at /rustc/82e1608dfa6e0b5569232559e3d385fea5a93112/library/core/src/ops/function.rs:284:13
[INFO] [stderr]     25:     0x55cd7c7caaf7 - std::panicking::try::do_call::h6e8cf51db32a6e4b
[INFO] [stderr]                                  at /rustc/82e1608dfa6e0b5569232559e3d385fea5a93112/library/std/src/panicking.rs:552:40
[INFO] [stderr]     26:     0x55cd7c7caaf7 - std::panicking::try::h3a52eefe24fe3c29
[INFO] [stderr]                                  at /rustc/82e1608dfa6e0b5569232559e3d385fea5a93112/library/std/src/panicking.rs:516:19
[INFO] [stderr]     27:     0x55cd7c7caaf7 - std::panic::catch_unwind::h24c28c23c02c3841
[INFO] [stderr]                                  at /rustc/82e1608dfa6e0b5569232559e3d385fea5a93112/library/std/src/panic.rs:142:14
[INFO] [stderr]     28:     0x55cd7c7caaf7 - std::rt::lang_start_internal::{{closure}}::h705d3c9cbc06ef47
[INFO] [stderr]                                  at /rustc/82e1608dfa6e0b5569232559e3d385fea5a93112/library/std/src/rt.rs:148:48
[INFO] [stderr]     29:     0x55cd7c7caaf7 - std::panicking::try::do_call::ha21f52ba13158470
[INFO] [stderr]                                  at /rustc/82e1608dfa6e0b5569232559e3d385fea5a93112/library/std/src/panicking.rs:552:40
[INFO] [stderr]     30:     0x55cd7c7caaf7 - std::panicking::try::h5581346bf6aeb1f8
[INFO] [stderr]                                  at /rustc/82e1608dfa6e0b5569232559e3d385fea5a93112/library/std/src/panicking.rs:516:19
[INFO] [stderr]     31:     0x55cd7c7caaf7 - std::panic::catch_unwind::h7919645a6b72e25b
[INFO] [stderr]                                  at /rustc/82e1608dfa6e0b5569232559e3d385fea5a93112/library/std/src/panic.rs:142:14
[INFO] [stderr]     32:     0x55cd7c7caaf7 - std::rt::lang_start_internal::h12de51168669836e
[INFO] [stderr]                                  at /rustc/82e1608dfa6e0b5569232559e3d385fea5a93112/library/std/src/rt.rs:148:20
[INFO] [stderr]     33:     0x55cd7c78af97 - std::rt::lang_start::h6f3c5ea7d99e9110
[INFO] [stderr]     34:     0x55cd7c78b365 - main
[INFO] [stderr]     35:     0x7fade89b7d90 - <unknown>
[INFO] [stderr]     36:     0x7fade89b7e40 - __libc_start_main
[INFO] [stderr]     37:     0x55cd7c78ade5 - _start
[INFO] [stderr]     38:                0x0 - <unknown>
[INFO] [stderr] warning: build failed, waiting for other jobs to finish...
[INFO] [stderr] The following warnings were emitted during compilation:
[INFO] [stderr] 
[INFO] [stderr] warning: openssl-sys-extras@0.7.14: src/openssl_shim.c: In function 'HMAC_Init_ex_shim':
[INFO] [stderr] warning: openssl-sys-extras@0.7.14: src/openssl_shim.c:42:5: warning: 'HMAC_Init_ex' is deprecated: Since OpenSSL 3.0 [-Wdeprecated-declarations]
[INFO] [stderr] warning: openssl-sys-extras@0.7.14:    42 |     return HMAC_Init_ex(ctx, key, key_len, md, impl);
[INFO] [stderr] warning: openssl-sys-extras@0.7.14:       |     ^~~~~~
[INFO] [stderr] warning: openssl-sys-extras@0.7.14: In file included from src/openssl_shim.c:1:
[INFO] [stderr] warning: openssl-sys-extras@0.7.14: /usr/include/openssl/hmac.h:43:27: note: declared here
[INFO] [stderr] warning: openssl-sys-extras@0.7.14:    43 | OSSL_DEPRECATEDIN_3_0 int HMAC_Init_ex(HMAC_CTX *ctx, const void *key, int len,
[INFO] [stderr] warning: openssl-sys-extras@0.7.14:       |                           ^~~~~~~~~~~~
[INFO] [stderr] warning: openssl-sys-extras@0.7.14: src/openssl_shim.c: In function 'HMAC_Update_shim':
[INFO] [stderr] warning: openssl-sys-extras@0.7.14: src/openssl_shim.c:46:5: warning: 'HMAC_Update' is deprecated: Since OpenSSL 3.0 [-Wdeprecated-declarations]
[INFO] [stderr] warning: openssl-sys-extras@0.7.14:    46 |     return HMAC_Update(ctx, data, len);
[INFO] [stderr] warning: openssl-sys-extras@0.7.14:       |     ^~~~~~
[INFO] [stderr] warning: openssl-sys-extras@0.7.14: In file included from src/openssl_shim.c:1:
[INFO] [stderr] warning: openssl-sys-extras@0.7.14: /usr/include/openssl/hmac.h:45:27: note: declared here
[INFO] [stderr] warning: openssl-sys-extras@0.7.14:    45 | OSSL_DEPRECATEDIN_3_0 int HMAC_Update(HMAC_CTX *ctx, const unsigned char *data,
[INFO] [stderr] warning: openssl-sys-extras@0.7.14:       |                           ^~~~~~~~~~~
[INFO] [stderr] warning: openssl-sys-extras@0.7.14: src/openssl_shim.c: In function 'HMAC_Final_shim':
[INFO] [stderr] warning: openssl-sys-extras@0.7.14: src/openssl_shim.c:50:5: warning: 'HMAC_Final' is deprecated: Since OpenSSL 3.0 [-Wdeprecated-declarations]
[INFO] [stderr] warning: openssl-sys-extras@0.7.14:    50 |     return HMAC_Final(ctx, md, len);
[INFO] [stderr] warning: openssl-sys-extras@0.7.14:       |     ^~~~~~
[INFO] [stderr] warning: openssl-sys-extras@0.7.14: In file included from src/openssl_shim.c:1:
[INFO] [stderr] warning: openssl-sys-extras@0.7.14: /usr/include/openssl/hmac.h:47:27: note: declared here
[INFO] [stderr] warning: openssl-sys-extras@0.7.14:    47 | OSSL_DEPRECATEDIN_3_0 int HMAC_Final(HMAC_CTX *ctx, unsigned char *md,
[INFO] [stderr] warning: openssl-sys-extras@0.7.14:       |                           ^~~~~~~~~~
[INFO] [stderr] warning: openssl-sys-extras@0.7.14: src/openssl_shim.c: In function 'DH_new_from_params':
[INFO] [stderr] warning: openssl-sys-extras@0.7.14: src/openssl_shim.c:129:5: warning: 'DH_new' is deprecated: Since OpenSSL 3.0 [-Wdeprecated-declarations]
[INFO] [stderr] warning: openssl-sys-extras@0.7.14:   129 |     if ((dh = DH_new()) == NULL) {
[INFO] [stderr] warning: openssl-sys-extras@0.7.14:       |     ^~
[INFO] [stderr] warning: openssl-sys-extras@0.7.14: In file included from /usr/include/openssl/dsa.h:51,
[INFO] [stderr] warning: openssl-sys-extras@0.7.14:                  from /usr/include/openssl/x509.h:37,
[INFO] [stderr] warning: openssl-sys-extras@0.7.14:                  from /usr/include/openssl/ssl.h:31,
[INFO] [stderr] warning: openssl-sys-extras@0.7.14:                  from src/openssl_shim.c:2:
[INFO] [stderr] warning: openssl-sys-extras@0.7.14: /usr/include/openssl/dh.h:203:27: note: declared here
[INFO] [stderr] warning: openssl-sys-extras@0.7.14:   203 | OSSL_DEPRECATEDIN_3_0 DH *DH_new(void);
[INFO] [stderr] warning: openssl-sys-extras@0.7.14:       |                           ^~~~~~
[INFO] [stderr] warning: openssl-sys-extras@0.7.14: src/openssl_shim.c:132:7: error: invalid use of incomplete typedef 'DH' {aka 'struct dh_st'}
[INFO] [stderr] warning: openssl-sys-extras@0.7.14:   132 |     dh->p = p;
[INFO] [stderr] warning: openssl-sys-extras@0.7.14:       |       ^~
[INFO] [stderr] warning: openssl-sys-extras@0.7.14: src/openssl_shim.c:133:7: error: invalid use of incomplete typedef 'DH' {aka 'struct dh_st'}
[INFO] [stderr] warning: openssl-sys-extras@0.7.14:   133 |     dh->g = g;
[INFO] [stderr] warning: openssl-sys-extras@0.7.14:       |       ^~
[INFO] [stderr] warning: openssl-sys-extras@0.7.14: src/openssl_shim.c:134:7: error: invalid use of incomplete typedef 'DH' {aka 'struct dh_st'}
[INFO] [stderr] warning: openssl-sys-extras@0.7.14:   134 |     dh->q = q;
[INFO] [stderr] warning: openssl-sys-extras@0.7.14:       |       ^~
[INFO] [stderr] warning: openssl-sys-extras@0.7.14: src/openssl_shim.c: In function 'X509_get_extensions_shim':
[INFO] [stderr] warning: openssl-sys-extras@0.7.14: src/openssl_shim.c:143:13: error: invalid use of incomplete typedef 'X509' {aka 'struct x509_st'}
[INFO] [stderr] warning: openssl-sys-extras@0.7.14:   143 |     return x->cert_info ? x->cert_info->extensions : NULL;
[INFO] [stderr] warning: openssl-sys-extras@0.7.14:       |             ^~
[INFO] [stderr] warning: openssl-sys-extras@0.7.14: src/openssl_shim.c:143:28: error: invalid use of incomplete typedef 'X509' {aka 'struct x509_st'}
[INFO] [stderr] warning: openssl-sys-extras@0.7.14:   143 |     return x->cert_info ? x->cert_info->extensions : NULL;
[INFO] [stderr] warning: openssl-sys-extras@0.7.14:       |                            ^~
[INFO] [stderr] 
[INFO] [stderr] error: failed to run custom build command for `openssl-sys-extras v0.7.14`
[INFO] [stderr] note: To improve backtraces for build dependencies, set the CARGO_PROFILE_DEV_BUILD_OVERRIDE_DEBUG=true environment variable to enable debug information generation.
[INFO] [stderr] 
[INFO] [stderr] Caused by:
[INFO] [stderr]   process didn't exit successfully: `/opt/rustwide/target/debug/build/openssl-sys-extras-9931659f1b6046e6/build-script-build` (exit status: 101)
[INFO] [stderr]   --- stdout
[INFO] [stderr]   TARGET = Some("x86_64-unknown-linux-gnu")
[INFO] [stderr]   OPT_LEVEL = Some("0")
[INFO] [stderr]   TARGET = Some("x86_64-unknown-linux-gnu")
[INFO] [stderr]   HOST = Some("x86_64-unknown-linux-gnu")
[INFO] [stderr]   TARGET = Some("x86_64-unknown-linux-gnu")
[INFO] [stderr]   TARGET = Some("x86_64-unknown-linux-gnu")
[INFO] [stderr]   HOST = Some("x86_64-unknown-linux-gnu")
[INFO] [stderr]   CC_x86_64-unknown-linux-gnu = None
[INFO] [stderr]   CC_x86_64_unknown_linux_gnu = None
[INFO] [stderr]   HOST_CC = None
[INFO] [stderr]   CC = None
[INFO] [stderr]   HOST = Some("x86_64-unknown-linux-gnu")
[INFO] [stderr]   TARGET = Some("x86_64-unknown-linux-gnu")
[INFO] [stderr]   HOST = Some("x86_64-unknown-linux-gnu")
[INFO] [stderr]   CFLAGS_x86_64-unknown-linux-gnu = None
[INFO] [stderr]   CFLAGS_x86_64_unknown_linux_gnu = None
[INFO] [stderr]   HOST_CFLAGS = None
[INFO] [stderr]   CFLAGS = None
[INFO] [stderr]   PROFILE = Some("debug")
[INFO] [stderr]   running: "cc" "-O0" "-ffunction-sections" "-fdata-sections" "-fPIC" "-g" "-m64" "-o" "/opt/rustwide/target/debug/build/openssl-sys-extras-37c734c15b2e5a3b/out/src/openssl_shim.o" "-c" "src/openssl_shim.c"
[INFO] [stderr]   cargo:warning=src/openssl_shim.c: In function 'HMAC_Init_ex_shim':
[INFO] [stderr]   cargo:warning=src/openssl_shim.c:42:5: warning: 'HMAC_Init_ex' is deprecated: Since OpenSSL 3.0 [-Wdeprecated-declarations]
[INFO] [stderr]   cargo:warning=   42 |     return HMAC_Init_ex(ctx, key, key_len, md, impl);
[INFO] [stderr]   cargo:warning=      |     ^~~~~~
[INFO] [stderr]   cargo:warning=In file included from src/openssl_shim.c:1:
[INFO] [stderr]   cargo:warning=/usr/include/openssl/hmac.h:43:27: note: declared here
[INFO] [stderr]   cargo:warning=   43 | OSSL_DEPRECATEDIN_3_0 int HMAC_Init_ex(HMAC_CTX *ctx, const void *key, int len,
[INFO] [stderr]   cargo:warning=      |                           ^~~~~~~~~~~~
[INFO] [stderr]   cargo:warning=src/openssl_shim.c: In function 'HMAC_Update_shim':
[INFO] [stderr]   cargo:warning=src/openssl_shim.c:46:5: warning: 'HMAC_Update' is deprecated: Since OpenSSL 3.0 [-Wdeprecated-declarations]
[INFO] [stderr]   cargo:warning=   46 |     return HMAC_Update(ctx, data, len);
[INFO] [stderr]   cargo:warning=      |     ^~~~~~
[INFO] [stderr]   cargo:warning=In file included from src/openssl_shim.c:1:
[INFO] [stderr]   cargo:warning=/usr/include/openssl/hmac.h:45:27: note: declared here
[INFO] [stderr]   cargo:warning=   45 | OSSL_DEPRECATEDIN_3_0 int HMAC_Update(HMAC_CTX *ctx, const unsigned char *data,
[INFO] [stderr]   cargo:warning=      |                           ^~~~~~~~~~~
[INFO] [stderr]   cargo:warning=src/openssl_shim.c: In function 'HMAC_Final_shim':
[INFO] [stderr]   cargo:warning=src/openssl_shim.c:50:5: warning: 'HMAC_Final' is deprecated: Since OpenSSL 3.0 [-Wdeprecated-declarations]
[INFO] [stderr]   cargo:warning=   50 |     return HMAC_Final(ctx, md, len);
[INFO] [stderr]   cargo:warning=      |     ^~~~~~
[INFO] [stderr]   cargo:warning=In file included from src/openssl_shim.c:1:
[INFO] [stderr]   cargo:warning=/usr/include/openssl/hmac.h:47:27: note: declared here
[INFO] [stderr]   cargo:warning=   47 | OSSL_DEPRECATEDIN_3_0 int HMAC_Final(HMAC_CTX *ctx, unsigned char *md,
[INFO] [stderr]   cargo:warning=      |                           ^~~~~~~~~~
[INFO] [stderr]   cargo:warning=src/openssl_shim.c: In function 'DH_new_from_params':
[INFO] [stderr]   cargo:warning=src/openssl_shim.c:129:5: warning: 'DH_new' is deprecated: Since OpenSSL 3.0 [-Wdeprecated-declarations]
[INFO] [stderr]   cargo:warning=  129 |     if ((dh = DH_new()) == NULL) {
[INFO] [stderr]   cargo:warning=      |     ^~
[INFO] [stderr]   cargo:warning=In file included from /usr/include/openssl/dsa.h:51,
[INFO] [stderr]   cargo:warning=                 from /usr/include/openssl/x509.h:37,
[INFO] [stderr]   cargo:warning=                 from /usr/include/openssl/ssl.h:31,
[INFO] [stderr]   cargo:warning=                 from src/openssl_shim.c:2:
[INFO] [stderr]   cargo:warning=/usr/include/openssl/dh.h:203:27: note: declared here
[INFO] [stderr]   cargo:warning=  203 | OSSL_DEPRECATEDIN_3_0 DH *DH_new(void);
[INFO] [stderr]   cargo:warning=      |                           ^~~~~~
[INFO] [stderr]   cargo:warning=src/openssl_shim.c:132:7: error: invalid use of incomplete typedef 'DH' {aka 'struct dh_st'}
[INFO] [stderr]   cargo:warning=  132 |     dh->p = p;
[INFO] [stderr]   cargo:warning=      |       ^~
[INFO] [stderr]   cargo:warning=src/openssl_shim.c:133:7: error: invalid use of incomplete typedef 'DH' {aka 'struct dh_st'}
[INFO] [stderr]   cargo:warning=  133 |     dh->g = g;
[INFO] [stderr]   cargo:warning=      |       ^~
[INFO] [stderr]   cargo:warning=src/openssl_shim.c:134:7: error: invalid use of incomplete typedef 'DH' {aka 'struct dh_st'}
[INFO] [stderr]   cargo:warning=  134 |     dh->q = q;
[INFO] [stderr]   cargo:warning=      |       ^~
[INFO] [stderr]   cargo:warning=src/openssl_shim.c: In function 'X509_get_extensions_shim':
[INFO] [stderr]   cargo:warning=src/openssl_shim.c:143:13: error: invalid use of incomplete typedef 'X509' {aka 'struct x509_st'}
[INFO] [stderr]   cargo:warning=  143 |     return x->cert_info ? x->cert_info->extensions : NULL;
[INFO] [stderr]   cargo:warning=      |             ^~
[INFO] [stderr]   cargo:warning=src/openssl_shim.c:143:28: error: invalid use of incomplete typedef 'X509' {aka 'struct x509_st'}
[INFO] [stderr]   cargo:warning=  143 |     return x->cert_info ? x->cert_info->extensions : NULL;
[INFO] [stderr]   cargo:warning=      |                            ^~
[INFO] [stderr]   ExitStatus(unix_wait_status(256))
[INFO] [stderr] 
[INFO] [stderr] 
[INFO] [stderr]   command did not execute successfully, got: exit status: 1
[INFO] [stderr] 
[INFO] [stderr] 
[INFO] [stderr] 
[INFO] [stderr]   --- stderr
[INFO] [stderr]   thread 'main' panicked at /opt/rustwide/cargo-home/registry/src/index.crates.io-6f17d22bba15001f/gcc-0.3.45/src/lib.rs:1152:5:
[INFO] [stderr]   explicit panic
[INFO] [stderr]   stack backtrace:
[INFO] [stderr]      0:     0x55e292dbd82c - std::backtrace_rs::backtrace::libunwind::trace::ha637c64ce894333a
[INFO] [stderr]                                  at /rustc/82e1608dfa6e0b5569232559e3d385fea5a93112/library/std/src/../../backtrace/src/backtrace/libunwind.rs:104:5
[INFO] [stderr]      1:     0x55e292dbd82c - std::backtrace_rs::backtrace::trace_unsynchronized::h47f62dea28e0c88d
[INFO] [stderr]                                  at /rustc/82e1608dfa6e0b5569232559e3d385fea5a93112/library/std/src/../../backtrace/src/backtrace/mod.rs:66:5
[INFO] [stderr]      2:     0x55e292dbd82c - std::sys_common::backtrace::_print_fmt::h9eef0abe20ede486
[INFO] [stderr]                                  at /rustc/82e1608dfa6e0b5569232559e3d385fea5a93112/library/std/src/sys_common/backtrace.rs:67:5
[INFO] [stderr]      3:     0x55e292dbd82c - <std::sys_common::backtrace::_print::DisplayBacktrace as core::fmt::Display>::fmt::hed7f999df88cc644
[INFO] [stderr]                                  at /rustc/82e1608dfa6e0b5569232559e3d385fea5a93112/library/std/src/sys_common/backtrace.rs:44:22
[INFO] [stderr]      4:     0x55e292de33c0 - core::fmt::rt::Argument::fmt::h1539a9308b8d058d
[INFO] [stderr]                                  at /rustc/82e1608dfa6e0b5569232559e3d385fea5a93112/library/core/src/fmt/rt.rs:142:9
[INFO] [stderr]      5:     0x55e292de33c0 - core::fmt::write::h3a39390d8560d9c9
[INFO] [stderr]                                  at /rustc/82e1608dfa6e0b5569232559e3d385fea5a93112/library/core/src/fmt/mod.rs:1120:17
[INFO] [stderr]      6:     0x55e292dbac1f - std::io::Write::write_fmt::h5fc9997dfe05f882
[INFO] [stderr]                                  at /rustc/82e1608dfa6e0b5569232559e3d385fea5a93112/library/std/src/io/mod.rs:1762:15
[INFO] [stderr]      7:     0x55e292dbd614 - std::sys_common::backtrace::_print::h894006fb5c6f3d45
[INFO] [stderr]                                  at /rustc/82e1608dfa6e0b5569232559e3d385fea5a93112/library/std/src/sys_common/backtrace.rs:47:5
[INFO] [stderr]      8:     0x55e292dbd614 - std::sys_common::backtrace::print::h23a2d212c6fff936
[INFO] [stderr]                                  at /rustc/82e1608dfa6e0b5569232559e3d385fea5a93112/library/std/src/sys_common/backtrace.rs:34:9
[INFO] [stderr]      9:     0x55e292dbee27 - std::panicking::default_hook::{{closure}}::h8a1d2ee00185001a
[INFO] [stderr]     10:     0x55e292dbeb8f - std::panicking::default_hook::h6038f2eba384e475
[INFO] [stderr]                                  at /rustc/82e1608dfa6e0b5569232559e3d385fea5a93112/library/std/src/panicking.rs:292:9
[INFO] [stderr]     11:     0x55e292dbf2a8 - std::panicking::rust_panic_with_hook::h2b5517d590cab22e
[INFO] [stderr]                                  at /rustc/82e1608dfa6e0b5569232559e3d385fea5a93112/library/std/src/panicking.rs:779:13
[INFO] [stderr]     12:     0x55e292d95a6e - std::panicking::begin_panic::{{closure}}::h005693f6e15564e6
[INFO] [stderr]     13:     0x55e292d8e35a - std::sys_common::backtrace::__rust_end_short_backtrace::h126d74144077a542
[INFO] [stderr]     14:     0x55e292d959eb - std::panicking::begin_panic::hc127d1c7d4c6000a
[INFO] [stderr]     15:     0x55e292d863a6 - gcc::fail::hef482f0cdf810524
[INFO] [stderr]     16:     0x55e292d859b8 - gcc::run::h21963efd2f304d3c
[INFO] [stderr]     17:     0x55e292d7d496 - gcc::Config::compile_object::h74fcaf0fd62456c0
[INFO] [stderr]     18:     0x55e292d7cd56 - gcc::Config::compile_objects::h75e47f53a05adc42
[INFO] [stderr]     19:     0x55e292d7baca - gcc::Config::compile::hc32f2ec664b43d22
[INFO] [stderr]     20:     0x55e292d7618d - build_script_build::main::h815639c35f2b5e29
[INFO] [stderr]     21:     0x55e292d75713 - core::ops::function::FnOnce::call_once::h1fbedef9c4f61f38
[INFO] [stderr]     22:     0x55e292d75086 - std::sys_common::backtrace::__rust_begin_short_backtrace::h9752672e35e6d41d
[INFO] [stderr]     23:     0x55e292d754b9 - std::rt::lang_start::{{closure}}::hd7b86a4698a37847
[INFO] [stderr]     24:     0x55e292db6ec7 - core::ops::function::impls::<impl core::ops::function::FnOnce<A> for &F>::call_once::hd95060ecd5e1ca24
[INFO] [stderr]                                  at /rustc/82e1608dfa6e0b5569232559e3d385fea5a93112/library/core/src/ops/function.rs:284:13
[INFO] [stderr]     25:     0x55e292db6ec7 - std::panicking::try::do_call::h6e8cf51db32a6e4b
[INFO] [stderr]                                  at /rustc/82e1608dfa6e0b5569232559e3d385fea5a93112/library/std/src/panicking.rs:552:40
[INFO] [stderr]     26:     0x55e292db6ec7 - std::panicking::try::h3a52eefe24fe3c29
[INFO] [stderr]                                  at /rustc/82e1608dfa6e0b5569232559e3d385fea5a93112/library/std/src/panicking.rs:516:19
[INFO] [stderr]     27:     0x55e292db6ec7 - std::panic::catch_unwind::h24c28c23c02c3841
[INFO] [stderr]                                  at /rustc/82e1608dfa6e0b5569232559e3d385fea5a93112/library/std/src/panic.rs:142:14
[INFO] [stderr]     28:     0x55e292db6ec7 - std::rt::lang_start_internal::{{closure}}::h705d3c9cbc06ef47
[INFO] [stderr]                                  at /rustc/82e1608dfa6e0b5569232559e3d385fea5a93112/library/std/src/rt.rs:148:48
[INFO] [stderr]     29:     0x55e292db6ec7 - std::panicking::try::do_call::ha21f52ba13158470
[INFO] [stderr]                                  at /rustc/82e1608dfa6e0b5569232559e3d385fea5a93112/library/std/src/panicking.rs:552:40
[INFO] [stderr]     30:     0x55e292db6ec7 - std::panicking::try::h5581346bf6aeb1f8
[INFO] [stderr]                                  at /rustc/82e1608dfa6e0b5569232559e3d385fea5a93112/library/std/src/panicking.rs:516:19
[INFO] [stderr]     31:     0x55e292db6ec7 - std::panic::catch_unwind::h7919645a6b72e25b
[INFO] [stderr]                                  at /rustc/82e1608dfa6e0b5569232559e3d385fea5a93112/library/std/src/panic.rs:142:14
[INFO] [stderr]     32:     0x55e292db6ec7 - std::rt::lang_start_internal::h12de51168669836e
[INFO] [stderr]                                  at /rustc/82e1608dfa6e0b5569232559e3d385fea5a93112/library/std/src/rt.rs:148:20
[INFO] [stderr]     33:     0x55e292d75497 - std::rt::lang_start::h6e04cc4b257dde08
[INFO] [stderr]     34:     0x55e292d77735 - main
[INFO] [stderr]     35:     0x7f715179ad90 - <unknown>
[INFO] [stderr]     36:     0x7f715179ae40 - __libc_start_main
[INFO] [stderr]     37:     0x55e292d74de5 - _start
[INFO] [stderr]     38:                0x0 - <unknown>
[INFO] running `Command { std: "docker" "inspect" "1f9a260498609ba215468ad2bc51c1ae670d56855fb5b4c0019962aecdcba4bc", kill_on_drop: false }`
[INFO] running `Command { std: "docker" "rm" "-f" "1f9a260498609ba215468ad2bc51c1ae670d56855fb5b4c0019962aecdcba4bc", kill_on_drop: false }`
[INFO] [stdout] 1f9a260498609ba215468ad2bc51c1ae670d56855fb5b4c0019962aecdcba4bc
[INFO] documenting QuietMisdreavus/whismur against beta-2023-12-22 for beta-1.76-rustdoc-1
[INFO] running `Command { std: "git" "clone" "/workspace/cache/git-repos/https%3A%2F%2Fgithub.com%2FQuietMisdreavus%2Fwhismur" "/workspace/builds/worker-7-tc2/source", kill_on_drop: false }`
[INFO] [stderr] Cloning into '/workspace/builds/worker-7-tc2/source'...
[INFO] [stderr] done.
[INFO] validating manifest of git repo https://github.com/QuietMisdreavus/whismur on toolchain beta-2023-12-22
[INFO] running `Command { std: CARGO_HOME="/workspace/cargo-home" RUSTUP_HOME="/workspace/rustup-home" "/workspace/cargo-home/bin/cargo" "+beta-2023-12-22" "metadata" "--manifest-path" "Cargo.toml" "--no-deps", kill_on_drop: false }`
[INFO] started tweaking git repo https://github.com/QuietMisdreavus/whismur
[INFO] finished tweaking git repo https://github.com/QuietMisdreavus/whismur
[INFO] tweaked toml for git repo https://github.com/QuietMisdreavus/whismur written to /workspace/builds/worker-7-tc2/source/Cargo.toml
[INFO] crate git repo https://github.com/QuietMisdreavus/whismur already has a lockfile, it will not be regenerated
[INFO] running `Command { std: CARGO_HOME="/workspace/cargo-home" RUSTUP_HOME="/workspace/rustup-home" "/workspace/cargo-home/bin/cargo" "+beta-2023-12-22" "fetch" "--manifest-path" "Cargo.toml", kill_on_drop: false }`
[INFO] running `Command { std: "docker" "create" "-v" "/var/lib/crater-agent-workspace/builds/worker-7-tc2/target:/opt/rustwide/target:rw,Z" "-v" "/var/lib/crater-agent-workspace/builds/worker-7-tc2/source:/opt/rustwide/workdir:ro,Z" "-v" "/var/lib/crater-agent-workspace/cargo-home:/opt/rustwide/cargo-home:ro,Z" "-v" "/var/lib/crater-agent-workspace/rustup-home:/opt/rustwide/rustup-home:ro,Z" "-e" "SOURCE_DIR=/opt/rustwide/workdir" "-e" "CARGO_TARGET_DIR=/opt/rustwide/target" "-e" "CARGO_HOME=/opt/rustwide/cargo-home" "-e" "RUSTUP_HOME=/opt/rustwide/rustup-home" "-w" "/opt/rustwide/workdir" "-m" "1610612736" "--user" "0:0" "--network" "none" "ghcr.io/rust-lang/crates-build-env/linux@sha256:2788e3201cd34a07e3172128adcd8b3090168a8e3bcc40d7c032b9dda1df7d1c" "/opt/rustwide/cargo-home/bin/cargo" "+beta-2023-12-22" "metadata" "--no-deps" "--format-version=1", kill_on_drop: false }`
[INFO] [stdout] 836710bac37b6aa444bfa5783d7fd346e82b5a08e719f53b6488926bac4fb09d
[INFO] running `Command { std: "docker" "start" "-a" "836710bac37b6aa444bfa5783d7fd346e82b5a08e719f53b6488926bac4fb09d", kill_on_drop: false }`
[INFO] running `Command { std: "docker" "inspect" "836710bac37b6aa444bfa5783d7fd346e82b5a08e719f53b6488926bac4fb09d", kill_on_drop: false }`
[INFO] running `Command { std: "docker" "rm" "-f" "836710bac37b6aa444bfa5783d7fd346e82b5a08e719f53b6488926bac4fb09d", kill_on_drop: false }`
[INFO] [stdout] 836710bac37b6aa444bfa5783d7fd346e82b5a08e719f53b6488926bac4fb09d
[INFO] running `Command { std: "docker" "create" "-v" "/var/lib/crater-agent-workspace/builds/worker-7-tc2/target:/opt/rustwide/target:rw,Z" "-v" "/var/lib/crater-agent-workspace/builds/worker-7-tc2/source:/opt/rustwide/workdir:ro,Z" "-v" "/var/lib/crater-agent-workspace/cargo-home:/opt/rustwide/cargo-home:ro,Z" "-v" "/var/lib/crater-agent-workspace/rustup-home:/opt/rustwide/rustup-home:ro,Z" "-e" "SOURCE_DIR=/opt/rustwide/workdir" "-e" "CARGO_TARGET_DIR=/opt/rustwide/target" "-e" "CARGO_INCREMENTAL=0" "-e" "RUST_BACKTRACE=full" "-e" "RUSTFLAGS=--cap-lints=warn" "-e" "RUSTDOCFLAGS=--cap-lints=warn" "-e" "CARGO_HOME=/opt/rustwide/cargo-home" "-e" "RUSTUP_HOME=/opt/rustwide/rustup-home" "-w" "/opt/rustwide/workdir" "-m" "1610612736" "--user" "0:0" "--network" "none" "ghcr.io/rust-lang/crates-build-env/linux@sha256:2788e3201cd34a07e3172128adcd8b3090168a8e3bcc40d7c032b9dda1df7d1c" "/opt/rustwide/cargo-home/bin/cargo" "+beta-2023-12-22" "doc" "--frozen" "--no-deps" "--document-private-items" "--message-format=json", kill_on_drop: false }`
[INFO] [stdout] 77636d5dd3b53544b05635b081981cb68b9464a02461e4e7a45db08c5c3d8ff9
[INFO] running `Command { std: "docker" "start" "-a" "77636d5dd3b53544b05635b081981cb68b9464a02461e4e7a45db08c5c3d8ff9", kill_on_drop: false }`
[INFO] [stderr]    Compiling pkg-config v0.3.9
[INFO] [stderr]    Compiling gcc v0.3.45
[INFO] [stderr]     Checking encoding_index_tests v0.1.4
[INFO] [stderr]     Checking libc v0.2.21
[INFO] [stderr]     Checking num-traits v0.1.37
[INFO] [stderr]    Compiling unicode-xid v0.0.4
[INFO] [stderr]    Compiling quote v0.3.15
[INFO] [stderr]     Checking serde v1.0.2
[INFO] [stderr]     Checking encoding-index-singlebyte v1.20141219.5
[INFO] [stderr]    Compiling synom v0.11.3
[INFO] [stderr]    Compiling syn v0.11.11
[INFO] [stderr]     Checking encoding-index-korean v1.20141219.5
[INFO] [stderr]     Checking encoding-index-simpchinese v1.20141219.5
[INFO] [stderr]     Checking time v0.1.36
[INFO] [stderr]     Checking num-integer v0.1.34
[INFO] [stderr]    Compiling openssl-sys v0.7.17
[INFO] [stderr]     Checking encoding-index-japanese v1.20141219.5
[INFO] [stderr]     Checking encoding-index-tradchinese v1.20141219.5
[INFO] [stderr]     Checking num-iter v0.1.33
[INFO] [stderr]     Checking bitflags v0.7.0
[INFO] [stderr]     Checking lazy_static v0.2.8
[INFO] [stderr]     Checking num v0.1.37
[INFO] [stderr]     Checking dtoa v0.4.1
[INFO] [stderr]     Checking rustc-serialize v0.3.23
[INFO] [stderr]     Checking itoa v0.3.1
[INFO] [stderr]    Compiling openssl-sys-extras v0.7.14
[INFO] [stderr]    Compiling openssl v0.7.14
[INFO] [stderr]     Checking encoding v0.2.33
[INFO] [stdout] error[E0310]: the parameter type `T` may not live long enough
[INFO] [stdout]     --> /opt/rustwide/cargo-home/registry/src/index.crates.io-6f17d22bba15001f/rustc-serialize-0.3.23/src/serialize.rs:1155:5
[INFO] [stdout]      |
[INFO] [stdout] 1155 |     fn decode<D: Decoder>(d: &mut D) -> Result<Cow<'static, T>, D::Error> {
[INFO] [stdout]      |     ^^^^^^^^^^^^^^^^^^^^^^^^^^^^^^^^^^^^^^^^^^^^^^^^^^^^^^^^^^^^^^^^^^^^^
[INFO] [stdout]      |     |
[INFO] [stdout]      |     the parameter type `T` must be valid for the static lifetime...
[INFO] [stdout]      |     ...so that the type `T` will meet its required lifetime bounds...
[INFO] [stdout]      |
[INFO] [stdout] note: ...that is required by this bound
[INFO] [stdout]     --> /rustc/0e09125c6c3c2fd70d7de961bcf0e51575235fad/library/alloc/src/borrow.rs:180:30
[INFO] [stdout] help: consider adding an explicit lifetime bound
[INFO] [stdout]      |
[INFO] [stdout] 1151 | impl<'a, T: ?Sized + 'static> Decodable for Cow<'a, T>
[INFO] [stdout]      |                    +++++++++
[INFO] [stdout] 
[INFO] [stdout] 
[INFO] [stderr]    Compiling serde_derive_internals v0.15.0
[INFO] [stderr] The following warnings were emitted during compilation:
[INFO] [stderr] 
[INFO] [stderr] warning: openssl-sys-extras@0.7.14: src/openssl_shim.c: In function 'HMAC_Init_ex_shim':
[INFO] [stderr] warning: openssl-sys-extras@0.7.14: src/openssl_shim.c:42:5: warning: 'HMAC_Init_ex' is deprecated: Since OpenSSL 3.0 [-Wdeprecated-declarations]
[INFO] [stderr] warning: openssl-sys-extras@0.7.14:    42 |     return HMAC_Init_ex(ctx, key, key_len, md, impl);
[INFO] [stderr] warning: openssl-sys-extras@0.7.14:       |     ^~~~~~
[INFO] [stderr] warning: openssl-sys-extras@0.7.14: In file included from src/openssl_shim.c:1:
[INFO] [stderr] warning: openssl-sys-extras@0.7.14: /usr/include/openssl/hmac.h:43:27: note: declared here
[INFO] [stderr] warning: openssl-sys-extras@0.7.14:    43 | OSSL_DEPRECATEDIN_3_0 int HMAC_Init_ex(HMAC_CTX *ctx, const void *key, int len,
[INFO] [stderr] warning: openssl-sys-extras@0.7.14:       |                           ^~~~~~~~~~~~
[INFO] [stderr] warning: openssl-sys-extras@0.7.14: src/openssl_shim.c: In function 'HMAC_Update_shim':
[INFO] [stderr] warning: openssl-sys-extras@0.7.14: src/openssl_shim.c:46:5: warning: 'HMAC_Update' is deprecated: Since OpenSSL 3.0 [-Wdeprecated-declarations]
[INFO] [stderr] warning: openssl-sys-extras@0.7.14:    46 |     return HMAC_Update(ctx, data, len);
[INFO] [stderr] warning: openssl-sys-extras@0.7.14:       |     ^~~~~~
[INFO] [stderr] warning: openssl-sys-extras@0.7.14: In file included from src/openssl_shim.c:1:
[INFO] [stderr] warning: openssl-sys-extras@0.7.14: /usr/include/openssl/hmac.h:45:27: note: declared here
[INFO] [stderr] warning: openssl-sys-extras@0.7.14:    45 | OSSL_DEPRECATEDIN_3_0 int HMAC_Update(HMAC_CTX *ctx, const unsigned char *data,
[INFO] [stderr] warning: openssl-sys-extras@0.7.14:       |                           ^~~~~~~~~~~
[INFO] [stderr] warning: openssl-sys-extras@0.7.14: src/openssl_shim.c: In function 'HMAC_Final_shim':
[INFO] [stderr] warning: openssl-sys-extras@0.7.14: src/openssl_shim.c:50:5: warning: 'HMAC_Final' is deprecated: Since OpenSSL 3.0 [-Wdeprecated-declarations]
[INFO] [stderr] warning: openssl-sys-extras@0.7.14:    50 |     return HMAC_Final(ctx, md, len);
[INFO] [stderr] warning: openssl-sys-extras@0.7.14:       |     ^~~~~~
[INFO] [stderr] warning: openssl-sys-extras@0.7.14: In file included from src/openssl_shim.c:1:
[INFO] [stderr] warning: openssl-sys-extras@0.7.14: /usr/include/openssl/hmac.h:47:27: note: declared here
[INFO] [stderr] warning: openssl-sys-extras@0.7.14:    47 | OSSL_DEPRECATEDIN_3_0 int HMAC_Final(HMAC_CTX *ctx, unsigned char *md,
[INFO] [stderr] warning: openssl-sys-extras@0.7.14:       |                           ^~~~~~~~~~
[INFO] [stderr] warning: openssl-sys-extras@0.7.14: src/openssl_shim.c: In function 'DH_new_from_params':
[INFO] [stderr] warning: openssl-sys-extras@0.7.14: src/openssl_shim.c:129:5: warning: 'DH_new' is deprecated: Since OpenSSL 3.0 [-Wdeprecated-declarations]
[INFO] [stderr] warning: openssl-sys-extras@0.7.14:   129 |     if ((dh = DH_new()) == NULL) {
[INFO] [stderr] warning: openssl-sys-extras@0.7.14:       |     ^~
[INFO] [stderr] warning: openssl-sys-extras@0.7.14: In file included from /usr/include/openssl/dsa.h:51,
[INFO] [stderr] warning: openssl-sys-extras@0.7.14:                  from /usr/include/openssl/x509.h:37,
[INFO] [stderr] warning: openssl-sys-extras@0.7.14:                  from /usr/include/openssl/ssl.h:31,
[INFO] [stderr] warning: openssl-sys-extras@0.7.14:                  from src/openssl_shim.c:2:
[INFO] [stderr] warning: openssl-sys-extras@0.7.14: /usr/include/openssl/dh.h:203:27: note: declared here
[INFO] [stderr] warning: openssl-sys-extras@0.7.14:   203 | OSSL_DEPRECATEDIN_3_0 DH *DH_new(void);
[INFO] [stderr] warning: openssl-sys-extras@0.7.14:       |                           ^~~~~~
[INFO] [stderr] warning: openssl-sys-extras@0.7.14: src/openssl_shim.c:132:7: error: invalid use of incomplete typedef 'DH' {aka 'struct dh_st'}
[INFO] [stderr] warning: openssl-sys-extras@0.7.14:   132 |     dh->p = p;
[INFO] [stderr] warning: openssl-sys-extras@0.7.14:       |       ^~
[INFO] [stderr] warning: openssl-sys-extras@0.7.14: src/openssl_shim.c:133:7: error: invalid use of incomplete typedef 'DH' {aka 'struct dh_st'}
[INFO] [stderr] warning: openssl-sys-extras@0.7.14:   133 |     dh->g = g;
[INFO] [stderr] warning: openssl-sys-extras@0.7.14:       |       ^~
[INFO] [stderr] warning: openssl-sys-extras@0.7.14: src/openssl_shim.c:134:7: error: invalid use of incomplete typedef 'DH' {aka 'struct dh_st'}
[INFO] [stderr] warning: openssl-sys-extras@0.7.14:   134 |     dh->q = q;
[INFO] [stderr] warning: openssl-sys-extras@0.7.14:       |       ^~
[INFO] [stderr] warning: openssl-sys-extras@0.7.14: src/openssl_shim.c: In function 'X509_get_extensions_shim':
[INFO] [stderr] warning: openssl-sys-extras@0.7.14: src/openssl_shim.c:143:13: error: invalid use of incomplete typedef 'X509' {aka 'struct x509_st'}
[INFO] [stderr] warning: openssl-sys-extras@0.7.14:   143 |     return x->cert_info ? x->cert_info->extensions : NULL;
[INFO] [stderr] warning: openssl-sys-extras@0.7.14:       |             ^~
[INFO] [stderr] warning: openssl-sys-extras@0.7.14: src/openssl_shim.c:143:28: error: invalid use of incomplete typedef 'X509' {aka 'struct x509_st'}
[INFO] [stderr] warning: openssl-sys-extras@0.7.14:   143 |     return x->cert_info ? x->cert_info->extensions : NULL;
[INFO] [stderr] warning: openssl-sys-extras@0.7.14:       |                            ^~
[INFO] [stderr] 
[INFO] [stderr] error: failed to run custom build command for `openssl-sys-extras v0.7.14`
[INFO] [stderr] note: To improve backtraces for build dependencies, set the CARGO_PROFILE_DEV_BUILD_OVERRIDE_DEBUG=true environment variable to enable debug information generation.
[INFO] [stderr] 
[INFO] [stderr] Caused by:
[INFO] [stderr]   process didn't exit successfully: `/opt/rustwide/target/debug/build/openssl-sys-extras-6131477badc4a9af/build-script-build` (exit status: 101)
[INFO] [stderr]   --- stdout
[INFO] [stderr]   TARGET = Some("x86_64-unknown-linux-gnu")
[INFO] [stderr]   OPT_LEVEL = Some("0")
[INFO] [stderr]   TARGET = Some("x86_64-unknown-linux-gnu")
[INFO] [stderr]   HOST = Some("x86_64-unknown-linux-gnu")
[INFO] [stderr]   TARGET = Some("x86_64-unknown-linux-gnu")
[INFO] [stderr]   TARGET = Some("x86_64-unknown-linux-gnu")
[INFO] [stderr]   HOST = Some("x86_64-unknown-linux-gnu")
[INFO] [stderr]   CC_x86_64-unknown-linux-gnu = None
[INFO] [stderr]   CC_x86_64_unknown_linux_gnu = None
[INFO] [stderr]   HOST_CC = None
[INFO] [stderr]   CC = None
[INFO] [stderr]   HOST = Some("x86_64-unknown-linux-gnu")
[INFO] [stderr]   TARGET = Some("x86_64-unknown-linux-gnu")
[INFO] [stderr]   HOST = Some("x86_64-unknown-linux-gnu")
[INFO] [stderr]   CFLAGS_x86_64-unknown-linux-gnu = None
[INFO] [stderr]   CFLAGS_x86_64_unknown_linux_gnu = None
[INFO] [stderr]   HOST_CFLAGS = None
[INFO] [stderr]   CFLAGS = None
[INFO] [stderr]   PROFILE = Some("debug")
[INFO] [stderr]   running: "cc" "-O0" "-ffunction-sections" "-fdata-sections" "-fPIC" "-g" "-m64" "-o" "/opt/rustwide/target/debug/build/openssl-sys-extras-8ae00111a70826c7/out/src/openssl_shim.o" "-c" "src/openssl_shim.c"
[INFO] [stderr]   cargo:warning=src/openssl_shim.c: In function 'HMAC_Init_ex_shim':
[INFO] [stderr]   cargo:warning=src/openssl_shim.c:42:5: warning: 'HMAC_Init_ex' is deprecated: Since OpenSSL 3.0 [-Wdeprecated-declarations]
[INFO] [stderr]   cargo:warning=   42 |     return HMAC_Init_ex(ctx, key, key_len, md, impl);
[INFO] [stderr]   cargo:warning=      |     ^~~~~~
[INFO] [stderr]   cargo:warning=In file included from src/openssl_shim.c:1:
[INFO] [stderr]   cargo:warning=/usr/include/openssl/hmac.h:43:27: note: declared here
[INFO] [stderr]   cargo:warning=   43 | OSSL_DEPRECATEDIN_3_0 int HMAC_Init_ex(HMAC_CTX *ctx, const void *key, int len,
[INFO] [stderr]   cargo:warning=      |                           ^~~~~~~~~~~~
[INFO] [stderr]   cargo:warning=src/openssl_shim.c: In function 'HMAC_Update_shim':
[INFO] [stderr]   cargo:warning=src/openssl_shim.c:46:5: warning: 'HMAC_Update' is deprecated: Since OpenSSL 3.0 [-Wdeprecated-declarations]
[INFO] [stderr]   cargo:warning=   46 |     return HMAC_Update(ctx, data, len);
[INFO] [stderr]   cargo:warning=      |     ^~~~~~
[INFO] [stderr]   cargo:warning=In file included from src/openssl_shim.c:1:
[INFO] [stderr]   cargo:warning=/usr/include/openssl/hmac.h:45:27: note: declared here
[INFO] [stderr]   cargo:warning=   45 | OSSL_DEPRECATEDIN_3_0 int HMAC_Update(HMAC_CTX *ctx, const unsigned char *data,
[INFO] [stderr]   cargo:warning=      |                           ^~~~~~~~~~~
[INFO] [stderr]   cargo:warning=src/openssl_shim.c: In function 'HMAC_Final_shim':
[INFO] [stderr]   cargo:warning=src/openssl_shim.c:50:5: warning: 'HMAC_Final' is deprecated: Since OpenSSL 3.0 [-Wdeprecated-declarations]
[INFO] [stderr]   cargo:warning=   50 |     return HMAC_Final(ctx, md, len);
[INFO] [stderr]   cargo:warning=      |     ^~~~~~
[INFO] [stderr]   cargo:warning=In file included from src/openssl_shim.c:1:
[INFO] [stderr]   cargo:warning=/usr/include/openssl/hmac.h:47:27: note: declared here
[INFO] [stderr]   cargo:warning=   47 | OSSL_DEPRECATEDIN_3_0 int HMAC_Final(HMAC_CTX *ctx, unsigned char *md,
[INFO] [stderr]   cargo:warning=      |                           ^~~~~~~~~~
[INFO] [stderr]   cargo:warning=src/openssl_shim.c: In function 'DH_new_from_params':
[INFO] [stderr]   cargo:warning=src/openssl_shim.c:129:5: warning: 'DH_new' is deprecated: Since OpenSSL 3.0 [-Wdeprecated-declarations]
[INFO] [stderr]   cargo:warning=  129 |     if ((dh = DH_new()) == NULL) {
[INFO] [stderr]   cargo:warning=      |     ^~
[INFO] [stderr]   cargo:warning=In file included from /usr/include/openssl/dsa.h:51,
[INFO] [stderr]   cargo:warning=                 from /usr/include/openssl/x509.h:37,
[INFO] [stderr]   cargo:warning=                 from /usr/include/openssl/ssl.h:31,
[INFO] [stderr]   cargo:warning=                 from src/openssl_shim.c:2:
[INFO] [stderr]   cargo:warning=/usr/include/openssl/dh.h:203:27: note: declared here
[INFO] [stderr]   cargo:warning=  203 | OSSL_DEPRECATEDIN_3_0 DH *DH_new(void);
[INFO] [stderr]   cargo:warning=      |                           ^~~~~~
[INFO] [stderr]   cargo:warning=src/openssl_shim.c:132:7: error: invalid use of incomplete typedef 'DH' {aka 'struct dh_st'}
[INFO] [stderr]   cargo:warning=  132 |     dh->p = p;
[INFO] [stderr]   cargo:warning=      |       ^~
[INFO] [stderr]   cargo:warning=src/openssl_shim.c:133:7: error: invalid use of incomplete typedef 'DH' {aka 'struct dh_st'}
[INFO] [stderr]   cargo:warning=  133 |     dh->g = g;
[INFO] [stderr]   cargo:warning=      |       ^~
[INFO] [stderr]   cargo:warning=src/openssl_shim.c:134:7: error: invalid use of incomplete typedef 'DH' {aka 'struct dh_st'}
[INFO] [stderr]   cargo:warning=  134 |     dh->q = q;
[INFO] [stderr]   cargo:warning=      |       ^~
[INFO] [stderr]   cargo:warning=src/openssl_shim.c: In function 'X509_get_extensions_shim':
[INFO] [stderr]   cargo:warning=src/openssl_shim.c:143:13: error: invalid use of incomplete typedef 'X509' {aka 'struct x509_st'}
[INFO] [stderr]   cargo:warning=  143 |     return x->cert_info ? x->cert_info->extensions : NULL;
[INFO] [stderr]   cargo:warning=      |             ^~
[INFO] [stderr]   cargo:warning=src/openssl_shim.c:143:28: error: invalid use of incomplete typedef 'X509' {aka 'struct x509_st'}
[INFO] [stderr]   cargo:warning=  143 |     return x->cert_info ? x->cert_info->extensions : NULL;
[INFO] [stderr]   cargo:warning=      |                            ^~
[INFO] [stderr]   ExitStatus(unix_wait_status(256))
[INFO] [stderr] 
[INFO] [stderr] 
[INFO] [stderr]   command did not execute successfully, got: exit status: 1
[INFO] [stderr] 
[INFO] [stderr] 
[INFO] [stderr] 
[INFO] [stderr]   --- stderr
[INFO] [stderr]   thread 'main' panicked at /opt/rustwide/cargo-home/registry/src/index.crates.io-6f17d22bba15001f/gcc-0.3.45/src/lib.rs:1152:5:
[INFO] [stderr]   explicit panic
[INFO] [stderr]   stack backtrace:
[INFO] [stderr]      0:     0x55e8d9deff66 - std::backtrace_rs::backtrace::libunwind::trace::h261606ad26a499c1
[INFO] [stderr]                                  at /rustc/0e09125c6c3c2fd70d7de961bcf0e51575235fad/library/std/src/../../backtrace/src/backtrace/libunwind.rs:104:5
[INFO] [stderr]      1:     0x55e8d9deff66 - std::backtrace_rs::backtrace::trace_unsynchronized::hd183f0625477fb28
[INFO] [stderr]                                  at /rustc/0e09125c6c3c2fd70d7de961bcf0e51575235fad/library/std/src/../../backtrace/src/backtrace/mod.rs:66:5
[INFO] [stderr]      2:     0x55e8d9deff66 - std::sys_common::backtrace::_print_fmt::hd7f8fef21b4eda67
[INFO] [stderr]                                  at /rustc/0e09125c6c3c2fd70d7de961bcf0e51575235fad/library/std/src/sys_common/backtrace.rs:68:5
[INFO] [stderr]      3:     0x55e8d9deff66 - <std::sys_common::backtrace::_print::DisplayBacktrace as core::fmt::Display>::fmt::h623d9b51f2f453f1
[INFO] [stderr]                                  at /rustc/0e09125c6c3c2fd70d7de961bcf0e51575235fad/library/std/src/sys_common/backtrace.rs:44:22
[INFO] [stderr]      4:     0x55e8d9e14ee0 - core::fmt::rt::Argument::fmt::h9f417ac76a86f368
[INFO] [stderr]                                  at /rustc/0e09125c6c3c2fd70d7de961bcf0e51575235fad/library/core/src/fmt/rt.rs:142:9
[INFO] [stderr]      5:     0x55e8d9e14ee0 - core::fmt::write::hc9b6faf4ac2aeff7
[INFO] [stderr]                                  at /rustc/0e09125c6c3c2fd70d7de961bcf0e51575235fad/library/core/src/fmt/mod.rs:1120:17
[INFO] [stderr]      6:     0x55e8d9ded46f - std::io::Write::write_fmt::hfead1eee52c2e65e
[INFO] [stderr]                                  at /rustc/0e09125c6c3c2fd70d7de961bcf0e51575235fad/library/std/src/io/mod.rs:1810:15
[INFO] [stderr]      7:     0x55e8d9defd44 - std::sys_common::backtrace::_print::hd5d66399c7df88a2
[INFO] [stderr]                                  at /rustc/0e09125c6c3c2fd70d7de961bcf0e51575235fad/library/std/src/sys_common/backtrace.rs:47:5
[INFO] [stderr]      8:     0x55e8d9defd44 - std::sys_common::backtrace::print::he81ed2da642d37e5
[INFO] [stderr]                                  at /rustc/0e09125c6c3c2fd70d7de961bcf0e51575235fad/library/std/src/sys_common/backtrace.rs:34:9
[INFO] [stderr]      9:     0x55e8d9df1627 - std::panicking::default_hook::{{closure}}::h85773f4fa117163d
[INFO] [stderr]     10:     0x55e8d9df1389 - std::panicking::default_hook::h6a1694a91d09b278
[INFO] [stderr]                                  at /rustc/0e09125c6c3c2fd70d7de961bcf0e51575235fad/library/std/src/panicking.rs:292:9
[INFO] [stderr]     11:     0x55e8d9df1ab8 - std::panicking::rust_panic_with_hook::h0a7ad96e90f7145b
[INFO] [stderr]                                  at /rustc/0e09125c6c3c2fd70d7de961bcf0e51575235fad/library/std/src/panicking.rs:779:13
[INFO] [stderr]     12:     0x55e8d9dc12ce - std::panicking::begin_panic::{{closure}}::h3a1e6f039ece0ad9
[INFO] [stderr]     13:     0x55e8d9dbe6ba - std::sys_common::backtrace::__rust_end_short_backtrace::h00d666c6575183b5
[INFO] [stderr]     14:     0x55e8d9dc124b - std::panicking::begin_panic::he05e7dd61e28a4ec
[INFO] [stderr]     15:     0x55e8d9db8426 - gcc::fail::hc11d68c68ff6e0a9
[INFO] [stderr]     16:     0x55e8d9db7a38 - gcc::run::h08f84ea233fbc145
[INFO] [stderr]     17:     0x55e8d9daf56f - gcc::Config::compile_object::h9513c8c075e9a5d8
[INFO] [stderr]     18:     0x55e8d9daee36 - gcc::Config::compile_objects::hcf15593056c48ae8
[INFO] [stderr]     19:     0x55e8d9dadba4 - gcc::Config::compile::ha253a06dedce365c
[INFO] [stderr]     20:     0x55e8d9da81ff - build_script_build::main::hcf8a38c3fa0dcc84
[INFO] [stderr]     21:     0x55e8d9da7743 - core::ops::function::FnOnce::call_once::h666e70aa530f0529
[INFO] [stderr]     22:     0x55e8d9da70b6 - std::sys_common::backtrace::__rust_begin_short_backtrace::h4e8a14c6f3e5eb97
[INFO] [stderr]     23:     0x55e8d9da74e9 - std::rt::lang_start::{{closure}}::h410e473d492ae1c2
[INFO] [stderr]     24:     0x55e8d9de94b1 - core::ops::function::impls::<impl core::ops::function::FnOnce<A> for &F>::call_once::h4eb4c5e1620f29b0
[INFO] [stderr]                                  at /rustc/0e09125c6c3c2fd70d7de961bcf0e51575235fad/library/core/src/ops/function.rs:284:13
[INFO] [stderr]     25:     0x55e8d9de94b1 - std::panicking::try::do_call::h73fd26535faffcdf
[INFO] [stderr]                                  at /rustc/0e09125c6c3c2fd70d7de961bcf0e51575235fad/library/std/src/panicking.rs:552:40
[INFO] [stderr]     26:     0x55e8d9de94b1 - std::panicking::try::h77ff1d98f0fb9f39
[INFO] [stderr]                                  at /rustc/0e09125c6c3c2fd70d7de961bcf0e51575235fad/library/std/src/panicking.rs:516:19
[INFO] [stderr]     27:     0x55e8d9de94b1 - std::panic::catch_unwind::hab3caf2448b95e37
[INFO] [stderr]                                  at /rustc/0e09125c6c3c2fd70d7de961bcf0e51575235fad/library/std/src/panic.rs:142:14
[INFO] [stderr]     28:     0x55e8d9de94b1 - std::rt::lang_start_internal::{{closure}}::h8086711f9c783f78
[INFO] [stderr]                                  at /rustc/0e09125c6c3c2fd70d7de961bcf0e51575235fad/library/std/src/rt.rs:148:48
[INFO] [stderr]     29:     0x55e8d9de94b1 - std::panicking::try::do_call::hf920d4dc291cd6ca
[INFO] [stderr]                                  at /rustc/0e09125c6c3c2fd70d7de961bcf0e51575235fad/library/std/src/panicking.rs:552:40
[INFO] [stderr]     30:     0x55e8d9de94b1 - std::panicking::try::h2b806ccc0a85db74
[INFO] [stderr]                                  at /rustc/0e09125c6c3c2fd70d7de961bcf0e51575235fad/library/std/src/panicking.rs:516:19
[INFO] [stderr]     31:     0x55e8d9de94b1 - std::panic::catch_unwind::h038489539c507df2
[INFO] [stderr]                                  at /rustc/0e09125c6c3c2fd70d7de961bcf0e51575235fad/library/std/src/panic.rs:142:14
[INFO] [stderr]     32:     0x55e8d9de94b1 - std::rt::lang_start_internal::h28503b88912e8a5c
[INFO] [stderr]                                  at /rustc/0e09125c6c3c2fd70d7de961bcf0e51575235fad/library/std/src/rt.rs:148:20
[INFO] [stderr]     33:     0x55e8d9da74c7 - std::rt::lang_start::he53ea3fda83e81d5
[INFO] [stderr]     34:     0x55e8d9da97a5 - main
[INFO] [stderr]     35:     0x7fa5b7e37d90 - <unknown>
[INFO] [stderr]     36:     0x7fa5b7e37e40 - __libc_start_main
[INFO] [stderr]     37:     0x55e8d9da6e15 - _start
[INFO] [stderr]     38:                0x0 - <unknown>
[INFO] [stderr] warning: build failed, waiting for other jobs to finish...
[INFO] [stderr] The following warnings were emitted during compilation:
[INFO] [stderr] 
[INFO] [stderr] warning: openssl@0.7.14: src/c_helpers.c: In function 'rust_SSL_clone':
[INFO] [stderr] warning: openssl@0.7.14: src/c_helpers.c:4:5: warning: implicit declaration of function 'CRYPTO_add' [-Wimplicit-function-declaration]
[INFO] [stderr] warning: openssl@0.7.14:     4 |     CRYPTO_add(&ssl->references, 1, CRYPTO_LOCK_SSL);
[INFO] [stderr] warning: openssl@0.7.14:       |     ^~~~~~~~~~
[INFO] [stderr] warning: openssl@0.7.14: src/c_helpers.c:4:20: error: invalid use of incomplete typedef 'SSL' {aka 'struct ssl_st'}
[INFO] [stderr] warning: openssl@0.7.14:     4 |     CRYPTO_add(&ssl->references, 1, CRYPTO_LOCK_SSL);
[INFO] [stderr] warning: openssl@0.7.14:       |                    ^~
[INFO] [stderr] warning: openssl@0.7.14: src/c_helpers.c:4:37: error: 'CRYPTO_LOCK_SSL' undeclared (first use in this function); did you mean 'CRYPTO_LOCK'?
[INFO] [stderr] warning: openssl@0.7.14:     4 |     CRYPTO_add(&ssl->references, 1, CRYPTO_LOCK_SSL);
[INFO] [stderr] warning: openssl@0.7.14:       |                                     ^~~~~~~~~~~~~~~
[INFO] [stderr] warning: openssl@0.7.14:       |                                     CRYPTO_LOCK
[INFO] [stderr] warning: openssl@0.7.14: src/c_helpers.c:4:37: note: each undeclared identifier is reported only once for each function it appears in
[INFO] [stderr] warning: openssl@0.7.14: src/c_helpers.c: In function 'rust_SSL_CTX_clone':
[INFO] [stderr] warning: openssl@0.7.14: src/c_helpers.c:8:20: error: invalid use of incomplete typedef 'SSL_CTX' {aka 'struct ssl_ctx_st'}
[INFO] [stderr] warning: openssl@0.7.14:     8 |     CRYPTO_add(&ctx->references,1,CRYPTO_LOCK_SSL_CTX);
[INFO] [stderr] warning: openssl@0.7.14:       |                    ^~
[INFO] [stderr] warning: openssl@0.7.14: src/c_helpers.c:8:35: error: 'CRYPTO_LOCK_SSL_CTX' undeclared (first use in this function); did you mean 'CRYPTO_EX_INDEX_SSL_CTX'?
[INFO] [stderr] warning: openssl@0.7.14:     8 |     CRYPTO_add(&ctx->references,1,CRYPTO_LOCK_SSL_CTX);
[INFO] [stderr] warning: openssl@0.7.14:       |                                   ^~~~~~~~~~~~~~~~~~~
[INFO] [stderr] warning: openssl@0.7.14:       |                                   CRYPTO_EX_INDEX_SSL_CTX
[INFO] [stderr] warning: openssl@0.7.14: src/c_helpers.c: In function 'rust_X509_clone':
[INFO] [stderr] warning: openssl@0.7.14: src/c_helpers.c:12:21: error: invalid use of incomplete typedef 'X509' {aka 'struct x509_st'}
[INFO] [stderr] warning: openssl@0.7.14:    12 |     CRYPTO_add(&x509->references,1,CRYPTO_LOCK_X509);
[INFO] [stderr] warning: openssl@0.7.14:       |                     ^~
[INFO] [stderr] warning: openssl@0.7.14: src/c_helpers.c:12:36: error: 'CRYPTO_LOCK_X509' undeclared (first use in this function); did you mean 'CRYPTO_LOCK'?
[INFO] [stderr] warning: openssl@0.7.14:    12 |     CRYPTO_add(&x509->references,1,CRYPTO_LOCK_X509);
[INFO] [stderr] warning: openssl@0.7.14:       |                                    ^~~~~~~~~~~~~~~~
[INFO] [stderr] warning: openssl@0.7.14:       |                                    CRYPTO_LOCK
[INFO] [stderr] 
[INFO] [stderr] error: failed to run custom build command for `openssl v0.7.14`
[INFO] [stderr] note: To improve backtraces for build dependencies, set the CARGO_PROFILE_DEV_BUILD_OVERRIDE_DEBUG=true environment variable to enable debug information generation.
[INFO] [stderr] 
[INFO] [stderr] Caused by:
[INFO] [stderr]   process didn't exit successfully: `/opt/rustwide/target/debug/build/openssl-29dc882034a61442/build-script-build` (exit status: 101)
[INFO] [stderr]   --- stdout
[INFO] [stderr]   TARGET = Some("x86_64-unknown-linux-gnu")
[INFO] [stderr]   OPT_LEVEL = Some("0")
[INFO] [stderr]   TARGET = Some("x86_64-unknown-linux-gnu")
[INFO] [stderr]   HOST = Some("x86_64-unknown-linux-gnu")
[INFO] [stderr]   TARGET = Some("x86_64-unknown-linux-gnu")
[INFO] [stderr]   TARGET = Some("x86_64-unknown-linux-gnu")
[INFO] [stderr]   HOST = Some("x86_64-unknown-linux-gnu")
[INFO] [stderr]   CC_x86_64-unknown-linux-gnu = None
[INFO] [stderr]   CC_x86_64_unknown_linux_gnu = None
[INFO] [stderr]   HOST_CC = None
[INFO] [stderr]   CC = None
[INFO] [stderr]   HOST = Some("x86_64-unknown-linux-gnu")
[INFO] [stderr]   TARGET = Some("x86_64-unknown-linux-gnu")
[INFO] [stderr]   HOST = Some("x86_64-unknown-linux-gnu")
[INFO] [stderr]   CFLAGS_x86_64-unknown-linux-gnu = None
[INFO] [stderr]   CFLAGS_x86_64_unknown_linux_gnu = None
[INFO] [stderr]   HOST_CFLAGS = None
[INFO] [stderr]   CFLAGS = None
[INFO] [stderr]   PROFILE = Some("debug")
[INFO] [stderr]   running: "cc" "-O0" "-ffunction-sections" "-fdata-sections" "-fPIC" "-g" "-m64" "-o" "/opt/rustwide/target/debug/build/openssl-10ebf27faaddce4f/out/src/c_helpers.o" "-c" "src/c_helpers.c"
[INFO] [stderr]   cargo:warning=src/c_helpers.c: In function 'rust_SSL_clone':
[INFO] [stderr]   cargo:warning=src/c_helpers.c:4:5: warning: implicit declaration of function 'CRYPTO_add' [-Wimplicit-function-declaration]
[INFO] [stderr]   cargo:warning=    4 |     CRYPTO_add(&ssl->references, 1, CRYPTO_LOCK_SSL);
[INFO] [stderr]   cargo:warning=      |     ^~~~~~~~~~
[INFO] [stderr]   cargo:warning=src/c_helpers.c:4:20: error: invalid use of incomplete typedef 'SSL' {aka 'struct ssl_st'}
[INFO] [stderr]   cargo:warning=    4 |     CRYPTO_add(&ssl->references, 1, CRYPTO_LOCK_SSL);
[INFO] [stderr]   cargo:warning=      |                    ^~
[INFO] [stderr]   cargo:warning=src/c_helpers.c:4:37: error: 'CRYPTO_LOCK_SSL' undeclared (first use in this function); did you mean 'CRYPTO_LOCK'?
[INFO] [stderr]   cargo:warning=    4 |     CRYPTO_add(&ssl->references, 1, CRYPTO_LOCK_SSL);
[INFO] [stderr]   cargo:warning=      |                                     ^~~~~~~~~~~~~~~
[INFO] [stderr]   cargo:warning=      |                                     CRYPTO_LOCK
[INFO] [stderr]   cargo:warning=src/c_helpers.c:4:37: note: each undeclared identifier is reported only once for each function it appears in
[INFO] [stderr]   cargo:warning=src/c_helpers.c: In function 'rust_SSL_CTX_clone':
[INFO] [stderr]   cargo:warning=src/c_helpers.c:8:20: error: invalid use of incomplete typedef 'SSL_CTX' {aka 'struct ssl_ctx_st'}
[INFO] [stderr]   cargo:warning=    8 |     CRYPTO_add(&ctx->references,1,CRYPTO_LOCK_SSL_CTX);
[INFO] [stderr]   cargo:warning=      |                    ^~
[INFO] [stderr]   cargo:warning=src/c_helpers.c:8:35: error: 'CRYPTO_LOCK_SSL_CTX' undeclared (first use in this function); did you mean 'CRYPTO_EX_INDEX_SSL_CTX'?
[INFO] [stderr]   cargo:warning=    8 |     CRYPTO_add(&ctx->references,1,CRYPTO_LOCK_SSL_CTX);
[INFO] [stderr]   cargo:warning=      |                                   ^~~~~~~~~~~~~~~~~~~
[INFO] [stderr]   cargo:warning=      |                                   CRYPTO_EX_INDEX_SSL_CTX
[INFO] [stderr]   cargo:warning=src/c_helpers.c: In function 'rust_X509_clone':
[INFO] [stderr]   cargo:warning=src/c_helpers.c:12:21: error: invalid use of incomplete typedef 'X509' {aka 'struct x509_st'}
[INFO] [stderr]   cargo:warning=   12 |     CRYPTO_add(&x509->references,1,CRYPTO_LOCK_X509);
[INFO] [stderr]   cargo:warning=      |                     ^~
[INFO] [stderr]   cargo:warning=src/c_helpers.c:12:36: error: 'CRYPTO_LOCK_X509' undeclared (first use in this function); did you mean 'CRYPTO_LOCK'?
[INFO] [stderr]   cargo:warning=   12 |     CRYPTO_add(&x509->references,1,CRYPTO_LOCK_X509);
[INFO] [stderr]   cargo:warning=      |                                    ^~~~~~~~~~~~~~~~
[INFO] [stderr]   cargo:warning=      |                                    CRYPTO_LOCK
[INFO] [stderr]   ExitStatus(unix_wait_status(256))
[INFO] [stderr] 
[INFO] [stderr] 
[INFO] [stderr]   command did not execute successfully, got: exit status: 1
[INFO] [stderr] 
[INFO] [stderr] 
[INFO] [stderr] 
[INFO] [stderr]   --- stderr
[INFO] [stderr]   thread 'main' panicked at /opt/rustwide/cargo-home/registry/src/index.crates.io-6f17d22bba15001f/gcc-0.3.45/src/lib.rs:1152:5:
[INFO] [stderr]   explicit panic
[INFO] [stderr]   stack backtrace:
[INFO] [stderr]      0:     0x563d8c4f9a26 - std::backtrace_rs::backtrace::libunwind::trace::h261606ad26a499c1
[INFO] [stderr]                                  at /rustc/0e09125c6c3c2fd70d7de961bcf0e51575235fad/library/std/src/../../backtrace/src/backtrace/libunwind.rs:104:5
[INFO] [stderr]      1:     0x563d8c4f9a26 - std::backtrace_rs::backtrace::trace_unsynchronized::hd183f0625477fb28
[INFO] [stderr]                                  at /rustc/0e09125c6c3c2fd70d7de961bcf0e51575235fad/library/std/src/../../backtrace/src/backtrace/mod.rs:66:5
[INFO] [stderr]      2:     0x563d8c4f9a26 - std::sys_common::backtrace::_print_fmt::hd7f8fef21b4eda67
[INFO] [stderr]                                  at /rustc/0e09125c6c3c2fd70d7de961bcf0e51575235fad/library/std/src/sys_common/backtrace.rs:68:5
[INFO] [stderr]      3:     0x563d8c4f9a26 - <std::sys_common::backtrace::_print::DisplayBacktrace as core::fmt::Display>::fmt::h623d9b51f2f453f1
[INFO] [stderr]                                  at /rustc/0e09125c6c3c2fd70d7de961bcf0e51575235fad/library/std/src/sys_common/backtrace.rs:44:22
[INFO] [stderr]      4:     0x563d8c51e9a0 - core::fmt::rt::Argument::fmt::h9f417ac76a86f368
[INFO] [stderr]                                  at /rustc/0e09125c6c3c2fd70d7de961bcf0e51575235fad/library/core/src/fmt/rt.rs:142:9
[INFO] [stderr]      5:     0x563d8c51e9a0 - core::fmt::write::hc9b6faf4ac2aeff7
[INFO] [stderr]                                  at /rustc/0e09125c6c3c2fd70d7de961bcf0e51575235fad/library/core/src/fmt/mod.rs:1120:17
[INFO] [stderr]      6:     0x563d8c4f6f4f - std::io::Write::write_fmt::hfead1eee52c2e65e
[INFO] [stderr]                                  at /rustc/0e09125c6c3c2fd70d7de961bcf0e51575235fad/library/std/src/io/mod.rs:1810:15
[INFO] [stderr]      7:     0x563d8c4f9804 - std::sys_common::backtrace::_print::hd5d66399c7df88a2
[INFO] [stderr]                                  at /rustc/0e09125c6c3c2fd70d7de961bcf0e51575235fad/library/std/src/sys_common/backtrace.rs:47:5
[INFO] [stderr]      8:     0x563d8c4f9804 - std::sys_common::backtrace::print::he81ed2da642d37e5
[INFO] [stderr]                                  at /rustc/0e09125c6c3c2fd70d7de961bcf0e51575235fad/library/std/src/sys_common/backtrace.rs:34:9
[INFO] [stderr]      9:     0x563d8c4fb0e7 - std::panicking::default_hook::{{closure}}::h85773f4fa117163d
[INFO] [stderr]     10:     0x563d8c4fae49 - std::panicking::default_hook::h6a1694a91d09b278
[INFO] [stderr]                                  at /rustc/0e09125c6c3c2fd70d7de961bcf0e51575235fad/library/std/src/panicking.rs:292:9
[INFO] [stderr]     11:     0x563d8c4fb578 - std::panicking::rust_panic_with_hook::h0a7ad96e90f7145b
[INFO] [stderr]                                  at /rustc/0e09125c6c3c2fd70d7de961bcf0e51575235fad/library/std/src/panicking.rs:779:13
[INFO] [stderr]     12:     0x563d8c4caede - std::panicking::begin_panic::{{closure}}::h3a1e6f039ece0ad9
[INFO] [stderr]     13:     0x563d8c4c82ca - std::sys_common::backtrace::__rust_end_short_backtrace::h00d666c6575183b5
[INFO] [stderr]     14:     0x563d8c4cae5b - std::panicking::begin_panic::he05e7dd61e28a4ec
[INFO] [stderr]     15:     0x563d8c4c2036 - gcc::fail::hc11d68c68ff6e0a9
[INFO] [stderr]     16:     0x563d8c4c1648 - gcc::run::h08f84ea233fbc145
[INFO] [stderr]     17:     0x563d8c4b917f - gcc::Config::compile_object::h9513c8c075e9a5d8
[INFO] [stderr]     18:     0x563d8c4b8a46 - gcc::Config::compile_objects::hcf15593056c48ae8
[INFO] [stderr]     19:     0x563d8c4b77b4 - gcc::Config::compile::ha253a06dedce365c
[INFO] [stderr]     20:     0x563d8c4b3372 - build_script_build::main::h56a6812302bf5f14
[INFO] [stderr]     21:     0x563d8c4b3053 - core::ops::function::FnOnce::call_once::hfe5fb66bdd619efe
[INFO] [stderr]     22:     0x563d8c4b2f96 - std::sys_common::backtrace::__rust_begin_short_backtrace::h4e32ec0affc53a8a
[INFO] [stderr]     23:     0x563d8c4b2fe9 - std::rt::lang_start::{{closure}}::h6413ccb645b0698b
[INFO] [stderr]     24:     0x563d8c4f30c1 - core::ops::function::impls::<impl core::ops::function::FnOnce<A> for &F>::call_once::h4eb4c5e1620f29b0
[INFO] [stderr]                                  at /rustc/0e09125c6c3c2fd70d7de961bcf0e51575235fad/library/core/src/ops/function.rs:284:13
[INFO] [stderr]     25:     0x563d8c4f30c1 - std::panicking::try::do_call::h73fd26535faffcdf
[INFO] [stderr]                                  at /rustc/0e09125c6c3c2fd70d7de961bcf0e51575235fad/library/std/src/panicking.rs:552:40
[INFO] [stderr]     26:     0x563d8c4f30c1 - std::panicking::try::h77ff1d98f0fb9f39
[INFO] [stderr]                                  at /rustc/0e09125c6c3c2fd70d7de961bcf0e51575235fad/library/std/src/panicking.rs:516:19
[INFO] [stderr]     27:     0x563d8c4f30c1 - std::panic::catch_unwind::hab3caf2448b95e37
[INFO] [stderr]                                  at /rustc/0e09125c6c3c2fd70d7de961bcf0e51575235fad/library/std/src/panic.rs:142:14
[INFO] [stderr]     28:     0x563d8c4f30c1 - std::rt::lang_start_internal::{{closure}}::h8086711f9c783f78
[INFO] [stderr]                                  at /rustc/0e09125c6c3c2fd70d7de961bcf0e51575235fad/library/std/src/rt.rs:148:48
[INFO] [stderr]     29:     0x563d8c4f30c1 - std::panicking::try::do_call::hf920d4dc291cd6ca
[INFO] [stderr]                                  at /rustc/0e09125c6c3c2fd70d7de961bcf0e51575235fad/library/std/src/panicking.rs:552:40
[INFO] [stderr]     30:     0x563d8c4f30c1 - std::panicking::try::h2b806ccc0a85db74
[INFO] [stderr]                                  at /rustc/0e09125c6c3c2fd70d7de961bcf0e51575235fad/library/std/src/panicking.rs:516:19
[INFO] [stderr]     31:     0x563d8c4f30c1 - std::panic::catch_unwind::h038489539c507df2
[INFO] [stderr]                                  at /rustc/0e09125c6c3c2fd70d7de961bcf0e51575235fad/library/std/src/panic.rs:142:14
[INFO] [stderr]     32:     0x563d8c4f30c1 - std::rt::lang_start_internal::h28503b88912e8a5c
[INFO] [stderr]                                  at /rustc/0e09125c6c3c2fd70d7de961bcf0e51575235fad/library/std/src/rt.rs:148:20
[INFO] [stderr]     33:     0x563d8c4b2fc7 - std::rt::lang_start::h4552bac233f380ce
[INFO] [stderr]     34:     0x563d8c4b33b5 - main
[INFO] [stderr]     35:     0x7f7c4cd66d90 - <unknown>
[INFO] [stderr]     36:     0x7f7c4cd66e40 - __libc_start_main
[INFO] [stderr]     37:     0x563d8c4b2e15 - _start
[INFO] [stderr]     38:                0x0 - <unknown>
[INFO] [stdout] error: aborting due to 1 previous error
[INFO] [stdout] 
[INFO] [stdout] 
[INFO] [stdout] For more information about this error, try `rustc --explain E0310`.
[INFO] [stdout] 
[INFO] [stderr] error: could not compile `rustc-serialize` (lib) due to 2 previous errors
[INFO] running `Command { std: "docker" "inspect" "77636d5dd3b53544b05635b081981cb68b9464a02461e4e7a45db08c5c3d8ff9", kill_on_drop: false }`
[INFO] running `Command { std: "docker" "rm" "-f" "77636d5dd3b53544b05635b081981cb68b9464a02461e4e7a45db08c5c3d8ff9", kill_on_drop: false }`
[INFO] [stdout] 77636d5dd3b53544b05635b081981cb68b9464a02461e4e7a45db08c5c3d8ff9
