[INFO] cloning repository https://github.com/QLytics/indexer
[INFO] running `Command { std: "git" "-c" "credential.helper=" "-c" "credential.helper=/workspace/cargo-home/bin/git-credential-null" "clone" "--bare" "https://github.com/QLytics/indexer" "/workspace/cache/git-repos/https%3A%2F%2Fgithub.com%2FQLytics%2Findexer", kill_on_drop: false }`
[INFO] [stderr] Cloning into bare repository '/workspace/cache/git-repos/https%3A%2F%2Fgithub.com%2FQLytics%2Findexer'...
[INFO] running `Command { std: "git" "rev-parse" "HEAD", kill_on_drop: false }`
[INFO] [stdout] 791dc5cc008efcdc25b171a4c3835221042cb4b5
[INFO] documenting QLytics/indexer against 1.75.0 for beta-1.76-rustdoc-1
[INFO] running `Command { std: "git" "clone" "/workspace/cache/git-repos/https%3A%2F%2Fgithub.com%2FQLytics%2Findexer" "/workspace/builds/worker-5-tc1/source", kill_on_drop: false }`
[INFO] [stderr] Cloning into '/workspace/builds/worker-5-tc1/source'...
[INFO] [stderr] done.
[INFO] validating manifest of git repo https://github.com/QLytics/indexer on toolchain 1.75.0
[INFO] running `Command { std: CARGO_HOME="/workspace/cargo-home" RUSTUP_HOME="/workspace/rustup-home" "/workspace/cargo-home/bin/cargo" "+1.75.0" "metadata" "--manifest-path" "Cargo.toml" "--no-deps", kill_on_drop: false }`
[INFO] removed /workspace/builds/worker-5-tc1/source/rust-toolchain.toml
[INFO] started tweaking git repo https://github.com/QLytics/indexer
[INFO] finished tweaking git repo https://github.com/QLytics/indexer
[INFO] tweaked toml for git repo https://github.com/QLytics/indexer written to /workspace/builds/worker-5-tc1/source/Cargo.toml
[INFO] crate git repo https://github.com/QLytics/indexer already has a lockfile, it will not be regenerated
[INFO] running `Command { std: CARGO_HOME="/workspace/cargo-home" RUSTUP_HOME="/workspace/rustup-home" "/workspace/cargo-home/bin/cargo" "+1.75.0" "fetch" "--manifest-path" "Cargo.toml", kill_on_drop: false }`
[INFO] [stderr] warning: virtual workspace defaulting to `resolver = "1"` despite one or more workspace members being on edition 2021 which implies `resolver = "2"`
[INFO] [stderr] note: to keep the current resolver, specify `workspace.resolver = "1"` in the workspace root's manifest
[INFO] [stderr] note: to use the edition 2021 resolver, specify `workspace.resolver = "2"` in the workspace root's manifest
[INFO] [stderr] note: for more details see https://doc.rust-lang.org/cargo/reference/resolver.html#resolver-versions
[INFO] [stderr]     Updating crates.io index
[INFO] [stderr]  Downloading crates ...
[INFO] [stderr]   Downloaded aws-smithy-json v0.53.1
[INFO] [stderr]   Downloaded graphql_query_derive v0.12.0
[INFO] [stderr]   Downloaded strum_macros v0.24.2
[INFO] [stderr]   Downloaded aws-config v0.53.0
[INFO] [stderr]   Downloaded near-config-utils v0.16.1
[INFO] [stderr]   Downloaded near-stdx v0.16.1
[INFO] [stderr]   Downloaded aws-endpoint v0.53.0
[INFO] [stderr]   Downloaded near-rpc-error-core v0.16.1
[INFO] [stderr]   Downloaded aws-smithy-types v0.53.1
[INFO] [stderr]   Downloaded near-account-id v0.16.1
[INFO] [stderr]   Downloaded json_comments v0.2.1
[INFO] [stderr]   Downloaded aws-credential-types v0.53.0
[INFO] [stderr]   Downloaded aws-smithy-client v0.53.1
[INFO] [stderr]   Downloaded graphql_client_codegen v0.12.0
[INFO] [stderr]   Downloaded aws-sdk-s3 v0.23.0
[INFO] [stderr]   Downloaded aws-sdk-sts v0.23.0
[INFO] [stderr]   Downloaded near-chain-configs v0.16.1
[INFO] [stderr]   Downloaded aws-sdk-sso v0.23.0
[INFO] [stderr]   Downloaded near-jsonrpc-primitives v0.16.1
[INFO] [stderr]   Downloaded graphql_client v0.12.0
[INFO] [stderr]   Downloaded near-o11y v0.16.1
[INFO] [stderr]   Downloaded aws-sigv4 v0.53.2
[INFO] [stderr]   Downloaded aws-types v0.53.0
[INFO] [stderr]   Downloaded aws-smithy-query v0.53.1
[INFO] [stderr]   Downloaded aws-smithy-xml v0.53.1
[INFO] [stderr]   Downloaded aws-sig-auth v0.53.0
[INFO] [stderr]   Downloaded opentelemetry-otlp v0.10.0
[INFO] [stderr]   Downloaded aws-smithy-checksums v0.53.1
[INFO] [stderr]   Downloaded aws-smithy-async v0.53.1
[INFO] [stderr]   Downloaded aws-smithy-eventstream v0.53.1
[INFO] [stderr]   Downloaded aws-smithy-http-tower v0.53.1
[INFO] [stderr]   Downloaded near-crypto v0.16.1
[INFO] [stderr]   Downloaded aws-http v0.53.0
[INFO] [stderr]   Downloaded aws-smithy-http v0.53.1
[INFO] [stderr]   Downloaded near-lake-framework v0.7.1
[INFO] [stderr]   Downloaded near-indexer-primitives v0.16.1
[INFO] [stderr]   Downloaded near-rpc-error-macro v0.16.1
[INFO] [stderr]   Downloaded near-vm-errors v0.16.1
[INFO] [stderr]   Downloaded near-jsonrpc-client v0.5.1
[INFO] [stderr]   Downloaded near-primitives-core v0.16.1
[INFO] [stderr]   Downloaded near-primitives v0.16.1
[INFO] running `Command { std: "docker" "create" "-v" "/var/lib/crater-agent-workspace/builds/worker-5-tc1/target:/opt/rustwide/target:rw,Z" "-v" "/var/lib/crater-agent-workspace/builds/worker-5-tc1/source:/opt/rustwide/workdir:ro,Z" "-v" "/var/lib/crater-agent-workspace/cargo-home:/opt/rustwide/cargo-home:ro,Z" "-v" "/var/lib/crater-agent-workspace/rustup-home:/opt/rustwide/rustup-home:ro,Z" "-e" "SOURCE_DIR=/opt/rustwide/workdir" "-e" "CARGO_TARGET_DIR=/opt/rustwide/target" "-e" "CARGO_HOME=/opt/rustwide/cargo-home" "-e" "RUSTUP_HOME=/opt/rustwide/rustup-home" "-w" "/opt/rustwide/workdir" "-m" "1610612736" "--user" "0:0" "--network" "none" "ghcr.io/rust-lang/crates-build-env/linux@sha256:2788e3201cd34a07e3172128adcd8b3090168a8e3bcc40d7c032b9dda1df7d1c" "/opt/rustwide/cargo-home/bin/cargo" "+1.75.0" "metadata" "--no-deps" "--format-version=1", kill_on_drop: false }`
[INFO] [stdout] a95dcfee6b92fc22ee9b31cf119de0f2b416f133ded8dee2bd96f5fcb1205d4d
[INFO] running `Command { std: "docker" "start" "-a" "a95dcfee6b92fc22ee9b31cf119de0f2b416f133ded8dee2bd96f5fcb1205d4d", kill_on_drop: false }`
[INFO] running `Command { std: "docker" "inspect" "a95dcfee6b92fc22ee9b31cf119de0f2b416f133ded8dee2bd96f5fcb1205d4d", kill_on_drop: false }`
[INFO] running `Command { std: "docker" "rm" "-f" "a95dcfee6b92fc22ee9b31cf119de0f2b416f133ded8dee2bd96f5fcb1205d4d", kill_on_drop: false }`
[INFO] [stdout] a95dcfee6b92fc22ee9b31cf119de0f2b416f133ded8dee2bd96f5fcb1205d4d
[INFO] running `Command { std: "docker" "create" "-v" "/var/lib/crater-agent-workspace/builds/worker-5-tc1/target:/opt/rustwide/target:rw,Z" "-v" "/var/lib/crater-agent-workspace/builds/worker-5-tc1/source:/opt/rustwide/workdir:ro,Z" "-v" "/var/lib/crater-agent-workspace/cargo-home:/opt/rustwide/cargo-home:ro,Z" "-v" "/var/lib/crater-agent-workspace/rustup-home:/opt/rustwide/rustup-home:ro,Z" "-e" "SOURCE_DIR=/opt/rustwide/workdir" "-e" "CARGO_TARGET_DIR=/opt/rustwide/target" "-e" "CARGO_INCREMENTAL=0" "-e" "RUST_BACKTRACE=full" "-e" "RUSTFLAGS=--cap-lints=warn" "-e" "RUSTDOCFLAGS=--cap-lints=warn" "-e" "CARGO_HOME=/opt/rustwide/cargo-home" "-e" "RUSTUP_HOME=/opt/rustwide/rustup-home" "-w" "/opt/rustwide/workdir" "-m" "1610612736" "--user" "0:0" "--network" "none" "ghcr.io/rust-lang/crates-build-env/linux@sha256:2788e3201cd34a07e3172128adcd8b3090168a8e3bcc40d7c032b9dda1df7d1c" "/opt/rustwide/cargo-home/bin/cargo" "+1.75.0" "doc" "--frozen" "--no-deps" "--document-private-items" "--message-format=json", kill_on_drop: false }`
[INFO] [stdout] cd1e4cd1a2e099f3d57e7e1ac9ca69fbe94fb4f7d77e9d4e31c1b32d1fb7b781
[INFO] running `Command { std: "docker" "start" "-a" "cd1e4cd1a2e099f3d57e7e1ac9ca69fbe94fb4f7d77e9d4e31c1b32d1fb7b781", kill_on_drop: false }`
[INFO] [stderr] warning: virtual workspace defaulting to `resolver = "1"` despite one or more workspace members being on edition 2021 which implies `resolver = "2"`
[INFO] [stderr] note: to keep the current resolver, specify `workspace.resolver = "1"` in the workspace root's manifest
[INFO] [stderr] note: to use the edition 2021 resolver, specify `workspace.resolver = "2"` in the workspace root's manifest
[INFO] [stderr] note: for more details see https://doc.rust-lang.org/cargo/reference/resolver.html#resolver-versions
[INFO] [stderr]    Compiling unicode-ident v1.0.2
[INFO] [stderr]    Compiling libc v0.2.126
[INFO] [stderr]    Compiling syn v1.0.98
[INFO] [stderr]    Compiling memchr v2.5.0
[INFO] [stderr]     Checking smallvec v1.9.0
[INFO] [stderr]     Checking bytes v1.2.0
[INFO] [stderr]    Compiling parking_lot_core v0.9.3
[INFO] [stderr]    Compiling ahash v0.7.6
[INFO] [stderr]    Compiling lock_api v0.4.7
[INFO] [stderr]    Compiling serde_derive v1.0.160
[INFO] [stderr]    Compiling serde v1.0.160
[INFO] [stderr]     Checking itoa v1.0.2
[INFO] [stderr]     Checking futures-sink v0.3.28
[INFO] [stderr]     Checking tracing-core v0.1.30
[INFO] [stderr]    Compiling slab v0.4.7
[INFO] [stderr]    Compiling cc v1.0.73
[INFO] [stderr]    Compiling proc-macro2 v1.0.56
[INFO] [stderr]    Compiling futures-channel v0.3.28
[INFO] [stderr]    Compiling futures-task v0.3.28
[INFO] [stderr]    Compiling indexmap v1.9.1
[INFO] [stderr]    Compiling futures-util v0.3.28
[INFO] [stderr]     Checking pin-utils v0.1.0
[INFO] [stderr]     Checking futures-io v0.3.28
[INFO] [stderr]    Compiling typenum v1.15.0
[INFO] [stderr]    Compiling generic-array v0.14.5
[INFO] [stderr]    Compiling num-traits v0.2.15
[INFO] [stderr]    Compiling num-integer v0.1.45
[INFO] [stderr]     Checking ppv-lite86 v0.2.16
[INFO] [stderr]     Checking ryu v1.0.10
[INFO] [stderr]     Checking http v0.2.8
[INFO] [stderr]    Compiling httparse v1.7.1
[INFO] [stderr]     Checking try-lock v0.2.3
[INFO] [stderr]     Checking tower-service v0.3.2
[INFO] [stderr]    Compiling quote v1.0.26
[INFO] [stderr]     Checking want v0.3.0
[INFO] [stderr]     Checking httpdate v1.0.2
[INFO] [stderr]     Checking num_threads v0.1.6
[INFO] [stderr]    Compiling either v1.7.0
[INFO] [stderr]     Checking subtle v2.4.1
[INFO] [stderr]    Compiling unicode-xid v0.2.3
[INFO] [stderr]     Checking regex-syntax v0.6.27
[INFO] [stderr]    Compiling crossbeam-utils v0.8.11
[INFO] [stderr]    Compiling syn v2.0.15
[INFO] [stderr]     Checking tower-layer v0.3.1
[INFO] [stderr]     Checking cpufeatures v0.2.2
[INFO] [stderr]     Checking aho-corasick v0.7.18
[INFO] [stderr]     Checking outref v0.1.0
[INFO] [stderr]    Compiling itertools v0.10.3
[INFO] [stderr]     Checking simd-abstraction v0.7.1
[INFO] [stderr]    Compiling anyhow v1.0.70
[INFO] [stderr]     Checking getrandom v0.2.7
[INFO] [stderr]     Checking num_cpus v1.13.1
[INFO] [stderr]     Checking signal-hook-registry v1.4.0
[INFO] [stderr]     Checking mio v0.8.4
[INFO] [stderr]     Checking socket2 v0.4.4
[INFO] [stderr]     Checking parking_lot v0.12.1
[INFO] [stderr]     Checking http-body v0.4.5
[INFO] [stderr]     Checking rand_core v0.6.3
[INFO] [stderr]     Checking time v0.3.11
[INFO] [stderr]     Checking base64-simd v0.7.0
[INFO] [stderr]     Checking openssl-probe v0.1.5
[INFO] [stderr]     Checking hashbrown v0.12.3
[INFO] [stderr]    Compiling ring v0.16.20
[INFO] [stderr]     Checking rand_chacha v0.3.1
[INFO] [stderr]    Compiling heck v0.4.0
[INFO] [stderr]    Compiling once_cell v1.17.1
[INFO] [stderr]    Compiling semver v1.0.12
[INFO] [stderr]     Checking crossbeam-channel v0.5.6
[INFO] [stderr]     Checking rand v0.8.5
[INFO] [stderr]    Compiling getrandom v0.1.16
[INFO] [stderr]     Checking base64 v0.21.0
[INFO] [stderr]    Compiling lazy_static v1.4.0
[INFO] [stderr]    Compiling serde_json v1.0.96
[INFO] [stderr]    Compiling which v4.4.0
[INFO] [stderr]     Checking spin v0.5.2
[INFO] [stderr]     Checking untrusted v0.7.1
[INFO] [stderr]    Compiling async-trait v0.1.68
[INFO] [stderr]    Compiling rustc_version v0.4.0
[INFO] [stderr]    Compiling prost-build v0.9.0
[INFO] [stderr]    Compiling rustversion v1.0.8
[INFO] [stderr]    Compiling fastrand v1.8.0
[INFO] [stderr]     Checking aws-smithy-types v0.53.1
[INFO] [stderr]    Compiling fixedbitset v0.4.2
[INFO] [stderr]    Compiling remove_dir_all v0.5.3
[INFO] [stderr]     Checking regex v1.6.0
[INFO] [stderr]    Compiling tempfile v3.3.0
[INFO] [stderr]     Checking rand_core v0.5.1
[INFO] [stderr]     Checking bytes-utils v0.1.2
[INFO] [stderr]    Compiling log v0.4.17
[INFO] [stderr]    Compiling crunchy v0.2.2
[INFO] [stderr]     Checking byteorder v1.4.3
[INFO] [stderr]    Compiling multimap v0.8.3
[INFO] [stderr]    Compiling rustls v0.20.8
[INFO] [stderr]     Checking aws-smithy-eventstream v0.53.1
[INFO] [stderr]     Checking block-buffer v0.10.2
[INFO] [stderr]     Checking crypto-common v0.1.6
[INFO] [stderr]     Checking digest v0.9.0
[INFO] [stderr]     Checking regex-automata v0.1.10
[INFO] [stderr]     Checking digest v0.10.3
[INFO] [stderr]    Compiling secp256k1-sys v0.6.1
[INFO] [stderr]     Checking form_urlencoded v1.1.0
[INFO] [stderr]    Compiling num-bigint v0.3.3
[INFO] [stderr]     Checking opaque-debug v0.3.0
[INFO] [stderr]     Checking tinyvec_macros v0.1.0
[INFO] [stderr]    Compiling proc-macro-error-attr v1.0.4
[INFO] [stderr]     Checking tinyvec v1.6.0
[INFO] [stderr]    Compiling petgraph v0.6.3
[INFO] [stderr]     Checking block-buffer v0.9.0
[INFO] [stderr]     Checking rand_chacha v0.2.2
[INFO] [stderr]     Checking sha2 v0.10.2
[INFO] [stderr]     Checking rustls-pemfile v1.0.2
[INFO] [stderr]     Checking tracing-log v0.1.3
[INFO] [stderr]    Compiling num-rational v0.3.2
[INFO] [stderr]     Checking base64 v0.13.0
[INFO] [stderr]    Compiling protobuf v2.28.0
[INFO] [stderr]     Checking signature v1.5.0
[INFO] [stderr]    Compiling convert_case v0.4.0
[INFO] [stderr]     Checking rand v0.7.3
[INFO] [stderr]     Checking ed25519 v1.5.2
[INFO] [stderr]     Checking rustls-native-certs v0.6.2
[INFO] [stderr]     Checking matchers v0.1.0
[INFO] [stderr]     Checking sha2 v0.9.9
[INFO] [stderr]     Checking fixed-hash v0.7.0
[INFO] [stderr]     Checking crypto-mac v0.8.0
[INFO] [stderr]     Checking cipher v0.2.5
[INFO] [stderr]     Checking atty v0.2.14
[INFO] [stderr]     Checking bs58 v0.4.0
[INFO] [stderr]     Checking termcolor v1.1.3
[INFO] [stderr]    Compiling prometheus v0.13.3
[INFO] [stderr]     Checking json_comments v0.2.1
[INFO] [stderr]     Checking os_str_bytes v6.5.0
[INFO] [stderr]     Checking unicode-bidi v0.3.8
[INFO] [stderr]     Checking unicode-normalization v0.1.21
[INFO] [stderr]    Compiling pkg-config v0.3.25
[INFO] [stderr]     Checking c2-chacha v0.3.3
[INFO] [stderr]     Checking blake2 v0.9.2
[INFO] [stderr]     Checking clap_lex v0.2.4
[INFO] [stderr]    Compiling aws-types v0.53.0
[INFO] [stderr]    Compiling fs2 v0.4.3
[INFO] [stderr]     Checking textwrap v0.16.0
[INFO] [stderr]     Checking strsim v0.10.0
[INFO] [stderr]     Checking near-stdx v0.16.1
[INFO] [stderr]    Compiling reed-solomon-erasure v4.0.2
[INFO] [stderr]     Checking time v0.1.44
[INFO] [stderr]     Checking unsafe-libyaml v0.2.8
[INFO] [stderr]    Compiling easy-ext v0.2.9
[INFO] [stderr]     Checking hmac v0.12.1
[INFO] [stderr]     Checking foreign-types-shared v0.1.1
[INFO] [stderr]     Checking idna v0.3.0
[INFO] [stderr]    Compiling openssl v0.10.41
[INFO] [stderr]    Compiling ident_case v1.0.1
[INFO] [stderr]    Compiling openssl-sys v0.9.75
[INFO] [stderr]    Compiling fnv v1.0.7
[INFO] [stderr]     Checking foreign-types v0.3.2
[INFO] [stderr]    Compiling void v1.0.2
[INFO] [stderr]    Compiling native-tls v0.2.10
[INFO] [stderr]    Compiling unreachable v1.0.0
[INFO] [stderr]     Checking aws-smithy-json v0.53.1
[INFO] [stderr]    Compiling crc32c v0.6.3
[INFO] [stderr]     Checking xmlparser v0.13.5
[INFO] [stderr]     Checking url v2.3.1
[INFO] [stderr]    Compiling ascii v0.9.3
[INFO] [stderr]     Checking aws-smithy-xml v0.53.1
[INFO] [stderr]    Compiling encoding_rs v0.8.31
[INFO] [stderr]     Checking urlencoding v2.1.0
[INFO] [stderr]    Compiling combine v3.8.1
[INFO] [stderr]     Checking sha1 v0.10.4
[INFO] [stderr]     Checking aws-smithy-query v0.53.1
[INFO] [stderr]     Checking md-5 v0.10.1
[INFO] [stderr]    Compiling memoffset v0.6.5
[INFO] [stderr]     Checking ipnet v2.5.0
[INFO] [stderr]     Checking mime v0.3.16
[INFO] [stderr]    Compiling crossbeam-epoch v0.9.10
[INFO] [stderr]     Checking sct v0.7.0
[INFO] [stderr]     Checking webpki v0.22.0
[INFO] [stderr]    Compiling rayon-core v1.9.3
[INFO] [stderr]    Compiling synstructure v0.12.6
[INFO] [stderr]    Compiling borsh-derive-internal v0.10.3
[INFO] [stderr]    Compiling borsh-schema-derive-internal v0.10.3
[INFO] [stderr]    Compiling proc-macro-error v1.0.4
[INFO] [stderr]    Compiling darling_core v0.14.1
[INFO] [stderr]    Compiling rayon v1.5.3
[INFO] [stderr]     Checking humantime v2.1.0
[INFO] [stderr]     Checking dotenv v0.15.0
[INFO] [stderr]     Checking env_logger v0.9.0
[INFO] [stderr]     Checking crossbeam-deque v0.8.2
[INFO] [stderr]    Compiling futures-macro v0.3.28
[INFO] [stderr]    Compiling thiserror-impl v1.0.40
[INFO] [stderr]    Compiling serde_repr v0.1.12
[INFO] [stderr]     Checking secp256k1 v0.24.3
[INFO] [stderr]    Compiling tokio-macros v1.8.0
[INFO] [stderr]    Compiling tracing-attributes v0.1.23
[INFO] [stderr]    Compiling pin-project-internal v1.0.11
[INFO] [stderr]    Compiling zeroize_derive v1.3.2
[INFO] [stderr]    Compiling prost-derive v0.9.0
[INFO] [stderr]    Compiling derive_arbitrary v1.3.0
[INFO] [stderr]    Compiling async-stream-impl v0.3.3
[INFO] [stderr]    Compiling strum_macros v0.24.2
[INFO] [stderr]    Compiling enum-map-derive v0.11.0
[INFO] [stderr]    Compiling derive_more v0.99.17
[INFO] [stderr]    Compiling actix_derive v0.6.0
[INFO] [stderr]     Checking thiserror v1.0.40
[INFO] [stderr]     Checking zeroize v1.5.7
[INFO] [stderr]    Compiling clap_derive v3.2.18
[INFO] [stderr]     Checking async-stream v0.3.3
[INFO] [stderr]     Checking tokio v1.19.2
[INFO] [stderr]     Checking curve25519-dalek v3.2.0
[INFO] [stderr]     Checking enum-map v2.5.0
[INFO] [stderr]    Compiling smart-default v0.6.0
[INFO] [stderr]     Checking arbitrary v1.3.0
[INFO] [stderr]    Compiling openssl-macros v0.1.0
[INFO] [stderr]    Compiling darling_macro v0.14.1
[INFO] [stderr]     Checking pin-project v1.0.11
[INFO] [stderr]     Checking tracing v0.1.37
[INFO] [stderr]    Compiling graphql-parser v0.4.0
[INFO] [stderr]     Checking tracing-futures v0.2.5
[INFO] [stderr]     Checking tracing-subscriber v0.3.16
[INFO] [stderr]     Checking near-config-utils v0.16.1
[INFO] [stderr]    Compiling darling v0.14.1
[INFO] [stderr]    Compiling derive_builder_core v0.11.2
[INFO] [stderr]    Compiling prost v0.9.0
[INFO] [stderr]     Checking strum v0.24.1
[INFO] [stderr]    Compiling prost-types v0.9.0
[INFO] [stderr]    Compiling derive_builder_macro v0.11.2
[INFO] [stderr]     Checking clap v3.2.23
[INFO] [stderr]     Checking futures-executor v0.3.28
[INFO] [stderr]     Checking futures v0.3.28
[INFO] [stderr]     Checking tracing-appender v0.2.2
[INFO] [stderr]     Checking derive_builder v0.11.2
[INFO] [stderr]    Compiling tonic-build v0.6.2
[INFO] [stderr]     Checking tokio-util v0.7.3
[INFO] [stderr]     Checking tokio-stream v0.1.9
[INFO] [stderr]     Checking tokio-io-timeout v1.2.0
[INFO] [stderr]     Checking tokio-rustls v0.23.4
[INFO] [stderr]     Checking tokio-util v0.6.10
[INFO] [stderr]     Checking actix-rt v2.7.0
[INFO] [stderr]     Checking tokio-native-tls v0.3.0
[INFO] [stderr]    Compiling opentelemetry-otlp v0.10.0
[INFO] [stderr]     Checking opentelemetry v0.17.0
[INFO] [stderr]     Checking aws-smithy-async v0.53.1
[INFO] [stderr]     Checking h2 v0.3.13
[INFO] [stderr]     Checking tower v0.4.13
[INFO] [stderr]     Checking actix v0.13.0
[INFO] [stderr]     Checking aws-credential-types v0.53.0
[INFO] [stderr]     Checking tracing-opentelemetry v0.17.4
[INFO] [stderr]     Checking opentelemetry-semantic-conventions v0.9.0
[INFO] [stderr]     Checking hex v0.4.3
[INFO] [stderr]     Checking ed25519-dalek v1.0.1
[INFO] [stderr]     Checking chrono v0.4.19
[INFO] [stderr]     Checking bytesize v1.1.0
[INFO] [stderr]     Checking serde_yaml v0.9.21
[INFO] [stderr]     Checking serde_urlencoded v0.7.1
[INFO] [stderr]     Checking uint v0.9.3
[INFO] [stderr]     Checking primitive-types v0.10.1
[INFO] [stderr]    Compiling toml v0.5.9
[INFO] [stderr]    Compiling near-rpc-error-core v0.16.1
[INFO] [stderr]    Compiling graphql-introspection-query v0.2.0
[INFO] [stderr]    Compiling near-rpc-error-macro v0.16.1
[INFO] [stderr]    Compiling graphql_client_codegen v0.12.0
[INFO] [stderr]    Compiling proc-macro-crate v0.1.5
[INFO] [stderr]    Compiling borsh-derive v0.10.3
[INFO] [stderr]     Checking borsh v0.10.3
[INFO] [stderr]     Checking hyper v0.14.20
[INFO] [stderr]     Checking near-account-id v0.16.1
[INFO] [stderr]     Checking near-primitives-core v0.16.1
[INFO] [stderr]     Checking near-crypto v0.16.1
[INFO] [stderr]     Checking near-vm-errors v0.16.1
[INFO] [stderr]    Compiling graphql_query_derive v0.12.0
[INFO] [stderr]     Checking graphql_client v0.12.0
[INFO] [stderr]     Checking aws-smithy-http v0.53.1
[INFO] [stderr]     Checking hyper-timeout v0.4.1
[INFO] [stderr]     Checking hyper-rustls v0.23.2
[INFO] [stderr]     Checking hyper-tls v0.5.0
[INFO] [stderr]     Checking tonic v0.6.2
[INFO] [stderr]     Checking reqwest v0.11.16
[INFO] [stderr]     Checking aws-smithy-http-tower v0.53.1
[INFO] [stderr]     Checking aws-sigv4 v0.53.2
[INFO] [stderr]     Checking aws-smithy-checksums v0.53.1
[INFO] [stderr]     Checking aws-smithy-client v0.53.1
[INFO] [stderr]     Checking aws-endpoint v0.53.0
[INFO] [stderr]     Checking aws-http v0.53.0
[INFO] [stderr]     Checking aws-sig-auth v0.53.0
[INFO] [stderr]     Checking aws-sdk-sso v0.23.0
[INFO] [stderr]     Checking aws-sdk-sts v0.23.0
[INFO] [stderr]     Checking aws-sdk-s3 v0.23.0
[INFO] [stderr]     Checking near-o11y v0.16.1
[INFO] [stderr]     Checking near-primitives v0.16.1
[INFO] [stderr]     Checking aws-config v0.53.0
[INFO] [stderr]     Checking near-chain-configs v0.16.1
[INFO] [stderr]     Checking near-indexer-primitives v0.16.1
[INFO] [stderr]     Checking near-jsonrpc-primitives v0.16.1
[INFO] [stderr]     Checking near-lake-framework v0.7.1
[INFO] [stderr]     Checking qlytics-graphql v0.1.0 (/opt/rustwide/workdir/crates/app-graphql)
[INFO] [stderr]  Documenting qlytics-graphql v0.1.0 (/opt/rustwide/workdir/crates/app-graphql)
[INFO] [stderr]     Checking near-jsonrpc-client v0.5.1
[INFO] [stderr]     Checking qlytics-core v0.1.0 (/opt/rustwide/workdir/crates/app-core)
[INFO] [stderr]  Documenting qlytics-core v0.1.0 (/opt/rustwide/workdir/crates/app-core)
[INFO] [stderr]     Checking qlytics-indexer v0.1.0 (/opt/rustwide/workdir/crates/app-indexer)
[INFO] [stderr]     Checking qlytics-send v0.1.0 (/opt/rustwide/workdir/crates/app-send)
[INFO] [stderr]  Documenting qlytics-indexer v0.1.0 (/opt/rustwide/workdir/crates/app-indexer)
[INFO] [stderr]  Documenting qlytics-send v0.1.0 (/opt/rustwide/workdir/crates/app-send)
[INFO] [stdout] error[E0554]: `#![feature]` may not be used on the stable release channel
[INFO] [stdout]  --> crates/app-indexer/src/lib.rs:1:12
[INFO] [stdout]   |
[INFO] [stdout] 1 | #![feature(drain_filter)]
[INFO] [stdout]   |            ^^^^^^^^^^^^
[INFO] [stdout] 
[INFO] [stdout] 
[INFO] [stdout] error[E0635]: unknown feature `drain_filter`
[INFO] [stdout]  --> crates/app-indexer/src/lib.rs:1:12
[INFO] [stdout]   |
[INFO] [stdout] 1 | #![feature(drain_filter)]
[INFO] [stdout]   |            ^^^^^^^^^^^^
[INFO] [stdout] 
[INFO] [stdout] 
[INFO] [stdout] error[E0554]: `#![feature]` may not be used on the stable release channel
[INFO] [stdout]  --> crates/app-indexer/src/lib.rs:1:12
[INFO] [stdout]   |
[INFO] [stdout] 1 | #![feature(drain_filter)]
[INFO] [stdout]   |            ^^^^^^^^^^^^
[INFO] [stdout] 
[INFO] [stdout] 
[INFO] [stdout] error[E0635]: unknown feature `drain_filter`
[INFO] [stdout]  --> crates/app-indexer/src/lib.rs:1:12
[INFO] [stdout]   |
[INFO] [stdout] 1 | #![feature(drain_filter)]
[INFO] [stdout]   |            ^^^^^^^^^^^^
[INFO] [stdout] 
[INFO] [stdout] 
[INFO] [stdout] error: aborting due to 2 previous errors
[INFO] [stdout] 
[INFO] [stdout] 
[INFO] [stdout] Some errors have detailed explanations: E0554, E0635.
[INFO] [stdout] 
[INFO] [stdout] For more information about an error, try `rustc --explain E0554`.
[INFO] [stdout] 
[INFO] [stderr] error: could not document `qlytics-indexer`
[INFO] [stderr] 
[INFO] [stderr] Caused by:
[INFO] [stderr]   process didn't exit successfully: `/opt/rustwide/rustup-home/toolchains/1.75.0-x86_64-unknown-linux-gnu/bin/rustdoc --edition=2021 --crate-type lib --crate-name qlytics_indexer crates/app-indexer/src/lib.rs -o /opt/rustwide/target/doc --error-format=json --json=diagnostic-rendered-ansi,artifacts,future-incompat --document-private-items -C metadata=55a96aa38d75f730 -L dependency=/opt/rustwide/target/debug/deps --extern anyhow=/opt/rustwide/target/debug/deps/libanyhow-cbf20e8dc8e522e1.rmeta --extern async_stream=/opt/rustwide/target/debug/deps/libasync_stream-8d2c18ecf5a256c8.rmeta --extern chrono=/opt/rustwide/target/debug/deps/libchrono-2e942d0e2186a93e.rmeta --extern either=/opt/rustwide/target/debug/deps/libeither-e9fcbed39fad422f.rmeta --extern futures_core=/opt/rustwide/target/debug/deps/libfutures_core-d748fbf360b066d2.rmeta --extern graphql_client=/opt/rustwide/target/debug/deps/libgraphql_client-00dcd7be28ab8846.rmeta --extern humantime=/opt/rustwide/target/debug/deps/libhumantime-83a3e6f398a7428c.rmeta --extern itertools=/opt/rustwide/target/debug/deps/libitertools-a46ec2815f0a42bb.rmeta --extern near_jsonrpc_client=/opt/rustwide/target/debug/deps/libnear_jsonrpc_client-aedaf408800edb09.rmeta --extern near_lake_framework=/opt/rustwide/target/debug/deps/libnear_lake_framework-466c2f9efb2c4f0e.rmeta --extern near_primitives=/opt/rustwide/target/debug/deps/libnear_primitives-0701a43385b19edd.rmeta --extern parking_lot=/opt/rustwide/target/debug/deps/libparking_lot-21a0136a98cbd712.rmeta --extern qlytics_core=/opt/rustwide/target/debug/deps/libqlytics_core-af8d08259e60fa78.rmeta --extern qlytics_graphql=/opt/rustwide/target/debug/deps/libqlytics_graphql-7d2c6b88ed5d1221.rmeta --extern rayon=/opt/rustwide/target/debug/deps/librayon-11254ed9aaa0f178.rmeta --extern reqwest=/opt/rustwide/target/debug/deps/libreqwest-3b541144362a8592.rmeta --extern serde=/opt/rustwide/target/debug/deps/libserde-aa091ac86f49402f.rmeta --extern thiserror=/opt/rustwide/target/debug/deps/libthiserror-20b2792d052aef38.rmeta --extern tokio=/opt/rustwide/target/debug/deps/libtokio-0e27c3450c4489be.rmeta --cap-lints=warn --crate-version 0.1.0` (exit status: 1)
[INFO] [stderr] warning: build failed, waiting for other jobs to finish...
[INFO] [stdout] error[E0599]: no method named `drain_filter` found for struct `Vec<(CryptoHash, CryptoHash)>` in the current scope
[INFO] [stdout]    --> crates/app-indexer/src/receipt.rs:237:26
[INFO] [stdout]     |
[INFO] [stdout] 237 |         outcome_receipts.drain_filter(|(executed_receipt_id, produced_receipt_id)| {
[INFO] [stdout]     |         -----------------^^^^^^^^^^^^ method not found in `Vec<(CryptoHash, CryptoHash)>`
[INFO] [stdout] 
[INFO] [stdout] 
[INFO] [stdout] error: aborting due to 3 previous errors
[INFO] [stdout] 
[INFO] [stdout] 
[INFO] [stdout] Some errors have detailed explanations: E0554, E0599, E0635.
[INFO] [stdout] 
[INFO] [stdout] For more information about an error, try `rustc --explain E0554`.
[INFO] [stdout] 
[INFO] [stderr] error: could not compile `qlytics-indexer` (lib) due to 4 previous errors
[INFO] running `Command { std: "docker" "inspect" "cd1e4cd1a2e099f3d57e7e1ac9ca69fbe94fb4f7d77e9d4e31c1b32d1fb7b781", kill_on_drop: false }`
[INFO] running `Command { std: "docker" "rm" "-f" "cd1e4cd1a2e099f3d57e7e1ac9ca69fbe94fb4f7d77e9d4e31c1b32d1fb7b781", kill_on_drop: false }`
[INFO] [stdout] cd1e4cd1a2e099f3d57e7e1ac9ca69fbe94fb4f7d77e9d4e31c1b32d1fb7b781
[INFO] documenting QLytics/indexer against beta-2023-12-22 for beta-1.76-rustdoc-1
[INFO] running `Command { std: "git" "clone" "/workspace/cache/git-repos/https%3A%2F%2Fgithub.com%2FQLytics%2Findexer" "/workspace/builds/worker-5-tc2/source", kill_on_drop: false }`
[INFO] [stderr] Cloning into '/workspace/builds/worker-5-tc2/source'...
[INFO] [stderr] done.
[INFO] validating manifest of git repo https://github.com/QLytics/indexer on toolchain beta-2023-12-22
[INFO] running `Command { std: CARGO_HOME="/workspace/cargo-home" RUSTUP_HOME="/workspace/rustup-home" "/workspace/cargo-home/bin/cargo" "+beta-2023-12-22" "metadata" "--manifest-path" "Cargo.toml" "--no-deps", kill_on_drop: false }`
[INFO] removed /workspace/builds/worker-5-tc2/source/rust-toolchain.toml
[INFO] started tweaking git repo https://github.com/QLytics/indexer
[INFO] finished tweaking git repo https://github.com/QLytics/indexer
[INFO] tweaked toml for git repo https://github.com/QLytics/indexer written to /workspace/builds/worker-5-tc2/source/Cargo.toml
[INFO] crate git repo https://github.com/QLytics/indexer already has a lockfile, it will not be regenerated
[INFO] running `Command { std: CARGO_HOME="/workspace/cargo-home" RUSTUP_HOME="/workspace/rustup-home" "/workspace/cargo-home/bin/cargo" "+beta-2023-12-22" "fetch" "--manifest-path" "Cargo.toml", kill_on_drop: false }`
[INFO] [stderr] warning: virtual workspace defaulting to `resolver = "1"` despite one or more workspace members being on edition 2021 which implies `resolver = "2"`
[INFO] [stderr] note: to keep the current resolver, specify `workspace.resolver = "1"` in the workspace root's manifest
[INFO] [stderr] note: to use the edition 2021 resolver, specify `workspace.resolver = "2"` in the workspace root's manifest
[INFO] [stderr] note: for more details see https://doc.rust-lang.org/cargo/reference/resolver.html#resolver-versions
[INFO] running `Command { std: "docker" "create" "-v" "/var/lib/crater-agent-workspace/builds/worker-5-tc2/target:/opt/rustwide/target:rw,Z" "-v" "/var/lib/crater-agent-workspace/builds/worker-5-tc2/source:/opt/rustwide/workdir:ro,Z" "-v" "/var/lib/crater-agent-workspace/cargo-home:/opt/rustwide/cargo-home:ro,Z" "-v" "/var/lib/crater-agent-workspace/rustup-home:/opt/rustwide/rustup-home:ro,Z" "-e" "SOURCE_DIR=/opt/rustwide/workdir" "-e" "CARGO_TARGET_DIR=/opt/rustwide/target" "-e" "CARGO_HOME=/opt/rustwide/cargo-home" "-e" "RUSTUP_HOME=/opt/rustwide/rustup-home" "-w" "/opt/rustwide/workdir" "-m" "1610612736" "--user" "0:0" "--network" "none" "ghcr.io/rust-lang/crates-build-env/linux@sha256:2788e3201cd34a07e3172128adcd8b3090168a8e3bcc40d7c032b9dda1df7d1c" "/opt/rustwide/cargo-home/bin/cargo" "+beta-2023-12-22" "metadata" "--no-deps" "--format-version=1", kill_on_drop: false }`
[INFO] [stdout] 7547e58026e3d025297bf03ae398e52287c21c6a4dccef9a2a5cec6a8a24a000
[INFO] running `Command { std: "docker" "start" "-a" "7547e58026e3d025297bf03ae398e52287c21c6a4dccef9a2a5cec6a8a24a000", kill_on_drop: false }`
[INFO] running `Command { std: "docker" "inspect" "7547e58026e3d025297bf03ae398e52287c21c6a4dccef9a2a5cec6a8a24a000", kill_on_drop: false }`
[INFO] running `Command { std: "docker" "rm" "-f" "7547e58026e3d025297bf03ae398e52287c21c6a4dccef9a2a5cec6a8a24a000", kill_on_drop: false }`
[INFO] [stdout] 7547e58026e3d025297bf03ae398e52287c21c6a4dccef9a2a5cec6a8a24a000
[INFO] running `Command { std: "docker" "create" "-v" "/var/lib/crater-agent-workspace/builds/worker-5-tc2/target:/opt/rustwide/target:rw,Z" "-v" "/var/lib/crater-agent-workspace/builds/worker-5-tc2/source:/opt/rustwide/workdir:ro,Z" "-v" "/var/lib/crater-agent-workspace/cargo-home:/opt/rustwide/cargo-home:ro,Z" "-v" "/var/lib/crater-agent-workspace/rustup-home:/opt/rustwide/rustup-home:ro,Z" "-e" "SOURCE_DIR=/opt/rustwide/workdir" "-e" "CARGO_TARGET_DIR=/opt/rustwide/target" "-e" "CARGO_INCREMENTAL=0" "-e" "RUST_BACKTRACE=full" "-e" "RUSTFLAGS=--cap-lints=warn" "-e" "RUSTDOCFLAGS=--cap-lints=warn" "-e" "CARGO_HOME=/opt/rustwide/cargo-home" "-e" "RUSTUP_HOME=/opt/rustwide/rustup-home" "-w" "/opt/rustwide/workdir" "-m" "1610612736" "--user" "0:0" "--network" "none" "ghcr.io/rust-lang/crates-build-env/linux@sha256:2788e3201cd34a07e3172128adcd8b3090168a8e3bcc40d7c032b9dda1df7d1c" "/opt/rustwide/cargo-home/bin/cargo" "+beta-2023-12-22" "doc" "--frozen" "--no-deps" "--document-private-items" "--message-format=json", kill_on_drop: false }`
[INFO] [stdout] e7c641a5c4ea10fd0b6c85fb8429fd2598a31c0e2ae9978d59b95434e58bc072
[INFO] running `Command { std: "docker" "start" "-a" "e7c641a5c4ea10fd0b6c85fb8429fd2598a31c0e2ae9978d59b95434e58bc072", kill_on_drop: false }`
[INFO] [stderr] warning: virtual workspace defaulting to `resolver = "1"` despite one or more workspace members being on edition 2021 which implies `resolver = "2"`
[INFO] [stderr] note: to keep the current resolver, specify `workspace.resolver = "1"` in the workspace root's manifest
[INFO] [stderr] note: to use the edition 2021 resolver, specify `workspace.resolver = "2"` in the workspace root's manifest
[INFO] [stderr] note: for more details see https://doc.rust-lang.org/cargo/reference/resolver.html#resolver-versions
[INFO] [stderr]    Compiling unicode-ident v1.0.2
[INFO] [stderr]    Compiling libc v0.2.126
[INFO] [stderr]    Compiling syn v1.0.98
[INFO] [stderr]    Compiling memchr v2.5.0
[INFO] [stderr]     Checking smallvec v1.9.0
[INFO] [stderr]     Checking bytes v1.2.0
[INFO] [stderr]    Compiling parking_lot_core v0.9.3
[INFO] [stderr]    Compiling ahash v0.7.6
[INFO] [stderr]    Compiling lock_api v0.4.7
[INFO] [stderr]    Compiling serde_derive v1.0.160
[INFO] [stderr]    Compiling serde v1.0.160
[INFO] [stderr]     Checking itoa v1.0.2
[INFO] [stderr]     Checking futures-sink v0.3.28
[INFO] [stderr]    Compiling slab v0.4.7
[INFO] [stderr]     Checking tracing-core v0.1.30
[INFO] [stderr]    Compiling cc v1.0.73
[INFO] [stderr]    Compiling proc-macro2 v1.0.56
[INFO] [stderr]    Compiling futures-channel v0.3.28
[INFO] [stderr]    Compiling futures-task v0.3.28
[INFO] [stderr]    Compiling indexmap v1.9.1
[INFO] [stderr]    Compiling futures-util v0.3.28
[INFO] [stderr]     Checking futures-io v0.3.28
[INFO] [stderr]     Checking pin-utils v0.1.0
[INFO] [stderr]    Compiling typenum v1.15.0
[INFO] [stderr]    Compiling generic-array v0.14.5
[INFO] [stderr]    Compiling num-traits v0.2.15
[INFO] [stderr]    Compiling num-integer v0.1.45
[INFO] [stderr]     Checking ppv-lite86 v0.2.16
[INFO] [stderr]     Checking ryu v1.0.10
[INFO] [stderr]     Checking http v0.2.8
[INFO] [stderr]    Compiling httparse v1.7.1
[INFO] [stderr]    Compiling quote v1.0.26
[INFO] [stderr]     Checking tower-service v0.3.2
[INFO] [stderr]     Checking try-lock v0.2.3
[INFO] [stderr]     Checking httpdate v1.0.2
[INFO] [stderr]     Checking num_threads v0.1.6
[INFO] [stderr]    Compiling either v1.7.0
[INFO] [stderr]     Checking want v0.3.0
[INFO] [stderr]     Checking subtle v2.4.1
[INFO] [stderr]    Compiling unicode-xid v0.2.3
[INFO] [stderr]     Checking regex-syntax v0.6.27
[INFO] [stderr]     Checking tower-layer v0.3.1
[INFO] [stderr]    Compiling syn v2.0.15
[INFO] [stderr]     Checking cpufeatures v0.2.2
[INFO] [stderr]    Compiling crossbeam-utils v0.8.11
[INFO] [stderr]     Checking aho-corasick v0.7.18
[INFO] [stderr]     Checking outref v0.1.0
[INFO] [stderr]     Checking simd-abstraction v0.7.1
[INFO] [stderr]    Compiling itertools v0.10.3
[INFO] [stderr]    Compiling anyhow v1.0.70
[INFO] [stderr]     Checking getrandom v0.2.7
[INFO] [stderr]     Checking num_cpus v1.13.1
[INFO] [stderr]     Checking socket2 v0.4.4
[INFO] [stderr]     Checking mio v0.8.4
[INFO] [stderr]     Checking signal-hook-registry v1.4.0
[INFO] [stderr]     Checking parking_lot v0.12.1
[INFO] [stderr]     Checking http-body v0.4.5
[INFO] [stderr]     Checking rand_core v0.6.3
[INFO] [stderr]     Checking time v0.3.11
[INFO] [stderr]     Checking base64-simd v0.7.0
[INFO] [stderr]     Checking openssl-probe v0.1.5
[INFO] [stderr]    Compiling ring v0.16.20
[INFO] [stderr]     Checking hashbrown v0.12.3
[INFO] [stderr]    Compiling once_cell v1.17.1
[INFO] [stderr]     Checking rand_chacha v0.3.1
[INFO] [stderr]    Compiling semver v1.0.12
[INFO] [stderr]    Compiling heck v0.4.0
[INFO] [stderr]     Checking crossbeam-channel v0.5.6
[INFO] [stderr]    Compiling lazy_static v1.4.0
[INFO] [stderr]    Compiling serde_json v1.0.96
[INFO] [stderr]    Compiling getrandom v0.1.16
[INFO] [stderr]     Checking rand v0.8.5
[INFO] [stderr]     Checking base64 v0.21.0
[INFO] [stderr]    Compiling which v4.4.0
[INFO] [stderr]     Checking spin v0.5.2
[INFO] [stderr]    Compiling async-trait v0.1.68
[INFO] [stderr]     Checking untrusted v0.7.1
[INFO] [stderr]    Compiling rustc_version v0.4.0
[INFO] [stderr]    Compiling prost-build v0.9.0
[INFO] [stderr]    Compiling fixedbitset v0.4.2
[INFO] [stderr]    Compiling fastrand v1.8.0
[INFO] [stderr]    Compiling rustversion v1.0.8
[INFO] [stderr]     Checking aws-smithy-types v0.53.1
[INFO] [stderr]    Compiling remove_dir_all v0.5.3
[INFO] [stderr]     Checking rand_core v0.5.1
[INFO] [stderr]     Checking bytes-utils v0.1.2
[INFO] [stderr]    Compiling log v0.4.17
[INFO] [stderr]     Checking regex v1.6.0
[INFO] [stderr]     Checking byteorder v1.4.3
[INFO] [stderr]    Compiling rustls v0.20.8
[INFO] [stderr]    Compiling tempfile v3.3.0
[INFO] [stderr]    Compiling crunchy v0.2.2
[INFO] [stderr]    Compiling multimap v0.8.3
[INFO] [stderr]     Checking regex-automata v0.1.10
[INFO] [stderr]     Checking aws-smithy-eventstream v0.53.1
[INFO] [stderr]    Compiling secp256k1-sys v0.6.1
[INFO] [stderr]     Checking form_urlencoded v1.1.0
[INFO] [stderr]    Compiling num-bigint v0.3.3
[INFO] [stderr]     Checking tinyvec_macros v0.1.0
[INFO] [stderr]     Checking block-buffer v0.10.2
[INFO] [stderr]     Checking crypto-common v0.1.6
[INFO] [stderr]     Checking digest v0.9.0
[INFO] [stderr]     Checking opaque-debug v0.3.0
[INFO] [stderr]     Checking tinyvec v1.6.0
[INFO] [stderr]     Checking digest v0.10.3
[INFO] [stderr]     Checking block-buffer v0.9.0
[INFO] [stderr]    Compiling proc-macro-error-attr v1.0.4
[INFO] [stderr]     Checking rand_chacha v0.2.2
[INFO] [stderr]    Compiling petgraph v0.6.3
[INFO] [stderr]     Checking rustls-pemfile v1.0.2
[INFO] [stderr]     Checking sha2 v0.10.2
[INFO] [stderr]     Checking tracing-log v0.1.3
[INFO] [stderr]    Compiling num-rational v0.3.2
[INFO] [stderr]    Compiling protobuf v2.28.0
[INFO] [stderr]     Checking base64 v0.13.0
[INFO] [stderr]     Checking signature v1.5.0
[INFO] [stderr]    Compiling convert_case v0.4.0
[INFO] [stderr]     Checking matchers v0.1.0
[INFO] [stderr]     Checking ed25519 v1.5.2
[INFO] [stderr]     Checking rustls-native-certs v0.6.2
[INFO] [stderr]     Checking rand v0.7.3
[INFO] [stderr]     Checking sha2 v0.9.9
[INFO] [stderr]     Checking cipher v0.2.5
[INFO] [stderr]     Checking crypto-mac v0.8.0
[INFO] [stderr]     Checking fixed-hash v0.7.0
[INFO] [stderr]     Checking atty v0.2.14
[INFO] [stderr]     Checking termcolor v1.1.3
[INFO] [stderr]     Checking unicode-bidi v0.3.8
[INFO] [stderr]    Compiling prometheus v0.13.3
[INFO] [stderr]     Checking bs58 v0.4.0
[INFO] [stderr]     Checking os_str_bytes v6.5.0
[INFO] [stderr]     Checking unicode-normalization v0.1.21
[INFO] [stderr]     Checking json_comments v0.2.1
[INFO] [stderr]    Compiling pkg-config v0.3.25
[INFO] [stderr]     Checking c2-chacha v0.3.3
[INFO] [stderr]     Checking blake2 v0.9.2
[INFO] [stderr]    Compiling aws-types v0.53.0
[INFO] [stderr]    Compiling fs2 v0.4.3
[INFO] [stderr]     Checking clap_lex v0.2.4
[INFO] [stderr]    Compiling reed-solomon-erasure v4.0.2
[INFO] [stderr]     Checking near-stdx v0.16.1
[INFO] [stderr]     Checking strsim v0.10.0
[INFO] [stderr]     Checking textwrap v0.16.0
[INFO] [stderr]     Checking time v0.1.44
[INFO] [stderr]     Checking unsafe-libyaml v0.2.8
[INFO] [stderr]    Compiling easy-ext v0.2.9
[INFO] [stderr]     Checking hmac v0.12.1
[INFO] [stderr]     Checking idna v0.3.0
[INFO] [stderr]     Checking foreign-types-shared v0.1.1
[INFO] [stderr]    Compiling fnv v1.0.7
[INFO] [stderr]    Compiling openssl-sys v0.9.75
[INFO] [stderr]    Compiling openssl v0.10.41
[INFO] [stderr]    Compiling ident_case v1.0.1
[INFO] [stderr]     Checking foreign-types v0.3.2
[INFO] [stderr]    Compiling void v1.0.2
[INFO] [stderr]    Compiling native-tls v0.2.10
[INFO] [stderr]    Compiling unreachable v1.0.0
[INFO] [stderr]     Checking aws-smithy-json v0.53.1
[INFO] [stderr]    Compiling crc32c v0.6.3
[INFO] [stderr]     Checking url v2.3.1
[INFO] [stderr]     Checking xmlparser v0.13.5
[INFO] [stderr]    Compiling ascii v0.9.3
[INFO] [stderr]    Compiling encoding_rs v0.8.31
[INFO] [stderr]     Checking aws-smithy-xml v0.53.1
[INFO] [stderr]     Checking urlencoding v2.1.0
[INFO] [stderr]    Compiling combine v3.8.1
[INFO] [stderr]     Checking aws-smithy-query v0.53.1
[INFO] [stderr]     Checking sha1 v0.10.4
[INFO] [stderr]     Checking md-5 v0.10.1
[INFO] [stderr]    Compiling memoffset v0.6.5
[INFO] [stderr]     Checking ipnet v2.5.0
[INFO] [stderr]     Checking mime v0.3.16
[INFO] [stderr]    Compiling crossbeam-epoch v0.9.10
[INFO] [stderr]    Compiling rayon-core v1.9.3
[INFO] [stderr]    Compiling rayon v1.5.3
[INFO] [stderr]     Checking webpki v0.22.0
[INFO] [stderr]    Compiling synstructure v0.12.6
[INFO] [stderr]    Compiling borsh-derive-internal v0.10.3
[INFO] [stderr]    Compiling borsh-schema-derive-internal v0.10.3
[INFO] [stderr]     Checking sct v0.7.0
[INFO] [stderr]    Compiling proc-macro-error v1.0.4
[INFO] [stderr]    Compiling darling_core v0.14.1
[INFO] [stderr]     Checking humantime v2.1.0
[INFO] [stderr]     Checking dotenv v0.15.0
[INFO] [stderr]     Checking env_logger v0.9.0
[INFO] [stderr]     Checking crossbeam-deque v0.8.2
[INFO] [stderr]    Compiling futures-macro v0.3.28
[INFO] [stderr]    Compiling thiserror-impl v1.0.40
[INFO] [stderr]    Compiling serde_repr v0.1.12
[INFO] [stderr]     Checking secp256k1 v0.24.3
[INFO] [stderr]    Compiling tokio-macros v1.8.0
[INFO] [stderr]    Compiling tracing-attributes v0.1.23
[INFO] [stderr]    Compiling pin-project-internal v1.0.11
[INFO] [stderr]    Compiling zeroize_derive v1.3.2
[INFO] [stderr]    Compiling prost-derive v0.9.0
[INFO] [stderr]    Compiling derive_arbitrary v1.3.0
[INFO] [stderr]    Compiling async-stream-impl v0.3.3
[INFO] [stderr]    Compiling strum_macros v0.24.2
[INFO] [stderr]    Compiling enum-map-derive v0.11.0
[INFO] [stderr]    Compiling derive_more v0.99.17
[INFO] [stderr]     Checking zeroize v1.5.7
[INFO] [stderr]     Checking tokio v1.19.2
[INFO] [stderr]     Checking thiserror v1.0.40
[INFO] [stderr]     Checking curve25519-dalek v3.2.0
[INFO] [stderr]    Compiling clap_derive v3.2.18
[INFO] [stderr]     Checking async-stream v0.3.3
[INFO] [stderr]     Checking arbitrary v1.3.0
[INFO] [stderr]    Compiling actix_derive v0.6.0
[INFO] [stderr]     Checking enum-map v2.5.0
[INFO] [stderr]    Compiling smart-default v0.6.0
[INFO] [stderr]    Compiling openssl-macros v0.1.0
[INFO] [stderr]    Compiling darling_macro v0.14.1
[INFO] [stderr]     Checking pin-project v1.0.11
[INFO] [stderr]     Checking tracing v0.1.37
[INFO] [stderr]    Compiling prost v0.9.0
[INFO] [stderr]     Checking tracing-futures v0.2.5
[INFO] [stderr]     Checking tracing-subscriber v0.3.16
[INFO] [stderr]     Checking near-config-utils v0.16.1
[INFO] [stderr]    Compiling graphql-parser v0.4.0
[INFO] [stderr]    Compiling darling v0.14.1
[INFO] [stderr]    Compiling prost-types v0.9.0
[INFO] [stderr]    Compiling derive_builder_core v0.11.2
[INFO] [stderr]     Checking strum v0.24.1
[INFO] [stderr]     Checking clap v3.2.23
[INFO] [stderr]     Checking tracing-appender v0.2.2
[INFO] [stderr]     Checking futures-executor v0.3.28
[INFO] [stderr]     Checking futures v0.3.28
[INFO] [stderr]    Compiling derive_builder_macro v0.11.2
[INFO] [stderr]    Compiling tonic-build v0.6.2
[INFO] [stderr]     Checking derive_builder v0.11.2
[INFO] [stderr]     Checking tokio-util v0.7.3
[INFO] [stderr]     Checking tokio-stream v0.1.9
[INFO] [stderr]     Checking tokio-io-timeout v1.2.0
[INFO] [stderr]     Checking tokio-util v0.6.10
[INFO] [stderr]     Checking tokio-rustls v0.23.4
[INFO] [stderr]     Checking actix-rt v2.7.0
[INFO] [stderr]    Compiling opentelemetry-otlp v0.10.0
[INFO] [stderr]     Checking tokio-native-tls v0.3.0
[INFO] [stderr]     Checking opentelemetry v0.17.0
[INFO] [stderr]     Checking aws-smithy-async v0.53.1
[INFO] [stderr]     Checking aws-credential-types v0.53.0
[INFO] [stderr]     Checking h2 v0.3.13
[INFO] [stderr]     Checking tower v0.4.13
[INFO] [stderr]     Checking actix v0.13.0
[INFO] [stderr]     Checking opentelemetry-semantic-conventions v0.9.0
[INFO] [stderr]     Checking tracing-opentelemetry v0.17.4
[INFO] [stderr]     Checking hex v0.4.3
[INFO] [stderr]     Checking ed25519-dalek v1.0.1
[INFO] [stderr]     Checking bytesize v1.1.0
[INFO] [stderr]     Checking serde_yaml v0.9.21
[INFO] [stderr]     Checking chrono v0.4.19
[INFO] [stderr]     Checking serde_urlencoded v0.7.1
[INFO] [stderr]     Checking uint v0.9.3
[INFO] [stderr]     Checking primitive-types v0.10.1
[INFO] [stderr]    Compiling toml v0.5.9
[INFO] [stderr]    Compiling near-rpc-error-core v0.16.1
[INFO] [stderr]    Compiling graphql-introspection-query v0.2.0
[INFO] [stderr]    Compiling near-rpc-error-macro v0.16.1
[INFO] [stderr]    Compiling graphql_client_codegen v0.12.0
[INFO] [stderr]    Compiling proc-macro-crate v0.1.5
[INFO] [stderr]    Compiling borsh-derive v0.10.3
[INFO] [stderr]     Checking borsh v0.10.3
[INFO] [stderr]     Checking hyper v0.14.20
[INFO] [stderr]     Checking near-account-id v0.16.1
[INFO] [stderr]     Checking near-primitives-core v0.16.1
[INFO] [stderr]     Checking near-crypto v0.16.1
[INFO] [stderr]     Checking near-vm-errors v0.16.1
[INFO] [stderr]    Compiling graphql_query_derive v0.12.0
[INFO] [stderr]     Checking aws-smithy-http v0.53.1
[INFO] [stderr]     Checking hyper-timeout v0.4.1
[INFO] [stderr]     Checking hyper-rustls v0.23.2
[INFO] [stderr]     Checking hyper-tls v0.5.0
[INFO] [stderr]     Checking graphql_client v0.12.0
[INFO] [stderr]     Checking tonic v0.6.2
[INFO] [stderr]     Checking reqwest v0.11.16
[INFO] [stderr]     Checking aws-smithy-http-tower v0.53.1
[INFO] [stderr]     Checking aws-sigv4 v0.53.2
[INFO] [stderr]     Checking aws-smithy-checksums v0.53.1
[INFO] [stderr]     Checking aws-smithy-client v0.53.1
[INFO] [stderr]     Checking aws-sig-auth v0.53.0
[INFO] [stderr]     Checking aws-http v0.53.0
[INFO] [stderr]     Checking aws-endpoint v0.53.0
[INFO] [stderr]     Checking aws-sdk-sts v0.23.0
[INFO] [stderr]     Checking aws-sdk-sso v0.23.0
[INFO] [stderr]     Checking aws-sdk-s3 v0.23.0
[INFO] [stderr]     Checking near-o11y v0.16.1
[INFO] [stderr]     Checking near-primitives v0.16.1
[INFO] [stderr]     Checking aws-config v0.53.0
[INFO] [stderr]     Checking near-chain-configs v0.16.1
[INFO] [stderr]     Checking near-indexer-primitives v0.16.1
[INFO] [stderr]     Checking near-jsonrpc-primitives v0.16.1
[INFO] [stderr]     Checking near-lake-framework v0.7.1
[INFO] [stderr]     Checking qlytics-graphql v0.1.0 (/opt/rustwide/workdir/crates/app-graphql)
[INFO] [stderr]  Documenting qlytics-graphql v0.1.0 (/opt/rustwide/workdir/crates/app-graphql)
[INFO] [stderr]     Checking near-jsonrpc-client v0.5.1
[INFO] [stderr]     Checking qlytics-core v0.1.0 (/opt/rustwide/workdir/crates/app-core)
[INFO] [stderr]  Documenting qlytics-core v0.1.0 (/opt/rustwide/workdir/crates/app-core)
[INFO] [stderr]     Checking qlytics-indexer v0.1.0 (/opt/rustwide/workdir/crates/app-indexer)
[INFO] [stderr]     Checking qlytics-send v0.1.0 (/opt/rustwide/workdir/crates/app-send)
[INFO] [stderr]  Documenting qlytics-send v0.1.0 (/opt/rustwide/workdir/crates/app-send)
[INFO] [stderr]  Documenting qlytics-indexer v0.1.0 (/opt/rustwide/workdir/crates/app-indexer)
[INFO] [stdout] error[E0554]: `#![feature]` may not be used on the beta release channel
[INFO] [stdout]  --> crates/app-indexer/src/lib.rs:1:12
[INFO] [stdout]   |
[INFO] [stdout] 1 | #![feature(drain_filter)]
[INFO] [stdout]   |            ^^^^^^^^^^^^
[INFO] [stdout] 
[INFO] [stdout] 
[INFO] [stdout] error[E0635]: unknown feature `drain_filter`
[INFO] [stdout]  --> crates/app-indexer/src/lib.rs:1:12
[INFO] [stdout]   |
[INFO] [stdout] 1 | #![feature(drain_filter)]
[INFO] [stdout]   |            ^^^^^^^^^^^^
[INFO] [stdout] 
[INFO] [stdout] 
[INFO] [stdout] error[E0554]: `#![feature]` may not be used on the beta release channel
[INFO] [stdout]  --> crates/app-indexer/src/lib.rs:1:12
[INFO] [stdout]   |
[INFO] [stdout] 1 | #![feature(drain_filter)]
[INFO] [stdout]   |            ^^^^^^^^^^^^
[INFO] [stdout] 
[INFO] [stdout] 
[INFO] [stdout] error[E0635]: unknown feature `drain_filter`
[INFO] [stdout]  --> crates/app-indexer/src/lib.rs:1:12
[INFO] [stdout]   |
[INFO] [stdout] 1 | #![feature(drain_filter)]
[INFO] [stdout]   |            ^^^^^^^^^^^^
[INFO] [stdout] 
[INFO] [stdout] 
[INFO] [stdout] error: aborting due to 2 previous errors
[INFO] [stdout] 
[INFO] [stdout] 
[INFO] [stdout] Some errors have detailed explanations: E0554, E0635.
[INFO] [stdout] 
[INFO] [stdout] For more information about an error, try `rustc --explain E0554`.
[INFO] [stdout] 
[INFO] [stderr] error: could not document `qlytics-indexer`
[INFO] [stderr] 
[INFO] [stderr] Caused by:
[INFO] [stderr]   process didn't exit successfully: `/opt/rustwide/rustup-home/toolchains/beta-2023-12-22-x86_64-unknown-linux-gnu/bin/rustdoc --edition=2021 --crate-type lib --crate-name qlytics_indexer crates/app-indexer/src/lib.rs -o /opt/rustwide/target/doc --error-format=json --json=diagnostic-rendered-ansi,artifacts,future-incompat --document-private-items -C metadata=215b02cdde2812ba -L dependency=/opt/rustwide/target/debug/deps --extern anyhow=/opt/rustwide/target/debug/deps/libanyhow-ef1ba4d85568b13d.rmeta --extern async_stream=/opt/rustwide/target/debug/deps/libasync_stream-9a952efe43bc9473.rmeta --extern chrono=/opt/rustwide/target/debug/deps/libchrono-e633f43f413dcb6d.rmeta --extern either=/opt/rustwide/target/debug/deps/libeither-7ddc4abcbc7f6682.rmeta --extern futures_core=/opt/rustwide/target/debug/deps/libfutures_core-bc27e94254811b20.rmeta --extern graphql_client=/opt/rustwide/target/debug/deps/libgraphql_client-5401931fc3f54226.rmeta --extern humantime=/opt/rustwide/target/debug/deps/libhumantime-6efabb14d770c104.rmeta --extern itertools=/opt/rustwide/target/debug/deps/libitertools-ef6152a0899271d4.rmeta --extern near_jsonrpc_client=/opt/rustwide/target/debug/deps/libnear_jsonrpc_client-9219d88789714674.rmeta --extern near_lake_framework=/opt/rustwide/target/debug/deps/libnear_lake_framework-90d096f7b88fd5ae.rmeta --extern near_primitives=/opt/rustwide/target/debug/deps/libnear_primitives-4619ee29811f79d5.rmeta --extern parking_lot=/opt/rustwide/target/debug/deps/libparking_lot-6688cda94cbaf317.rmeta --extern qlytics_core=/opt/rustwide/target/debug/deps/libqlytics_core-8e44ee15ceea5451.rmeta --extern qlytics_graphql=/opt/rustwide/target/debug/deps/libqlytics_graphql-0546991e3143a47d.rmeta --extern rayon=/opt/rustwide/target/debug/deps/librayon-e5329ab97122a171.rmeta --extern reqwest=/opt/rustwide/target/debug/deps/libreqwest-cc5d32210bc7e7be.rmeta --extern serde=/opt/rustwide/target/debug/deps/libserde-d98665e6fc536bbb.rmeta --extern thiserror=/opt/rustwide/target/debug/deps/libthiserror-a476b55d0aa5de17.rmeta --extern tokio=/opt/rustwide/target/debug/deps/libtokio-b058ab3054d50cb4.rmeta --cap-lints=warn --crate-version 0.1.0` (exit status: 1)
[INFO] [stderr] warning: build failed, waiting for other jobs to finish...
[INFO] [stdout] error[E0599]: no method named `drain_filter` found for struct `Vec<(CryptoHash, CryptoHash)>` in the current scope
[INFO] [stdout]    --> crates/app-indexer/src/receipt.rs:237:26
[INFO] [stdout]     |
[INFO] [stdout] 237 |         outcome_receipts.drain_filter(|(executed_receipt_id, produced_receipt_id)| {
[INFO] [stdout]     |         -----------------^^^^^^^^^^^^ method not found in `Vec<(CryptoHash, CryptoHash)>`
[INFO] [stdout] 
[INFO] [stdout] 
[INFO] [stdout] error: aborting due to 3 previous errors
[INFO] [stdout] 
[INFO] [stdout] 
[INFO] [stdout] Some errors have detailed explanations: E0554, E0599, E0635.
[INFO] [stdout] 
[INFO] [stdout] For more information about an error, try `rustc --explain E0554`.
[INFO] [stdout] 
[INFO] [stderr] error: could not compile `qlytics-indexer` (lib) due to 4 previous errors
[INFO] running `Command { std: "docker" "inspect" "e7c641a5c4ea10fd0b6c85fb8429fd2598a31c0e2ae9978d59b95434e58bc072", kill_on_drop: false }`
[INFO] running `Command { std: "docker" "rm" "-f" "e7c641a5c4ea10fd0b6c85fb8429fd2598a31c0e2ae9978d59b95434e58bc072", kill_on_drop: false }`
[INFO] [stdout] e7c641a5c4ea10fd0b6c85fb8429fd2598a31c0e2ae9978d59b95434e58bc072
