[INFO] cloning repository https://github.com/PurpleMyst/factoid_bot
[INFO] running `Command { std: "git" "-c" "credential.helper=" "-c" "credential.helper=/workspace/cargo-home/bin/git-credential-null" "clone" "--bare" "https://github.com/PurpleMyst/factoid_bot" "/workspace/cache/git-repos/https%3A%2F%2Fgithub.com%2FPurpleMyst%2Ffactoid_bot", kill_on_drop: false }`
[INFO] [stderr] Cloning into bare repository '/workspace/cache/git-repos/https%3A%2F%2Fgithub.com%2FPurpleMyst%2Ffactoid_bot'...
[INFO] running `Command { std: "git" "rev-parse" "HEAD", kill_on_drop: false }`
[INFO] [stdout] edbbe15f6c186fd8b423095872e95f79d50b3d2b
[INFO] documenting PurpleMyst/factoid_bot against 1.75.0 for beta-1.76-rustdoc-1
[INFO] running `Command { std: "git" "clone" "/workspace/cache/git-repos/https%3A%2F%2Fgithub.com%2FPurpleMyst%2Ffactoid_bot" "/workspace/builds/worker-1-tc1/source", kill_on_drop: false }`
[INFO] [stderr] Cloning into '/workspace/builds/worker-1-tc1/source'...
[INFO] [stderr] done.
[INFO] validating manifest of git repo https://github.com/PurpleMyst/factoid_bot on toolchain 1.75.0
[INFO] running `Command { std: CARGO_HOME="/workspace/cargo-home" RUSTUP_HOME="/workspace/rustup-home" "/workspace/cargo-home/bin/cargo" "+1.75.0" "metadata" "--manifest-path" "Cargo.toml" "--no-deps", kill_on_drop: false }`
[INFO] started tweaking git repo https://github.com/PurpleMyst/factoid_bot
[INFO] finished tweaking git repo https://github.com/PurpleMyst/factoid_bot
[INFO] tweaked toml for git repo https://github.com/PurpleMyst/factoid_bot written to /workspace/builds/worker-1-tc1/source/Cargo.toml
[INFO] crate git repo https://github.com/PurpleMyst/factoid_bot already has a lockfile, it will not be regenerated
[INFO] running `Command { std: CARGO_HOME="/workspace/cargo-home" RUSTUP_HOME="/workspace/rustup-home" "/workspace/cargo-home/bin/cargo" "+1.75.0" "fetch" "--manifest-path" "Cargo.toml", kill_on_drop: false }`
[INFO] [stderr]     Updating crates.io index
[INFO] [stderr]  Downloading crates ...
[INFO] [stderr]   Downloaded backtrace v0.3.6
[INFO] [stderr]   Downloaded quick-error v1.2.1
[INFO] [stderr]   Downloaded synstructure v0.6.1
[INFO] [stderr]   Downloaded bitflags v1.0.2
[INFO] [stderr]   Downloaded env_logger v0.5.9
[INFO] [stderr]   Downloaded bufstream v0.1.3
[INFO] [stderr]   Downloaded serde_derive_internals v0.23.1
[INFO] [stderr]   Downloaded tokio-udp v0.1.0
[INFO] [stderr]   Downloaded failure_derive v0.1.1
[INFO] [stderr]   Downloaded redis v0.8.0
[INFO] [stderr]   Downloaded regex v0.2.10
[INFO] [stderr]   Downloaded regex-syntax v0.5.5
[INFO] [stderr]   Downloaded tokio v0.1.5
[INFO] [stderr]   Downloaded cc v1.0.14
[INFO] [stderr]   Downloaded bytes v0.4.7
[INFO] [stderr]   Downloaded tokio-timer v0.2.1
[INFO] [stderr]   Downloaded serde v1.0.43
[INFO] [stderr]   Downloaded failure v0.1.1
[INFO] [stderr]   Downloaded serde_derive v1.0.43
[INFO] [stderr]   Downloaded tokio-reactor v0.1.1
[INFO] [stderr]   Downloaded tokio-mockstream v1.1.0
[INFO] [stderr]   Downloaded crossbeam-epoch v0.4.1
[INFO] [stderr]   Downloaded openssl-sys v0.9.28
[INFO] [stderr]   Downloaded tokio-threadpool v0.1.2
[INFO] [stderr]   Downloaded syn v0.13.4
[INFO] [stderr]   Downloaded irc v0.13.5
[INFO] [stderr]   Downloaded simple_redis v0.3.41
[INFO] running `Command { std: "docker" "create" "-v" "/var/lib/crater-agent-workspace/builds/worker-1-tc1/target:/opt/rustwide/target:rw,Z" "-v" "/var/lib/crater-agent-workspace/builds/worker-1-tc1/source:/opt/rustwide/workdir:ro,Z" "-v" "/var/lib/crater-agent-workspace/cargo-home:/opt/rustwide/cargo-home:ro,Z" "-v" "/var/lib/crater-agent-workspace/rustup-home:/opt/rustwide/rustup-home:ro,Z" "-e" "SOURCE_DIR=/opt/rustwide/workdir" "-e" "CARGO_TARGET_DIR=/opt/rustwide/target" "-e" "CARGO_HOME=/opt/rustwide/cargo-home" "-e" "RUSTUP_HOME=/opt/rustwide/rustup-home" "-w" "/opt/rustwide/workdir" "-m" "1610612736" "--user" "0:0" "--network" "none" "ghcr.io/rust-lang/crates-build-env/linux@sha256:2788e3201cd34a07e3172128adcd8b3090168a8e3bcc40d7c032b9dda1df7d1c" "/opt/rustwide/cargo-home/bin/cargo" "+1.75.0" "metadata" "--no-deps" "--format-version=1", kill_on_drop: false }`
[INFO] [stdout] e2187187d24786e181576f073c35e8fd9cbfc52424540647bf58cd2ec2812a6f
[INFO] running `Command { std: "docker" "start" "-a" "e2187187d24786e181576f073c35e8fd9cbfc52424540647bf58cd2ec2812a6f", kill_on_drop: false }`
[INFO] running `Command { std: "docker" "inspect" "e2187187d24786e181576f073c35e8fd9cbfc52424540647bf58cd2ec2812a6f", kill_on_drop: false }`
[INFO] running `Command { std: "docker" "rm" "-f" "e2187187d24786e181576f073c35e8fd9cbfc52424540647bf58cd2ec2812a6f", kill_on_drop: false }`
[INFO] [stdout] e2187187d24786e181576f073c35e8fd9cbfc52424540647bf58cd2ec2812a6f
[INFO] running `Command { std: "docker" "create" "-v" "/var/lib/crater-agent-workspace/builds/worker-1-tc1/target:/opt/rustwide/target:rw,Z" "-v" "/var/lib/crater-agent-workspace/builds/worker-1-tc1/source:/opt/rustwide/workdir:ro,Z" "-v" "/var/lib/crater-agent-workspace/cargo-home:/opt/rustwide/cargo-home:ro,Z" "-v" "/var/lib/crater-agent-workspace/rustup-home:/opt/rustwide/rustup-home:ro,Z" "-e" "SOURCE_DIR=/opt/rustwide/workdir" "-e" "CARGO_TARGET_DIR=/opt/rustwide/target" "-e" "CARGO_INCREMENTAL=0" "-e" "RUST_BACKTRACE=full" "-e" "RUSTFLAGS=--cap-lints=warn" "-e" "RUSTDOCFLAGS=--cap-lints=warn" "-e" "CARGO_HOME=/opt/rustwide/cargo-home" "-e" "RUSTUP_HOME=/opt/rustwide/rustup-home" "-w" "/opt/rustwide/workdir" "-m" "1610612736" "--user" "0:0" "--network" "none" "ghcr.io/rust-lang/crates-build-env/linux@sha256:2788e3201cd34a07e3172128adcd8b3090168a8e3bcc40d7c032b9dda1df7d1c" "/opt/rustwide/cargo-home/bin/cargo" "+1.75.0" "doc" "--frozen" "--no-deps" "--document-private-items" "--message-format=json", kill_on_drop: false }`
[INFO] [stdout] f3a12e20e0338fca8bf7d35c41a74605526f22132265623e20541058ea36b75f
[INFO] running `Command { std: "docker" "start" "-a" "f3a12e20e0338fca8bf7d35c41a74605526f22132265623e20541058ea36b75f", kill_on_drop: false }`
[INFO] [stderr]     Checking libc v0.2.40
[INFO] [stderr]     Checking cfg-if v0.1.2
[INFO] [stderr]     Checking futures v0.1.21
[INFO] [stderr]    Compiling cc v1.0.14
[INFO] [stderr]     Checking lazy_static v1.0.0
[INFO] [stderr]     Checking byteorder v1.2.2
[INFO] [stderr]     Checking slab v0.4.0
[INFO] [stderr]    Compiling pkg-config v0.3.11
[INFO] [stderr]     Checking nodrop v0.1.12
[INFO] [stderr]     Checking lazycell v0.6.0
[INFO] [stderr]     Checking memoffset v0.2.1
[INFO] [stderr]     Checking encoding_index_tests v0.1.4
[INFO] [stderr]     Checking scopeguard v0.3.3
[INFO] [stderr]    Compiling unicode-xid v0.0.4
[INFO] [stderr]    Compiling unicode-xid v0.1.0
[INFO] [stderr]     Checking matches v0.1.6
[INFO] [stderr]     Checking log v0.4.1
[INFO] [stderr]     Checking crossbeam-utils v0.3.2
[INFO] [stderr]     Checking crossbeam-utils v0.2.2
[INFO] [stderr]     Checking arrayvec v0.4.7
[INFO] [stderr]    Compiling quote v0.3.15
[INFO] [stderr]    Compiling openssl v0.9.24
[INFO] [stderr]     Checking unicode-bidi v0.3.4
[INFO] [stderr]    Compiling synom v0.11.3
[INFO] [stderr]    Compiling proc-macro2 v0.3.8
[INFO] [stderr]     Checking bitflags v0.9.1
[INFO] [stderr]     Checking void v1.0.2
[INFO] [stderr]     Checking unicode-normalization v0.1.5
[INFO] [stderr]     Checking unreachable v1.0.0
[INFO] [stderr]     Checking rustc-demangle v0.1.7
[INFO] [stderr]    Compiling regex v0.2.10
[INFO] [stderr]     Checking ucd-util v0.1.1
[INFO] [stderr]     Checking scoped-tls v0.1.1
[INFO] [stderr]    Compiling syn v0.11.11
[INFO] [stderr]     Checking lazy_static v0.2.11
[INFO] [stderr]     Checking num-traits v0.2.2
[INFO] [stderr]     Checking percent-encoding v1.0.1
[INFO] [stderr]    Compiling redis v0.8.0
[INFO] [stderr]     Checking regex-syntax v0.5.5
[INFO] [stderr]     Checking crossbeam-epoch v0.4.1
[INFO] [stderr]     Checking thread_local v0.3.5
[INFO] [stderr]     Checking encoding-index-singlebyte v1.20141219.5
[INFO] [stderr]     Checking encoding-index-japanese v1.20141219.5
[INFO] [stderr]     Checking encoding-index-korean v1.20141219.5
[INFO] [stderr]     Checking iovec v0.1.2
[INFO] [stderr]     Checking net2 v0.2.32
[INFO] [stderr]     Checking crossbeam-deque v0.3.0
[INFO] [stderr]     Checking bytes v0.4.7
[INFO] [stderr]     Checking num_cpus v1.8.0
[INFO] [stderr]     Checking rand v0.4.2
[INFO] [stderr]    Compiling quote v0.5.2
[INFO] [stderr]     Checking idna v0.1.4
[INFO] [stderr]     Checking memchr v2.0.1
[INFO] [stderr]     Checking time v0.1.39
[INFO] [stderr]     Checking encoding-index-tradchinese v1.20141219.5
[INFO] [stderr]     Checking mio v0.6.14
[INFO] [stderr]     Checking encoding-index-simpchinese v1.20141219.5
[INFO] [stderr]     Checking slab v0.3.0
[INFO] [stderr]    Compiling syn v0.13.4
[INFO] [stderr]     Checking aho-corasick v0.6.4
[INFO] [stderr]     Checking num-integer v0.1.36
[INFO] [stderr]     Checking quick-error v1.2.1
[INFO] [stderr]     Checking utf8-ranges v1.0.0
[INFO] [stderr]     Checking serde v1.0.43
[INFO] [stderr]     Checking sha1 v0.2.0
[INFO] [stderr]     Checking humantime v1.1.1
[INFO] [stderr]     Checking atty v0.2.10
[INFO] [stderr]     Checking log v0.3.9
[INFO] [stderr]     Checking encoding v0.2.33
[INFO] [stderr]     Checking termcolor v0.3.6
[INFO] [stderr]     Checking chrono v0.4.2
[INFO] [stderr]     Checking bufstream v0.1.3
[INFO] [stderr]    Compiling openssl-sys v0.9.28
[INFO] [stderr]    Compiling backtrace-sys v0.1.16
[INFO] [stderr]    Compiling synstructure v0.6.1
[INFO] [stderr]     Checking tokio-executor v0.1.2
[INFO] [stderr]     Checking tokio-io v0.1.6
[INFO] [stderr]     Checking tokio-timer v0.1.2
[INFO] [stderr]     Checking url v1.7.0
[INFO] [stderr]     Checking tokio-timer v0.2.1
[INFO] [stderr]     Checking tokio-threadpool v0.1.2
[INFO] [stderr]     Checking tokio-reactor v0.1.1
[INFO] [stderr]     Checking tokio-mockstream v1.1.0
[INFO] [stderr]    Compiling failure_derive v0.1.1
[INFO] [stderr]     Checking tokio-udp v0.1.0
[INFO] [stderr]     Checking tokio-tcp v0.1.0
[INFO] [stdout] error[E0713]: borrow may still be in use when destructor runs
[INFO] [stdout]    --> /opt/rustwide/cargo-home/registry/src/index.crates.io-6f17d22bba15001f/url-1.7.0/src/form_urlencoded.rs:261:40
[INFO] [stdout]     |
[INFO] [stdout] 259 | impl<'a> Target for ::UrlQuery<'a> {
[INFO] [stdout]     |      -- lifetime `'a` defined here
[INFO] [stdout] 260 |     fn as_mut_string(&mut self) -> &mut String { &mut self.url.serialization }
[INFO] [stdout] 261 |     fn finish(self) -> &'a mut ::Url { self.url }
[INFO] [stdout]     |                                        ^^^^^^^^ - here, drop of `self` needs exclusive access to `*self.url`, because the type `UrlQuery<'_>` implements the `Drop` trait
[INFO] [stdout]     |                                        |
[INFO] [stdout]     |                                        returning this value requires that `*self.url` is borrowed for `'a`
[INFO] [stdout] 
[INFO] [stdout] 
[INFO] [stderr] error: failed to run custom build command for `openssl-sys v0.9.28`
[INFO] [stderr] note: To improve backtraces for build dependencies, set the CARGO_PROFILE_DEV_BUILD_OVERRIDE_DEBUG=true environment variable to enable debug information generation.
[INFO] [stderr] 
[INFO] [stderr] Caused by:
[INFO] [stderr]   process didn't exit successfully: `/opt/rustwide/target/debug/build/openssl-sys-4010ebbf9d8e1cca/build-script-build` (exit status: 101)
[INFO] [stderr]   --- stdout
[INFO] [stderr]   cargo:rerun-if-env-changed=X86_64_UNKNOWN_LINUX_GNU_OPENSSL_LIB_DIR
[INFO] [stderr]   cargo:rerun-if-env-changed=OPENSSL_LIB_DIR
[INFO] [stderr]   cargo:rerun-if-env-changed=X86_64_UNKNOWN_LINUX_GNU_OPENSSL_INCLUDE_DIR
[INFO] [stderr]   cargo:rerun-if-env-changed=OPENSSL_INCLUDE_DIR
[INFO] [stderr]   cargo:rerun-if-env-changed=X86_64_UNKNOWN_LINUX_GNU_OPENSSL_DIR
[INFO] [stderr]   cargo:rerun-if-env-changed=OPENSSL_DIR
[INFO] [stderr]   cargo:rustc-link-lib=ssl
[INFO] [stderr]   cargo:rustc-link-lib=crypto
[INFO] [stderr]   OPT_LEVEL = Some("0")
[INFO] [stderr]   TARGET = Some("x86_64-unknown-linux-gnu")
[INFO] [stderr]   HOST = Some("x86_64-unknown-linux-gnu")
[INFO] [stderr]   TARGET = Some("x86_64-unknown-linux-gnu")
[INFO] [stderr]   TARGET = Some("x86_64-unknown-linux-gnu")
[INFO] [stderr]   HOST = Some("x86_64-unknown-linux-gnu")
[INFO] [stderr]   CC_x86_64-unknown-linux-gnu = None
[INFO] [stderr]   CC_x86_64_unknown_linux_gnu = None
[INFO] [stderr]   HOST_CC = None
[INFO] [stderr]   CC = None
[INFO] [stderr]   HOST = Some("x86_64-unknown-linux-gnu")
[INFO] [stderr]   TARGET = Some("x86_64-unknown-linux-gnu")
[INFO] [stderr]   HOST = Some("x86_64-unknown-linux-gnu")
[INFO] [stderr]   CFLAGS_x86_64-unknown-linux-gnu = None
[INFO] [stderr]   CFLAGS_x86_64_unknown_linux_gnu = None
[INFO] [stderr]   HOST_CFLAGS = None
[INFO] [stderr]   CFLAGS = None
[INFO] [stderr]   DEBUG = Some("true")
[INFO] [stderr]   running: "cc" "-O0" "-ffunction-sections" "-fdata-sections" "-fPIC" "-g" "-m64" "-Wall" "-Wextra" "-E" "/opt/rustwide/target/debug/build/openssl-sys-722d0ff78ed418c9/out/expando.c"
[INFO] [stderr]   exit status: 0
[INFO] [stderr]   cargo:rustc-cfg=osslconf="OPENSSL_NO_SSL3_METHOD"
[INFO] [stderr]   cargo:conf=OPENSSL_NO_SSL3_METHOD
[INFO] [stderr] 
[INFO] [stderr]   --- stderr
[INFO] [stderr]   thread 'main' panicked at /opt/rustwide/cargo-home/registry/src/index.crates.io-6f17d22bba15001f/openssl-sys-0.9.28/build.rs:509:9:
[INFO] [stderr] 
[INFO] [stderr] 
[INFO] [stderr]   This crate is only compatible with OpenSSL 1.0.1 through 1.1.1, or LibreSSL 2.5
[INFO] [stderr]   through 2.7, but a different version of OpenSSL was found. The build is now aborting
[INFO] [stderr]   due to this version mismatch.
[INFO] [stderr] 
[INFO] [stderr] 
[INFO] [stderr]   stack backtrace:
[INFO] [stderr]      0:     0x55d108c01adc - std::backtrace_rs::backtrace::libunwind::trace::ha637c64ce894333a
[INFO] [stderr]                                  at /rustc/82e1608dfa6e0b5569232559e3d385fea5a93112/library/std/src/../../backtrace/src/backtrace/libunwind.rs:104:5
[INFO] [stderr]      1:     0x55d108c01adc - std::backtrace_rs::backtrace::trace_unsynchronized::h47f62dea28e0c88d
[INFO] [stderr]                                  at /rustc/82e1608dfa6e0b5569232559e3d385fea5a93112/library/std/src/../../backtrace/src/backtrace/mod.rs:66:5
[INFO] [stderr]      2:     0x55d108c01adc - std::sys_common::backtrace::_print_fmt::h9eef0abe20ede486
[INFO] [stderr]                                  at /rustc/82e1608dfa6e0b5569232559e3d385fea5a93112/library/std/src/sys_common/backtrace.rs:67:5
[INFO] [stderr]      3:     0x55d108c01adc - <std::sys_common::backtrace::_print::DisplayBacktrace as core::fmt::Display>::fmt::hed7f999df88cc644
[INFO] [stderr]                                  at /rustc/82e1608dfa6e0b5569232559e3d385fea5a93112/library/std/src/sys_common/backtrace.rs:44:22
[INFO] [stderr]      4:     0x55d108c27c10 - core::fmt::rt::Argument::fmt::h1539a9308b8d058d
[INFO] [stderr]                                  at /rustc/82e1608dfa6e0b5569232559e3d385fea5a93112/library/core/src/fmt/rt.rs:142:9
[INFO] [stderr]      5:     0x55d108c27c10 - core::fmt::write::h3a39390d8560d9c9
[INFO] [stderr]                                  at /rustc/82e1608dfa6e0b5569232559e3d385fea5a93112/library/core/src/fmt/mod.rs:1120:17
[INFO] [stderr]      6:     0x55d108bff41f - std::io::Write::write_fmt::h5fc9997dfe05f882
[INFO] [stderr]                                  at /rustc/82e1608dfa6e0b5569232559e3d385fea5a93112/library/std/src/io/mod.rs:1762:15
[INFO] [stderr]      7:     0x55d108c018c4 - std::sys_common::backtrace::_print::h894006fb5c6f3d45
[INFO] [stderr]                                  at /rustc/82e1608dfa6e0b5569232559e3d385fea5a93112/library/std/src/sys_common/backtrace.rs:47:5
[INFO] [stderr]      8:     0x55d108c018c4 - std::sys_common::backtrace::print::h23a2d212c6fff936
[INFO] [stderr]                                  at /rustc/82e1608dfa6e0b5569232559e3d385fea5a93112/library/std/src/sys_common/backtrace.rs:34:9
[INFO] [stderr]      9:     0x55d108c030d7 - std::panicking::default_hook::{{closure}}::h8a1d2ee00185001a
[INFO] [stderr]     10:     0x55d108c02e3f - std::panicking::default_hook::h6038f2eba384e475
[INFO] [stderr]                                  at /rustc/82e1608dfa6e0b5569232559e3d385fea5a93112/library/std/src/panicking.rs:292:9
[INFO] [stderr]     11:     0x55d108c03558 - std::panicking::rust_panic_with_hook::h2b5517d590cab22e
[INFO] [stderr]                                  at /rustc/82e1608dfa6e0b5569232559e3d385fea5a93112/library/std/src/panicking.rs:779:13
[INFO] [stderr]     12:     0x55d108bd091e - std::panicking::begin_panic::{{closure}}::hedd5fe8b1f54ca31
[INFO] [stderr]     13:     0x55d108bde60a - std::sys_common::backtrace::__rust_end_short_backtrace::h1839749ece680c00
[INFO] [stderr]     14:     0x55d108bd089b - std::panicking::begin_panic::h4628406aa7d479b9
[INFO] [stderr]     15:     0x55d108b926ea - build_script_build::validate_headers::he4601f0a74f18780
[INFO] [stderr]     16:     0x55d108b915df - build_script_build::try_pkg_config::h44b0c57b2463de8f
[INFO] [stderr]     17:     0x55d108b90734 - build_script_build::find_openssl_dir::h366e1aa684eb85ba
[INFO] [stderr]     18:     0x55d108b905a8 - build_script_build::main::{{closure}}::he7d923700f2074df
[INFO] [stderr]     19:     0x55d108b89169 - core::option::Option<T>::unwrap_or_else::h084c8790ab25f7e6
[INFO] [stderr]     20:     0x55d108b8f5f1 - build_script_build::main::h6788a0e0926aa416
[INFO] [stderr]     21:     0x55d108b87e13 - core::ops::function::FnOnce::call_once::h99e81533038542cf
[INFO] [stderr]     22:     0x55d108b8cf46 - std::sys_common::backtrace::__rust_begin_short_backtrace::h031d3f20b96ccb7e
[INFO] [stderr]     23:     0x55d108b878a9 - std::rt::lang_start::{{closure}}::hc5b181f50f1df774
[INFO] [stderr]     24:     0x55d108bfb967 - core::ops::function::impls::<impl core::ops::function::FnOnce<A> for &F>::call_once::hd95060ecd5e1ca24
[INFO] [stderr]                                  at /rustc/82e1608dfa6e0b5569232559e3d385fea5a93112/library/core/src/ops/function.rs:284:13
[INFO] [stderr]     25:     0x55d108bfb967 - std::panicking::try::do_call::h6e8cf51db32a6e4b
[INFO] [stderr]                                  at /rustc/82e1608dfa6e0b5569232559e3d385fea5a93112/library/std/src/panicking.rs:552:40
[INFO] [stderr]     26:     0x55d108bfb967 - std::panicking::try::h3a52eefe24fe3c29
[INFO] [stderr]                                  at /rustc/82e1608dfa6e0b5569232559e3d385fea5a93112/library/std/src/panicking.rs:516:19
[INFO] [stderr]     27:     0x55d108bfb967 - std::panic::catch_unwind::h24c28c23c02c3841
[INFO] [stderr]                                  at /rustc/82e1608dfa6e0b5569232559e3d385fea5a93112/library/std/src/panic.rs:142:14
[INFO] [stderr]     28:     0x55d108bfb967 - std::rt::lang_start_internal::{{closure}}::h705d3c9cbc06ef47
[INFO] [stderr]                                  at /rustc/82e1608dfa6e0b5569232559e3d385fea5a93112/library/std/src/rt.rs:148:48
[INFO] [stderr]     29:     0x55d108bfb967 - std::panicking::try::do_call::ha21f52ba13158470
[INFO] [stderr]                                  at /rustc/82e1608dfa6e0b5569232559e3d385fea5a93112/library/std/src/panicking.rs:552:40
[INFO] [stderr]     30:     0x55d108bfb967 - std::panicking::try::h5581346bf6aeb1f8
[INFO] [stderr]                                  at /rustc/82e1608dfa6e0b5569232559e3d385fea5a93112/library/std/src/panicking.rs:516:19
[INFO] [stderr]     31:     0x55d108bfb967 - std::panic::catch_unwind::h7919645a6b72e25b
[INFO] [stderr]                                  at /rustc/82e1608dfa6e0b5569232559e3d385fea5a93112/library/std/src/panic.rs:142:14
[INFO] [stderr]     32:     0x55d108bfb967 - std::rt::lang_start_internal::h12de51168669836e
[INFO] [stderr]                                  at /rustc/82e1608dfa6e0b5569232559e3d385fea5a93112/library/std/src/rt.rs:148:20
[INFO] [stderr]     33:     0x55d108b87887 - std::rt::lang_start::hd67c30a094cc495d
[INFO] [stderr]     34:     0x55d108b941e5 - main
[INFO] [stderr]     35:     0x7fb5597ddd90 - <unknown>
[INFO] [stderr]     36:     0x7fb5597dde40 - __libc_start_main
[INFO] [stderr]     37:     0x55d108b86e95 - _start
[INFO] [stderr]     38:                0x0 - <unknown>
[INFO] [stderr] warning: build failed, waiting for other jobs to finish...
[INFO] [stdout] error: aborting due to previous error
[INFO] [stdout] 
[INFO] [stdout] 
[INFO] [stdout] For more information about this error, try `rustc --explain E0713`.
[INFO] [stdout] 
[INFO] [stderr] error: could not compile `url` (lib) due to 2 previous errors
[INFO] running `Command { std: "docker" "inspect" "f3a12e20e0338fca8bf7d35c41a74605526f22132265623e20541058ea36b75f", kill_on_drop: false }`
[INFO] running `Command { std: "docker" "rm" "-f" "f3a12e20e0338fca8bf7d35c41a74605526f22132265623e20541058ea36b75f", kill_on_drop: false }`
[INFO] [stdout] f3a12e20e0338fca8bf7d35c41a74605526f22132265623e20541058ea36b75f
[INFO] documenting PurpleMyst/factoid_bot against beta-2023-12-22 for beta-1.76-rustdoc-1
[INFO] running `Command { std: "git" "clone" "/workspace/cache/git-repos/https%3A%2F%2Fgithub.com%2FPurpleMyst%2Ffactoid_bot" "/workspace/builds/worker-1-tc2/source", kill_on_drop: false }`
[INFO] [stderr] Cloning into '/workspace/builds/worker-1-tc2/source'...
[INFO] [stderr] done.
[INFO] validating manifest of git repo https://github.com/PurpleMyst/factoid_bot on toolchain beta-2023-12-22
[INFO] running `Command { std: CARGO_HOME="/workspace/cargo-home" RUSTUP_HOME="/workspace/rustup-home" "/workspace/cargo-home/bin/cargo" "+beta-2023-12-22" "metadata" "--manifest-path" "Cargo.toml" "--no-deps", kill_on_drop: false }`
[INFO] started tweaking git repo https://github.com/PurpleMyst/factoid_bot
[INFO] finished tweaking git repo https://github.com/PurpleMyst/factoid_bot
[INFO] tweaked toml for git repo https://github.com/PurpleMyst/factoid_bot written to /workspace/builds/worker-1-tc2/source/Cargo.toml
[INFO] crate git repo https://github.com/PurpleMyst/factoid_bot already has a lockfile, it will not be regenerated
[INFO] running `Command { std: CARGO_HOME="/workspace/cargo-home" RUSTUP_HOME="/workspace/rustup-home" "/workspace/cargo-home/bin/cargo" "+beta-2023-12-22" "fetch" "--manifest-path" "Cargo.toml", kill_on_drop: false }`
[INFO] running `Command { std: "docker" "create" "-v" "/var/lib/crater-agent-workspace/builds/worker-1-tc2/target:/opt/rustwide/target:rw,Z" "-v" "/var/lib/crater-agent-workspace/builds/worker-1-tc2/source:/opt/rustwide/workdir:ro,Z" "-v" "/var/lib/crater-agent-workspace/cargo-home:/opt/rustwide/cargo-home:ro,Z" "-v" "/var/lib/crater-agent-workspace/rustup-home:/opt/rustwide/rustup-home:ro,Z" "-e" "SOURCE_DIR=/opt/rustwide/workdir" "-e" "CARGO_TARGET_DIR=/opt/rustwide/target" "-e" "CARGO_HOME=/opt/rustwide/cargo-home" "-e" "RUSTUP_HOME=/opt/rustwide/rustup-home" "-w" "/opt/rustwide/workdir" "-m" "1610612736" "--user" "0:0" "--network" "none" "ghcr.io/rust-lang/crates-build-env/linux@sha256:2788e3201cd34a07e3172128adcd8b3090168a8e3bcc40d7c032b9dda1df7d1c" "/opt/rustwide/cargo-home/bin/cargo" "+beta-2023-12-22" "metadata" "--no-deps" "--format-version=1", kill_on_drop: false }`
[INFO] [stdout] 5ad1261b34b92333f82712acd768d1ab201dc1d1f100ada38ed495d87df49685
[INFO] running `Command { std: "docker" "start" "-a" "5ad1261b34b92333f82712acd768d1ab201dc1d1f100ada38ed495d87df49685", kill_on_drop: false }`
[INFO] running `Command { std: "docker" "inspect" "5ad1261b34b92333f82712acd768d1ab201dc1d1f100ada38ed495d87df49685", kill_on_drop: false }`
[INFO] running `Command { std: "docker" "rm" "-f" "5ad1261b34b92333f82712acd768d1ab201dc1d1f100ada38ed495d87df49685", kill_on_drop: false }`
[INFO] [stdout] 5ad1261b34b92333f82712acd768d1ab201dc1d1f100ada38ed495d87df49685
[INFO] running `Command { std: "docker" "create" "-v" "/var/lib/crater-agent-workspace/builds/worker-1-tc2/target:/opt/rustwide/target:rw,Z" "-v" "/var/lib/crater-agent-workspace/builds/worker-1-tc2/source:/opt/rustwide/workdir:ro,Z" "-v" "/var/lib/crater-agent-workspace/cargo-home:/opt/rustwide/cargo-home:ro,Z" "-v" "/var/lib/crater-agent-workspace/rustup-home:/opt/rustwide/rustup-home:ro,Z" "-e" "SOURCE_DIR=/opt/rustwide/workdir" "-e" "CARGO_TARGET_DIR=/opt/rustwide/target" "-e" "CARGO_INCREMENTAL=0" "-e" "RUST_BACKTRACE=full" "-e" "RUSTFLAGS=--cap-lints=warn" "-e" "RUSTDOCFLAGS=--cap-lints=warn" "-e" "CARGO_HOME=/opt/rustwide/cargo-home" "-e" "RUSTUP_HOME=/opt/rustwide/rustup-home" "-w" "/opt/rustwide/workdir" "-m" "1610612736" "--user" "0:0" "--network" "none" "ghcr.io/rust-lang/crates-build-env/linux@sha256:2788e3201cd34a07e3172128adcd8b3090168a8e3bcc40d7c032b9dda1df7d1c" "/opt/rustwide/cargo-home/bin/cargo" "+beta-2023-12-22" "doc" "--frozen" "--no-deps" "--document-private-items" "--message-format=json", kill_on_drop: false }`
[INFO] [stdout] 18b5f9a88af3a7a042915cf000f600e069bc96dda70806cff3481ad416c0a166
[INFO] running `Command { std: "docker" "start" "-a" "18b5f9a88af3a7a042915cf000f600e069bc96dda70806cff3481ad416c0a166", kill_on_drop: false }`
[INFO] [stderr]     Checking libc v0.2.40
[INFO] [stderr]     Checking cfg-if v0.1.2
[INFO] [stderr]    Compiling cc v1.0.14
[INFO] [stderr]     Checking futures v0.1.21
[INFO] [stderr]     Checking lazy_static v1.0.0
[INFO] [stderr]     Checking byteorder v1.2.2
[INFO] [stderr]     Checking nodrop v0.1.12
[INFO] [stderr]     Checking lazycell v0.6.0
[INFO] [stderr]     Checking slab v0.4.0
[INFO] [stderr]    Compiling pkg-config v0.3.11
[INFO] [stderr]     Checking memoffset v0.2.1
[INFO] [stderr]     Checking encoding_index_tests v0.1.4
[INFO] [stderr]     Checking scopeguard v0.3.3
[INFO] [stderr]    Compiling unicode-xid v0.1.0
[INFO] [stderr]    Compiling unicode-xid v0.0.4
[INFO] [stderr]     Checking matches v0.1.6
[INFO] [stderr]     Checking log v0.4.1
[INFO] [stderr]     Checking crossbeam-utils v0.3.2
[INFO] [stderr]     Checking crossbeam-utils v0.2.2
[INFO] [stderr]    Compiling quote v0.3.15
[INFO] [stderr]    Compiling proc-macro2 v0.3.8
[INFO] [stderr]     Checking arrayvec v0.4.7
[INFO] [stderr]    Compiling synom v0.11.3
[INFO] [stderr]    Compiling openssl v0.9.24
[INFO] [stderr]     Checking unicode-bidi v0.3.4
[INFO] [stderr]     Checking unicode-normalization v0.1.5
[INFO] [stderr]     Checking void v1.0.2
[INFO] [stderr]     Checking bitflags v0.9.1
[INFO] [stderr]     Checking percent-encoding v1.0.1
[INFO] [stderr]     Checking scoped-tls v0.1.1
[INFO] [stderr]     Checking num-traits v0.2.2
[INFO] [stderr]    Compiling regex v0.2.10
[INFO] [stderr]    Compiling syn v0.11.11
[INFO] [stderr]     Checking unreachable v1.0.0
[INFO] [stderr]     Checking lazy_static v0.2.11
[INFO] [stderr]    Compiling redis v0.8.0
[INFO] [stderr]     Checking ucd-util v0.1.1
[INFO] [stderr]     Checking crossbeam-epoch v0.4.1
[INFO] [stderr]     Checking rustc-demangle v0.1.7
[INFO] [stderr]     Checking encoding-index-japanese v1.20141219.5
[INFO] [stderr]     Checking iovec v0.1.2
[INFO] [stderr]     Checking net2 v0.2.32
[INFO] [stderr]     Checking rand v0.4.2
[INFO] [stderr]     Checking num_cpus v1.8.0
[INFO] [stderr]     Checking bytes v0.4.7
[INFO] [stderr]    Compiling quote v0.5.2
[INFO] [stderr]     Checking memchr v2.0.1
[INFO] [stderr]     Checking crossbeam-deque v0.3.0
[INFO] [stderr]     Checking idna v0.1.4
[INFO] [stderr]     Checking mio v0.6.14
[INFO] [stderr]    Compiling syn v0.13.4
[INFO] [stderr]     Checking aho-corasick v0.6.4
[INFO] [stderr]     Checking regex-syntax v0.5.5
[INFO] [stderr]     Checking time v0.1.39
[INFO] [stderr]     Checking thread_local v0.3.5
[INFO] [stderr]     Checking encoding-index-korean v1.20141219.5
[INFO] [stderr]     Checking encoding-index-simpchinese v1.20141219.5
[INFO] [stderr]     Checking num-integer v0.1.36
[INFO] [stderr]     Checking encoding-index-tradchinese v1.20141219.5
[INFO] [stderr]     Checking encoding-index-singlebyte v1.20141219.5
[INFO] [stderr]     Checking sha1 v0.2.0
[INFO] [stderr]     Checking slab v0.3.0
[INFO] [stderr]     Checking utf8-ranges v1.0.0
[INFO] [stderr]     Checking serde v1.0.43
[INFO] [stderr]     Checking quick-error v1.2.1
[INFO] [stderr]     Checking chrono v0.4.2
[INFO] [stderr]     Checking atty v0.2.10
[INFO] [stderr]     Checking log v0.3.9
[INFO] [stderr]     Checking tokio-executor v0.1.2
[INFO] [stderr]     Checking tokio-io v0.1.6
[INFO] [stderr]     Checking humantime v1.1.1
[INFO] [stderr]     Checking tokio-timer v0.1.2
[INFO] [stderr]    Compiling synstructure v0.6.1
[INFO] [stderr]     Checking encoding v0.2.33
[INFO] [stderr]     Checking termcolor v0.3.6
[INFO] [stderr]     Checking bufstream v0.1.3
[INFO] [stderr]    Compiling openssl-sys v0.9.28
[INFO] [stderr]    Compiling backtrace-sys v0.1.16
[INFO] [stderr]     Checking tokio-timer v0.2.1
[INFO] [stderr]     Checking tokio-threadpool v0.1.2
[INFO] [stderr]     Checking tokio-reactor v0.1.1
[INFO] [stderr]     Checking url v1.7.0
[INFO] [stderr]     Checking tokio-mockstream v1.1.0
[INFO] [stderr]     Checking tokio-tcp v0.1.0
[INFO] [stderr]     Checking tokio-udp v0.1.0
[INFO] [stderr]    Compiling failure_derive v0.1.1
[INFO] [stderr]     Checking tokio v0.1.5
[INFO] [stdout] error[E0713]: borrow may still be in use when destructor runs
[INFO] [stdout]    --> /opt/rustwide/cargo-home/registry/src/index.crates.io-6f17d22bba15001f/url-1.7.0/src/form_urlencoded.rs:261:40
[INFO] [stdout]     |
[INFO] [stdout] 259 | impl<'a> Target for ::UrlQuery<'a> {
[INFO] [stdout]     |      -- lifetime `'a` defined here
[INFO] [stdout] 260 |     fn as_mut_string(&mut self) -> &mut String { &mut self.url.serialization }
[INFO] [stdout] 261 |     fn finish(self) -> &'a mut ::Url { self.url }
[INFO] [stdout]     |                                        ^^^^^^^^ - here, drop of `self` needs exclusive access to `*self.url`, because the type `UrlQuery<'_>` implements the `Drop` trait
[INFO] [stdout]     |                                        |
[INFO] [stdout]     |                                        returning this value requires that `*self.url` is borrowed for `'a`
[INFO] [stdout] 
[INFO] [stdout] 
[INFO] [stdout] error: aborting due to 1 previous error
[INFO] [stdout] 
[INFO] [stdout] 
[INFO] [stdout] For more information about this error, try `rustc --explain E0713`.
[INFO] [stdout] 
[INFO] [stderr] error: could not compile `url` (lib) due to 2 previous errors
[INFO] [stderr] warning: build failed, waiting for other jobs to finish...
[INFO] running `Command { std: "docker" "inspect" "18b5f9a88af3a7a042915cf000f600e069bc96dda70806cff3481ad416c0a166", kill_on_drop: false }`
[INFO] running `Command { std: "docker" "rm" "-f" "18b5f9a88af3a7a042915cf000f600e069bc96dda70806cff3481ad416c0a166", kill_on_drop: false }`
[INFO] [stdout] 18b5f9a88af3a7a042915cf000f600e069bc96dda70806cff3481ad416c0a166
