[INFO] cloning repository https://github.com/PurpleMyst/aoc2020
[INFO] running `Command { std: "git" "-c" "credential.helper=" "-c" "credential.helper=/workspace/cargo-home/bin/git-credential-null" "clone" "--bare" "https://github.com/PurpleMyst/aoc2020" "/workspace/cache/git-repos/https%3A%2F%2Fgithub.com%2FPurpleMyst%2Faoc2020", kill_on_drop: false }`
[INFO] [stderr] Cloning into bare repository '/workspace/cache/git-repos/https%3A%2F%2Fgithub.com%2FPurpleMyst%2Faoc2020'...
[INFO] running `Command { std: "git" "rev-parse" "HEAD", kill_on_drop: false }`
[INFO] [stdout] 9beeefd42581d33c264c3d7e30b5a135cdc06b28
[INFO] documenting PurpleMyst/aoc2020 against 1.75.0 for beta-1.76-rustdoc-1
[INFO] running `Command { std: "git" "clone" "/workspace/cache/git-repos/https%3A%2F%2Fgithub.com%2FPurpleMyst%2Faoc2020" "/workspace/builds/worker-3-tc1/source", kill_on_drop: false }`
[INFO] [stderr] Cloning into '/workspace/builds/worker-3-tc1/source'...
[INFO] [stderr] done.
[INFO] validating manifest of git repo https://github.com/PurpleMyst/aoc2020 on toolchain 1.75.0
[INFO] running `Command { std: CARGO_HOME="/workspace/cargo-home" RUSTUP_HOME="/workspace/rustup-home" "/workspace/cargo-home/bin/cargo" "+1.75.0" "metadata" "--manifest-path" "Cargo.toml" "--no-deps", kill_on_drop: false }`
[INFO] started tweaking git repo https://github.com/PurpleMyst/aoc2020
[INFO] finished tweaking git repo https://github.com/PurpleMyst/aoc2020
[INFO] tweaked toml for git repo https://github.com/PurpleMyst/aoc2020 written to /workspace/builds/worker-3-tc1/source/Cargo.toml
[INFO] crate git repo https://github.com/PurpleMyst/aoc2020 already has a lockfile, it will not be regenerated
[INFO] running `Command { std: CARGO_HOME="/workspace/cargo-home" RUSTUP_HOME="/workspace/rustup-home" "/workspace/cargo-home/bin/cargo" "+1.75.0" "fetch" "--manifest-path" "Cargo.toml", kill_on_drop: false }`
[INFO] [stderr]     Updating crates.io index
[INFO] [stderr]  Downloading crates ...
[INFO] [stderr]   Downloaded funty v1.0.1
[INFO] [stderr]   Downloaded array_iterator v1.2.0
[INFO] [stderr]   Downloaded ring-algorithm v0.2.2
[INFO] [stderr]   Downloaded static_assert_macro v1.1.0
[INFO] running `Command { std: "docker" "create" "-v" "/var/lib/crater-agent-workspace/builds/worker-3-tc1/target:/opt/rustwide/target:rw,Z" "-v" "/var/lib/crater-agent-workspace/builds/worker-3-tc1/source:/opt/rustwide/workdir:ro,Z" "-v" "/var/lib/crater-agent-workspace/cargo-home:/opt/rustwide/cargo-home:ro,Z" "-v" "/var/lib/crater-agent-workspace/rustup-home:/opt/rustwide/rustup-home:ro,Z" "-e" "SOURCE_DIR=/opt/rustwide/workdir" "-e" "CARGO_TARGET_DIR=/opt/rustwide/target" "-e" "CARGO_HOME=/opt/rustwide/cargo-home" "-e" "RUSTUP_HOME=/opt/rustwide/rustup-home" "-w" "/opt/rustwide/workdir" "-m" "1610612736" "--user" "0:0" "--network" "none" "ghcr.io/rust-lang/crates-build-env/linux@sha256:2788e3201cd34a07e3172128adcd8b3090168a8e3bcc40d7c032b9dda1df7d1c" "/opt/rustwide/cargo-home/bin/cargo" "+1.75.0" "metadata" "--no-deps" "--format-version=1", kill_on_drop: false }`
[INFO] [stdout] 03c4e1c56abd6da9702691b2539c515ff5269ffa892578f533be7d7bb56df457
[INFO] running `Command { std: "docker" "start" "-a" "03c4e1c56abd6da9702691b2539c515ff5269ffa892578f533be7d7bb56df457", kill_on_drop: false }`
[INFO] running `Command { std: "docker" "inspect" "03c4e1c56abd6da9702691b2539c515ff5269ffa892578f533be7d7bb56df457", kill_on_drop: false }`
[INFO] running `Command { std: "docker" "rm" "-f" "03c4e1c56abd6da9702691b2539c515ff5269ffa892578f533be7d7bb56df457", kill_on_drop: false }`
[INFO] [stdout] 03c4e1c56abd6da9702691b2539c515ff5269ffa892578f533be7d7bb56df457
[INFO] running `Command { std: "docker" "create" "-v" "/var/lib/crater-agent-workspace/builds/worker-3-tc1/target:/opt/rustwide/target:rw,Z" "-v" "/var/lib/crater-agent-workspace/builds/worker-3-tc1/source:/opt/rustwide/workdir:ro,Z" "-v" "/var/lib/crater-agent-workspace/cargo-home:/opt/rustwide/cargo-home:ro,Z" "-v" "/var/lib/crater-agent-workspace/rustup-home:/opt/rustwide/rustup-home:ro,Z" "-e" "SOURCE_DIR=/opt/rustwide/workdir" "-e" "CARGO_TARGET_DIR=/opt/rustwide/target" "-e" "CARGO_INCREMENTAL=0" "-e" "RUST_BACKTRACE=full" "-e" "RUSTFLAGS=--cap-lints=warn" "-e" "RUSTDOCFLAGS=--cap-lints=warn" "-e" "CARGO_HOME=/opt/rustwide/cargo-home" "-e" "RUSTUP_HOME=/opt/rustwide/rustup-home" "-w" "/opt/rustwide/workdir" "-m" "1610612736" "--user" "0:0" "--network" "none" "ghcr.io/rust-lang/crates-build-env/linux@sha256:2788e3201cd34a07e3172128adcd8b3090168a8e3bcc40d7c032b9dda1df7d1c" "/opt/rustwide/cargo-home/bin/cargo" "+1.75.0" "doc" "--frozen" "--no-deps" "--document-private-items" "--message-format=json", kill_on_drop: false }`
[INFO] [stdout] 99d89a3559549cd2eff91393106b8d9cec19b6e2d959333b21f73384ee0c70c2
[INFO] running `Command { std: "docker" "start" "-a" "99d89a3559549cd2eff91393106b8d9cec19b6e2d959333b21f73384ee0c70c2", kill_on_drop: false }`
[INFO] [stderr]     Checking rustc-hash v1.1.0
[INFO] [stderr]    Compiling radium v0.5.3
[INFO] [stderr]     Checking tap v1.0.0
[INFO] [stderr]     Checking wyz v0.2.0
[INFO] [stderr]     Checking funty v1.0.1
[INFO] [stderr]     Checking take_mut v0.2.2
[INFO] [stderr]     Checking itertools v0.9.0
[INFO] [stderr]    Compiling num-traits v0.2.14
[INFO] [stderr]    Compiling num-integer v0.1.44
[INFO] [stderr]    Compiling num-bigint v0.3.1
[INFO] [stderr]     Checking bytecount v0.6.2
[INFO] [stderr]     Checking array_iterator v1.2.0
[INFO] [stderr]     Checking static_assert_macro v1.1.0
[INFO] [stderr]     Checking arrayvec v0.5.2
[INFO] [stderr]     Checking day10 v1.0.0 (/opt/rustwide/workdir/day10)
[INFO] [stderr]     Checking day20 v0.1.0 (/opt/rustwide/workdir/day20)
[INFO] [stderr]     Checking day24 v0.1.0 (/opt/rustwide/workdir/day24)
[INFO] [stderr]     Checking day25 v0.1.0 (/opt/rustwide/workdir/day25)
[INFO] [stderr]     Checking day21 v0.1.0 (/opt/rustwide/workdir/day21)
[INFO] [stderr]     Checking day17 v0.1.0 (/opt/rustwide/workdir/day17)
[INFO] [stderr]     Checking bitvec v0.19.4
[INFO] [stderr]     Checking day19 v0.1.0 (/opt/rustwide/workdir/day19)
[INFO] [stderr]     Checking day14 v0.1.0 (/opt/rustwide/workdir/day14)
[INFO] [stderr]     Checking day06 v1.0.0 (/opt/rustwide/workdir/day06)
[INFO] [stderr]     Checking day18 v0.1.0 (/opt/rustwide/workdir/day18)
[INFO] [stderr]  Documenting day10 v1.0.0 (/opt/rustwide/workdir/day10)
[INFO] [stderr]     Checking day11 v1.0.0 (/opt/rustwide/workdir/day11)
[INFO] [stderr]     Checking day22 v0.1.0 (/opt/rustwide/workdir/day22)
[INFO] [stderr]     Checking day15 v0.1.0 (/opt/rustwide/workdir/day15)
[INFO] [stderr]     Checking day05 v1.0.0 (/opt/rustwide/workdir/day05)
[INFO] [stderr]     Checking day16 v0.1.0 (/opt/rustwide/workdir/day16)
[INFO] [stderr]     Checking day12 v0.1.0 (/opt/rustwide/workdir/day12)
[INFO] [stderr]  Documenting day19 v0.1.0 (/opt/rustwide/workdir/day19)
[INFO] [stderr]  Documenting day20 v0.1.0 (/opt/rustwide/workdir/day20)
[INFO] [stderr]  Documenting day25 v0.1.0 (/opt/rustwide/workdir/day25)
[INFO] [stderr]     Checking day08 v1.0.0 (/opt/rustwide/workdir/day08)
[INFO] [stderr]  Documenting day08 v1.0.0 (/opt/rustwide/workdir/day08)
[INFO] [stderr]     Checking day02 v1.0.0 (/opt/rustwide/workdir/day02)
[INFO] [stderr]     Checking day04 v1.0.0 (/opt/rustwide/workdir/day04)
[INFO] [stderr]     Checking day09 v1.0.0 (/opt/rustwide/workdir/day09)
[INFO] [stderr]     Checking day07 v1.0.0 (/opt/rustwide/workdir/day07)
[INFO] [stderr]  Documenting day07 v1.0.0 (/opt/rustwide/workdir/day07)
[INFO] [stderr]     Checking day23 v0.1.0 (/opt/rustwide/workdir/day23)
[INFO] [stderr]  Documenting day23 v0.1.0 (/opt/rustwide/workdir/day23)
[INFO] [stdout] error[E0554]: `#![feature]` may not be used on the stable release channel
[INFO] [stdout]  --> day23/src/lib.rs:1:12
[INFO] [stdout]   |
[INFO] [stdout] 1 | #![feature(new_uninit)]
[INFO] [stdout]   |            ^^^^^^^^^^
[INFO] [stdout] 
[INFO] [stdout] 
[INFO] [stdout] error: aborting due to previous error
[INFO] [stdout] 
[INFO] [stdout] 
[INFO] [stdout] For more information about this error, try `rustc --explain E0554`.
[INFO] [stdout] 
[INFO] [stderr] error: could not compile `day23` (lib) due to 2 previous errors
[INFO] [stderr] warning: build failed, waiting for other jobs to finish...
[INFO] [stdout] error[E0554]: `#![feature]` may not be used on the stable release channel
[INFO] [stdout]  --> day23/src/lib.rs:1:12
[INFO] [stdout]   |
[INFO] [stdout] 1 | #![feature(new_uninit)]
[INFO] [stdout]   |            ^^^^^^^^^^
[INFO] [stdout] 
[INFO] [stdout] 
[INFO] [stdout] error: aborting due to previous error
[INFO] [stdout] 
[INFO] [stdout] 
[INFO] [stdout] For more information about this error, try `rustc --explain E0554`.
[INFO] [stdout] 
[INFO] [stderr] error: could not document `day23`
[INFO] [stderr] 
[INFO] [stderr] Caused by:
[INFO] [stderr]   process didn't exit successfully: `/opt/rustwide/rustup-home/toolchains/1.75.0-x86_64-unknown-linux-gnu/bin/rustdoc --edition=2018 --crate-type lib --crate-name day23 day23/src/lib.rs -o /opt/rustwide/target/doc --error-format=json --json=diagnostic-rendered-ansi,artifacts,future-incompat --document-private-items -C metadata=fe4f195d250eb597 -L dependency=/opt/rustwide/target/debug/deps --extern num_traits=/opt/rustwide/target/debug/deps/libnum_traits-2a6f012b1907d0d5.rmeta --cap-lints=warn --crate-version 0.1.0` (exit status: 1)
[INFO] running `Command { std: "docker" "inspect" "99d89a3559549cd2eff91393106b8d9cec19b6e2d959333b21f73384ee0c70c2", kill_on_drop: false }`
[INFO] running `Command { std: "docker" "rm" "-f" "99d89a3559549cd2eff91393106b8d9cec19b6e2d959333b21f73384ee0c70c2", kill_on_drop: false }`
[INFO] [stdout] 99d89a3559549cd2eff91393106b8d9cec19b6e2d959333b21f73384ee0c70c2
[INFO] documenting PurpleMyst/aoc2020 against beta-2023-12-22 for beta-1.76-rustdoc-1
[INFO] running `Command { std: "git" "clone" "/workspace/cache/git-repos/https%3A%2F%2Fgithub.com%2FPurpleMyst%2Faoc2020" "/workspace/builds/worker-3-tc2/source", kill_on_drop: false }`
[INFO] [stderr] Cloning into '/workspace/builds/worker-3-tc2/source'...
[INFO] [stderr] done.
[INFO] validating manifest of git repo https://github.com/PurpleMyst/aoc2020 on toolchain beta-2023-12-22
[INFO] running `Command { std: CARGO_HOME="/workspace/cargo-home" RUSTUP_HOME="/workspace/rustup-home" "/workspace/cargo-home/bin/cargo" "+beta-2023-12-22" "metadata" "--manifest-path" "Cargo.toml" "--no-deps", kill_on_drop: false }`
[INFO] started tweaking git repo https://github.com/PurpleMyst/aoc2020
[INFO] finished tweaking git repo https://github.com/PurpleMyst/aoc2020
[INFO] tweaked toml for git repo https://github.com/PurpleMyst/aoc2020 written to /workspace/builds/worker-3-tc2/source/Cargo.toml
[INFO] crate git repo https://github.com/PurpleMyst/aoc2020 already has a lockfile, it will not be regenerated
[INFO] running `Command { std: CARGO_HOME="/workspace/cargo-home" RUSTUP_HOME="/workspace/rustup-home" "/workspace/cargo-home/bin/cargo" "+beta-2023-12-22" "fetch" "--manifest-path" "Cargo.toml", kill_on_drop: false }`
[INFO] running `Command { std: "docker" "create" "-v" "/var/lib/crater-agent-workspace/builds/worker-3-tc2/target:/opt/rustwide/target:rw,Z" "-v" "/var/lib/crater-agent-workspace/builds/worker-3-tc2/source:/opt/rustwide/workdir:ro,Z" "-v" "/var/lib/crater-agent-workspace/cargo-home:/opt/rustwide/cargo-home:ro,Z" "-v" "/var/lib/crater-agent-workspace/rustup-home:/opt/rustwide/rustup-home:ro,Z" "-e" "SOURCE_DIR=/opt/rustwide/workdir" "-e" "CARGO_TARGET_DIR=/opt/rustwide/target" "-e" "CARGO_HOME=/opt/rustwide/cargo-home" "-e" "RUSTUP_HOME=/opt/rustwide/rustup-home" "-w" "/opt/rustwide/workdir" "-m" "1610612736" "--user" "0:0" "--network" "none" "ghcr.io/rust-lang/crates-build-env/linux@sha256:2788e3201cd34a07e3172128adcd8b3090168a8e3bcc40d7c032b9dda1df7d1c" "/opt/rustwide/cargo-home/bin/cargo" "+beta-2023-12-22" "metadata" "--no-deps" "--format-version=1", kill_on_drop: false }`
[INFO] [stdout] a963a4b8289434679bc544b686fab2b18e6d8e7d7bfb576d08ef0db93f04c240
[INFO] running `Command { std: "docker" "start" "-a" "a963a4b8289434679bc544b686fab2b18e6d8e7d7bfb576d08ef0db93f04c240", kill_on_drop: false }`
[INFO] running `Command { std: "docker" "inspect" "a963a4b8289434679bc544b686fab2b18e6d8e7d7bfb576d08ef0db93f04c240", kill_on_drop: false }`
[INFO] running `Command { std: "docker" "rm" "-f" "a963a4b8289434679bc544b686fab2b18e6d8e7d7bfb576d08ef0db93f04c240", kill_on_drop: false }`
[INFO] [stdout] a963a4b8289434679bc544b686fab2b18e6d8e7d7bfb576d08ef0db93f04c240
[INFO] running `Command { std: "docker" "create" "-v" "/var/lib/crater-agent-workspace/builds/worker-3-tc2/target:/opt/rustwide/target:rw,Z" "-v" "/var/lib/crater-agent-workspace/builds/worker-3-tc2/source:/opt/rustwide/workdir:ro,Z" "-v" "/var/lib/crater-agent-workspace/cargo-home:/opt/rustwide/cargo-home:ro,Z" "-v" "/var/lib/crater-agent-workspace/rustup-home:/opt/rustwide/rustup-home:ro,Z" "-e" "SOURCE_DIR=/opt/rustwide/workdir" "-e" "CARGO_TARGET_DIR=/opt/rustwide/target" "-e" "CARGO_INCREMENTAL=0" "-e" "RUST_BACKTRACE=full" "-e" "RUSTFLAGS=--cap-lints=warn" "-e" "RUSTDOCFLAGS=--cap-lints=warn" "-e" "CARGO_HOME=/opt/rustwide/cargo-home" "-e" "RUSTUP_HOME=/opt/rustwide/rustup-home" "-w" "/opt/rustwide/workdir" "-m" "1610612736" "--user" "0:0" "--network" "none" "ghcr.io/rust-lang/crates-build-env/linux@sha256:2788e3201cd34a07e3172128adcd8b3090168a8e3bcc40d7c032b9dda1df7d1c" "/opt/rustwide/cargo-home/bin/cargo" "+beta-2023-12-22" "doc" "--frozen" "--no-deps" "--document-private-items" "--message-format=json", kill_on_drop: false }`
[INFO] [stdout] 1e1190771b2db7fc9d0e592b3e1225e733599205ed981ce28d7f36fd9569de37
[INFO] running `Command { std: "docker" "start" "-a" "1e1190771b2db7fc9d0e592b3e1225e733599205ed981ce28d7f36fd9569de37", kill_on_drop: false }`
[INFO] [stderr]     Checking rustc-hash v1.1.0
[INFO] [stderr]    Compiling radium v0.5.3
[INFO] [stderr]     Checking tap v1.0.0
[INFO] [stderr]     Checking wyz v0.2.0
[INFO] [stderr]     Checking funty v1.0.1
[INFO] [stderr]     Checking take_mut v0.2.2
[INFO] [stderr]     Checking itertools v0.9.0
[INFO] [stderr]    Compiling num-traits v0.2.14
[INFO] [stderr]    Compiling num-integer v0.1.44
[INFO] [stderr]    Compiling num-bigint v0.3.1
[INFO] [stderr]     Checking array_iterator v1.2.0
[INFO] [stderr]     Checking bytecount v0.6.2
[INFO] [stderr]     Checking arrayvec v0.5.2
[INFO] [stderr]     Checking static_assert_macro v1.1.0
[INFO] [stderr]     Checking day10 v1.0.0 (/opt/rustwide/workdir/day10)
[INFO] [stderr]     Checking day20 v0.1.0 (/opt/rustwide/workdir/day20)
[INFO] [stderr]     Checking day14 v0.1.0 (/opt/rustwide/workdir/day14)
[INFO] [stderr]     Checking day19 v0.1.0 (/opt/rustwide/workdir/day19)
[INFO] [stderr]     Checking day21 v0.1.0 (/opt/rustwide/workdir/day21)
[INFO] [stderr]     Checking day17 v0.1.0 (/opt/rustwide/workdir/day17)
[INFO] [stderr]     Checking bitvec v0.19.4
[INFO] [stderr]     Checking day25 v0.1.0 (/opt/rustwide/workdir/day25)
[INFO] [stderr]     Checking day24 v0.1.0 (/opt/rustwide/workdir/day24)
[INFO] [stderr]     Checking day12 v0.1.0 (/opt/rustwide/workdir/day12)
[INFO] [stderr]  Documenting day10 v1.0.0 (/opt/rustwide/workdir/day10)
[INFO] [stderr]     Checking day18 v0.1.0 (/opt/rustwide/workdir/day18)
[INFO] [stderr]     Checking day22 v0.1.0 (/opt/rustwide/workdir/day22)
[INFO] [stderr]     Checking day16 v0.1.0 (/opt/rustwide/workdir/day16)
[INFO] [stderr]     Checking day06 v1.0.0 (/opt/rustwide/workdir/day06)
[INFO] [stderr]     Checking day15 v0.1.0 (/opt/rustwide/workdir/day15)
[INFO] [stderr]     Checking day05 v1.0.0 (/opt/rustwide/workdir/day05)
[INFO] [stderr]     Checking day11 v1.0.0 (/opt/rustwide/workdir/day11)
[INFO] [stderr]  Documenting day19 v0.1.0 (/opt/rustwide/workdir/day19)
[INFO] [stderr]  Documenting day20 v0.1.0 (/opt/rustwide/workdir/day20)
[INFO] [stderr]  Documenting day21 v0.1.0 (/opt/rustwide/workdir/day21)
[INFO] [stderr]     Checking day08 v1.0.0 (/opt/rustwide/workdir/day08)
[INFO] [stderr]     Checking day02 v1.0.0 (/opt/rustwide/workdir/day02)
[INFO] [stderr]     Checking day07 v1.0.0 (/opt/rustwide/workdir/day07)
[INFO] [stderr]     Checking day04 v1.0.0 (/opt/rustwide/workdir/day04)
[INFO] [stderr]     Checking day09 v1.0.0 (/opt/rustwide/workdir/day09)
[INFO] [stderr]  Documenting day08 v1.0.0 (/opt/rustwide/workdir/day08)
[INFO] [stderr]  Documenting day09 v1.0.0 (/opt/rustwide/workdir/day09)
[INFO] [stderr]     Checking day23 v0.1.0 (/opt/rustwide/workdir/day23)
[INFO] [stderr]  Documenting day23 v0.1.0 (/opt/rustwide/workdir/day23)
[INFO] [stdout] error[E0554]: `#![feature]` may not be used on the beta release channel
[INFO] [stdout]  --> day23/src/lib.rs:1:12
[INFO] [stdout]   |
[INFO] [stdout] 1 | #![feature(new_uninit)]
[INFO] [stdout]   |            ^^^^^^^^^^
[INFO] [stdout] 
[INFO] [stdout] 
[INFO] [stderr]  Documenting day07 v1.0.0 (/opt/rustwide/workdir/day07)
[INFO] [stdout] error[E0554]: `#![feature]` may not be used on the beta release channel
[INFO] [stdout]  --> day23/src/lib.rs:1:12
[INFO] [stdout]   |
[INFO] [stdout] 1 | #![feature(new_uninit)]
[INFO] [stdout]   |            ^^^^^^^^^^
[INFO] [stdout] 
[INFO] [stdout] 
[INFO] [stdout] error: aborting due to 1 previous error
[INFO] [stdout] 
[INFO] [stdout] 
[INFO] [stdout] For more information about this error, try `rustc --explain E0554`.
[INFO] [stdout] 
[INFO] [stderr] error: could not compile `day23` (lib) due to 2 previous errors
[INFO] [stderr] warning: build failed, waiting for other jobs to finish...
[INFO] [stdout] error: aborting due to 1 previous error
[INFO] [stdout] 
[INFO] [stdout] 
[INFO] [stdout] For more information about this error, try `rustc --explain E0554`.
[INFO] [stdout] 
[INFO] [stderr] error: could not document `day23`
[INFO] [stderr] 
[INFO] [stderr] Caused by:
[INFO] [stderr]   process didn't exit successfully: `/opt/rustwide/rustup-home/toolchains/beta-2023-12-22-x86_64-unknown-linux-gnu/bin/rustdoc --edition=2018 --crate-type lib --crate-name day23 day23/src/lib.rs -o /opt/rustwide/target/doc --error-format=json --json=diagnostic-rendered-ansi,artifacts,future-incompat --document-private-items -C metadata=63e5837fe66263ab -L dependency=/opt/rustwide/target/debug/deps --extern num_traits=/opt/rustwide/target/debug/deps/libnum_traits-67b984e0b1f7591c.rmeta --cap-lints=warn --crate-version 0.1.0` (exit status: 1)
[INFO] running `Command { std: "docker" "inspect" "1e1190771b2db7fc9d0e592b3e1225e733599205ed981ce28d7f36fd9569de37", kill_on_drop: false }`
[INFO] running `Command { std: "docker" "rm" "-f" "1e1190771b2db7fc9d0e592b3e1225e733599205ed981ce28d7f36fd9569de37", kill_on_drop: false }`
[INFO] [stdout] 1e1190771b2db7fc9d0e592b3e1225e733599205ed981ce28d7f36fd9569de37
