[INFO] cloning repository https://github.com/ProspectExam/prospect-backend
[INFO] running `Command { std: "git" "-c" "credential.helper=" "-c" "credential.helper=/workspace/cargo-home/bin/git-credential-null" "clone" "--bare" "https://github.com/ProspectExam/prospect-backend" "/workspace/cache/git-repos/https%3A%2F%2Fgithub.com%2FProspectExam%2Fprospect-backend", kill_on_drop: false }`
[INFO] [stderr] Cloning into bare repository '/workspace/cache/git-repos/https%3A%2F%2Fgithub.com%2FProspectExam%2Fprospect-backend'...
[INFO] running `Command { std: "git" "rev-parse" "HEAD", kill_on_drop: false }`
[INFO] [stdout] e2ccacbfd19b1f4a3d0948d0528b11c6f5be8dfd
[INFO] documenting ProspectExam/prospect-backend against 1.75.0 for beta-1.76-rustdoc-1
[INFO] running `Command { std: "git" "clone" "/workspace/cache/git-repos/https%3A%2F%2Fgithub.com%2FProspectExam%2Fprospect-backend" "/workspace/builds/worker-1-tc1/source", kill_on_drop: false }`
[INFO] [stderr] Cloning into '/workspace/builds/worker-1-tc1/source'...
[INFO] [stderr] done.
[INFO] validating manifest of git repo https://github.com/ProspectExam/prospect-backend on toolchain 1.75.0
[INFO] running `Command { std: CARGO_HOME="/workspace/cargo-home" RUSTUP_HOME="/workspace/rustup-home" "/workspace/cargo-home/bin/cargo" "+1.75.0" "metadata" "--manifest-path" "Cargo.toml" "--no-deps", kill_on_drop: false }`
[INFO] started tweaking git repo https://github.com/ProspectExam/prospect-backend
[INFO] finished tweaking git repo https://github.com/ProspectExam/prospect-backend
[INFO] tweaked toml for git repo https://github.com/ProspectExam/prospect-backend written to /workspace/builds/worker-1-tc1/source/Cargo.toml
[INFO] crate git repo https://github.com/ProspectExam/prospect-backend already has a lockfile, it will not be regenerated
[INFO] running `Command { std: CARGO_HOME="/workspace/cargo-home" RUSTUP_HOME="/workspace/rustup-home" "/workspace/cargo-home/bin/cargo" "+1.75.0" "fetch" "--manifest-path" "Cargo.toml", kill_on_drop: false }`
[INFO] [stderr]  Downloading crates ...
[INFO] [stderr]   Downloaded argh v0.1.9
[INFO] [stderr]   Downloaded argh_derive v0.1.9
[INFO] [stderr]   Downloaded argh_shared v0.1.9
[INFO] running `Command { std: "docker" "create" "-v" "/var/lib/crater-agent-workspace/builds/worker-1-tc1/target:/opt/rustwide/target:rw,Z" "-v" "/var/lib/crater-agent-workspace/builds/worker-1-tc1/source:/opt/rustwide/workdir:ro,Z" "-v" "/var/lib/crater-agent-workspace/cargo-home:/opt/rustwide/cargo-home:ro,Z" "-v" "/var/lib/crater-agent-workspace/rustup-home:/opt/rustwide/rustup-home:ro,Z" "-e" "SOURCE_DIR=/opt/rustwide/workdir" "-e" "CARGO_TARGET_DIR=/opt/rustwide/target" "-e" "CARGO_HOME=/opt/rustwide/cargo-home" "-e" "RUSTUP_HOME=/opt/rustwide/rustup-home" "-w" "/opt/rustwide/workdir" "-m" "1610612736" "--user" "0:0" "--network" "none" "ghcr.io/rust-lang/crates-build-env/linux@sha256:2788e3201cd34a07e3172128adcd8b3090168a8e3bcc40d7c032b9dda1df7d1c" "/opt/rustwide/cargo-home/bin/cargo" "+1.75.0" "metadata" "--no-deps" "--format-version=1", kill_on_drop: false }`
[INFO] [stdout] 6dacf8d0e6ace653f97a607d23cfb53a6dfc4c431988edb0513c8f0f04cdf5a5
[INFO] running `Command { std: "docker" "start" "-a" "6dacf8d0e6ace653f97a607d23cfb53a6dfc4c431988edb0513c8f0f04cdf5a5", kill_on_drop: false }`
[INFO] running `Command { std: "docker" "inspect" "6dacf8d0e6ace653f97a607d23cfb53a6dfc4c431988edb0513c8f0f04cdf5a5", kill_on_drop: false }`
[INFO] running `Command { std: "docker" "rm" "-f" "6dacf8d0e6ace653f97a607d23cfb53a6dfc4c431988edb0513c8f0f04cdf5a5", kill_on_drop: false }`
[INFO] [stdout] 6dacf8d0e6ace653f97a607d23cfb53a6dfc4c431988edb0513c8f0f04cdf5a5
[INFO] running `Command { std: "docker" "create" "-v" "/var/lib/crater-agent-workspace/builds/worker-1-tc1/target:/opt/rustwide/target:rw,Z" "-v" "/var/lib/crater-agent-workspace/builds/worker-1-tc1/source:/opt/rustwide/workdir:ro,Z" "-v" "/var/lib/crater-agent-workspace/cargo-home:/opt/rustwide/cargo-home:ro,Z" "-v" "/var/lib/crater-agent-workspace/rustup-home:/opt/rustwide/rustup-home:ro,Z" "-e" "SOURCE_DIR=/opt/rustwide/workdir" "-e" "CARGO_TARGET_DIR=/opt/rustwide/target" "-e" "CARGO_INCREMENTAL=0" "-e" "RUST_BACKTRACE=full" "-e" "RUSTFLAGS=--cap-lints=warn" "-e" "RUSTDOCFLAGS=--cap-lints=warn" "-e" "CARGO_HOME=/opt/rustwide/cargo-home" "-e" "RUSTUP_HOME=/opt/rustwide/rustup-home" "-w" "/opt/rustwide/workdir" "-m" "1610612736" "--user" "0:0" "--network" "none" "ghcr.io/rust-lang/crates-build-env/linux@sha256:2788e3201cd34a07e3172128adcd8b3090168a8e3bcc40d7c032b9dda1df7d1c" "/opt/rustwide/cargo-home/bin/cargo" "+1.75.0" "doc" "--frozen" "--no-deps" "--document-private-items" "--message-format=json", kill_on_drop: false }`
[INFO] [stdout] 01c34bc29de73039a1ba7bb3c9147a12a3d0b829c1c2079f79538a05d12c70c0
[INFO] running `Command { std: "docker" "start" "-a" "01c34bc29de73039a1ba7bb3c9147a12a3d0b829c1c2079f79538a05d12c70c0", kill_on_drop: false }`
[INFO] [stderr]    Compiling libc v0.2.135
[INFO] [stderr]    Compiling proc-macro2 v1.0.47
[INFO] [stderr]    Compiling unicode-ident v1.0.5
[INFO] [stderr]    Compiling typenum v1.15.0
[INFO] [stderr]    Compiling quote v1.0.21
[INFO] [stderr]    Compiling syn v1.0.102
[INFO] [stderr]    Compiling cc v1.0.73
[INFO] [stderr]    Compiling memchr v2.5.0
[INFO] [stderr]    Compiling log v0.4.17
[INFO] [stderr]     Checking once_cell v1.15.0
[INFO] [stderr]    Compiling libm v0.2.5
[INFO] [stderr]    Compiling futures-core v0.3.24
[INFO] [stderr]    Compiling generic-array v0.14.6
[INFO] [stderr]    Compiling lock_api v0.4.9
[INFO] [stderr]    Compiling num-traits v0.2.15
[INFO] [stderr]     Checking smallvec v1.10.0
[INFO] [stderr]     Checking bytes v1.2.1
[INFO] [stderr]    Compiling ahash v0.7.6
[INFO] [stderr]     Checking scopeguard v1.1.0
[INFO] [stderr]    Compiling num-integer v0.1.45
[INFO] [stderr]    Compiling parking_lot_core v0.9.4
[INFO] [stderr]     Checking pin-project-lite v0.2.9
[INFO] [stderr]    Compiling tokio v1.21.2
[INFO] [stderr]     Checking itoa v1.0.4
[INFO] [stderr]     Checking spin v0.5.2
[INFO] [stderr]    Compiling rustls v0.20.7
[INFO] [stderr]    Compiling num-iter v0.1.43
[INFO] [stderr]    Compiling slab v0.4.7
[INFO] [stderr]    Compiling futures-task v0.3.24
[INFO] [stderr]    Compiling parking_lot_core v0.8.5
[INFO] [stderr]     Checking futures-sink v0.3.24
[INFO] [stderr]     Checking tinyvec_macros v0.1.0
[INFO] [stderr]     Checking http v0.2.8
[INFO] [stderr]     Checking tinyvec v1.6.0
[INFO] [stderr]    Compiling untrusted v0.7.1
[INFO] [stderr]     Checking ppv-lite86 v0.2.16
[INFO] [stderr]    Compiling thiserror v1.0.37
[INFO] [stderr]    Compiling futures-util v0.3.24
[INFO] [stderr]    Compiling serde_derive v1.0.145
[INFO] [stderr]    Compiling pkg-config v0.3.26
[INFO] [stderr]     Checking getrandom v0.2.7
[INFO] [stderr]     Checking socket2 v0.4.7
[INFO] [stderr]     Checking mio v0.8.4
[INFO] [stderr]     Checking signal-hook-registry v1.4.0
[INFO] [stderr]     Checking num_cpus v1.13.1
[INFO] [stderr]     Checking rand_core v0.6.4
[INFO] [stderr]     Checking parking_lot v0.12.1
[INFO] [stderr]     Checking rand_chacha v0.3.1
[INFO] [stderr]    Compiling ring v0.16.20
[INFO] [stderr]    Compiling indexmap v1.9.1
[INFO] [stderr]    Compiling subtle v2.4.1
[INFO] [stderr]     Checking unicode-normalization v0.1.22
[INFO] [stderr]     Checking cpufeatures v0.2.5
[INFO] [stderr]    Compiling num-bigint-dig v0.8.1
[INFO] [stderr]     Checking base64 v0.13.0
[INFO] [stderr]     Checking hashbrown v0.12.3
[INFO] [stderr]    Compiling crossbeam-utils v0.8.12
[INFO] [stderr]     Checking percent-encoding v2.2.0
[INFO] [stderr]    Compiling serde v1.0.145
[INFO] [stderr]    Compiling openssl-sys v0.9.77
[INFO] [stderr]    Compiling base64ct v1.5.3
[INFO] [stderr]     Checking unicode-bidi v0.3.8
[INFO] [stderr]     Checking form_urlencoded v1.1.0
[INFO] [stderr]     Checking rand v0.8.5
[INFO] [stderr]    Compiling unicase v2.6.0
[INFO] [stderr]     Checking block-buffer v0.10.3
[INFO] [stderr]     Checking crypto-common v0.1.6
[INFO] [stderr]    Compiling const-oid v0.7.1
[INFO] [stderr]    Compiling futures-channel v0.3.24
[INFO] [stderr]     Checking digest v0.10.5
[INFO] [stderr]    Compiling pem-rfc7468 v0.3.1
[INFO] [stderr]     Checking crypto-bigint v0.3.2
[INFO] [stderr]     Checking idna v0.3.0
[INFO] [stderr]     Checking httparse v1.8.0
[INFO] [stderr]     Checking tracing-core v0.1.30
[INFO] [stderr]    Compiling num-bigint v0.4.3
[INFO] [stderr]    Compiling zeroize v1.5.7
[INFO] [stderr]    Compiling crossbeam-queue v0.3.6
[INFO] [stderr]     Checking byteorder v1.4.3
[INFO] [stderr]     Checking url v2.3.1
[INFO] [stderr]    Compiling instant v0.1.12
[INFO] [stderr]     Checking tracing v0.1.37
[INFO] [stderr]     Checking der v0.5.1
[INFO] [stderr]     Checking foreign-types-shared v0.1.1
[INFO] [stderr]    Compiling openssl v0.10.42
[INFO] [stderr]     Checking foreign-types v0.3.2
[INFO] [stderr]    Compiling lazy_static v1.4.0
[INFO] [stderr]     Checking httpdate v1.0.2
[INFO] [stderr]     Checking mime v0.3.16
[INFO] [stderr]     Checking spki v0.5.4
[INFO] [stderr]    Compiling either v1.8.0
[INFO] [stderr]     Checking try-lock v0.2.3
[INFO] [stderr]    Compiling native-tls v0.2.10
[INFO] [stderr]    Compiling unicode-segmentation v1.10.0
[INFO] [stderr]    Compiling pkcs8 v0.8.0
[INFO] [stderr]     Checking quick-error v1.2.3
[INFO] [stderr]    Compiling itertools v0.10.5
[INFO] [stderr]     Checking want v0.3.0
[INFO] [stderr]    Compiling mime_guess v2.0.4
[INFO] [stderr]    Compiling pkcs1 v0.3.3
[INFO] [stderr]    Compiling nom v7.1.1
[INFO] [stderr]    Compiling parking_lot v0.11.2
[INFO] [stderr]     Checking sha1 v0.10.5
[INFO] [stderr]    Compiling heck v0.4.0
[INFO] [stderr]     Checking http-body v0.4.5
[INFO] [stderr]     Checking time v0.1.44
[INFO] [stderr]    Compiling iana-time-zone v0.1.51
[INFO] [stderr]     Checking ryu v1.0.11
[INFO] [stderr]    Compiling crc-catalog v2.1.0
[INFO] [stderr]     Checking tower-service v0.3.2
[INFO] [stderr]    Compiling paste v1.0.9
[INFO] [stderr]    Compiling serde_json v1.0.87
[INFO] [stderr]     Checking openssl-probe v0.1.5
[INFO] [stderr]    Compiling rustls-pemfile v1.0.1
[INFO] [stderr]    Compiling crc v3.0.0
[INFO] [stderr]    Compiling chrono v0.4.22
[INFO] [stderr]    Compiling rsa v0.6.1
[INFO] [stderr]    Compiling futures-intrusive v0.4.0
[INFO] [stderr]     Checking webpki v0.22.0
[INFO] [stderr]     Checking sct v0.7.0
[INFO] [stderr]    Compiling stringprep v0.1.2
[INFO] [stderr]    Compiling hashlink v0.8.1
[INFO] [stderr]    Compiling sha2 v0.10.6
[INFO] [stderr]    Compiling sqlformat v0.2.0
[INFO] [stderr]    Compiling webpki-roots v0.22.5
[INFO] [stderr]     Checking sha-1 v0.10.0
[INFO] [stderr]    Compiling atoi v1.0.0
[INFO] [stderr]     Checking aho-corasick v0.7.19
[INFO] [stderr]     Checking regex-syntax v0.6.27
[INFO] [stderr]    Compiling encoding_rs v0.8.31
[INFO] [stderr]     Checking remove_dir_all v0.5.3
[INFO] [stderr]    Compiling dotenvy v0.15.6
[INFO] [stderr]     Checking fastrand v1.8.0
[INFO] [stderr]     Checking utf-8 v0.7.6
[INFO] [stderr]     Checking safemem v0.3.3
[INFO] [stderr]    Compiling gcc v0.3.55
[INFO] [stderr]    Compiling bitflags v1.3.2
[INFO] [stderr]     Checking tempfile v3.3.0
[INFO] [stderr]     Checking buf_redux v0.8.4
[INFO] [stderr]     Checking humantime v1.3.0
[INFO] [stderr]     Checking headers-core v0.2.0
[INFO] [stderr]    Compiling tokio-stream v0.1.11
[INFO] [stderr]     Checking rand v0.4.6
[INFO] [stderr]     Checking atty v0.2.14
[INFO] [stderr]     Checking twoway v0.1.8
[INFO] [stderr]    Compiling tokio-macros v1.8.0
[INFO] [stderr]    Compiling thiserror-impl v1.0.37
[INFO] [stderr]    Compiling openssl-macros v0.1.0
[INFO] [stderr]    Compiling pin-project-internal v1.0.12
[INFO] [stderr]    Compiling rust-crypto v0.2.36
[INFO] [stderr]    Compiling argh_shared v0.1.9
[INFO] [stderr]     Checking event-listener v2.5.3
[INFO] [stderr]     Checking hex v0.4.3
[INFO] [stderr]     Checking termcolor v1.1.3
[INFO] [stderr]     Checking rand v0.3.23
[INFO] [stderr]    Compiling argh_derive v0.1.9
[INFO] [stderr]     Checking multipart v0.18.0
[INFO] [stderr]     Checking headers v0.3.8
[INFO] [stderr]    Compiling tokio-rustls v0.23.4
[INFO] [stderr]     Checking rustls-pemfile v0.2.1
[INFO] [stderr]     Checking rustc-serialize v0.3.24
[INFO] [stderr]     Checking regex v1.6.0
[INFO] [stderr]     Checking scoped-tls v1.0.0
[INFO] [stderr]     Checking ipnet v2.5.0
[INFO] [stderr]    Compiling sqlx-rt v0.6.2
[INFO] [stderr]     Checking env_logger v0.7.1
[INFO] [stderr]     Checking pin-project v1.0.12
[INFO] [stderr]    Compiling sqlx-core v0.6.2
[INFO] [stderr]     Checking tungstenite v0.17.3
[INFO] [stderr]     Checking pretty_env_logger v0.4.0
[INFO] [stderr]     Checking argh v0.1.9
[INFO] [stderr]     Checking tokio-util v0.7.4
[INFO] [stderr]     Checking tokio-native-tls v0.3.0
[INFO] [stderr]     Checking tokio-tungstenite v0.17.2
[INFO] [stderr]     Checking h2 v0.3.14
[INFO] [stderr]     Checking serde_urlencoded v0.7.1
[INFO] [stderr]    Compiling sqlx-macros v0.6.2
[INFO] [stderr]     Checking hyper v0.14.20
[INFO] [stderr]     Checking sqlx v0.6.2
[INFO] [stderr]     Checking hyper-tls v0.5.0
[INFO] [stderr]     Checking warp v0.3.3
[INFO] [stderr]     Checking reqwest v0.11.12
[INFO] [stderr]  Documenting prospect-backend v0.1.0 (/opt/rustwide/workdir)
[INFO] [stderr]     Checking prospect-backend v0.1.0 (/opt/rustwide/workdir)
[INFO] [stdout] warning: unused variable: `ctx`
[INFO] [stdout]    --> src/database/wechat_op/mod.rs:162:61
[INFO] [stdout]     |
[INFO] [stdout] 162 |   pub async fn wechat_subscribe(&self, info: SubscribeInfo, ctx: Context) -> Result<(), sqlx::Error> {
[INFO] [stdout]     |                                                             ^^^ help: if this is intentional, prefix it with an underscore: `_ctx`
[INFO] [stdout]     |
[INFO] [stdout]     = note: `#[warn(unused_variables)]` on by default
[INFO] [stdout] 
[INFO] [stdout] 
[INFO] [stdout] warning: unused variable: `ctx`
[INFO] [stdout]    --> src/database/wechat_op/mod.rs:168:68
[INFO] [stdout]     |
[INFO] [stdout] 168 |   pub async fn wechat_get_subscribe(&self, info: GetSubscribeInfo, ctx: Context) -> Result<HashMap<u32, Vec<u32>>, sqlx::Error> {
[INFO] [stdout]     |                                                                    ^^^ help: if this is intentional, prefix it with an underscore: `_ctx`
[INFO] [stdout] 
[INFO] [stdout] 
[INFO] [stdout] warning: unused variable: `ctx`
[INFO] [stdout]   --> src/wechat/handlers.rs:65:32
[INFO] [stdout]    |
[INFO] [stdout] 65 | pub async fn waterfall_handler(ctx: Context) -> Result<impl warp::Reply, Infallible> {
[INFO] [stdout]    |                                ^^^ help: if this is intentional, prefix it with an underscore: `_ctx`
[INFO] [stdout] 
[INFO] [stdout] 
[INFO] [stdout] warning: unused variable: `url`
[INFO] [stdout]   --> src/wechat/common.rs:28:37
[INFO] [stdout]    |
[INFO] [stdout] 28 | pub async fn post_json_to_url<T, U>(url: &str, post_data: U) -> Result<T, Error>
[INFO] [stdout]    |                                     ^^^ help: if this is intentional, prefix it with an underscore: `_url`
[INFO] [stdout] 
[INFO] [stdout] 
[INFO] [stdout] warning: unused variable: `post_data`
[INFO] [stdout]   --> src/wechat/common.rs:28:48
[INFO] [stdout]    |
[INFO] [stdout] 28 | pub async fn post_json_to_url<T, U>(url: &str, post_data: U) -> Result<T, Error>
[INFO] [stdout]    |                                                ^^^^^^^^^ help: if this is intentional, prefix it with an underscore: `_post_data`
[INFO] [stdout] 
[INFO] [stdout] 
[INFO] [stdout] warning: function `notify_subscription` is never used
[INFO] [stdout]    --> src/wechat/handlers.rs:121:10
[INFO] [stdout]     |
[INFO] [stdout] 121 | async fn notify_subscription() {
[INFO] [stdout]     |          ^^^^^^^^^^^^^^^^^^^
[INFO] [stdout]     |
[INFO] [stdout]     = note: `#[warn(dead_code)]` on by default
[INFO] [stdout] 
[INFO] [stdout] 
[INFO] [stdout] warning: method `KDF` should have a snake case name
[INFO] [stdout]    --> src/database/mod.rs:393:12
[INFO] [stdout]     |
[INFO] [stdout] 393 |   async fn KDF(&self, passwd: &str) -> ([u8; 8], String) {
[INFO] [stdout]     |            ^^^ help: convert the identifier to snake case: `kdf`
[INFO] [stdout]     |
[INFO] [stdout]     = note: `#[warn(non_snake_case)]` on by default
[INFO] [stdout] 
[INFO] [stdout] 
[INFO] [stdout] warning: method `KDF_with_salt` should have a snake case name
[INFO] [stdout]    --> src/database/mod.rs:398:6
[INFO] [stdout]     |
[INFO] [stdout] 398 |   fn KDF_with_salt(salt: &[u8], passwd: &str) -> String {
[INFO] [stdout]     |      ^^^^^^^^^^^^^ help: convert the identifier to snake case: `kdf_with_salt`
[INFO] [stdout] 
[INFO] [stdout] 
[INFO] [stdout] warning: 8 warnings emitted
[INFO] [stdout] 
[INFO] [stdout] 
[INFO] [stdout] error[E0554]: `#![feature]` may not be used on the stable release channel
[INFO] [stdout]  --> src/bin/serve_tls.rs:1:1
[INFO] [stdout]   |
[INFO] [stdout] 1 | #![feature(addr_parse_ascii)]
[INFO] [stdout]   | ^^^^^^^^^^^^^^^^^^^^^^^^^^^^^
[INFO] [stdout] 
[INFO] [stdout] 
[INFO] [stdout] error[E0554]: `#![feature]` may not be used on the stable release channel
[INFO] [stdout]  --> src/bin/serve_tls.rs:2:1
[INFO] [stdout]   |
[INFO] [stdout] 2 | #![feature(async_closure)]
[INFO] [stdout]   | ^^^^^^^^^^^^^^^^^^^^^^^^^^
[INFO] [stdout] 
[INFO] [stdout] 
[INFO] [stdout] error[E0554]: `#![feature]` may not be used on the stable release channel
[INFO] [stdout]  --> src/bin/serve_wx.rs:1:1
[INFO] [stdout]   |
[INFO] [stdout] 1 | #![feature(addr_parse_ascii)]
[INFO] [stdout]   | ^^^^^^^^^^^^^^^^^^^^^^^^^^^^^
[INFO] [stdout] 
[INFO] [stdout] 
[INFO] [stdout] error[E0554]: `#![feature]` may not be used on the stable release channel
[INFO] [stdout]  --> src/bin/serve_wx.rs:2:1
[INFO] [stdout]   |
[INFO] [stdout] 2 | #![feature(async_closure)]
[INFO] [stdout]   | ^^^^^^^^^^^^^^^^^^^^^^^^^^
[INFO] [stdout] 
[INFO] [stdout] 
[INFO] [stdout] error: aborting due to 2 previous errors
[INFO] [stdout] 
[INFO] [stdout] 
[INFO] [stdout] For more information about this error, try `rustc --explain E0554`.
[INFO] [stdout] 
[INFO] [stdout] error: aborting due to 2 previous errors
[INFO] [stdout] 
[INFO] [stdout] 
[INFO] [stdout] For more information about this error, try `rustc --explain E0554`.
[INFO] [stdout] 
[INFO] [stderr] error: could not document `prospect-backend`
[INFO] [stderr] 
[INFO] [stderr] Caused by:
[INFO] [stderr]   process didn't exit successfully: `/opt/rustwide/rustup-home/toolchains/1.75.0-x86_64-unknown-linux-gnu/bin/rustdoc --edition=2021 --crate-type bin --crate-name serve_wx src/bin/serve_wx.rs -o /opt/rustwide/target/doc --error-format=json --json=diagnostic-rendered-ansi,artifacts,future-incompat --document-private-items '-Arustdoc::private-intra-doc-links' -C metadata=684e065026c83d97 -L dependency=/opt/rustwide/target/debug/deps --extern argh=/opt/rustwide/target/debug/deps/libargh-1214feb10f6c6c8e.rmeta --extern chrono=/opt/rustwide/target/debug/deps/libchrono-c8e927bc6570e8b7.rmeta --extern log=/opt/rustwide/target/debug/deps/liblog-db3182d8979d3809.rmeta --extern pretty_env_logger=/opt/rustwide/target/debug/deps/libpretty_env_logger-362478de9afbfb2c.rmeta --extern prospect_backend=/opt/rustwide/target/debug/deps/libprospect_backend-0811df26d40fbc00.rmeta --extern rand=/opt/rustwide/target/debug/deps/librand-48fc73b053566dce.rmeta --extern reqwest=/opt/rustwide/target/debug/deps/libreqwest-6aa7715151d16a8a.rmeta --extern crypto=/opt/rustwide/target/debug/deps/libcrypto-cc2492e33bdb74eb.rmeta --extern rustls=/opt/rustwide/target/debug/deps/librustls-efdbbc06e3ff0a1a.rmeta --extern rustls_pemfile=/opt/rustwide/target/debug/deps/librustls_pemfile-8184d5d431e2e2b9.rmeta --extern serde=/opt/rustwide/target/debug/deps/libserde-a54b12e4541f694c.rmeta --extern serde_json=/opt/rustwide/target/debug/deps/libserde_json-907bfafb5b5edb34.rmeta --extern sqlx=/opt/rustwide/target/debug/deps/libsqlx-192909997e77d761.rmeta --extern tokio=/opt/rustwide/target/debug/deps/libtokio-521b11085de1b5d2.rmeta --extern tokio_rustls=/opt/rustwide/target/debug/deps/libtokio_rustls-06130bff35ebe3f5.rmeta --extern warp=/opt/rustwide/target/debug/deps/libwarp-1496f7b3b55d49d3.rmeta --cap-lints=warn --crate-version 0.1.0` (exit status: 1)
[INFO] [stderr] warning: build failed, waiting for other jobs to finish...
[INFO] [stderr] error: could not document `prospect-backend`
[INFO] [stderr] 
[INFO] [stderr] Caused by:
[INFO] [stderr]   process didn't exit successfully: `/opt/rustwide/rustup-home/toolchains/1.75.0-x86_64-unknown-linux-gnu/bin/rustdoc --edition=2021 --crate-type bin --crate-name serve_tls src/bin/serve_tls.rs -o /opt/rustwide/target/doc --error-format=json --json=diagnostic-rendered-ansi,artifacts,future-incompat --document-private-items '-Arustdoc::private-intra-doc-links' -C metadata=81ee0b63a472191b -L dependency=/opt/rustwide/target/debug/deps --extern argh=/opt/rustwide/target/debug/deps/libargh-1214feb10f6c6c8e.rmeta --extern chrono=/opt/rustwide/target/debug/deps/libchrono-c8e927bc6570e8b7.rmeta --extern log=/opt/rustwide/target/debug/deps/liblog-db3182d8979d3809.rmeta --extern pretty_env_logger=/opt/rustwide/target/debug/deps/libpretty_env_logger-362478de9afbfb2c.rmeta --extern prospect_backend=/opt/rustwide/target/debug/deps/libprospect_backend-0811df26d40fbc00.rmeta --extern rand=/opt/rustwide/target/debug/deps/librand-48fc73b053566dce.rmeta --extern reqwest=/opt/rustwide/target/debug/deps/libreqwest-6aa7715151d16a8a.rmeta --extern crypto=/opt/rustwide/target/debug/deps/libcrypto-cc2492e33bdb74eb.rmeta --extern rustls=/opt/rustwide/target/debug/deps/librustls-efdbbc06e3ff0a1a.rmeta --extern rustls_pemfile=/opt/rustwide/target/debug/deps/librustls_pemfile-8184d5d431e2e2b9.rmeta --extern serde=/opt/rustwide/target/debug/deps/libserde-a54b12e4541f694c.rmeta --extern serde_json=/opt/rustwide/target/debug/deps/libserde_json-907bfafb5b5edb34.rmeta --extern sqlx=/opt/rustwide/target/debug/deps/libsqlx-192909997e77d761.rmeta --extern tokio=/opt/rustwide/target/debug/deps/libtokio-521b11085de1b5d2.rmeta --extern tokio_rustls=/opt/rustwide/target/debug/deps/libtokio_rustls-06130bff35ebe3f5.rmeta --extern warp=/opt/rustwide/target/debug/deps/libwarp-1496f7b3b55d49d3.rmeta --cap-lints=warn --crate-version 0.1.0` (exit status: 1)
[INFO] running `Command { std: "docker" "inspect" "01c34bc29de73039a1ba7bb3c9147a12a3d0b829c1c2079f79538a05d12c70c0", kill_on_drop: false }`
[INFO] running `Command { std: "docker" "rm" "-f" "01c34bc29de73039a1ba7bb3c9147a12a3d0b829c1c2079f79538a05d12c70c0", kill_on_drop: false }`
[INFO] [stdout] 01c34bc29de73039a1ba7bb3c9147a12a3d0b829c1c2079f79538a05d12c70c0
